Jul 09 07:45:22.212714 np0000004859 nova-scheduler[93177]: DEBUG cotyledon.oslo_config_glue [-] oslo_messaging_notifications.retry = -1 {{(pid=93177) log_opt_values /opt/stack/data/venv/lib/python3.12/site-packages/oslo_config/cfg.py:3253}}
Jul 09 07:45:22.212714 np0000004859 nova-scheduler[93177]: DEBUG cotyledon.oslo_config_glue [-] oslo_messaging_notifications.topics = ['notifications'] {{(pid=93177) log_opt_values /opt/stack/data/venv/lib/python3.12/site-packages/oslo_config/cfg.py:3253}}
Jul 09 07:45:22.212714 np0000004859 nova-scheduler[93177]: DEBUG cotyledon.oslo_config_glue [-] oslo_messaging_notifications.transport_url = **** {{(pid=93177) log_opt_values /opt/stack/data/venv/lib/python3.12/site-packages/oslo_config/cfg.py:3253}}
Jul 09 07:45:22.212714 np0000004859 nova-scheduler[93177]: DEBUG cotyledon.oslo_config_glue [-] oslo_limit.auth_section = None {{(pid=93177) log_opt_values /opt/stack/data/venv/lib/python3.12/site-packages/oslo_config/cfg.py:3253}}
Jul 09 07:45:22.212714 np0000004859 nova-scheduler[93177]: DEBUG cotyledon.oslo_config_glue [-] oslo_limit.auth_type = None {{(pid=93177) log_opt_values /opt/stack/data/venv/lib/python3.12/site-packages/oslo_config/cfg.py:3253}}
Jul 09 07:45:22.212986 np0000004859 nova-scheduler[93177]: DEBUG cotyledon.oslo_config_glue [-] oslo_limit.cafile = None {{(pid=93177) log_opt_values /opt/stack/data/venv/lib/python3.12/site-packages/oslo_config/cfg.py:3253}}
Jul 09 07:45:22.212986 np0000004859 nova-scheduler[93177]: DEBUG cotyledon.oslo_config_glue [-] oslo_limit.certfile = None {{(pid=93177) log_opt_values /opt/stack/data/venv/lib/python3.12/site-packages/oslo_config/cfg.py:3253}}
Jul 09 07:45:22.212986 np0000004859 nova-scheduler[93177]: DEBUG cotyledon.oslo_config_glue [-] oslo_limit.collect_timing = False {{(pid=93177) log_opt_values /opt/stack/data/venv/lib/python3.12/site-packages/oslo_config/cfg.py:3253}}
Jul 09 07:45:22.212986 np0000004859 nova-scheduler[93177]: DEBUG cotyledon.oslo_config_glue [-] oslo_limit.connect_retries = None {{(pid=93177) log_opt_values /opt/stack/data/venv/lib/python3.12/site-packages/oslo_config/cfg.py:3253}}
Jul 09 07:45:22.212986 np0000004859 nova-scheduler[93177]: DEBUG cotyledon.oslo_config_glue [-] oslo_limit.connect_retry_delay = None {{(pid=93177) log_opt_values /opt/stack/data/venv/lib/python3.12/site-packages/oslo_config/cfg.py:3253}}
Jul 09 07:45:22.212986 np0000004859 nova-scheduler[93177]: DEBUG cotyledon.oslo_config_glue [-] oslo_limit.endpoint_id = None {{(pid=93177) log_opt_values /opt/stack/data/venv/lib/python3.12/site-packages/oslo_config/cfg.py:3253}}
Jul 09 07:45:22.212986 np0000004859 nova-scheduler[93177]: DEBUG cotyledon.oslo_config_glue [-] oslo_limit.endpoint_interface = public {{(pid=93177) log_opt_values /opt/stack/data/venv/lib/python3.12/site-packages/oslo_config/cfg.py:3253}}
Jul 09 07:45:22.212986 np0000004859 nova-scheduler[93177]: DEBUG cotyledon.oslo_config_glue [-] oslo_limit.endpoint_override = None {{(pid=93177) log_opt_values /opt/stack/data/venv/lib/python3.12/site-packages/oslo_config/cfg.py:3253}}
Jul 09 07:45:22.212986 np0000004859 nova-scheduler[93177]: DEBUG cotyledon.oslo_config_glue [-] oslo_limit.endpoint_region_name = None {{(pid=93177) log_opt_values /opt/stack/data/venv/lib/python3.12/site-packages/oslo_config/cfg.py:3253}}
Jul 09 07:45:22.213258 np0000004859 nova-scheduler[93177]: DEBUG cotyledon.oslo_config_glue [-] oslo_limit.endpoint_service_name = None {{(pid=93177) log_opt_values /opt/stack/data/venv/lib/python3.12/site-packages/oslo_config/cfg.py:3253}}
Jul 09 07:45:22.213258 np0000004859 nova-scheduler[93177]: DEBUG cotyledon.oslo_config_glue [-] oslo_limit.endpoint_service_type = None {{(pid=93177) log_opt_values /opt/stack/data/venv/lib/python3.12/site-packages/oslo_config/cfg.py:3253}}
Jul 09 07:45:22.213258 np0000004859 nova-scheduler[93177]: DEBUG cotyledon.oslo_config_glue [-] oslo_limit.insecure = False {{(pid=93177) log_opt_values /opt/stack/data/venv/lib/python3.12/site-packages/oslo_config/cfg.py:3253}}
Jul 09 07:45:22.213258 np0000004859 nova-scheduler[93177]: DEBUG cotyledon.oslo_config_glue [-] oslo_limit.keyfile = None {{(pid=93177) log_opt_values /opt/stack/data/venv/lib/python3.12/site-packages/oslo_config/cfg.py:3253}}
Jul 09 07:45:22.213258 np0000004859 nova-scheduler[93177]: DEBUG cotyledon.oslo_config_glue [-] oslo_limit.max_version = None {{(pid=93177) log_opt_values /opt/stack/data/venv/lib/python3.12/site-packages/oslo_config/cfg.py:3253}}
Jul 09 07:45:22.213258 np0000004859 nova-scheduler[93177]: DEBUG cotyledon.oslo_config_glue [-] oslo_limit.min_version = None {{(pid=93177) log_opt_values /opt/stack/data/venv/lib/python3.12/site-packages/oslo_config/cfg.py:3253}}
Jul 09 07:45:22.213258 np0000004859 nova-scheduler[93177]: DEBUG cotyledon.oslo_config_glue [-] oslo_limit.region_name = None {{(pid=93177) log_opt_values /opt/stack/data/venv/lib/python3.12/site-packages/oslo_config/cfg.py:3253}}
Jul 09 07:45:22.213258 np0000004859 nova-scheduler[93177]: DEBUG cotyledon.oslo_config_glue [-] oslo_limit.retriable_status_codes = None {{(pid=93177) log_opt_values /opt/stack/data/venv/lib/python3.12/site-packages/oslo_config/cfg.py:3253}}
Jul 09 07:45:22.213258 np0000004859 nova-scheduler[93177]: DEBUG cotyledon.oslo_config_glue [-] oslo_limit.service_name = None {{(pid=93177) log_opt_values /opt/stack/data/venv/lib/python3.12/site-packages/oslo_config/cfg.py:3253}}
Jul 09 07:45:22.213557 np0000004859 nova-scheduler[93177]: DEBUG cotyledon.oslo_config_glue [-] oslo_limit.service_type = None {{(pid=93177) log_opt_values /opt/stack/data/venv/lib/python3.12/site-packages/oslo_config/cfg.py:3253}}
Jul 09 07:45:22.213557 np0000004859 nova-scheduler[93177]: DEBUG cotyledon.oslo_config_glue [-] oslo_limit.split_loggers = False {{(pid=93177) log_opt_values /opt/stack/data/venv/lib/python3.12/site-packages/oslo_config/cfg.py:3253}}
Jul 09 07:45:22.213557 np0000004859 nova-scheduler[93177]: DEBUG cotyledon.oslo_config_glue [-] oslo_limit.status_code_retries = None {{(pid=93177) log_opt_values /opt/stack/data/venv/lib/python3.12/site-packages/oslo_config/cfg.py:3253}}
Jul 09 07:45:22.213557 np0000004859 nova-scheduler[93177]: DEBUG cotyledon.oslo_config_glue [-] oslo_limit.status_code_retry_delay = None {{(pid=93177) log_opt_values /opt/stack/data/venv/lib/python3.12/site-packages/oslo_config/cfg.py:3253}}
Jul 09 07:45:22.213557 np0000004859 nova-scheduler[93177]: DEBUG cotyledon.oslo_config_glue [-] oslo_limit.timeout = None {{(pid=93177) log_opt_values /opt/stack/data/venv/lib/python3.12/site-packages/oslo_config/cfg.py:3253}}
Jul 09 07:45:22.213557 np0000004859 nova-scheduler[93177]: DEBUG cotyledon.oslo_config_glue [-] oslo_limit.valid_interfaces = None {{(pid=93177) log_opt_values /opt/stack/data/venv/lib/python3.12/site-packages/oslo_config/cfg.py:3253}}
Jul 09 07:45:22.213557 np0000004859 nova-scheduler[93177]: DEBUG cotyledon.oslo_config_glue [-] oslo_limit.version = None {{(pid=93177) log_opt_values /opt/stack/data/venv/lib/python3.12/site-packages/oslo_config/cfg.py:3253}}
Jul 09 07:45:22.213557 np0000004859 nova-scheduler[93177]: DEBUG cotyledon.oslo_config_glue [-] oslo_reports.file_event_handler = None {{(pid=93177) log_opt_values /opt/stack/data/venv/lib/python3.12/site-packages/oslo_config/cfg.py:3253}}
Jul 09 07:45:22.213557 np0000004859 nova-scheduler[93177]: DEBUG cotyledon.oslo_config_glue [-] oslo_reports.file_event_handler_interval = 1 {{(pid=93177) log_opt_values /opt/stack/data/venv/lib/python3.12/site-packages/oslo_config/cfg.py:3253}}
Jul 09 07:45:22.213824 np0000004859 nova-scheduler[93177]: DEBUG cotyledon.oslo_config_glue [-] oslo_reports.log_dir = None {{(pid=93177) log_opt_values /opt/stack/data/venv/lib/python3.12/site-packages/oslo_config/cfg.py:3253}}
Jul 09 07:45:22.213824 np0000004859 nova-scheduler[93177]: DEBUG cotyledon.oslo_config_glue [-] ******************************************************************************** {{(pid=93177) log_opt_values /opt/stack/data/venv/lib/python3.12/site-packages/oslo_config/cfg.py:3260}}
Jul 09 07:45:22.213824 np0000004859 nova-scheduler[93177]: DEBUG cotyledon._service_worker [-] Run service ServiceWrapper(2) [93177] {{(pid=93177) wait_forever /opt/stack/data/venv/lib/python3.12/site-packages/cotyledon/_service_worker.py:218}}
Jul 09 07:45:22.213824 np0000004859 nova-scheduler[93177]: INFO nova.service [-] Starting scheduler node (version 33.1.0)
Jul 09 07:45:22.213938 np0000004859 nova-scheduler[93173]: DEBUG oslo_db.sqlalchemy.engines [None req-e1d332c6-70e5-4aeb-9ec1-d11e9cdd5b4b None None] MySQL server mode set to STRICT_TRANS_TABLES,STRICT_ALL_TABLES,NO_ZERO_IN_DATE,NO_ZERO_DATE,ERROR_FOR_DIVISION_BY_ZERO,TRADITIONAL,NO_ENGINE_SUBSTITUTION {{(pid=93173) _check_effective_sql_mode /opt/stack/data/venv/lib/python3.12/site-packages/oslo_db/sqlalchemy/engines.py:325}}
Jul 09 07:45:22.213983 np0000004859 nova-scheduler[93177]: INFO dbcounter [None req-f3d29873-2b6d-4e41-9e5c-fb21297651fe None None] Registered counter for database nova_cell0
Jul 09 07:45:22.214024 np0000004859 nova-scheduler[93175]: DEBUG oslo_db.sqlalchemy.engines [None req-17aa7605-fbaf-4651-a574-fdc9b1f1d52a None None] MySQL server mode set to STRICT_TRANS_TABLES,STRICT_ALL_TABLES,NO_ZERO_IN_DATE,NO_ZERO_DATE,ERROR_FOR_DIVISION_BY_ZERO,TRADITIONAL,NO_ENGINE_SUBSTITUTION {{(pid=93175) _check_effective_sql_mode /opt/stack/data/venv/lib/python3.12/site-packages/oslo_db/sqlalchemy/engines.py:325}}
Jul 09 07:45:22.214066 np0000004859 nova-scheduler[93173]: DEBUG dbcounter [-] [93173] Writer thread running {{(pid=93173) stat_writer /opt/stack/data/venv/lib/python3.12/site-packages/dbcounter.py:102}}
Jul 09 07:45:22.216481 np0000004859 nova-scheduler[93175]: DEBUG dbcounter [-] [93175] Writer thread running {{(pid=93175) stat_writer /opt/stack/data/venv/lib/python3.12/site-packages/dbcounter.py:102}}
Jul 09 07:45:22.223266 np0000004859 nova-scheduler[93173]: DEBUG nova.service [None req-e1d332c6-70e5-4aeb-9ec1-d11e9cdd5b4b None None] Creating RPC server for service: nova-scheduler on topic: scheduler {{(pid=93173) start /opt/stack/nova/nova/service.py:196}}
Jul 09 07:45:22.237786 np0000004859 nova-scheduler[93177]: DEBUG oslo_db.sqlalchemy.engines [None req-f3d29873-2b6d-4e41-9e5c-fb21297651fe None None] MySQL server mode set to STRICT_TRANS_TABLES,STRICT_ALL_TABLES,NO_ZERO_IN_DATE,NO_ZERO_DATE,ERROR_FOR_DIVISION_BY_ZERO,TRADITIONAL,NO_ENGINE_SUBSTITUTION {{(pid=93177) _check_effective_sql_mode /opt/stack/data/venv/lib/python3.12/site-packages/oslo_db/sqlalchemy/engines.py:325}}
Jul 09 07:45:22.241155 np0000004859 nova-scheduler[93175]: DEBUG nova.service [None req-17aa7605-fbaf-4651-a574-fdc9b1f1d52a None None] Creating RPC server for service: nova-scheduler on topic: scheduler {{(pid=93175) start /opt/stack/nova/nova/service.py:196}}
Jul 09 07:45:22.255689 np0000004859 nova-scheduler[93173]: DEBUG nova.service [None req-e1d332c6-70e5-4aeb-9ec1-d11e9cdd5b4b None None] Join ServiceGroup membership for this service scheduler {{(pid=93173) start /opt/stack/nova/nova/service.py:222}}
Jul 09 07:45:22.255911 np0000004859 nova-scheduler[93173]: DEBUG nova.servicegroup.drivers.db [None req-e1d332c6-70e5-4aeb-9ec1-d11e9cdd5b4b None None] DB_Driver: join new ServiceGroup member np0000004859 to the scheduler group, service = {{(pid=93173) join /opt/stack/nova/nova/servicegroup/drivers/db.py:44}}
Jul 09 07:45:22.256891 np0000004859 nova-scheduler[93177]: DEBUG dbcounter [-] [93177] Writer thread running {{(pid=93177) stat_writer /opt/stack/data/venv/lib/python3.12/site-packages/dbcounter.py:102}}
Jul 09 07:45:22.262725 np0000004859 nova-scheduler[93177]: DEBUG nova.service [None req-f3d29873-2b6d-4e41-9e5c-fb21297651fe None None] Creating RPC server for service: nova-scheduler on topic: scheduler {{(pid=93177) start /opt/stack/nova/nova/service.py:196}}
Jul 09 07:45:22.275237 np0000004859 nova-scheduler[93175]: DEBUG nova.service [None req-17aa7605-fbaf-4651-a574-fdc9b1f1d52a None None] Join ServiceGroup membership for this service scheduler {{(pid=93175) start /opt/stack/nova/nova/service.py:222}}
Jul 09 07:45:22.275649 np0000004859 nova-scheduler[93175]: DEBUG nova.servicegroup.drivers.db [None req-17aa7605-fbaf-4651-a574-fdc9b1f1d52a None None] DB_Driver: join new ServiceGroup member np0000004859 to the scheduler group, service = {{(pid=93175) join /opt/stack/nova/nova/servicegroup/drivers/db.py:44}}
Jul 09 07:45:22.281447 np0000004859 nova-scheduler[93177]: DEBUG nova.service [None req-f3d29873-2b6d-4e41-9e5c-fb21297651fe None None] Join ServiceGroup membership for this service scheduler {{(pid=93177) start /opt/stack/nova/nova/service.py:222}}
Jul 09 07:45:22.281702 np0000004859 nova-scheduler[93177]: DEBUG nova.servicegroup.drivers.db [None req-f3d29873-2b6d-4e41-9e5c-fb21297651fe None None] DB_Driver: join new ServiceGroup member np0000004859 to the scheduler group, service = {{(pid=93177) join /opt/stack/nova/nova/servicegroup/drivers/db.py:44}}
Jul 09 07:45:23.284901 np0000004859 nova-scheduler[93177]: DEBUG oslo.service.backend._threading.loopingcall [None req-a7b825c3-604e-4bee-b597-73848e194ce9 None None] Dynamic interval looping call 'nova.service.Service.periodic_tasks' sleeping for 60.00 seconds {{(pid=93177) _run_loop /opt/stack/data/venv/lib/python3.12/site-packages/oslo_service/backend/_threading/loopingcall.py:125}}
Jul 09 07:45:27.268927 np0000004859 nova-scheduler[93173]: DEBUG oslo.service.backend._threading.loopingcall [-] Fixed interval looping call 'nova.servicegroup.drivers.db.DbDriver._report_state' sleeping for 119.99 seconds {{(pid=93173) _run_loop /opt/stack/data/venv/lib/python3.12/site-packages/oslo_service/backend/_threading/loopingcall.py:125}}
Jul 09 07:45:27.282599 np0000004859 nova-scheduler[93175]: DEBUG oslo.service.backend._threading.loopingcall [-] Fixed interval looping call 'nova.servicegroup.drivers.db.DbDriver._report_state' sleeping for 119.99 seconds {{(pid=93175) _run_loop /opt/stack/data/venv/lib/python3.12/site-packages/oslo_service/backend/_threading/loopingcall.py:125}}
Jul 09 07:45:27.293881 np0000004859 nova-scheduler[93177]: DEBUG oslo.service.backend._threading.loopingcall [-] Fixed interval looping call 'nova.servicegroup.drivers.db.DbDriver._report_state' sleeping for 119.99 seconds {{(pid=93177) _run_loop /opt/stack/data/venv/lib/python3.12/site-packages/oslo_service/backend/_threading/loopingcall.py:125}}
Jul 09 07:45:30.843528 np0000004859 nova-scheduler[91974]: DEBUG dbcounter [-] [91974] Writing DB stats nova_api:SELECT=3 {{(pid=91974) stat_writer /opt/stack/data/venv/lib/python3.12/site-packages/dbcounter.py:115}}
Jul 09 07:45:30.959038 np0000004859 nova-scheduler[91974]: DEBUG dbcounter [-] [91974] Writing DB stats nova_cell0:SELECT=1 {{(pid=91974) stat_writer /opt/stack/data/venv/lib/python3.12/site-packages/dbcounter.py:115}}
Jul 09 07:45:30.964450 np0000004859 nova-scheduler[91974]: DEBUG dbcounter [-] [91974] Writing DB stats nova_cell1:SELECT=1 {{(pid=91974) stat_writer /opt/stack/data/venv/lib/python3.12/site-packages/dbcounter.py:115}}
Jul 09 07:45:37.265291 np0000004859 nova-scheduler[93173]: DEBUG dbcounter [-] [93173] Writing DB stats nova_cell0:SELECT=4,nova_cell0:INSERT=1,nova_cell0:UPDATE=1 {{(pid=93173) stat_writer /opt/stack/data/venv/lib/python3.12/site-packages/dbcounter.py:115}}
Jul 09 07:45:37.281683 np0000004859 nova-scheduler[93175]: DEBUG dbcounter [-] [93175] Writing DB stats nova_cell0:SELECT=4,nova_cell0:INSERT=1 {{(pid=93175) stat_writer /opt/stack/data/venv/lib/python3.12/site-packages/dbcounter.py:115}}
Jul 09 07:45:37.293678 np0000004859 nova-scheduler[93177]: DEBUG dbcounter [-] [93177] Writing DB stats nova_cell0:SELECT=3 {{(pid=93177) stat_writer /opt/stack/data/venv/lib/python3.12/site-packages/dbcounter.py:115}}
Jul 09 07:45:44.257833 np0000004859 nova-scheduler[93173]: DEBUG oslo.service.backend._threading.loopingcall [None req-beb43fec-f2ba-4169-9c3b-5b45ff31d7f6 None None] Dynamic interval looping call 'nova.service.Service.periodic_tasks' sleeping for 60.00 seconds {{(pid=93173) _run_loop /opt/stack/data/venv/lib/python3.12/site-packages/oslo_service/backend/_threading/loopingcall.py:125}}
Jul 09 07:46:08.280754 np0000004859 nova-scheduler[93175]: DEBUG oslo.service.backend._threading.loopingcall [None req-e2dccd50-ca1a-4484-b060-04b016a718a7 None None] Dynamic interval looping call 'nova.service.Service.periodic_tasks' sleeping for 60.00 seconds {{(pid=93175) _run_loop /opt/stack/data/venv/lib/python3.12/site-packages/oslo_service/backend/_threading/loopingcall.py:125}}
Jul 09 07:46:23.285406 np0000004859 nova-scheduler[93177]: DEBUG oslo.service.backend._threading.loopingcall [None req-a7b825c3-604e-4bee-b597-73848e194ce9 None None] Dynamic interval looping call 'nova.service.Service.periodic_tasks' sleeping for 60.00 seconds {{(pid=93177) _run_loop /opt/stack/data/venv/lib/python3.12/site-packages/oslo_service/backend/_threading/loopingcall.py:125}}
Jul 09 07:46:44.258320 np0000004859 nova-scheduler[93173]: DEBUG oslo.service.backend._threading.loopingcall [None req-beb43fec-f2ba-4169-9c3b-5b45ff31d7f6 None None] Dynamic interval looping call 'nova.service.Service.periodic_tasks' sleeping for 60.00 seconds {{(pid=93173) _run_loop /opt/stack/data/venv/lib/python3.12/site-packages/oslo_service/backend/_threading/loopingcall.py:125}}
Jul 09 07:47:08.280620 np0000004859 nova-scheduler[93175]: DEBUG oslo.service.backend._threading.loopingcall [None req-e2dccd50-ca1a-4484-b060-04b016a718a7 None None] Dynamic interval looping call 'nova.service.Service.periodic_tasks' sleeping for 60.00 seconds {{(pid=93175) _run_loop /opt/stack/data/venv/lib/python3.12/site-packages/oslo_service/backend/_threading/loopingcall.py:125}}
Jul 09 07:47:23.285960 np0000004859 nova-scheduler[93177]: DEBUG oslo.service.backend._threading.loopingcall [None req-a7b825c3-604e-4bee-b597-73848e194ce9 None None] Dynamic interval looping call 'nova.service.Service.periodic_tasks' sleeping for 60.00 seconds {{(pid=93177) _run_loop /opt/stack/data/venv/lib/python3.12/site-packages/oslo_service/backend/_threading/loopingcall.py:125}}
Jul 09 07:47:27.265379 np0000004859 nova-scheduler[93173]: DEBUG oslo.service.backend._threading.loopingcall [-] Fixed interval looping call 'nova.servicegroup.drivers.db.DbDriver._report_state' sleeping for 119.99 seconds {{(pid=93173) _run_loop /opt/stack/data/venv/lib/python3.12/site-packages/oslo_service/backend/_threading/loopingcall.py:125}}
Jul 09 07:47:27.276229 np0000004859 nova-scheduler[93175]: DEBUG oslo.service.backend._threading.loopingcall [-] Fixed interval looping call 'nova.servicegroup.drivers.db.DbDriver._report_state' sleeping for 120.00 seconds {{(pid=93175) _run_loop /opt/stack/data/venv/lib/python3.12/site-packages/oslo_service/backend/_threading/loopingcall.py:125}}
Jul 09 07:47:27.287147 np0000004859 nova-scheduler[93177]: DEBUG oslo.service.backend._threading.loopingcall [-] Fixed interval looping call 'nova.servicegroup.drivers.db.DbDriver._report_state' sleeping for 120.00 seconds {{(pid=93177) _run_loop /opt/stack/data/venv/lib/python3.12/site-packages/oslo_service/backend/_threading/loopingcall.py:125}}
Jul 09 07:47:37.262090 np0000004859 nova-scheduler[93173]: DEBUG dbcounter [-] [93173] Writing DB stats nova_cell0:SELECT=1,nova_cell0:UPDATE=1 {{(pid=93173) stat_writer /opt/stack/data/venv/lib/python3.12/site-packages/dbcounter.py:115}}
Jul 09 07:47:37.274365 np0000004859 nova-scheduler[93175]: DEBUG dbcounter [-] [93175] Writing DB stats nova_cell0:SELECT=1 {{(pid=93175) stat_writer /opt/stack/data/venv/lib/python3.12/site-packages/dbcounter.py:115}}
Jul 09 07:47:37.285572 np0000004859 nova-scheduler[93177]: DEBUG dbcounter [-] [93177] Writing DB stats nova_cell0:SELECT=1 {{(pid=93177) stat_writer /opt/stack/data/venv/lib/python3.12/site-packages/dbcounter.py:115}}
Jul 09 07:47:44.258877 np0000004859 nova-scheduler[93173]: DEBUG oslo.service.backend._threading.loopingcall [None req-beb43fec-f2ba-4169-9c3b-5b45ff31d7f6 None None] Dynamic interval looping call 'nova.service.Service.periodic_tasks' sleeping for 60.00 seconds {{(pid=93173) _run_loop /opt/stack/data/venv/lib/python3.12/site-packages/oslo_service/backend/_threading/loopingcall.py:125}}
Jul 09 07:47:49.691023 np0000004859 nova-scheduler[93173]: DEBUG nova.scheduler.manager [None req-796aff7d-ef53-4f6c-8ce2-46d08a8d83d4 tempest-ServersNegativeTestJSON-560912631 tempest-ServersNegativeTestJSON-560912631-project-member] Starting to schedule for instances: ['29af5cd8-c440-43e7-9797-d05306970cf1'] {{(pid=93173) select_destinations /opt/stack/nova/nova/scheduler/manager.py:209}}
Jul 09 07:47:49.691701 np0000004859 nova-scheduler[93173]: DEBUG nova.scheduler.request_filter [None req-796aff7d-ef53-4f6c-8ce2-46d08a8d83d4 tempest-ServersNegativeTestJSON-560912631 tempest-ServersNegativeTestJSON-560912631-project-member] compute_status_filter request filter added forbidden trait COMPUTE_STATUS_DISABLED {{(pid=93173) compute_status_filter /opt/stack/nova/nova/scheduler/request_filter.py:253}}
Jul 09 07:47:49.691817 np0000004859 nova-scheduler[93173]: DEBUG nova.scheduler.request_filter [None req-796aff7d-ef53-4f6c-8ce2-46d08a8d83d4 tempest-ServersNegativeTestJSON-560912631 tempest-ServersNegativeTestJSON-560912631-project-member] Request filter 'compute_status_filter' took 0.0 seconds {{(pid=93173) wrapper /opt/stack/nova/nova/scheduler/request_filter.py:46}}
Jul 09 07:47:49.692049 np0000004859 nova-scheduler[93173]: DEBUG nova.scheduler.request_filter [None req-796aff7d-ef53-4f6c-8ce2-46d08a8d83d4 tempest-ServersNegativeTestJSON-560912631 tempest-ServersNegativeTestJSON-560912631-project-member] Request filter 'accelerators_filter' took 0.0 seconds {{(pid=93173) wrapper /opt/stack/nova/nova/scheduler/request_filter.py:46}}
Jul 09 07:47:49.692716 np0000004859 nova-scheduler[93173]: DEBUG nova.scheduler.request_filter [None req-796aff7d-ef53-4f6c-8ce2-46d08a8d83d4 tempest-ServersNegativeTestJSON-560912631 tempest-ServersNegativeTestJSON-560912631-project-member] Request filter 'packed_virtqueue_filter' took 0.0 seconds {{(pid=93173) wrapper /opt/stack/nova/nova/scheduler/request_filter.py:46}}
Jul 09 07:47:49.692991 np0000004859 nova-scheduler[93173]: DEBUG nova.scheduler.request_filter [None req-796aff7d-ef53-4f6c-8ce2-46d08a8d83d4 tempest-ServersNegativeTestJSON-560912631 tempest-ServersNegativeTestJSON-560912631-project-member] Request filter 'remote_managed_ports_filter' took 0.0 seconds {{(pid=93173) wrapper /opt/stack/nova/nova/scheduler/request_filter.py:46}}
Jul 09 07:47:49.693122 np0000004859 nova-scheduler[93173]: DEBUG nova.scheduler.request_filter [None req-796aff7d-ef53-4f6c-8ce2-46d08a8d83d4 tempest-ServersNegativeTestJSON-560912631 tempest-ServersNegativeTestJSON-560912631-project-member] ephemeral_encryption_filter skipped {{(pid=93173) ephemeral_encryption_filter /opt/stack/nova/nova/scheduler/request_filter.py:426}}
Jul 09 07:47:49.693263 np0000004859 nova-scheduler[93173]: DEBUG nova.scheduler.request_filter [None req-796aff7d-ef53-4f6c-8ce2-46d08a8d83d4 tempest-ServersNegativeTestJSON-560912631 tempest-ServersNegativeTestJSON-560912631-project-member] virtio_sound_filter skipped {{(pid=93173) virtio_sound_filter /opt/stack/nova/nova/scheduler/request_filter.py:460}}
Jul 09 07:47:49.693383 np0000004859 nova-scheduler[93173]: DEBUG nova.scheduler.request_filter [None req-796aff7d-ef53-4f6c-8ce2-46d08a8d83d4 tempest-ServersNegativeTestJSON-560912631 tempest-ServersNegativeTestJSON-560912631-project-member] tpm_secret_security_filter skipped {{(pid=93173) tpm_secret_security_filter /opt/stack/nova/nova/scheduler/request_filter.py:477}}
Jul 09 07:47:50.258540 np0000004859 nova-scheduler[93173]: INFO nova.utils [None req-796aff7d-ef53-4f6c-8ce2-46d08a8d83d4 tempest-ServersNegativeTestJSON-560912631 tempest-ServersNegativeTestJSON-560912631-project-member] The cell worker thread pool ForkProcess-1.cell_worker is initialized
Jul 09 07:47:50.258938 np0000004859 nova-scheduler[93173]: DEBUG oslo_concurrency.lockutils [None req-796aff7d-ef53-4f6c-8ce2-46d08a8d83d4 tempest-ServersNegativeTestJSON-560912631 tempest-ServersNegativeTestJSON-560912631-project-member] Acquiring lock "9fc015fd-b774-4ddb-9b4d-c5da8e5e67c5" by "nova.context.set_target_cell..get_or_set_cached_cell_and_set_connections" {{(pid=93173) inner /opt/stack/data/venv/lib/python3.12/site-packages/oslo_concurrency/lockutils.py:511}}
Jul 09 07:47:50.259161 np0000004859 nova-scheduler[93173]: DEBUG oslo_concurrency.lockutils [None req-796aff7d-ef53-4f6c-8ce2-46d08a8d83d4 tempest-ServersNegativeTestJSON-560912631 tempest-ServersNegativeTestJSON-560912631-project-member] Lock "9fc015fd-b774-4ddb-9b4d-c5da8e5e67c5" acquired by "nova.context.set_target_cell..get_or_set_cached_cell_and_set_connections" :: waited 0.000s {{(pid=93173) inner /opt/stack/data/venv/lib/python3.12/site-packages/oslo_concurrency/lockutils.py:524}}
Jul 09 07:47:50.260440 np0000004859 nova-scheduler[93173]: DEBUG oslo_concurrency.lockutils [None req-796aff7d-ef53-4f6c-8ce2-46d08a8d83d4 tempest-ServersNegativeTestJSON-560912631 tempest-ServersNegativeTestJSON-560912631-project-member] Lock "9fc015fd-b774-4ddb-9b4d-c5da8e5e67c5" "released" by "nova.context.set_target_cell..get_or_set_cached_cell_and_set_connections" :: held 0.001s {{(pid=93173) inner /opt/stack/data/venv/lib/python3.12/site-packages/oslo_concurrency/lockutils.py:543}}
Jul 09 07:47:50.263435 np0000004859 nova-scheduler[93173]: INFO dbcounter [None req-796aff7d-ef53-4f6c-8ce2-46d08a8d83d4 tempest-ServersNegativeTestJSON-560912631 tempest-ServersNegativeTestJSON-560912631-project-member] Registered counter for database nova_cell1
Jul 09 07:47:50.303201 np0000004859 nova-scheduler[93173]: DEBUG oslo_db.sqlalchemy.engines [None req-796aff7d-ef53-4f6c-8ce2-46d08a8d83d4 tempest-ServersNegativeTestJSON-560912631 tempest-ServersNegativeTestJSON-560912631-project-member] MySQL server mode set to STRICT_TRANS_TABLES,STRICT_ALL_TABLES,NO_ZERO_IN_DATE,NO_ZERO_DATE,ERROR_FOR_DIVISION_BY_ZERO,TRADITIONAL,NO_ENGINE_SUBSTITUTION {{(pid=93173) _check_effective_sql_mode /opt/stack/data/venv/lib/python3.12/site-packages/oslo_db/sqlalchemy/engines.py:325}}
Jul 09 07:47:50.310794 np0000004859 nova-scheduler[93173]: DEBUG dbcounter [-] [93173] Writer thread running {{(pid=93173) stat_writer /opt/stack/data/venv/lib/python3.12/site-packages/dbcounter.py:102}}
Jul 09 07:47:50.325682 np0000004859 nova-scheduler[93173]: DEBUG oslo_db.sqlalchemy.engines [None req-796aff7d-ef53-4f6c-8ce2-46d08a8d83d4 tempest-ServersNegativeTestJSON-560912631 tempest-ServersNegativeTestJSON-560912631-project-member] Parent process 91974 forked (93173) with an open database connection, which is being discarded and recreated. {{(pid=93173) checkout /opt/stack/data/venv/lib/python3.12/site-packages/oslo_db/sqlalchemy/engines.py:402}}
Jul 09 07:47:50.379255 np0000004859 nova-scheduler[93173]: DEBUG dbcounter [-] [93173] Writer thread running {{(pid=93173) stat_writer /opt/stack/data/venv/lib/python3.12/site-packages/dbcounter.py:102}}
Jul 09 07:47:50.383119 np0000004859 nova-scheduler[93173]: DEBUG oslo_concurrency.lockutils [None req-796aff7d-ef53-4f6c-8ce2-46d08a8d83d4 tempest-ServersNegativeTestJSON-560912631 tempest-ServersNegativeTestJSON-560912631-project-member] Acquiring lock "9fc015fd-b774-4ddb-9b4d-c5da8e5e67c5" by "nova.context.set_target_cell..get_or_set_cached_cell_and_set_connections" {{(pid=93173) inner /opt/stack/data/venv/lib/python3.12/site-packages/oslo_concurrency/lockutils.py:511}}
Jul 09 07:47:50.383703 np0000004859 nova-scheduler[93173]: DEBUG oslo_concurrency.lockutils [None req-796aff7d-ef53-4f6c-8ce2-46d08a8d83d4 tempest-ServersNegativeTestJSON-560912631 tempest-ServersNegativeTestJSON-560912631-project-member] Lock "9fc015fd-b774-4ddb-9b4d-c5da8e5e67c5" acquired by "nova.context.set_target_cell..get_or_set_cached_cell_and_set_connections" :: waited 0.001s {{(pid=93173) inner /opt/stack/data/venv/lib/python3.12/site-packages/oslo_concurrency/lockutils.py:524}}
Jul 09 07:47:50.384008 np0000004859 nova-scheduler[93173]: DEBUG oslo_concurrency.lockutils [None req-796aff7d-ef53-4f6c-8ce2-46d08a8d83d4 tempest-ServersNegativeTestJSON-560912631 tempest-ServersNegativeTestJSON-560912631-project-member] Lock "9fc015fd-b774-4ddb-9b4d-c5da8e5e67c5" "released" by "nova.context.set_target_cell..get_or_set_cached_cell_and_set_connections" :: held 0.000s {{(pid=93173) inner /opt/stack/data/venv/lib/python3.12/site-packages/oslo_concurrency/lockutils.py:543}}
Jul 09 07:47:50.388179 np0000004859 nova-scheduler[93173]: DEBUG oslo_concurrency.lockutils [None req-796aff7d-ef53-4f6c-8ce2-46d08a8d83d4 tempest-ServersNegativeTestJSON-560912631 tempest-ServersNegativeTestJSON-560912631-project-member] Acquiring lock "np0000004859-np0000004859" by "nova.scheduler.host_manager.HostState.update.._locked_update" {{(pid=93173) inner /opt/stack/data/venv/lib/python3.12/site-packages/oslo_concurrency/lockutils.py:511}}
Jul 09 07:47:50.388647 np0000004859 nova-scheduler[93173]: DEBUG oslo_concurrency.lockutils [None req-796aff7d-ef53-4f6c-8ce2-46d08a8d83d4 tempest-ServersNegativeTestJSON-560912631 tempest-ServersNegativeTestJSON-560912631-project-member] Lock "np0000004859-np0000004859" acquired by "nova.scheduler.host_manager.HostState.update.._locked_update" :: waited 0.000s {{(pid=93173) inner /opt/stack/data/venv/lib/python3.12/site-packages/oslo_concurrency/lockutils.py:524}}
Jul 09 07:47:50.391460 np0000004859 nova-scheduler[93173]: DEBUG nova.scheduler.host_manager [None req-796aff7d-ef53-4f6c-8ce2-46d08a8d83d4 tempest-ServersNegativeTestJSON-560912631 tempest-ServersNegativeTestJSON-560912631-project-member] Update host state from compute node: ComputeNode(cpu_allocation_ratio=4.0,cpu_info='{"arch": "x86_64", "model": "EPYC-Milan", "vendor": "AMD", "topology": {"cells": 1, "sockets": 16, "cores": 1, "threads": 1}, "maxphysaddr": {"mode": "emulate", "bits": 40}, "features": ["nx", "adx", "avx2", "xgetbv1", "de", "pku", "lbrv", "svme-addr-chk", "fsrm", "smap", "perfctr_core", "virt-ssbd", "3dnowprefetch", "erms", "pat", "pni", "sha-ni", "abm", "cmov", "pcid", "nrip-save", "invpcid", "clwb", "rdpid", "v-vmsave-vmload", "sep", "vmcb-clean", "pschange-mc-no", "pdpe1gb", "clflush", "mmx", "cx8", "rdtscp", "spec-ctrl", "popcnt", "fxsr", "sse", "sse4.1", "cmp_legacy", "pause-filter", "tsc-scale", "vme", "apic", "rdrand", "gds-no", "smep", "wbnoinvd", "xsaves", "umip", "misalignsse", "skip-l1dfl-vmentry", "f16c", "sse4.2", "tsc", "amd-psfd", "cx16", "xsaveerptr", "arat", "ssse3", "pclmuldq", "syscall", "avx", "movbe", "vgif", "stibp", "fxsr_opt", "aes", "mtrr", "fpu", "rdctl-no", "ibpb", "clflushopt", "pge", "xsave", "x2apic", "arch-capabilities", "fma", "npt", "lm", "fsgsbase", "tsc_adjust", "lahf_lm", "lfence-always-serializing", "msr", "clzero", "svm", "mmxext", "amd-stibp", "flushbyasid", "ssbd", "xsavec", "vaes", "sse4a", "bmi2", "pfthreshold", "rdseed", "osvw", "pse36", "vpclmulqdq", "null-sel-clr-base", "mds-no", "tsc-deadline", "pse", "cr8legacy", "amd-ssbd", "pae", "mce", "bmi1", "no-nested-data-bp", "mca", "sse2", "topoext", "stibp-always-on", "hypervisor", "ibrs", "xsaveopt"]}',created_at=2026-07-09T07:45:48Z,current_workload=0,deleted=False,deleted_at=None,disk_allocation_ratio=1.0,disk_available_least=73,free_disk_gb=95,free_ram_mb=62765,host='np0000004859',host_ip=10.4.3.66,hypervisor_hostname='np0000004859',hypervisor_type='QEMU',hypervisor_version=8002002,id=1,local_gb=95,local_gb_used=0,mapped=1,memory_mb=63277,memory_mb_used=512,metrics='[]',numa_topology='{"nova_object.name": "NUMATopology", "nova_object.namespace": "nova", "nova_object.version": "1.2", "nova_object.data": {"cells": [{"nova_object.name": "NUMACell", "nova_object.namespace": "nova", "nova_object.version": "1.5", "nova_object.data": {"id": 0, "cpuset": [0, 1, 2, 3, 4, 5, 6, 7, 8, 9, 10, 11, 12, 13, 14, 15], "pcpuset": [0, 1, 2, 3, 4, 5, 6, 7, 8, 9, 10, 11, 12, 13, 14, 15], "memory": 63277, "cpu_usage": 0, "memory_usage": 0, "pinned_cpus": [], "siblings": [[6], [12], [2], [15], [5], [11], [8], [14], [4], [1], [7], [10], [0], [13], [3], [9]], "mempages": [{"nova_object.name": "NUMAPagesTopology", "nova_object.namespace": "nova", "nova_object.version": "1.1", "nova_object.data": {"size_kb": 4, "total": 16177930, "used": 0, "reserved": 0}, "nova_object.changes": ["used", "total", "size_kb", "reserved"]}, {"nova_object.name": "NUMAPagesTopology", "nova_object.namespace": "nova", "nova_object.version": "1.1", "nova_object.data": {"size_kb": 2048, "total": 41, "used": 0, "reserved": 0}, "nova_object.changes": ["used", "total", "size_kb", "reserved"]}, {"nova_object.name": "NUMAPagesTopology", "nova_object.namespace": "nova", "nova_object.version": "1.1", "nova_object.data": {"size_kb": 1048576, "total": 0, "used": 0, "reserved": 0}, "nova_object.changes": ["used", "total", "size_kb", "reserved"]}], "network_metadata": {"nova_object.name": "NetworkMetadata", "nova_object.namespace": "nova", "nova_object.version": "1.0", "nova_object.data": {"physnets": [], "tunneled": false}, "nova_object.changes": ["physnets", "tunneled"]}, "socket": null}, "nova_object.changes": ["mempages", "pcpuset", "id", "memory_usage", "siblings", "socket", "memory", "cpuset", "network_metadata", "cpu_usage", "pinned_cpus"]}]}, "nova_object.changes": ["cells"]}',pci_device_pools=PciDevicePoolList,ram_allocation_ratio=1.0,running_vms=0,service_id=3,stats={failed_builds='0',uptime=' 07:47:33 up 13 min, 2 users, load average: 1.34, 1.38, 0.82
Jul 09 07:47:50.391460 np0000004859 nova-scheduler[93173]: '},supported_hv_specs=[HVSpec,HVSpec,HVSpec,HVSpec,HVSpec,HVSpec,HVSpec,HVSpec,HVSpec,HVSpec,HVSpec,HVSpec,HVSpec,HVSpec,HVSpec,HVSpec,HVSpec,HVSpec,HVSpec,HVSpec,HVSpec,HVSpec,HVSpec,HVSpec,HVSpec],updated_at=2026-07-09T07:47:36Z,uuid=76282361-2d0b-4930-a7f8-e3e9e471aada,vcpus=16,vcpus_used=0) {{(pid=93173) _locked_update /opt/stack/nova/nova/scheduler/host_manager.py:168}}
Jul 09 07:47:50.391460 np0000004859 nova-scheduler[93173]: DEBUG nova.scheduler.host_manager [None req-796aff7d-ef53-4f6c-8ce2-46d08a8d83d4 tempest-ServersNegativeTestJSON-560912631 tempest-ServersNegativeTestJSON-560912631-project-member] Update host state with aggregates: [] {{(pid=93173) _locked_update /opt/stack/nova/nova/scheduler/host_manager.py:171}}
Jul 09 07:47:50.392046 np0000004859 nova-scheduler[93173]: DEBUG nova.scheduler.host_manager [None req-796aff7d-ef53-4f6c-8ce2-46d08a8d83d4 tempest-ServersNegativeTestJSON-560912631 tempest-ServersNegativeTestJSON-560912631-project-member] Update host state with service dict: {'id': 3, 'uuid': '4217c2d7-495c-4fe6-a284-cd96e7a41261', 'host': 'np0000004859', 'binary': 'nova-compute', 'topic': 'compute', 'report_count': 1, 'disabled': False, 'disabled_reason': None, 'last_seen_up': datetime.datetime(2026, 7, 9, 7, 45, 57, tzinfo=datetime.timezone.utc), 'forced_down': False, 'version': 72, 'created_at': datetime.datetime(2026, 7, 9, 7, 45, 47, tzinfo=datetime.timezone.utc), 'updated_at': datetime.datetime(2026, 7, 9, 7, 45, 57, tzinfo=datetime.timezone.utc), 'deleted_at': None, 'deleted': False} {{(pid=93173) _locked_update /opt/stack/nova/nova/scheduler/host_manager.py:174}}
Jul 09 07:47:50.392350 np0000004859 nova-scheduler[93173]: DEBUG nova.scheduler.host_manager [None req-796aff7d-ef53-4f6c-8ce2-46d08a8d83d4 tempest-ServersNegativeTestJSON-560912631 tempest-ServersNegativeTestJSON-560912631-project-member] Update host state with instances: [] {{(pid=93173) _locked_update /opt/stack/nova/nova/scheduler/host_manager.py:177}}
Jul 09 07:47:50.392658 np0000004859 nova-scheduler[93173]: DEBUG oslo_concurrency.lockutils [None req-796aff7d-ef53-4f6c-8ce2-46d08a8d83d4 tempest-ServersNegativeTestJSON-560912631 tempest-ServersNegativeTestJSON-560912631-project-member] Lock "np0000004859-np0000004859" "released" by "nova.scheduler.host_manager.HostState.update.._locked_update" :: held 0.004s {{(pid=93173) inner /opt/stack/data/venv/lib/python3.12/site-packages/oslo_concurrency/lockutils.py:543}}
Jul 09 07:47:50.393386 np0000004859 nova-scheduler[93173]: DEBUG nova.filters [None req-796aff7d-ef53-4f6c-8ce2-46d08a8d83d4 tempest-ServersNegativeTestJSON-560912631 tempest-ServersNegativeTestJSON-560912631-project-member] Starting with 1 host(s) {{(pid=93173) get_filtered_objects /opt/stack/nova/nova/filters.py:70}}
Jul 09 07:47:50.393897 np0000004859 nova-scheduler[93173]: DEBUG nova.filters [None req-796aff7d-ef53-4f6c-8ce2-46d08a8d83d4 tempest-ServersNegativeTestJSON-560912631 tempest-ServersNegativeTestJSON-560912631-project-member] Filter ComputeFilter returned 1 host(s) {{(pid=93173) get_filtered_objects /opt/stack/nova/nova/filters.py:102}}
Jul 09 07:47:50.394193 np0000004859 nova-scheduler[93173]: DEBUG nova.filters [None req-796aff7d-ef53-4f6c-8ce2-46d08a8d83d4 tempest-ServersNegativeTestJSON-560912631 tempest-ServersNegativeTestJSON-560912631-project-member] Filter ComputeCapabilitiesFilter returned 1 host(s) {{(pid=93173) get_filtered_objects /opt/stack/nova/nova/filters.py:102}}
Jul 09 07:47:50.394714 np0000004859 nova-scheduler[93173]: DEBUG nova.filters [None req-796aff7d-ef53-4f6c-8ce2-46d08a8d83d4 tempest-ServersNegativeTestJSON-560912631 tempest-ServersNegativeTestJSON-560912631-project-member] Filter ImagePropertiesFilter returned 1 host(s) {{(pid=93173) get_filtered_objects /opt/stack/nova/nova/filters.py:102}}
Jul 09 07:47:50.395013 np0000004859 nova-scheduler[93173]: DEBUG nova.filters [None req-796aff7d-ef53-4f6c-8ce2-46d08a8d83d4 tempest-ServersNegativeTestJSON-560912631 tempest-ServersNegativeTestJSON-560912631-project-member] Filter ServerGroupAntiAffinityFilter returned 1 host(s) {{(pid=93173) get_filtered_objects /opt/stack/nova/nova/filters.py:102}}
Jul 09 07:47:50.395333 np0000004859 nova-scheduler[93173]: DEBUG nova.filters [None req-796aff7d-ef53-4f6c-8ce2-46d08a8d83d4 tempest-ServersNegativeTestJSON-560912631 tempest-ServersNegativeTestJSON-560912631-project-member] Filter ServerGroupAffinityFilter returned 1 host(s) {{(pid=93173) get_filtered_objects /opt/stack/nova/nova/filters.py:102}}
Jul 09 07:47:50.395612 np0000004859 nova-scheduler[93173]: DEBUG nova.filters [None req-796aff7d-ef53-4f6c-8ce2-46d08a8d83d4 tempest-ServersNegativeTestJSON-560912631 tempest-ServersNegativeTestJSON-560912631-project-member] Filter SameHostFilter returned 1 host(s) {{(pid=93173) get_filtered_objects /opt/stack/nova/nova/filters.py:102}}
Jul 09 07:47:50.395872 np0000004859 nova-scheduler[93173]: DEBUG nova.filters [None req-796aff7d-ef53-4f6c-8ce2-46d08a8d83d4 tempest-ServersNegativeTestJSON-560912631 tempest-ServersNegativeTestJSON-560912631-project-member] Filter DifferentHostFilter returned 1 host(s) {{(pid=93173) get_filtered_objects /opt/stack/nova/nova/filters.py:102}}
Jul 09 07:47:50.396140 np0000004859 nova-scheduler[93173]: DEBUG nova.scheduler.manager [None req-796aff7d-ef53-4f6c-8ce2-46d08a8d83d4 tempest-ServersNegativeTestJSON-560912631 tempest-ServersNegativeTestJSON-560912631-project-member] Filtered [(np0000004859, np0000004859) ram: 62765MB disk: 74752MB io_ops: 0 instances: 0, allocation_candidates: 1] {{(pid=93173) _get_sorted_hosts /opt/stack/nova/nova/scheduler/manager.py:742}}
Jul 09 07:47:50.396548 np0000004859 nova-scheduler[93173]: DEBUG nova.scheduler.manager [None req-796aff7d-ef53-4f6c-8ce2-46d08a8d83d4 tempest-ServersNegativeTestJSON-560912631 tempest-ServersNegativeTestJSON-560912631-project-member] Weighed [WeighedHost [host: (np0000004859, np0000004859) ram: 62765MB disk: 74752MB io_ops: 0 instances: 0, allocation_candidates: 1, weight: 0.0]] {{(pid=93173) _get_sorted_hosts /opt/stack/nova/nova/scheduler/manager.py:764}}
Jul 09 07:47:50.396913 np0000004859 nova-scheduler[93173]: DEBUG nova.scheduler.utils [None req-796aff7d-ef53-4f6c-8ce2-46d08a8d83d4 tempest-ServersNegativeTestJSON-560912631 tempest-ServersNegativeTestJSON-560912631-project-member] Attempting to claim resources in the placement API for instance 29af5cd8-c440-43e7-9797-d05306970cf1 {{(pid=93173) claim_resources /opt/stack/nova/nova/scheduler/utils.py:1345}}
Jul 09 07:47:50.546869 np0000004859 nova-scheduler[93173]: DEBUG nova.scheduler.manager [None req-796aff7d-ef53-4f6c-8ce2-46d08a8d83d4 tempest-ServersNegativeTestJSON-560912631 tempest-ServersNegativeTestJSON-560912631-project-member] [instance: 29af5cd8-c440-43e7-9797-d05306970cf1] Selected host: (np0000004859, np0000004859) ram: 62765MB disk: 74752MB io_ops: 0 instances: 0, allocation_candidates: 1 {{(pid=93173) _consume_selected_host /opt/stack/nova/nova/scheduler/manager.py:624}}
Jul 09 07:47:50.547338 np0000004859 nova-scheduler[93173]: DEBUG oslo_concurrency.lockutils [None req-796aff7d-ef53-4f6c-8ce2-46d08a8d83d4 tempest-ServersNegativeTestJSON-560912631 tempest-ServersNegativeTestJSON-560912631-project-member] Acquiring lock "np0000004859-np0000004859" by "nova.scheduler.host_manager.HostState.consume_from_request.._locked" {{(pid=93173) inner /opt/stack/data/venv/lib/python3.12/site-packages/oslo_concurrency/lockutils.py:511}}
Jul 09 07:47:50.547338 np0000004859 nova-scheduler[93173]: DEBUG oslo_concurrency.lockutils [None req-796aff7d-ef53-4f6c-8ce2-46d08a8d83d4 tempest-ServersNegativeTestJSON-560912631 tempest-ServersNegativeTestJSON-560912631-project-member] Lock "np0000004859-np0000004859" acquired by "nova.scheduler.host_manager.HostState.consume_from_request.._locked" :: waited 0.000s {{(pid=93173) inner /opt/stack/data/venv/lib/python3.12/site-packages/oslo_concurrency/lockutils.py:524}}
Jul 09 07:47:50.550307 np0000004859 nova-scheduler[93173]: DEBUG oslo_concurrency.lockutils [None req-796aff7d-ef53-4f6c-8ce2-46d08a8d83d4 tempest-ServersNegativeTestJSON-560912631 tempest-ServersNegativeTestJSON-560912631-project-member] Lock "np0000004859-np0000004859" "released" by "nova.scheduler.host_manager.HostState.consume_from_request.._locked" :: held 0.000s {{(pid=93173) inner /opt/stack/data/venv/lib/python3.12/site-packages/oslo_concurrency/lockutils.py:543}}
Jul 09 07:47:51.238348 np0000004859 nova-scheduler[93175]: DEBUG nova.scheduler.manager [None req-fb3bcf28-397b-4b74-9339-acec525de5e6 tempest-ServerActionsTestOtherA-144066970 tempest-ServerActionsTestOtherA-144066970-project-member] Starting to schedule for instances: ['ef4fde05-f614-4fe2-8af6-9dbeae923061'] {{(pid=93175) select_destinations /opt/stack/nova/nova/scheduler/manager.py:209}}
Jul 09 07:47:51.238788 np0000004859 nova-scheduler[93175]: DEBUG nova.scheduler.request_filter [None req-fb3bcf28-397b-4b74-9339-acec525de5e6 tempest-ServerActionsTestOtherA-144066970 tempest-ServerActionsTestOtherA-144066970-project-member] compute_status_filter request filter added forbidden trait COMPUTE_STATUS_DISABLED {{(pid=93175) compute_status_filter /opt/stack/nova/nova/scheduler/request_filter.py:253}}
Jul 09 07:47:51.238935 np0000004859 nova-scheduler[93175]: DEBUG nova.scheduler.request_filter [None req-fb3bcf28-397b-4b74-9339-acec525de5e6 tempest-ServerActionsTestOtherA-144066970 tempest-ServerActionsTestOtherA-144066970-project-member] Request filter 'compute_status_filter' took 0.0 seconds {{(pid=93175) wrapper /opt/stack/nova/nova/scheduler/request_filter.py:46}}
Jul 09 07:47:51.239210 np0000004859 nova-scheduler[93175]: DEBUG nova.scheduler.request_filter [None req-fb3bcf28-397b-4b74-9339-acec525de5e6 tempest-ServerActionsTestOtherA-144066970 tempest-ServerActionsTestOtherA-144066970-project-member] Request filter 'accelerators_filter' took 0.0 seconds {{(pid=93175) wrapper /opt/stack/nova/nova/scheduler/request_filter.py:46}}
Jul 09 07:47:51.239965 np0000004859 nova-scheduler[93175]: DEBUG nova.scheduler.request_filter [None req-fb3bcf28-397b-4b74-9339-acec525de5e6 tempest-ServerActionsTestOtherA-144066970 tempest-ServerActionsTestOtherA-144066970-project-member] Request filter 'packed_virtqueue_filter' took 0.0 seconds {{(pid=93175) wrapper /opt/stack/nova/nova/scheduler/request_filter.py:46}}
Jul 09 07:47:51.239965 np0000004859 nova-scheduler[93175]: DEBUG nova.scheduler.request_filter [None req-fb3bcf28-397b-4b74-9339-acec525de5e6 tempest-ServerActionsTestOtherA-144066970 tempest-ServerActionsTestOtherA-144066970-project-member] Request filter 'remote_managed_ports_filter' took 0.0 seconds {{(pid=93175) wrapper /opt/stack/nova/nova/scheduler/request_filter.py:46}}
Jul 09 07:47:51.241252 np0000004859 nova-scheduler[93175]: DEBUG nova.scheduler.request_filter [None req-fb3bcf28-397b-4b74-9339-acec525de5e6 tempest-ServerActionsTestOtherA-144066970 tempest-ServerActionsTestOtherA-144066970-project-member] ephemeral_encryption_filter skipped {{(pid=93175) ephemeral_encryption_filter /opt/stack/nova/nova/scheduler/request_filter.py:426}}
Jul 09 07:47:51.241502 np0000004859 nova-scheduler[93175]: DEBUG nova.scheduler.request_filter [None req-fb3bcf28-397b-4b74-9339-acec525de5e6 tempest-ServerActionsTestOtherA-144066970 tempest-ServerActionsTestOtherA-144066970-project-member] virtio_sound_filter skipped {{(pid=93175) virtio_sound_filter /opt/stack/nova/nova/scheduler/request_filter.py:460}}
Jul 09 07:47:51.241833 np0000004859 nova-scheduler[93175]: DEBUG nova.scheduler.request_filter [None req-fb3bcf28-397b-4b74-9339-acec525de5e6 tempest-ServerActionsTestOtherA-144066970 tempest-ServerActionsTestOtherA-144066970-project-member] tpm_secret_security_filter skipped {{(pid=93175) tpm_secret_security_filter /opt/stack/nova/nova/scheduler/request_filter.py:477}}
Jul 09 07:47:51.359824 np0000004859 nova-scheduler[93175]: INFO nova.utils [None req-fb3bcf28-397b-4b74-9339-acec525de5e6 tempest-ServerActionsTestOtherA-144066970 tempest-ServerActionsTestOtherA-144066970-project-member] The cell worker thread pool ForkProcess-2.cell_worker is initialized
Jul 09 07:47:51.360243 np0000004859 nova-scheduler[93175]: DEBUG oslo_concurrency.lockutils [None req-fb3bcf28-397b-4b74-9339-acec525de5e6 tempest-ServerActionsTestOtherA-144066970 tempest-ServerActionsTestOtherA-144066970-project-member] Acquiring lock "9fc015fd-b774-4ddb-9b4d-c5da8e5e67c5" by "nova.context.set_target_cell..get_or_set_cached_cell_and_set_connections" {{(pid=93175) inner /opt/stack/data/venv/lib/python3.12/site-packages/oslo_concurrency/lockutils.py:511}}
Jul 09 07:47:51.360472 np0000004859 nova-scheduler[93175]: DEBUG oslo_concurrency.lockutils [None req-fb3bcf28-397b-4b74-9339-acec525de5e6 tempest-ServerActionsTestOtherA-144066970 tempest-ServerActionsTestOtherA-144066970-project-member] Lock "9fc015fd-b774-4ddb-9b4d-c5da8e5e67c5" acquired by "nova.context.set_target_cell..get_or_set_cached_cell_and_set_connections" :: waited 0.000s {{(pid=93175) inner /opt/stack/data/venv/lib/python3.12/site-packages/oslo_concurrency/lockutils.py:524}}
Jul 09 07:47:51.362786 np0000004859 nova-scheduler[93175]: DEBUG oslo_concurrency.lockutils [None req-fb3bcf28-397b-4b74-9339-acec525de5e6 tempest-ServerActionsTestOtherA-144066970 tempest-ServerActionsTestOtherA-144066970-project-member] Lock "9fc015fd-b774-4ddb-9b4d-c5da8e5e67c5" "released" by "nova.context.set_target_cell..get_or_set_cached_cell_and_set_connections" :: held 0.002s {{(pid=93175) inner /opt/stack/data/venv/lib/python3.12/site-packages/oslo_concurrency/lockutils.py:543}}
Jul 09 07:47:51.364612 np0000004859 nova-scheduler[93175]: INFO dbcounter [None req-fb3bcf28-397b-4b74-9339-acec525de5e6 tempest-ServerActionsTestOtherA-144066970 tempest-ServerActionsTestOtherA-144066970-project-member] Registered counter for database nova_cell1
Jul 09 07:47:51.404319 np0000004859 nova-scheduler[93175]: DEBUG oslo_db.sqlalchemy.engines [None req-fb3bcf28-397b-4b74-9339-acec525de5e6 tempest-ServerActionsTestOtherA-144066970 tempest-ServerActionsTestOtherA-144066970-project-member] MySQL server mode set to STRICT_TRANS_TABLES,STRICT_ALL_TABLES,NO_ZERO_IN_DATE,NO_ZERO_DATE,ERROR_FOR_DIVISION_BY_ZERO,TRADITIONAL,NO_ENGINE_SUBSTITUTION {{(pid=93175) _check_effective_sql_mode /opt/stack/data/venv/lib/python3.12/site-packages/oslo_db/sqlalchemy/engines.py:325}}
Jul 09 07:47:51.411205 np0000004859 nova-scheduler[93175]: DEBUG dbcounter [-] [93175] Writer thread running {{(pid=93175) stat_writer /opt/stack/data/venv/lib/python3.12/site-packages/dbcounter.py:102}}
Jul 09 07:47:51.480180 np0000004859 nova-scheduler[93175]: DEBUG dbcounter [-] [93175] Writer thread running {{(pid=93175) stat_writer /opt/stack/data/venv/lib/python3.12/site-packages/dbcounter.py:102}}
Jul 09 07:47:51.486809 np0000004859 nova-scheduler[93175]: DEBUG oslo_concurrency.lockutils [None req-fb3bcf28-397b-4b74-9339-acec525de5e6 tempest-ServerActionsTestOtherA-144066970 tempest-ServerActionsTestOtherA-144066970-project-member] Acquiring lock "9fc015fd-b774-4ddb-9b4d-c5da8e5e67c5" by "nova.context.set_target_cell..get_or_set_cached_cell_and_set_connections" {{(pid=93175) inner /opt/stack/data/venv/lib/python3.12/site-packages/oslo_concurrency/lockutils.py:511}}
Jul 09 07:47:51.486971 np0000004859 nova-scheduler[93175]: DEBUG oslo_concurrency.lockutils [None req-fb3bcf28-397b-4b74-9339-acec525de5e6 tempest-ServerActionsTestOtherA-144066970 tempest-ServerActionsTestOtherA-144066970-project-member] Lock "9fc015fd-b774-4ddb-9b4d-c5da8e5e67c5" acquired by "nova.context.set_target_cell..get_or_set_cached_cell_and_set_connections" :: waited 0.000s {{(pid=93175) inner /opt/stack/data/venv/lib/python3.12/site-packages/oslo_concurrency/lockutils.py:524}}
Jul 09 07:47:51.487094 np0000004859 nova-scheduler[93175]: DEBUG oslo_concurrency.lockutils [None req-fb3bcf28-397b-4b74-9339-acec525de5e6 tempest-ServerActionsTestOtherA-144066970 tempest-ServerActionsTestOtherA-144066970-project-member] Lock "9fc015fd-b774-4ddb-9b4d-c5da8e5e67c5" "released" by "nova.context.set_target_cell..get_or_set_cached_cell_and_set_connections" :: held 0.000s {{(pid=93175) inner /opt/stack/data/venv/lib/python3.12/site-packages/oslo_concurrency/lockutils.py:543}}
