Jul 31 13:26:17.629397 np0000006227 devstack@g-api.service[99784]: DEBUG glance.api.middleware.version_negotiation [None req-15fbe30c-bc1a-4e71-8e2b-ad6fc927360f tempest-ServerStableDeviceRescueTest-6327822 tempest-ServerStableDeviceRescueTest-6327822-project-member] new path /v2/schemas/image {{(pid=99784) process_request /opt/stack/glance/glance/api/middleware/version_negotiation.py:70}}
Jul 31 13:26:17.631476 np0000006227 devstack@g-api.service[99784]: [pid: 99784|app: 0|req: 83/236] 127.0.0.1 () {44 vars in 1055 bytes} [Fri Jul 31 13:26:17 2026] GET /v2/schemas/image => generated 6083 bytes in 2 msecs (HTTP/1.1 200) 4 headers in 158 bytes (1 switches on core 0)
Jul 31 13:26:18.076695 np0000006227 devstack@g-api.service[99786]: INFO glance.api.v2.image_data [None req-15fbe30c-bc1a-4e71-8e2b-ad6fc927360f tempest-ServerStableDeviceRescueTest-6327822 tempest-ServerStableDeviceRescueTest-6327822-project-member] Unable to create trust: no such option collect_timing in group [keystone_authtoken] Use the existing user token.
Jul 31 13:26:18.429922 np0000006227 devstack@g-api.service[99785]: DEBUG glance.api.middleware.version_negotiation [None req-afa29b81-4b75-43ca-96cf-c5c1b7fe8b70 tempest-ServerStableDeviceRescueTest-6327822 tempest-ServerStableDeviceRescueTest-6327822-project-member] Determining version of request: GET /v2/images/41d14c18-b6be-44d5-af6c-64881ad42d5d Accept: */* {{(pid=99785) process_request /opt/stack/glance/glance/api/middleware/version_negotiation.py:44}}
Jul 31 13:26:18.430287 np0000006227 devstack@g-api.service[99785]: DEBUG glance.api.middleware.version_negotiation [None req-afa29b81-4b75-43ca-96cf-c5c1b7fe8b70 tempest-ServerStableDeviceRescueTest-6327822 tempest-ServerStableDeviceRescueTest-6327822-project-member] Using url versioning {{(pid=99785) process_request /opt/stack/glance/glance/api/middleware/version_negotiation.py:57}}
Jul 31 13:26:18.430370 np0000006227 devstack@g-api.service[99785]: DEBUG glance.api.middleware.version_negotiation [None req-afa29b81-4b75-43ca-96cf-c5c1b7fe8b70 tempest-ServerStableDeviceRescueTest-6327822 tempest-ServerStableDeviceRescueTest-6327822-project-member] Matched version: v2 {{(pid=99785) process_request /opt/stack/glance/glance/api/middleware/version_negotiation.py:69}}
Jul 31 13:26:18.430602 np0000006227 devstack@g-api.service[99785]: DEBUG glance.api.middleware.version_negotiation [None req-afa29b81-4b75-43ca-96cf-c5c1b7fe8b70 tempest-ServerStableDeviceRescueTest-6327822 tempest-ServerStableDeviceRescueTest-6327822-project-member] new path /v2/images/41d14c18-b6be-44d5-af6c-64881ad42d5d {{(pid=99785) process_request /opt/stack/glance/glance/api/middleware/version_negotiation.py:70}}
Jul 31 13:26:18.452670 np0000006227 devstack@g-api.service[99785]: [pid: 99785|app: 0|req: 76/237] 127.0.0.1 () {44 vars in 1115 bytes} [Fri Jul 31 13:26:18 2026] GET /v2/images/41d14c18-b6be-44d5-af6c-64881ad42d5d => generated 1044 bytes in 23 msecs (HTTP/1.1 200) 4 headers in 158 bytes (1 switches on core 0)
Jul 31 13:26:18.460102 np0000006227 devstack@g-api.service[99784]: DEBUG glance.api.middleware.version_negotiation [None req-afa29b81-4b75-43ca-96cf-c5c1b7fe8b70 tempest-ServerStableDeviceRescueTest-6327822 tempest-ServerStableDeviceRescueTest-6327822-project-member] Determining version of request: GET /v2/schemas/image Accept: */* {{(pid=99784) process_request /opt/stack/glance/glance/api/middleware/version_negotiation.py:44}}
Jul 31 13:26:18.460420 np0000006227 devstack@g-api.service[99784]: DEBUG glance.api.middleware.version_negotiation [None req-afa29b81-4b75-43ca-96cf-c5c1b7fe8b70 tempest-ServerStableDeviceRescueTest-6327822 tempest-ServerStableDeviceRescueTest-6327822-project-member] Using url versioning {{(pid=99784) process_request /opt/stack/glance/glance/api/middleware/version_negotiation.py:57}}
Jul 31 13:26:18.460420 np0000006227 devstack@g-api.service[99784]: DEBUG glance.api.middleware.version_negotiation [None req-afa29b81-4b75-43ca-96cf-c5c1b7fe8b70 tempest-ServerStableDeviceRescueTest-6327822 tempest-ServerStableDeviceRescueTest-6327822-project-member] Matched version: v2 {{(pid=99784) process_request /opt/stack/glance/glance/api/middleware/version_negotiation.py:69}}
Jul 31 13:26:18.460420 np0000006227 devstack@g-api.service[99784]: DEBUG glance.api.middleware.version_negotiation [None req-afa29b81-4b75-43ca-96cf-c5c1b7fe8b70 tempest-ServerStableDeviceRescueTest-6327822 tempest-ServerStableDeviceRescueTest-6327822-project-member] new path /v2/schemas/image {{(pid=99784) process_request /opt/stack/glance/glance/api/middleware/version_negotiation.py:70}}
Jul 31 13:26:18.464974 np0000006227 devstack@g-api.service[99784]: [pid: 99784|app: 0|req: 84/238] 127.0.0.1 () {44 vars in 1055 bytes} [Fri Jul 31 13:26:18 2026] GET /v2/schemas/image => generated 6083 bytes in 5 msecs (HTTP/1.1 200) 4 headers in 158 bytes (1 switches on core 0)
Jul 31 13:26:18.474339 np0000006227 devstack@g-api.service[99785]: DEBUG glance.api.middleware.version_negotiation [None req-1a61cc16-c2ed-4b57-8ad2-48661d50c0d9 tempest-ServerBootFromVolumeStableRescueTest-1248750718 tempest-ServerBootFromVolumeStableRescueTest-1248750718-project-member] Determining version of request: GET /v2/schemas/image Accept: */* {{(pid=99785) process_request /opt/stack/glance/glance/api/middleware/version_negotiation.py:44}}
Jul 31 13:26:18.474563 np0000006227 devstack@g-api.service[99785]: DEBUG glance.api.middleware.version_negotiation [None req-1a61cc16-c2ed-4b57-8ad2-48661d50c0d9 tempest-ServerBootFromVolumeStableRescueTest-1248750718 tempest-ServerBootFromVolumeStableRescueTest-1248750718-project-member] Using url versioning {{(pid=99785) process_request /opt/stack/glance/glance/api/middleware/version_negotiation.py:57}}
Jul 31 13:26:18.474730 np0000006227 devstack@g-api.service[99785]: DEBUG glance.api.middleware.version_negotiation [None req-1a61cc16-c2ed-4b57-8ad2-48661d50c0d9 tempest-ServerBootFromVolumeStableRescueTest-1248750718 tempest-ServerBootFromVolumeStableRescueTest-1248750718-project-member] Matched version: v2 {{(pid=99785) process_request /opt/stack/glance/glance/api/middleware/version_negotiation.py:69}}
Jul 31 13:26:18.475046 np0000006227 devstack@g-api.service[99785]: DEBUG glance.api.middleware.version_negotiation [None req-1a61cc16-c2ed-4b57-8ad2-48661d50c0d9 tempest-ServerBootFromVolumeStableRescueTest-1248750718 tempest-ServerBootFromVolumeStableRescueTest-1248750718-project-member] new path /v2/schemas/image {{(pid=99785) process_request /opt/stack/glance/glance/api/middleware/version_negotiation.py:70}}
Jul 31 13:26:18.478040 np0000006227 devstack@g-api.service[99785]: [pid: 99785|app: 0|req: 77/239] 127.0.0.1 () {44 vars in 1055 bytes} [Fri Jul 31 13:26:18 2026] GET /v2/schemas/image => generated 6083 bytes in 4 msecs (HTTP/1.1 200) 4 headers in 158 bytes (1 switches on core 0)
Jul 31 13:26:18.492097 np0000006227 devstack@g-api.service[99784]: DEBUG glance.api.middleware.version_negotiation [None req-1a61cc16-c2ed-4b57-8ad2-48661d50c0d9 tempest-ServerBootFromVolumeStableRescueTest-1248750718 tempest-ServerBootFromVolumeStableRescueTest-1248750718-project-member] Determining version of request: GET /v2/images/41d14c18-b6be-44d5-af6c-64881ad42d5d Accept: */* {{(pid=99784) process_request /opt/stack/glance/glance/api/middleware/version_negotiation.py:44}}
Jul 31 13:26:18.492266 np0000006227 devstack@g-api.service[99784]: DEBUG glance.api.middleware.version_negotiation [None req-1a61cc16-c2ed-4b57-8ad2-48661d50c0d9 tempest-ServerBootFromVolumeStableRescueTest-1248750718 tempest-ServerBootFromVolumeStableRescueTest-1248750718-project-member] Using url versioning {{(pid=99784) process_request /opt/stack/glance/glance/api/middleware/version_negotiation.py:57}}
Jul 31 13:26:18.492416 np0000006227 devstack@g-api.service[99784]: DEBUG glance.api.middleware.version_negotiation [None req-1a61cc16-c2ed-4b57-8ad2-48661d50c0d9 tempest-ServerBootFromVolumeStableRescueTest-1248750718 tempest-ServerBootFromVolumeStableRescueTest-1248750718-project-member] Matched version: v2 {{(pid=99784) process_request /opt/stack/glance/glance/api/middleware/version_negotiation.py:69}}
Jul 31 13:26:18.492554 np0000006227 devstack@g-api.service[99784]: DEBUG glance.api.middleware.version_negotiation [None req-1a61cc16-c2ed-4b57-8ad2-48661d50c0d9 tempest-ServerBootFromVolumeStableRescueTest-1248750718 tempest-ServerBootFromVolumeStableRescueTest-1248750718-project-member] new path /v2/images/41d14c18-b6be-44d5-af6c-64881ad42d5d {{(pid=99784) process_request /opt/stack/glance/glance/api/middleware/version_negotiation.py:70}}
Jul 31 13:26:18.511765 np0000006227 devstack@g-api.service[99784]: [pid: 99784|app: 0|req: 85/240] 127.0.0.1 () {44 vars in 1115 bytes} [Fri Jul 31 13:26:18 2026] GET /v2/images/41d14c18-b6be-44d5-af6c-64881ad42d5d => generated 1044 bytes in 20 msecs (HTTP/1.1 200) 4 headers in 158 bytes (1 switches on core 0)
Jul 31 13:26:18.522760 np0000006227 devstack@g-api.service[99785]: DEBUG glance.api.middleware.version_negotiation [None req-1a61cc16-c2ed-4b57-8ad2-48661d50c0d9 tempest-ServerBootFromVolumeStableRescueTest-1248750718 tempest-ServerBootFromVolumeStableRescueTest-1248750718-project-member] Determining version of request: GET /v2/schemas/image Accept: */* {{(pid=99785) process_request /opt/stack/glance/glance/api/middleware/version_negotiation.py:44}}
Jul 31 13:26:18.522970 np0000006227 devstack@g-api.service[99785]: DEBUG glance.api.middleware.version_negotiation [None req-1a61cc16-c2ed-4b57-8ad2-48661d50c0d9 tempest-ServerBootFromVolumeStableRescueTest-1248750718 tempest-ServerBootFromVolumeStableRescueTest-1248750718-project-member] Using url versioning {{(pid=99785) process_request /opt/stack/glance/glance/api/middleware/version_negotiation.py:57}}
Jul 31 13:26:18.523178 np0000006227 devstack@g-api.service[99785]: DEBUG glance.api.middleware.version_negotiation [None req-1a61cc16-c2ed-4b57-8ad2-48661d50c0d9 tempest-ServerBootFromVolumeStableRescueTest-1248750718 tempest-ServerBootFromVolumeStableRescueTest-1248750718-project-member] Matched version: v2 {{(pid=99785) process_request /opt/stack/glance/glance/api/middleware/version_negotiation.py:69}}
Jul 31 13:26:18.523310 np0000006227 devstack@g-api.service[99785]: DEBUG glance.api.middleware.version_negotiation [None req-1a61cc16-c2ed-4b57-8ad2-48661d50c0d9 tempest-ServerBootFromVolumeStableRescueTest-1248750718 tempest-ServerBootFromVolumeStableRescueTest-1248750718-project-member] new path /v2/schemas/image {{(pid=99785) process_request /opt/stack/glance/glance/api/middleware/version_negotiation.py:70}}
Jul 31 13:26:18.527087 np0000006227 devstack@g-api.service[99785]: [pid: 99785|app: 0|req: 78/241] 127.0.0.1 () {44 vars in 1055 bytes} [Fri Jul 31 13:26:18 2026] GET /v2/schemas/image => generated 6083 bytes in 4 msecs (HTTP/1.1 200) 4 headers in 158 bytes (1 switches on core 0)
Jul 31 13:26:18.536363 np0000006227 devstack@g-api.service[99784]: DEBUG glance.api.middleware.version_negotiation [None req-1a61cc16-c2ed-4b57-8ad2-48661d50c0d9 tempest-ServerBootFromVolumeStableRescueTest-1248750718 tempest-ServerBootFromVolumeStableRescueTest-1248750718-project-member] Determining version of request: GET /v2/schemas/image Accept: */* {{(pid=99784) process_request /opt/stack/glance/glance/api/middleware/version_negotiation.py:44}}
Jul 31 13:26:18.536498 np0000006227 devstack@g-api.service[99784]: DEBUG glance.api.middleware.version_negotiation [None req-1a61cc16-c2ed-4b57-8ad2-48661d50c0d9 tempest-ServerBootFromVolumeStableRescueTest-1248750718 tempest-ServerBootFromVolumeStableRescueTest-1248750718-project-member] Using url versioning {{(pid=99784) process_request /opt/stack/glance/glance/api/middleware/version_negotiation.py:57}}
Jul 31 13:26:18.536687 np0000006227 devstack@g-api.service[99784]: DEBUG glance.api.middleware.version_negotiation [None req-1a61cc16-c2ed-4b57-8ad2-48661d50c0d9 tempest-ServerBootFromVolumeStableRescueTest-1248750718 tempest-ServerBootFromVolumeStableRescueTest-1248750718-project-member] Matched version: v2 {{(pid=99784) process_request /opt/stack/glance/glance/api/middleware/version_negotiation.py:69}}
Jul 31 13:26:18.536833 np0000006227 devstack@g-api.service[99784]: DEBUG glance.api.middleware.version_negotiation [None req-1a61cc16-c2ed-4b57-8ad2-48661d50c0d9 tempest-ServerBootFromVolumeStableRescueTest-1248750718 tempest-ServerBootFromVolumeStableRescueTest-1248750718-project-member] new path /v2/schemas/image {{(pid=99784) process_request /opt/stack/glance/glance/api/middleware/version_negotiation.py:70}}
Jul 31 13:26:18.539777 np0000006227 devstack@g-api.service[99784]: [pid: 99784|app: 0|req: 86/242] 127.0.0.1 () {44 vars in 1055 bytes} [Fri Jul 31 13:26:18 2026] GET /v2/schemas/image => generated 6083 bytes in 4 msecs (HTTP/1.1 200) 4 headers in 158 bytes (1 switches on core 0)
Jul 31 13:26:18.565122 np0000006227 devstack@g-api.service[99785]: DEBUG glance.api.middleware.version_negotiation [None req-1a61cc16-c2ed-4b57-8ad2-48661d50c0d9 tempest-ServerBootFromVolumeStableRescueTest-1248750718 tempest-ServerBootFromVolumeStableRescueTest-1248750718-project-member] Determining version of request: GET /v2/images/41d14c18-b6be-44d5-af6c-64881ad42d5d Accept: */* {{(pid=99785) process_request /opt/stack/glance/glance/api/middleware/version_negotiation.py:44}}
Jul 31 13:26:18.565790 np0000006227 devstack@g-api.service[99785]: DEBUG glance.api.middleware.version_negotiation [None req-1a61cc16-c2ed-4b57-8ad2-48661d50c0d9 tempest-ServerBootFromVolumeStableRescueTest-1248750718 tempest-ServerBootFromVolumeStableRescueTest-1248750718-project-member] Using url versioning {{(pid=99785) process_request /opt/stack/glance/glance/api/middleware/version_negotiation.py:57}}
Jul 31 13:26:18.565790 np0000006227 devstack@g-api.service[99785]: DEBUG glance.api.middleware.version_negotiation [None req-1a61cc16-c2ed-4b57-8ad2-48661d50c0d9 tempest-ServerBootFromVolumeStableRescueTest-1248750718 tempest-ServerBootFromVolumeStableRescueTest-1248750718-project-member] Matched version: v2 {{(pid=99785) process_request /opt/stack/glance/glance/api/middleware/version_negotiation.py:69}}
Jul 31 13:26:18.565790 np0000006227 devstack@g-api.service[99785]: DEBUG glance.api.middleware.version_negotiation [None req-1a61cc16-c2ed-4b57-8ad2-48661d50c0d9 tempest-ServerBootFromVolumeStableRescueTest-1248750718 tempest-ServerBootFromVolumeStableRescueTest-1248750718-project-member] new path /v2/images/41d14c18-b6be-44d5-af6c-64881ad42d5d {{(pid=99785) process_request /opt/stack/glance/glance/api/middleware/version_negotiation.py:70}}
Jul 31 13:26:18.576803 np0000006227 devstack@g-api.service[99785]: [pid: 99785|app: 0|req: 79/243] 127.0.0.1 () {44 vars in 1115 bytes} [Fri Jul 31 13:26:18 2026] GET /v2/images/41d14c18-b6be-44d5-af6c-64881ad42d5d => generated 1044 bytes in 12 msecs (HTTP/1.1 200) 4 headers in 158 bytes (1 switches on core 0)
Jul 31 13:26:18.584960 np0000006227 devstack@g-api.service[99784]: DEBUG glance.api.middleware.version_negotiation [None req-1a61cc16-c2ed-4b57-8ad2-48661d50c0d9 tempest-ServerBootFromVolumeStableRescueTest-1248750718 tempest-ServerBootFromVolumeStableRescueTest-1248750718-project-member] Determining version of request: GET /v2/schemas/image Accept: */* {{(pid=99784) process_request /opt/stack/glance/glance/api/middleware/version_negotiation.py:44}}
Jul 31 13:26:18.585161 np0000006227 devstack@g-api.service[99784]: DEBUG glance.api.middleware.version_negotiation [None req-1a61cc16-c2ed-4b57-8ad2-48661d50c0d9 tempest-ServerBootFromVolumeStableRescueTest-1248750718 tempest-ServerBootFromVolumeStableRescueTest-1248750718-project-member] Using url versioning {{(pid=99784) process_request /opt/stack/glance/glance/api/middleware/version_negotiation.py:57}}
Jul 31 13:26:18.585282 np0000006227 devstack@g-api.service[99784]: DEBUG glance.api.middleware.version_negotiation [None req-1a61cc16-c2ed-4b57-8ad2-48661d50c0d9 tempest-ServerBootFromVolumeStableRescueTest-1248750718 tempest-ServerBootFromVolumeStableRescueTest-1248750718-project-member] Matched version: v2 {{(pid=99784) process_request /opt/stack/glance/glance/api/middleware/version_negotiation.py:69}}
Jul 31 13:26:18.585372 np0000006227 devstack@g-api.service[99784]: DEBUG glance.api.middleware.version_negotiation [None req-1a61cc16-c2ed-4b57-8ad2-48661d50c0d9 tempest-ServerBootFromVolumeStableRescueTest-1248750718 tempest-ServerBootFromVolumeStableRescueTest-1248750718-project-member] new path /v2/schemas/image {{(pid=99784) process_request /opt/stack/glance/glance/api/middleware/version_negotiation.py:70}}
Jul 31 13:26:18.588442 np0000006227 devstack@g-api.service[99784]: [pid: 99784|app: 0|req: 87/244] 127.0.0.1 () {44 vars in 1055 bytes} [Fri Jul 31 13:26:18 2026] GET /v2/schemas/image => generated 6083 bytes in 4 msecs (HTTP/1.1 200) 4 headers in 158 bytes (1 switches on core 0)
Jul 31 13:26:18.682043 np0000006227 devstack@g-api.service[99785]: DEBUG glance.api.middleware.version_negotiation [None req-1a61cc16-c2ed-4b57-8ad2-48661d50c0d9 tempest-ServerBootFromVolumeStableRescueTest-1248750718 tempest-ServerBootFromVolumeStableRescueTest-1248750718-project-member] Determining version of request: GET /v2/images/d1b707b9-a75f-4f91-98a1-4d9a740662e7 Accept: */* {{(pid=99785) process_request /opt/stack/glance/glance/api/middleware/version_negotiation.py:44}}
Jul 31 13:26:18.682266 np0000006227 devstack@g-api.service[99785]: DEBUG glance.api.middleware.version_negotiation [None req-1a61cc16-c2ed-4b57-8ad2-48661d50c0d9 tempest-ServerBootFromVolumeStableRescueTest-1248750718 tempest-ServerBootFromVolumeStableRescueTest-1248750718-project-member] Using url versioning {{(pid=99785) process_request /opt/stack/glance/glance/api/middleware/version_negotiation.py:57}}
Jul 31 13:26:18.682435 np0000006227 devstack@g-api.service[99785]: DEBUG glance.api.middleware.version_negotiation [None req-1a61cc16-c2ed-4b57-8ad2-48661d50c0d9 tempest-ServerBootFromVolumeStableRescueTest-1248750718 tempest-ServerBootFromVolumeStableRescueTest-1248750718-project-member] Matched version: v2 {{(pid=99785) process_request /opt/stack/glance/glance/api/middleware/version_negotiation.py:69}}
Jul 31 13:26:18.682560 np0000006227 devstack@g-api.service[99785]: DEBUG glance.api.middleware.version_negotiation [None req-1a61cc16-c2ed-4b57-8ad2-48661d50c0d9 tempest-ServerBootFromVolumeStableRescueTest-1248750718 tempest-ServerBootFromVolumeStableRescueTest-1248750718-project-member] new path /v2/images/d1b707b9-a75f-4f91-98a1-4d9a740662e7 {{(pid=99785) process_request /opt/stack/glance/glance/api/middleware/version_negotiation.py:70}}
Jul 31 13:26:18.694576 np0000006227 devstack@g-api.service[99785]: [pid: 99785|app: 0|req: 80/245] 127.0.0.1 () {44 vars in 1115 bytes} [Fri Jul 31 13:26:18 2026] GET /v2/images/d1b707b9-a75f-4f91-98a1-4d9a740662e7 => generated 1440 bytes in 13 msecs (HTTP/1.1 200) 4 headers in 158 bytes (1 switches on core 0)
Jul 31 13:26:18.700318 np0000006227 devstack@g-api.service[99786]: DEBUG glance.location [None req-15fbe30c-bc1a-4e71-8e2b-ad6fc927360f tempest-ServerStableDeviceRescueTest-6327822 tempest-ServerStableDeviceRescueTest-6327822-project-member] Enabling in-flight format inspection for qcow2 {{(pid=99786) set_data /opt/stack/glance/glance/location.py:596}}
Jul 31 13:26:18.700749 np0000006227 devstack@g-api.service[99786]: DEBUG glance_store.backend [None req-15fbe30c-bc1a-4e71-8e2b-ad6fc927360f tempest-ServerStableDeviceRescueTest-6327822 tempest-ServerStableDeviceRescueTest-6327822-project-member] Attempting to import store swift {{(pid=99786) _load_store /opt/stack/data/venv/lib/python3.12/site-packages/glance_store/backend.py:215}}
Jul 31 13:26:18.703454 np0000006227 devstack@g-api.service[99786]: DEBUG glance_store.capabilities [None req-15fbe30c-bc1a-4e71-8e2b-ad6fc927360f tempest-ServerStableDeviceRescueTest-6327822 tempest-ServerStableDeviceRescueTest-6327822-project-member] Store glance_store._drivers.swift.store.SingleTenantStore doesn't support updating dynamic storage capabilities. Please overwrite 'update_capabilities' method of the store to implement updating logics if needed. {{(pid=99786) update_capabilities /opt/stack/data/venv/lib/python3.12/site-packages/glance_store/capabilities.py:91}}
Jul 31 13:26:18.703571 np0000006227 devstack@g-api.service[99786]: DEBUG glance_store.driver [None req-15fbe30c-bc1a-4e71-8e2b-ad6fc927360f tempest-ServerStableDeviceRescueTest-6327822 tempest-ServerStableDeviceRescueTest-6327822-project-member] Late loading location class glance_store._drivers.swift.store.StoreLocation {{(pid=99786) get_store_location_class /opt/stack/data/venv/lib/python3.12/site-packages/glance_store/driver.py:134}}
Jul 31 13:26:18.703690 np0000006227 devstack@g-api.service[99786]: DEBUG glance_store.location [None req-15fbe30c-bc1a-4e71-8e2b-ad6fc927360f tempest-ServerStableDeviceRescueTest-6327822 tempest-ServerStableDeviceRescueTest-6327822-project-member] Registering scheme swift+https with {'store': , 'location_class': , 'store_entry': 'swift'} {{(pid=99786) register_scheme_map /opt/stack/data/venv/lib/python3.12/site-packages/glance_store/location.py:146}}
Jul 31 13:26:18.703805 np0000006227 devstack@g-api.service[99786]: DEBUG glance_store.location [None req-15fbe30c-bc1a-4e71-8e2b-ad6fc927360f tempest-ServerStableDeviceRescueTest-6327822 tempest-ServerStableDeviceRescueTest-6327822-project-member] Registering scheme swift+https with {'store': , 'location_class': , 'store_entry': 'swift'} {{(pid=99786) register_scheme_map /opt/stack/data/venv/lib/python3.12/site-packages/glance_store/location.py:146}}
Jul 31 13:26:18.703906 np0000006227 devstack@g-api.service[99786]: DEBUG glance_store.location [None req-15fbe30c-bc1a-4e71-8e2b-ad6fc927360f tempest-ServerStableDeviceRescueTest-6327822 tempest-ServerStableDeviceRescueTest-6327822-project-member] Registering scheme swift with {'store': , 'location_class': , 'store_entry': 'swift'} {{(pid=99786) register_scheme_map /opt/stack/data/venv/lib/python3.12/site-packages/glance_store/location.py:146}}
Jul 31 13:26:18.704001 np0000006227 devstack@g-api.service[99786]: DEBUG glance_store.location [None req-15fbe30c-bc1a-4e71-8e2b-ad6fc927360f tempest-ServerStableDeviceRescueTest-6327822 tempest-ServerStableDeviceRescueTest-6327822-project-member] Registering scheme swift+https with {'store': , 'location_class': , 'store_entry': 'swift'} {{(pid=99786) register_scheme_map /opt/stack/data/venv/lib/python3.12/site-packages/glance_store/location.py:146}}
Jul 31 13:26:18.704117 np0000006227 devstack@g-api.service[99786]: DEBUG glance_store.location [None req-15fbe30c-bc1a-4e71-8e2b-ad6fc927360f tempest-ServerStableDeviceRescueTest-6327822 tempest-ServerStableDeviceRescueTest-6327822-project-member] Registering scheme swift with {'store': , 'location_class': , 'store_entry': 'swift'} {{(pid=99786) register_scheme_map /opt/stack/data/venv/lib/python3.12/site-packages/glance_store/location.py:146}}
Jul 31 13:26:18.704212 np0000006227 devstack@g-api.service[99786]: DEBUG glance_store.location [None req-15fbe30c-bc1a-4e71-8e2b-ad6fc927360f tempest-ServerStableDeviceRescueTest-6327822 tempest-ServerStableDeviceRescueTest-6327822-project-member] Registering scheme swift+http with {'store': , 'location_class': , 'store_entry': 'swift'} {{(pid=99786) register_scheme_map /opt/stack/data/venv/lib/python3.12/site-packages/glance_store/location.py:146}}
Jul 31 13:26:18.704309 np0000006227 devstack@g-api.service[99786]: DEBUG glance_store.location [None req-15fbe30c-bc1a-4e71-8e2b-ad6fc927360f tempest-ServerStableDeviceRescueTest-6327822 tempest-ServerStableDeviceRescueTest-6327822-project-member] Registering scheme swift+https with {'store': , 'location_class': , 'store_entry': 'swift'} {{(pid=99786) register_scheme_map /opt/stack/data/venv/lib/python3.12/site-packages/glance_store/location.py:146}}
Jul 31 13:26:18.704636 np0000006227 devstack@g-api.service[99786]: DEBUG glance_store.location [None req-15fbe30c-bc1a-4e71-8e2b-ad6fc927360f tempest-ServerStableDeviceRescueTest-6327822 tempest-ServerStableDeviceRescueTest-6327822-project-member] Registering scheme swift with {'store': , 'location_class': , 'store_entry': 'swift'} {{(pid=99786) register_scheme_map /opt/stack/data/venv/lib/python3.12/site-packages/glance_store/location.py:146}}
Jul 31 13:26:18.704763 np0000006227 devstack@g-api.service[99786]: DEBUG glance_store.location [None req-15fbe30c-bc1a-4e71-8e2b-ad6fc927360f tempest-ServerStableDeviceRescueTest-6327822 tempest-ServerStableDeviceRescueTest-6327822-project-member] Registering scheme swift+http with {'store': , 'location_class': , 'store_entry': 'swift'} {{(pid=99786) register_scheme_map /opt/stack/data/venv/lib/python3.12/site-packages/glance_store/location.py:146}}
Jul 31 13:26:18.704865 np0000006227 devstack@g-api.service[99786]: DEBUG glance_store.location [None req-15fbe30c-bc1a-4e71-8e2b-ad6fc927360f tempest-ServerStableDeviceRescueTest-6327822 tempest-ServerStableDeviceRescueTest-6327822-project-member] Registering scheme swift+config with {'store': , 'location_class': , 'store_entry': 'swift'} {{(pid=99786) register_scheme_map /opt/stack/data/venv/lib/python3.12/site-packages/glance_store/location.py:146}}
Jul 31 13:26:18.721659 np0000006227 devstack@g-api.service[99784]: DEBUG glance.api.middleware.version_negotiation [None req-1a61cc16-c2ed-4b57-8ad2-48661d50c0d9 tempest-ServerBootFromVolumeStableRescueTest-1248750718 tempest-ServerBootFromVolumeStableRescueTest-1248750718-project-member] Determining version of request: GET /v2/schemas/image Accept: */* {{(pid=99784) process_request /opt/stack/glance/glance/api/middleware/version_negotiation.py:44}}
Jul 31 13:26:18.721824 np0000006227 devstack@g-api.service[99784]: DEBUG glance.api.middleware.version_negotiation [None req-1a61cc16-c2ed-4b57-8ad2-48661d50c0d9 tempest-ServerBootFromVolumeStableRescueTest-1248750718 tempest-ServerBootFromVolumeStableRescueTest-1248750718-project-member] Using url versioning {{(pid=99784) process_request /opt/stack/glance/glance/api/middleware/version_negotiation.py:57}}
Jul 31 13:26:18.721937 np0000006227 devstack@g-api.service[99784]: DEBUG glance.api.middleware.version_negotiation [None req-1a61cc16-c2ed-4b57-8ad2-48661d50c0d9 tempest-ServerBootFromVolumeStableRescueTest-1248750718 tempest-ServerBootFromVolumeStableRescueTest-1248750718-project-member] Matched version: v2 {{(pid=99784) process_request /opt/stack/glance/glance/api/middleware/version_negotiation.py:69}}
Jul 31 13:26:18.722056 np0000006227 devstack@g-api.service[99784]: DEBUG glance.api.middleware.version_negotiation [None req-1a61cc16-c2ed-4b57-8ad2-48661d50c0d9 tempest-ServerBootFromVolumeStableRescueTest-1248750718 tempest-ServerBootFromVolumeStableRescueTest-1248750718-project-member] new path /v2/schemas/image {{(pid=99784) process_request /opt/stack/glance/glance/api/middleware/version_negotiation.py:70}}
Jul 31 13:26:18.724305 np0000006227 devstack@g-api.service[99784]: [pid: 99784|app: 0|req: 88/246] 127.0.0.1 () {44 vars in 1055 bytes} [Fri Jul 31 13:26:18 2026] GET /v2/schemas/image => generated 6083 bytes in 2 msecs (HTTP/1.1 200) 4 headers in 158 bytes (1 switches on core 0)
Jul 31 13:26:19.059803 np0000006227 devstack@g-api.service[99785]: DEBUG glance.api.middleware.version_negotiation [None req-be74146c-339a-4417-a307-c98c02662f3b tempest-ServerStableDeviceRescueTest-6327822 tempest-ServerStableDeviceRescueTest-6327822-project-member] Determining version of request: GET /versions Accept: */* {{(pid=99785) process_request /opt/stack/glance/glance/api/middleware/version_negotiation.py:44}}
Jul 31 13:26:19.060568 np0000006227 devstack@g-api.service[99785]: [pid: 99785|app: 0|req: 81/247] 127.0.0.1 () {44 vars in 1039 bytes} [Fri Jul 31 13:26:19 2026] GET /versions => generated 1515 bytes in 1 msecs (HTTP/1.1 200) 3 headers in 92 bytes (1 switches on core 0)
Jul 31 13:26:19.069998 np0000006227 devstack@g-api.service[99784]: DEBUG glance.api.middleware.version_negotiation [None req-be74146c-339a-4417-a307-c98c02662f3b tempest-ServerStableDeviceRescueTest-6327822 tempest-ServerStableDeviceRescueTest-6327822-project-member] Determining version of request: GET /v2/images/41d14c18-b6be-44d5-af6c-64881ad42d5d/locations Accept: */* {{(pid=99784) process_request /opt/stack/glance/glance/api/middleware/version_negotiation.py:44}}
Jul 31 13:26:19.070204 np0000006227 devstack@g-api.service[99784]: DEBUG glance.api.middleware.version_negotiation [None req-be74146c-339a-4417-a307-c98c02662f3b tempest-ServerStableDeviceRescueTest-6327822 tempest-ServerStableDeviceRescueTest-6327822-project-member] Using url versioning {{(pid=99784) process_request /opt/stack/glance/glance/api/middleware/version_negotiation.py:57}}
Jul 31 13:26:19.070362 np0000006227 devstack@g-api.service[99784]: DEBUG glance.api.middleware.version_negotiation [None req-be74146c-339a-4417-a307-c98c02662f3b tempest-ServerStableDeviceRescueTest-6327822 tempest-ServerStableDeviceRescueTest-6327822-project-member] Matched version: v2 {{(pid=99784) process_request /opt/stack/glance/glance/api/middleware/version_negotiation.py:69}}
Jul 31 13:26:19.070483 np0000006227 devstack@g-api.service[99784]: DEBUG glance.api.middleware.version_negotiation [None req-be74146c-339a-4417-a307-c98c02662f3b tempest-ServerStableDeviceRescueTest-6327822 tempest-ServerStableDeviceRescueTest-6327822-project-member] new path /v2/images/41d14c18-b6be-44d5-af6c-64881ad42d5d/locations {{(pid=99784) process_request /opt/stack/glance/glance/api/middleware/version_negotiation.py:70}}
Jul 31 13:26:19.146319 np0000006227 devstack@g-api.service[99786]: DEBUG swiftclient [None req-15fbe30c-bc1a-4e71-8e2b-ad6fc927360f tempest-ServerStableDeviceRescueTest-6327822 tempest-ServerStableDeviceRescueTest-6327822-project-member] REQ: curl -i https://10.4.3.218:8080/v1/AUTH_6e9f467dad7e4bcc8758448b30284bbe/glance -I -H "X-Auth-Token: gAAAAABqbKJ6qTho..." {{(pid=99786) http_log /opt/stack/data/venv/lib/python3.12/site-packages/swiftclient/client.py:160}}
Jul 31 13:26:19.146464 np0000006227 devstack@g-api.service[99786]: DEBUG swiftclient [None req-15fbe30c-bc1a-4e71-8e2b-ad6fc927360f tempest-ServerStableDeviceRescueTest-6327822 tempest-ServerStableDeviceRescueTest-6327822-project-member] RESP STATUS: 204 No Content {{(pid=99786) http_log /opt/stack/data/venv/lib/python3.12/site-packages/swiftclient/client.py:161}}
Jul 31 13:26:19.146653 np0000006227 devstack@g-api.service[99786]: DEBUG swiftclient [None req-15fbe30c-bc1a-4e71-8e2b-ad6fc927360f tempest-ServerStableDeviceRescueTest-6327822 tempest-ServerStableDeviceRescueTest-6327822-project-member] RESP HEADERS: {'Date': 'Fri, 31 Jul 2026 13:26:19 GMT', 'Server': 'Apache/2.4.58 (Ubuntu)', 'Content-Type': 'text/plain; charset=utf-8', 'X-Container-Object-Count': '7', 'X-Container-Bytes-Used': '111411200', 'X-Timestamp': '1785504133.88540', 'Last-Modified': 'Fri, 31 Jul 2026 13:22:14 GMT', 'Accept-Ranges': 'bytes', 'X-Storage-Policy': 'Policy-0', 'X-Container-Sharding': 'False', 'Vary': 'Accept', 'X-Trans-Id': 'tx5dbbe038eeeb4b918d069-006a6ca27a', 'X-Openstack-Request-Id': 'tx5dbbe038eeeb4b918d069-006a6ca27a', 'Connection': 'close'} {{(pid=99786) http_log /opt/stack/data/venv/lib/python3.12/site-packages/swiftclient/client.py:162}}
Jul 31 13:26:19.146844 np0000006227 devstack@g-api.service[99786]: DEBUG glance_store._drivers.swift.store [None req-15fbe30c-bc1a-4e71-8e2b-ad6fc927360f tempest-ServerStableDeviceRescueTest-6327822 tempest-ServerStableDeviceRescueTest-6327822-project-member] Adding image object 'd1b707b9-a75f-4f91-98a1-4d9a740662e7' to Swift {{(pid=99786) add /opt/stack/data/venv/lib/python3.12/site-packages/glance_store/_drivers/swift/store.py:970}}
Jul 31 13:26:19.146953 np0000006227 devstack@g-api.service[99786]: DEBUG glance_store._drivers.swift.store [None req-15fbe30c-bc1a-4e71-8e2b-ad6fc927360f tempest-ServerStableDeviceRescueTest-6327822 tempest-ServerStableDeviceRescueTest-6327822-project-member] Cannot determine image size because it is either not provided in the request or chunked-transfer encoding is used. Adding image as a segmented object to Swift. {{(pid=99786) add /opt/stack/data/venv/lib/python3.12/site-packages/glance_store/_drivers/swift/store.py:994}}
Jul 31 13:26:19.151982 np0000006227 devstack@g-api.service[99786]: DEBUG oslo_utils.imageutils.format_inspector [None req-15fbe30c-bc1a-4e71-8e2b-ad6fc927360f tempest-ServerStableDeviceRescueTest-6327822 tempest-ServerStableDeviceRescueTest-6327822-project-member] Format inspector for vmdk does not match, excluding from consideration (Signature KDMV not found: b'QFI\xfb') {{(pid=99786) _process_chunk /opt/stack/data/venv/lib/python3.12/site-packages/oslo_utils/imageutils/format_inspector.py:1758}}
Jul 31 13:26:19.155536 np0000006227 devstack@g-api.service[99786]: DEBUG oslo_utils.imageutils.format_inspector [None req-15fbe30c-bc1a-4e71-8e2b-ad6fc927360f tempest-ServerStableDeviceRescueTest-6327822 tempest-ServerStableDeviceRescueTest-6327822-project-member] Format inspector for vhdx does not match, excluding from consideration (Region signature not found at 30000) {{(pid=99786) _process_chunk /opt/stack/data/venv/lib/python3.12/site-packages/oslo_utils/imageutils/format_inspector.py:1758}}
Jul 31 13:26:19.281612 np0000006227 devstack@g-api.service[99784]: [pid: 99784|app: 0|req: 89/248] 127.0.0.1 () {44 vars in 1135 bytes} [Fri Jul 31 13:26:19 2026] GET /v2/images/41d14c18-b6be-44d5-af6c-64881ad42d5d/locations => generated 92 bytes in 212 msecs (HTTP/1.1 200) 4 headers in 156 bytes (1 switches on core 0)
Jul 31 13:26:19.294788 np0000006227 devstack@g-api.service[99785]: DEBUG glance.api.middleware.version_negotiation [None req-be74146c-339a-4417-a307-c98c02662f3b tempest-ServerStableDeviceRescueTest-6327822 tempest-ServerStableDeviceRescueTest-6327822-project-member] Determining version of request: GET /v2/images/41d14c18-b6be-44d5-af6c-64881ad42d5d Accept: */* {{(pid=99785) process_request /opt/stack/glance/glance/api/middleware/version_negotiation.py:44}}
Jul 31 13:26:19.295462 np0000006227 devstack@g-api.service[99785]: DEBUG glance.api.middleware.version_negotiation [None req-be74146c-339a-4417-a307-c98c02662f3b tempest-ServerStableDeviceRescueTest-6327822 tempest-ServerStableDeviceRescueTest-6327822-project-member] Using url versioning {{(pid=99785) process_request /opt/stack/glance/glance/api/middleware/version_negotiation.py:57}}
Jul 31 13:26:19.295462 np0000006227 devstack@g-api.service[99785]: DEBUG glance.api.middleware.version_negotiation [None req-be74146c-339a-4417-a307-c98c02662f3b tempest-ServerStableDeviceRescueTest-6327822 tempest-ServerStableDeviceRescueTest-6327822-project-member] Matched version: v2 {{(pid=99785) process_request /opt/stack/glance/glance/api/middleware/version_negotiation.py:69}}
Jul 31 13:26:19.295462 np0000006227 devstack@g-api.service[99785]: DEBUG glance.api.middleware.version_negotiation [None req-be74146c-339a-4417-a307-c98c02662f3b tempest-ServerStableDeviceRescueTest-6327822 tempest-ServerStableDeviceRescueTest-6327822-project-member] new path /v2/images/41d14c18-b6be-44d5-af6c-64881ad42d5d {{(pid=99785) process_request /opt/stack/glance/glance/api/middleware/version_negotiation.py:70}}
Jul 31 13:26:19.307923 np0000006227 devstack@g-api.service[99785]: [pid: 99785|app: 0|req: 82/249] 127.0.0.1 () {44 vars in 1115 bytes} [Fri Jul 31 13:26:19 2026] GET /v2/images/41d14c18-b6be-44d5-af6c-64881ad42d5d => generated 1044 bytes in 13 msecs (HTTP/1.1 200) 4 headers in 158 bytes (1 switches on core 0)
Jul 31 13:26:19.315758 np0000006227 devstack@g-api.service[99784]: DEBUG glance.api.middleware.version_negotiation [None req-1a61cc16-c2ed-4b57-8ad2-48661d50c0d9 service glance] Determining version of request: GET /v2/schemas/image Accept: */* {{(pid=99784) process_request /opt/stack/glance/glance/api/middleware/version_negotiation.py:44}}
Jul 31 13:26:19.315758 np0000006227 devstack@g-api.service[99784]: DEBUG glance.api.middleware.version_negotiation [None req-1a61cc16-c2ed-4b57-8ad2-48661d50c0d9 service glance] Using url versioning {{(pid=99784) process_request /opt/stack/glance/glance/api/middleware/version_negotiation.py:57}}
Jul 31 13:26:19.315758 np0000006227 devstack@g-api.service[99784]: DEBUG glance.api.middleware.version_negotiation [None req-1a61cc16-c2ed-4b57-8ad2-48661d50c0d9 service glance] Matched version: v2 {{(pid=99784) process_request /opt/stack/glance/glance/api/middleware/version_negotiation.py:69}}
Jul 31 13:26:19.315911 np0000006227 devstack@g-api.service[99784]: DEBUG glance.api.middleware.version_negotiation [None req-1a61cc16-c2ed-4b57-8ad2-48661d50c0d9 service glance] new path /v2/schemas/image {{(pid=99784) process_request /opt/stack/glance/glance/api/middleware/version_negotiation.py:70}}
Jul 31 13:26:19.321069 np0000006227 devstack@g-api.service[99784]: [pid: 99784|app: 0|req: 90/250] 127.0.0.1 () {44 vars in 1055 bytes} [Fri Jul 31 13:26:19 2026] GET /v2/schemas/image => generated 6083 bytes in 5 msecs (HTTP/1.1 200) 4 headers in 158 bytes (1 switches on core 0)
Jul 31 13:26:19.338687 np0000006227 devstack@g-api.service[99785]: DEBUG glance.api.middleware.version_negotiation [None req-1a61cc16-c2ed-4b57-8ad2-48661d50c0d9 tempest-ServerBootFromVolumeStableRescueTest-1248750718 tempest-ServerBootFromVolumeStableRescueTest-1248750718-project-member] Determining version of request: GET /v2/schemas/image Accept: */* {{(pid=99785) process_request /opt/stack/glance/glance/api/middleware/version_negotiation.py:44}}
Jul 31 13:26:19.338809 np0000006227 devstack@g-api.service[99785]: DEBUG glance.api.middleware.version_negotiation [None req-1a61cc16-c2ed-4b57-8ad2-48661d50c0d9 tempest-ServerBootFromVolumeStableRescueTest-1248750718 tempest-ServerBootFromVolumeStableRescueTest-1248750718-project-member] Using url versioning {{(pid=99785) process_request /opt/stack/glance/glance/api/middleware/version_negotiation.py:57}}
Jul 31 13:26:19.338917 np0000006227 devstack@g-api.service[99785]: DEBUG glance.api.middleware.version_negotiation [None req-1a61cc16-c2ed-4b57-8ad2-48661d50c0d9 tempest-ServerBootFromVolumeStableRescueTest-1248750718 tempest-ServerBootFromVolumeStableRescueTest-1248750718-project-member] Matched version: v2 {{(pid=99785) process_request /opt/stack/glance/glance/api/middleware/version_negotiation.py:69}}
Jul 31 13:26:19.339021 np0000006227 devstack@g-api.service[99785]: DEBUG glance.api.middleware.version_negotiation [None req-1a61cc16-c2ed-4b57-8ad2-48661d50c0d9 tempest-ServerBootFromVolumeStableRescueTest-1248750718 tempest-ServerBootFromVolumeStableRescueTest-1248750718-project-member] new path /v2/schemas/image {{(pid=99785) process_request /opt/stack/glance/glance/api/middleware/version_negotiation.py:70}}
Jul 31 13:26:19.341341 np0000006227 devstack@g-api.service[99785]: [pid: 99785|app: 0|req: 83/251] 127.0.0.1 () {44 vars in 1055 bytes} [Fri Jul 31 13:26:19 2026] GET /v2/schemas/image => generated 6083 bytes in 2 msecs (HTTP/1.1 200) 4 headers in 158 bytes (1 switches on core 0)
Jul 31 13:26:19.724639 np0000006227 devstack@g-api.service[99786]: DEBUG swiftclient [None req-15fbe30c-bc1a-4e71-8e2b-ad6fc927360f tempest-ServerStableDeviceRescueTest-6327822 tempest-ServerStableDeviceRescueTest-6327822-project-member] REQ: curl -i https://10.4.3.218:8080/v1/AUTH_6e9f467dad7e4bcc8758448b30284bbe/glance/d1b707b9-a75f-4f91-98a1-4d9a740662e7-00001 -X PUT -H "X-Auth-Token: gAAAAABqbKJ6qTho..." {{(pid=99786) http_log /opt/stack/data/venv/lib/python3.12/site-packages/swiftclient/client.py:160}}
Jul 31 13:26:19.725155 np0000006227 devstack@g-api.service[99786]: DEBUG swiftclient [None req-15fbe30c-bc1a-4e71-8e2b-ad6fc927360f tempest-ServerStableDeviceRescueTest-6327822 tempest-ServerStableDeviceRescueTest-6327822-project-member] RESP STATUS: 201 Created {{(pid=99786) http_log /opt/stack/data/venv/lib/python3.12/site-packages/swiftclient/client.py:161}}
Jul 31 13:26:19.725155 np0000006227 devstack@g-api.service[99786]: DEBUG swiftclient [None req-15fbe30c-bc1a-4e71-8e2b-ad6fc927360f tempest-ServerStableDeviceRescueTest-6327822 tempest-ServerStableDeviceRescueTest-6327822-project-member] RESP HEADERS: {'Date': 'Fri, 31 Jul 2026 13:26:19 GMT', 'Server': 'Apache/2.4.58 (Ubuntu)', 'Content-Type': 'text/html; charset=UTF-8', 'Content-Length': '0', 'Etag': 'e53fb5916bb8d14a824cfeb01f85c270', 'Last-Modified': 'Fri, 31 Jul 2026 13:26:20 GMT', 'X-Trans-Id': 'txf83a83dbe6f2420687816-006a6ca27b', 'X-Openstack-Request-Id': 'txf83a83dbe6f2420687816-006a6ca27b', 'Connection': 'close'} {{(pid=99786) http_log /opt/stack/data/venv/lib/python3.12/site-packages/swiftclient/client.py:162}}
Jul 31 13:26:19.725155 np0000006227 devstack@g-api.service[99786]: DEBUG glance_store._drivers.swift.store [None req-15fbe30c-bc1a-4e71-8e2b-ad6fc927360f tempest-ServerStableDeviceRescueTest-6327822 tempest-ServerStableDeviceRescueTest-6327822-project-member] Wrote chunk d1b707b9-a75f-4f91-98a1-4d9a740662e7-00001 (1/?) of length 53542912 to Swift returning MD5 of content: e53fb5916bb8d14a824cfeb01f85c270 {{(pid=99786) add /opt/stack/data/venv/lib/python3.12/site-packages/glance_store/_drivers/swift/store.py:1059}}
Jul 31 13:26:19.725334 np0000006227 devstack@g-api.service[99786]: DEBUG glance_store._drivers.swift.store [None req-15fbe30c-bc1a-4e71-8e2b-ad6fc927360f tempest-ServerStableDeviceRescueTest-6327822 tempest-ServerStableDeviceRescueTest-6327822-project-member] Not writing zero-length chunk. {{(pid=99786) add /opt/stack/data/venv/lib/python3.12/site-packages/glance_store/_drivers/swift/store.py:1028}}
Jul 31 13:26:19.750054 np0000006227 devstack@g-api.service[99786]: DEBUG swiftclient [None req-15fbe30c-bc1a-4e71-8e2b-ad6fc927360f tempest-ServerStableDeviceRescueTest-6327822 tempest-ServerStableDeviceRescueTest-6327822-project-member] REQ: curl -i https://10.4.3.218:8080/v1/AUTH_6e9f467dad7e4bcc8758448b30284bbe/glance/d1b707b9-a75f-4f91-98a1-4d9a740662e7 -X PUT -H "X-Object-Manifest: glance/d1b707b9-a75f-4f91-98a1-4d9a740662e7-" -H "X-Auth-Token: gAAAAABqbKJ6qTho..." -H "Content-Length: 0" {{(pid=99786) http_log /opt/stack/data/venv/lib/python3.12/site-packages/swiftclient/client.py:160}}
Jul 31 13:26:19.750164 np0000006227 devstack@g-api.service[99786]: DEBUG swiftclient [None req-15fbe30c-bc1a-4e71-8e2b-ad6fc927360f tempest-ServerStableDeviceRescueTest-6327822 tempest-ServerStableDeviceRescueTest-6327822-project-member] RESP STATUS: 201 Created {{(pid=99786) http_log /opt/stack/data/venv/lib/python3.12/site-packages/swiftclient/client.py:161}}
Jul 31 13:26:19.750274 np0000006227 devstack@g-api.service[99786]: DEBUG swiftclient [None req-15fbe30c-bc1a-4e71-8e2b-ad6fc927360f tempest-ServerStableDeviceRescueTest-6327822 tempest-ServerStableDeviceRescueTest-6327822-project-member] RESP HEADERS: {'Date': 'Fri, 31 Jul 2026 13:26:19 GMT', 'Server': 'Apache/2.4.58 (Ubuntu)', 'Content-Type': 'text/html; charset=UTF-8', 'Content-Length': '0', 'Etag': 'd41d8cd98f00b204e9800998ecf8427e', 'Last-Modified': 'Fri, 31 Jul 2026 13:26:20 GMT', 'X-Trans-Id': 'tx2be296ecb67d4d2e9ca58-006a6ca27b', 'X-Openstack-Request-Id': 'tx2be296ecb67d4d2e9ca58-006a6ca27b', 'Connection': 'close'} {{(pid=99786) http_log /opt/stack/data/venv/lib/python3.12/site-packages/swiftclient/client.py:162}}
Jul 31 13:26:19.750678 np0000006227 devstack@g-api.service[99786]: INFO glance.location [None req-15fbe30c-bc1a-4e71-8e2b-ad6fc927360f tempest-ServerStableDeviceRescueTest-6327822 tempest-ServerStableDeviceRescueTest-6327822-project-member] Image format matched and virtual size computed: 1073741824
Jul 31 13:26:19.780431 np0000006227 devstack@g-api.service[99784]: DEBUG glance.api.middleware.version_negotiation [None req-1a61cc16-c2ed-4b57-8ad2-48661d50c0d9 tempest-ServerBootFromVolumeStableRescueTest-1248750718 tempest-ServerBootFromVolumeStableRescueTest-1248750718-project-member] Determining version of request: GET /v2/images/d1b707b9-a75f-4f91-98a1-4d9a740662e7 Accept: */* {{(pid=99784) process_request /opt/stack/glance/glance/api/middleware/version_negotiation.py:44}}
Jul 31 13:26:19.780698 np0000006227 devstack@g-api.service[99784]: DEBUG glance.api.middleware.version_negotiation [None req-1a61cc16-c2ed-4b57-8ad2-48661d50c0d9 tempest-ServerBootFromVolumeStableRescueTest-1248750718 tempest-ServerBootFromVolumeStableRescueTest-1248750718-project-member] Using url versioning {{(pid=99784) process_request /opt/stack/glance/glance/api/middleware/version_negotiation.py:57}}
Jul 31 13:26:19.780698 np0000006227 devstack@g-api.service[99784]: DEBUG glance.api.middleware.version_negotiation [None req-1a61cc16-c2ed-4b57-8ad2-48661d50c0d9 tempest-ServerBootFromVolumeStableRescueTest-1248750718 tempest-ServerBootFromVolumeStableRescueTest-1248750718-project-member] Matched version: v2 {{(pid=99784) process_request /opt/stack/glance/glance/api/middleware/version_negotiation.py:69}}
Jul 31 13:26:19.780786 np0000006227 devstack@g-api.service[99784]: DEBUG glance.api.middleware.version_negotiation [None req-1a61cc16-c2ed-4b57-8ad2-48661d50c0d9 tempest-ServerBootFromVolumeStableRescueTest-1248750718 tempest-ServerBootFromVolumeStableRescueTest-1248750718-project-member] new path /v2/images/d1b707b9-a75f-4f91-98a1-4d9a740662e7 {{(pid=99784) process_request /opt/stack/glance/glance/api/middleware/version_negotiation.py:70}}
Jul 31 13:26:19.796215 np0000006227 devstack@g-api.service[99784]: [pid: 99784|app: 0|req: 91/252] 127.0.0.1 () {44 vars in 1115 bytes} [Fri Jul 31 13:26:19 2026] GET /v2/images/d1b707b9-a75f-4f91-98a1-4d9a740662e7 => generated 1440 bytes in 15 msecs (HTTP/1.1 200) 4 headers in 158 bytes (1 switches on core 0)
Jul 31 13:26:19.808148 np0000006227 devstack@g-api.service[99786]: DEBUG glance_store.backend [None req-15fbe30c-bc1a-4e71-8e2b-ad6fc927360f tempest-ServerStableDeviceRescueTest-6327822 tempest-ServerStableDeviceRescueTest-6327822-project-member] Attempting to import store swift {{(pid=99786) _load_store /opt/stack/data/venv/lib/python3.12/site-packages/glance_store/backend.py:215}}
Jul 31 13:26:19.809635 np0000006227 devstack@g-api.service[99786]: DEBUG glance_store.capabilities [None req-15fbe30c-bc1a-4e71-8e2b-ad6fc927360f tempest-ServerStableDeviceRescueTest-6327822 tempest-ServerStableDeviceRescueTest-6327822-project-member] Store glance_store._drivers.swift.store.SingleTenantStore doesn't support updating dynamic storage capabilities. Please overwrite 'update_capabilities' method of the store to implement updating logics if needed. {{(pid=99786) update_capabilities /opt/stack/data/venv/lib/python3.12/site-packages/glance_store/capabilities.py:91}}
Jul 31 13:26:19.809709 np0000006227 devstack@g-api.service[99786]: DEBUG glance_store.driver [None req-15fbe30c-bc1a-4e71-8e2b-ad6fc927360f tempest-ServerStableDeviceRescueTest-6327822 tempest-ServerStableDeviceRescueTest-6327822-project-member] Late loading location class glance_store._drivers.swift.store.StoreLocation {{(pid=99786) get_store_location_class /opt/stack/data/venv/lib/python3.12/site-packages/glance_store/driver.py:134}}
Jul 31 13:26:19.809844 np0000006227 devstack@g-api.service[99786]: DEBUG glance_store.location [None req-15fbe30c-bc1a-4e71-8e2b-ad6fc927360f tempest-ServerStableDeviceRescueTest-6327822 tempest-ServerStableDeviceRescueTest-6327822-project-member] Registering scheme swift+https with {'store': , 'location_class': , 'store_entry': 'swift'} {{(pid=99786) register_scheme_map /opt/stack/data/venv/lib/python3.12/site-packages/glance_store/location.py:146}}
Jul 31 13:26:19.809942 np0000006227 devstack@g-api.service[99786]: DEBUG glance_store.location [None req-15fbe30c-bc1a-4e71-8e2b-ad6fc927360f tempest-ServerStableDeviceRescueTest-6327822 tempest-ServerStableDeviceRescueTest-6327822-project-member] Registering scheme swift+https with {'store': , 'location_class': , 'store_entry': 'swift'} {{(pid=99786) register_scheme_map /opt/stack/data/venv/lib/python3.12/site-packages/glance_store/location.py:146}}
Jul 31 13:26:19.810021 np0000006227 devstack@g-api.service[99786]: DEBUG glance_store.location [None req-15fbe30c-bc1a-4e71-8e2b-ad6fc927360f tempest-ServerStableDeviceRescueTest-6327822 tempest-ServerStableDeviceRescueTest-6327822-project-member] Registering scheme swift with {'store': , 'location_class': , 'store_entry': 'swift'} {{(pid=99786) register_scheme_map /opt/stack/data/venv/lib/python3.12/site-packages/glance_store/location.py:146}}
Jul 31 13:26:19.810388 np0000006227 devstack@g-api.service[99786]: DEBUG glance_store.location [None req-15fbe30c-bc1a-4e71-8e2b-ad6fc927360f tempest-ServerStableDeviceRescueTest-6327822 tempest-ServerStableDeviceRescueTest-6327822-project-member] Registering scheme swift+https with {'store': , 'location_class': , 'store_entry': 'swift'} {{(pid=99786) register_scheme_map /opt/stack/data/venv/lib/python3.12/site-packages/glance_store/location.py:146}}
Jul 31 13:26:19.810484 np0000006227 devstack@g-api.service[99786]: DEBUG glance_store.location [None req-15fbe30c-bc1a-4e71-8e2b-ad6fc927360f tempest-ServerStableDeviceRescueTest-6327822 tempest-ServerStableDeviceRescueTest-6327822-project-member] Registering scheme swift with {'store': , 'location_class': , 'store_entry': 'swift'} {{(pid=99786) register_scheme_map /opt/stack/data/venv/lib/python3.12/site-packages/glance_store/location.py:146}}
Jul 31 13:26:19.810556 np0000006227 devstack@g-api.service[99786]: DEBUG glance_store.location [None req-15fbe30c-bc1a-4e71-8e2b-ad6fc927360f tempest-ServerStableDeviceRescueTest-6327822 tempest-ServerStableDeviceRescueTest-6327822-project-member] Registering scheme swift+http with {'store': , 'location_class': , 'store_entry': 'swift'} {{(pid=99786) register_scheme_map /opt/stack/data/venv/lib/python3.12/site-packages/glance_store/location.py:146}}
