Jun 25 21:44:53.934108 np0000003653 nova-scheduler[96463]: DEBUG cotyledon.oslo_config_glue [-] profiler.filter_error_trace = False {{(pid=96463) log_opt_values /opt/stack/data/venv/lib/python3.12/site-packages/oslo_config/cfg.py:3253}}
Jun 25 21:44:53.934108 np0000003653 nova-scheduler[96463]: DEBUG cotyledon.oslo_config_glue [-] profiler.hmac_keys = **** {{(pid=96463) log_opt_values /opt/stack/data/venv/lib/python3.12/site-packages/oslo_config/cfg.py:3253}}
Jun 25 21:44:53.934108 np0000003653 nova-scheduler[96463]: DEBUG cotyledon.oslo_config_glue [-] profiler.sentinel_service_name = mymaster {{(pid=96463) log_opt_values /opt/stack/data/venv/lib/python3.12/site-packages/oslo_config/cfg.py:3253}}
Jun 25 21:44:53.934108 np0000003653 nova-scheduler[96463]: DEBUG cotyledon.oslo_config_glue [-] profiler.socket_timeout = 0.1 {{(pid=96463) log_opt_values /opt/stack/data/venv/lib/python3.12/site-packages/oslo_config/cfg.py:3253}}
Jun 25 21:44:53.934108 np0000003653 nova-scheduler[96463]: DEBUG cotyledon.oslo_config_glue [-] profiler.trace_requests = False {{(pid=96463) log_opt_values /opt/stack/data/venv/lib/python3.12/site-packages/oslo_config/cfg.py:3253}}
Jun 25 21:44:53.934108 np0000003653 nova-scheduler[96463]: DEBUG cotyledon.oslo_config_glue [-] profiler.trace_sqlalchemy = False {{(pid=96463) log_opt_values /opt/stack/data/venv/lib/python3.12/site-packages/oslo_config/cfg.py:3253}}
Jun 25 21:44:53.934108 np0000003653 nova-scheduler[96463]: DEBUG cotyledon.oslo_config_glue [-] profiler_jaeger.process_tags = {} {{(pid=96463) log_opt_values /opt/stack/data/venv/lib/python3.12/site-packages/oslo_config/cfg.py:3253}}
Jun 25 21:44:53.934108 np0000003653 nova-scheduler[96463]: DEBUG cotyledon.oslo_config_glue [-] profiler_jaeger.service_name_prefix = None {{(pid=96463) log_opt_values /opt/stack/data/venv/lib/python3.12/site-packages/oslo_config/cfg.py:3253}}
Jun 25 21:44:53.934400 np0000003653 nova-scheduler[96463]: DEBUG cotyledon.oslo_config_glue [-] profiler_otlp.service_name_prefix = None {{(pid=96463) log_opt_values /opt/stack/data/venv/lib/python3.12/site-packages/oslo_config/cfg.py:3253}}
Jun 25 21:44:53.934400 np0000003653 nova-scheduler[96463]: DEBUG cotyledon.oslo_config_glue [-] oslo_messaging_rabbit.amqp_auto_delete = False {{(pid=96463) log_opt_values /opt/stack/data/venv/lib/python3.12/site-packages/oslo_config/cfg.py:3253}}
Jun 25 21:44:53.934400 np0000003653 nova-scheduler[96463]: DEBUG cotyledon.oslo_config_glue [-] oslo_messaging_rabbit.amqp_durable_queues = False {{(pid=96463) log_opt_values /opt/stack/data/venv/lib/python3.12/site-packages/oslo_config/cfg.py:3253}}
Jun 25 21:44:53.934400 np0000003653 nova-scheduler[96463]: DEBUG cotyledon.oslo_config_glue [-] oslo_messaging_rabbit.conn_pool_min_size = 2 {{(pid=96463) log_opt_values /opt/stack/data/venv/lib/python3.12/site-packages/oslo_config/cfg.py:3253}}
Jun 25 21:44:53.934400 np0000003653 nova-scheduler[96463]: DEBUG cotyledon.oslo_config_glue [-] oslo_messaging_rabbit.conn_pool_ttl = 1200 {{(pid=96463) log_opt_values /opt/stack/data/venv/lib/python3.12/site-packages/oslo_config/cfg.py:3253}}
Jun 25 21:44:53.934400 np0000003653 nova-scheduler[96463]: DEBUG cotyledon.oslo_config_glue [-] oslo_messaging_rabbit.direct_mandatory_flag = True {{(pid=96463) log_opt_values /opt/stack/data/venv/lib/python3.12/site-packages/oslo_config/cfg.py:3253}}
Jun 25 21:44:53.934400 np0000003653 nova-scheduler[96463]: DEBUG cotyledon.oslo_config_glue [-] oslo_messaging_rabbit.enable_cancel_on_failover = False {{(pid=96463) log_opt_values /opt/stack/data/venv/lib/python3.12/site-packages/oslo_config/cfg.py:3253}}
Jun 25 21:44:53.934400 np0000003653 nova-scheduler[96463]: DEBUG cotyledon.oslo_config_glue [-] oslo_messaging_rabbit.heartbeat_rate = 3 {{(pid=96463) log_opt_values /opt/stack/data/venv/lib/python3.12/site-packages/oslo_config/cfg.py:3253}}
Jun 25 21:44:53.934400 np0000003653 nova-scheduler[96463]: DEBUG cotyledon.oslo_config_glue [-] oslo_messaging_rabbit.heartbeat_timeout_threshold = 60 {{(pid=96463) log_opt_values /opt/stack/data/venv/lib/python3.12/site-packages/oslo_config/cfg.py:3253}}
Jun 25 21:44:53.934710 np0000003653 nova-scheduler[96463]: DEBUG cotyledon.oslo_config_glue [-] oslo_messaging_rabbit.hostname = np0000003653 {{(pid=96463) log_opt_values /opt/stack/data/venv/lib/python3.12/site-packages/oslo_config/cfg.py:3253}}
Jun 25 21:44:53.934710 np0000003653 nova-scheduler[96463]: DEBUG cotyledon.oslo_config_glue [-] oslo_messaging_rabbit.kombu_compression = None {{(pid=96463) log_opt_values /opt/stack/data/venv/lib/python3.12/site-packages/oslo_config/cfg.py:3253}}
Jun 25 21:44:53.934710 np0000003653 nova-scheduler[96463]: DEBUG cotyledon.oslo_config_glue [-] oslo_messaging_rabbit.kombu_failover_strategy = round-robin {{(pid=96463) log_opt_values /opt/stack/data/venv/lib/python3.12/site-packages/oslo_config/cfg.py:3253}}
Jun 25 21:44:53.934710 np0000003653 nova-scheduler[96463]: DEBUG cotyledon.oslo_config_glue [-] oslo_messaging_rabbit.kombu_missing_consumer_retry_timeout = 60 {{(pid=96463) log_opt_values /opt/stack/data/venv/lib/python3.12/site-packages/oslo_config/cfg.py:3253}}
Jun 25 21:44:53.934710 np0000003653 nova-scheduler[96463]: DEBUG cotyledon.oslo_config_glue [-] oslo_messaging_rabbit.kombu_reconnect_delay = 1.0 {{(pid=96463) log_opt_values /opt/stack/data/venv/lib/python3.12/site-packages/oslo_config/cfg.py:3253}}
Jun 25 21:44:53.934710 np0000003653 nova-scheduler[96463]: DEBUG cotyledon.oslo_config_glue [-] oslo_messaging_rabbit.kombu_reconnect_splay = 0.0 {{(pid=96463) log_opt_values /opt/stack/data/venv/lib/python3.12/site-packages/oslo_config/cfg.py:3253}}
Jun 25 21:44:53.934710 np0000003653 nova-scheduler[96463]: DEBUG cotyledon.oslo_config_glue [-] oslo_messaging_rabbit.processname = nova-scheduler {{(pid=96463) log_opt_values /opt/stack/data/venv/lib/python3.12/site-packages/oslo_config/cfg.py:3253}}
Jun 25 21:44:53.934710 np0000003653 nova-scheduler[96463]: DEBUG cotyledon.oslo_config_glue [-] oslo_messaging_rabbit.rabbit_ha_queues = False {{(pid=96463) log_opt_values /opt/stack/data/venv/lib/python3.12/site-packages/oslo_config/cfg.py:3253}}
Jun 25 21:44:53.934710 np0000003653 nova-scheduler[96463]: DEBUG cotyledon.oslo_config_glue [-] oslo_messaging_rabbit.rabbit_interval_max = 30 {{(pid=96463) log_opt_values /opt/stack/data/venv/lib/python3.12/site-packages/oslo_config/cfg.py:3253}}
Jun 25 21:44:53.935008 np0000003653 nova-scheduler[96463]: DEBUG cotyledon.oslo_config_glue [-] oslo_messaging_rabbit.rabbit_login_method = AMQPLAIN {{(pid=96463) log_opt_values /opt/stack/data/venv/lib/python3.12/site-packages/oslo_config/cfg.py:3253}}
Jun 25 21:44:53.935008 np0000003653 nova-scheduler[96463]: DEBUG cotyledon.oslo_config_glue [-] oslo_messaging_rabbit.rabbit_qos_prefetch_count = 0 {{(pid=96463) log_opt_values /opt/stack/data/venv/lib/python3.12/site-packages/oslo_config/cfg.py:3253}}
Jun 25 21:44:53.935008 np0000003653 nova-scheduler[96463]: DEBUG cotyledon.oslo_config_glue [-] oslo_messaging_rabbit.rabbit_quorum_delivery_limit = 0 {{(pid=96463) log_opt_values /opt/stack/data/venv/lib/python3.12/site-packages/oslo_config/cfg.py:3253}}
Jun 25 21:44:53.935008 np0000003653 nova-scheduler[96463]: DEBUG cotyledon.oslo_config_glue [-] oslo_messaging_rabbit.rabbit_quorum_max_memory_bytes = 0 {{(pid=96463) log_opt_values /opt/stack/data/venv/lib/python3.12/site-packages/oslo_config/cfg.py:3253}}
Jun 25 21:44:53.935008 np0000003653 nova-scheduler[96463]: DEBUG cotyledon.oslo_config_glue [-] oslo_messaging_rabbit.rabbit_quorum_max_memory_length = 0 {{(pid=96463) log_opt_values /opt/stack/data/venv/lib/python3.12/site-packages/oslo_config/cfg.py:3253}}
Jun 25 21:44:53.935008 np0000003653 nova-scheduler[96463]: DEBUG cotyledon.oslo_config_glue [-] oslo_messaging_rabbit.rabbit_quorum_queue = False {{(pid=96463) log_opt_values /opt/stack/data/venv/lib/python3.12/site-packages/oslo_config/cfg.py:3253}}
Jun 25 21:44:53.935008 np0000003653 nova-scheduler[96463]: DEBUG cotyledon.oslo_config_glue [-] oslo_messaging_rabbit.rabbit_retry_backoff = 2 {{(pid=96463) log_opt_values /opt/stack/data/venv/lib/python3.12/site-packages/oslo_config/cfg.py:3253}}
Jun 25 21:44:53.935257 np0000003653 nova-scheduler[96490]: INFO dbcounter [None req-35cbe41f-101e-45ef-b0de-fa1b52fb4448 None None] Registered counter for database nova_cell0
Jun 25 21:44:53.935306 np0000003653 nova-scheduler[96463]: DEBUG cotyledon.oslo_config_glue [-] oslo_messaging_rabbit.rabbit_retry_interval = 1 {{(pid=96463) log_opt_values /opt/stack/data/venv/lib/python3.12/site-packages/oslo_config/cfg.py:3253}}
Jun 25 21:44:53.935306 np0000003653 nova-scheduler[96463]: DEBUG cotyledon.oslo_config_glue [-] oslo_messaging_rabbit.rabbit_stream_fanout = False {{(pid=96463) log_opt_values /opt/stack/data/venv/lib/python3.12/site-packages/oslo_config/cfg.py:3253}}
Jun 25 21:44:53.935306 np0000003653 nova-scheduler[96463]: DEBUG cotyledon.oslo_config_glue [-] oslo_messaging_rabbit.rabbit_transient_queues_ttl = 1800 {{(pid=96463) log_opt_values /opt/stack/data/venv/lib/python3.12/site-packages/oslo_config/cfg.py:3253}}
Jun 25 21:44:53.935306 np0000003653 nova-scheduler[96463]: DEBUG cotyledon.oslo_config_glue [-] oslo_messaging_rabbit.rabbit_transient_quorum_queue = False {{(pid=96463) log_opt_values /opt/stack/data/venv/lib/python3.12/site-packages/oslo_config/cfg.py:3253}}
Jun 25 21:44:53.935306 np0000003653 nova-scheduler[96463]: DEBUG cotyledon.oslo_config_glue [-] oslo_messaging_rabbit.rpc_conn_pool_size = 30 {{(pid=96463) log_opt_values /opt/stack/data/venv/lib/python3.12/site-packages/oslo_config/cfg.py:3253}}
Jun 25 21:44:53.935306 np0000003653 nova-scheduler[96463]: DEBUG cotyledon.oslo_config_glue [-] oslo_messaging_rabbit.ssl = False {{(pid=96463) log_opt_values /opt/stack/data/venv/lib/python3.12/site-packages/oslo_config/cfg.py:3253}}
Jun 25 21:44:53.935306 np0000003653 nova-scheduler[96463]: DEBUG cotyledon.oslo_config_glue [-] oslo_messaging_rabbit.ssl_ca_file = {{(pid=96463) log_opt_values /opt/stack/data/venv/lib/python3.12/site-packages/oslo_config/cfg.py:3253}}
Jun 25 21:44:53.935306 np0000003653 nova-scheduler[96463]: DEBUG cotyledon.oslo_config_glue [-] oslo_messaging_rabbit.ssl_cert_file = {{(pid=96463) log_opt_values /opt/stack/data/venv/lib/python3.12/site-packages/oslo_config/cfg.py:3253}}
Jun 25 21:44:53.935306 np0000003653 nova-scheduler[96463]: DEBUG cotyledon.oslo_config_glue [-] oslo_messaging_rabbit.ssl_enforce_fips_mode = False {{(pid=96463) log_opt_values /opt/stack/data/venv/lib/python3.12/site-packages/oslo_config/cfg.py:3253}}
Jun 25 21:44:53.935615 np0000003653 nova-scheduler[96463]: DEBUG cotyledon.oslo_config_glue [-] oslo_messaging_rabbit.ssl_enforce_hostname_verification = True {{(pid=96463) log_opt_values /opt/stack/data/venv/lib/python3.12/site-packages/oslo_config/cfg.py:3253}}
Jun 25 21:44:53.935615 np0000003653 nova-scheduler[96463]: DEBUG cotyledon.oslo_config_glue [-] oslo_messaging_rabbit.ssl_key_file = {{(pid=96463) log_opt_values /opt/stack/data/venv/lib/python3.12/site-packages/oslo_config/cfg.py:3253}}
Jun 25 21:44:53.935615 np0000003653 nova-scheduler[96463]: DEBUG cotyledon.oslo_config_glue [-] oslo_messaging_rabbit.ssl_version = {{(pid=96463) log_opt_values /opt/stack/data/venv/lib/python3.12/site-packages/oslo_config/cfg.py:3253}}
Jun 25 21:44:53.935615 np0000003653 nova-scheduler[96463]: DEBUG cotyledon.oslo_config_glue [-] oslo_messaging_rabbit.use_queue_manager = False {{(pid=96463) log_opt_values /opt/stack/data/venv/lib/python3.12/site-packages/oslo_config/cfg.py:3253}}
Jun 25 21:44:53.935615 np0000003653 nova-scheduler[96463]: DEBUG cotyledon.oslo_config_glue [-] oslo_messaging_notifications.driver = ['messagingv2'] {{(pid=96463) log_opt_values /opt/stack/data/venv/lib/python3.12/site-packages/oslo_config/cfg.py:3253}}
Jun 25 21:44:53.935615 np0000003653 nova-scheduler[96463]: DEBUG cotyledon.oslo_config_glue [-] oslo_messaging_notifications.retry = -1 {{(pid=96463) log_opt_values /opt/stack/data/venv/lib/python3.12/site-packages/oslo_config/cfg.py:3253}}
Jun 25 21:44:53.935615 np0000003653 nova-scheduler[96463]: DEBUG cotyledon.oslo_config_glue [-] oslo_messaging_notifications.topics = ['notifications'] {{(pid=96463) log_opt_values /opt/stack/data/venv/lib/python3.12/site-packages/oslo_config/cfg.py:3253}}
Jun 25 21:44:53.935615 np0000003653 nova-scheduler[96463]: DEBUG cotyledon.oslo_config_glue [-] oslo_messaging_notifications.transport_url = **** {{(pid=96463) log_opt_values /opt/stack/data/venv/lib/python3.12/site-packages/oslo_config/cfg.py:3253}}
Jun 25 21:44:53.935615 np0000003653 nova-scheduler[96463]: DEBUG cotyledon.oslo_config_glue [-] oslo_limit.auth_section = None {{(pid=96463) log_opt_values /opt/stack/data/venv/lib/python3.12/site-packages/oslo_config/cfg.py:3253}}
Jun 25 21:44:53.935938 np0000003653 nova-scheduler[96463]: DEBUG cotyledon.oslo_config_glue [-] oslo_limit.auth_type = None {{(pid=96463) log_opt_values /opt/stack/data/venv/lib/python3.12/site-packages/oslo_config/cfg.py:3253}}
Jun 25 21:44:53.935938 np0000003653 nova-scheduler[96463]: DEBUG cotyledon.oslo_config_glue [-] oslo_limit.cafile = None {{(pid=96463) log_opt_values /opt/stack/data/venv/lib/python3.12/site-packages/oslo_config/cfg.py:3253}}
Jun 25 21:44:53.935938 np0000003653 nova-scheduler[96463]: DEBUG cotyledon.oslo_config_glue [-] oslo_limit.certfile = None {{(pid=96463) log_opt_values /opt/stack/data/venv/lib/python3.12/site-packages/oslo_config/cfg.py:3253}}
Jun 25 21:44:53.935938 np0000003653 nova-scheduler[96463]: DEBUG cotyledon.oslo_config_glue [-] oslo_limit.collect_timing = False {{(pid=96463) log_opt_values /opt/stack/data/venv/lib/python3.12/site-packages/oslo_config/cfg.py:3253}}
Jun 25 21:44:53.935938 np0000003653 nova-scheduler[96463]: DEBUG cotyledon.oslo_config_glue [-] oslo_limit.connect_retries = None {{(pid=96463) log_opt_values /opt/stack/data/venv/lib/python3.12/site-packages/oslo_config/cfg.py:3253}}
Jun 25 21:44:53.935938 np0000003653 nova-scheduler[96463]: DEBUG cotyledon.oslo_config_glue [-] oslo_limit.connect_retry_delay = None {{(pid=96463) log_opt_values /opt/stack/data/venv/lib/python3.12/site-packages/oslo_config/cfg.py:3253}}
Jun 25 21:44:53.935938 np0000003653 nova-scheduler[96463]: DEBUG cotyledon.oslo_config_glue [-] oslo_limit.endpoint_id = None {{(pid=96463) log_opt_values /opt/stack/data/venv/lib/python3.12/site-packages/oslo_config/cfg.py:3253}}
Jun 25 21:44:53.935938 np0000003653 nova-scheduler[96463]: DEBUG cotyledon.oslo_config_glue [-] oslo_limit.endpoint_interface = public {{(pid=96463) log_opt_values /opt/stack/data/venv/lib/python3.12/site-packages/oslo_config/cfg.py:3253}}
Jun 25 21:44:53.935938 np0000003653 nova-scheduler[96463]: DEBUG cotyledon.oslo_config_glue [-] oslo_limit.endpoint_override = None {{(pid=96463) log_opt_values /opt/stack/data/venv/lib/python3.12/site-packages/oslo_config/cfg.py:3253}}
Jun 25 21:44:53.936278 np0000003653 nova-scheduler[96463]: DEBUG cotyledon.oslo_config_glue [-] oslo_limit.endpoint_region_name = None {{(pid=96463) log_opt_values /opt/stack/data/venv/lib/python3.12/site-packages/oslo_config/cfg.py:3253}}
Jun 25 21:44:53.936278 np0000003653 nova-scheduler[96463]: DEBUG cotyledon.oslo_config_glue [-] oslo_limit.endpoint_service_name = None {{(pid=96463) log_opt_values /opt/stack/data/venv/lib/python3.12/site-packages/oslo_config/cfg.py:3253}}
Jun 25 21:44:53.936278 np0000003653 nova-scheduler[96463]: DEBUG cotyledon.oslo_config_glue [-] oslo_limit.endpoint_service_type = None {{(pid=96463) log_opt_values /opt/stack/data/venv/lib/python3.12/site-packages/oslo_config/cfg.py:3253}}
Jun 25 21:44:53.936278 np0000003653 nova-scheduler[96463]: DEBUG cotyledon.oslo_config_glue [-] oslo_limit.insecure = False {{(pid=96463) log_opt_values /opt/stack/data/venv/lib/python3.12/site-packages/oslo_config/cfg.py:3253}}
Jun 25 21:44:53.936278 np0000003653 nova-scheduler[96463]: DEBUG cotyledon.oslo_config_glue [-] oslo_limit.keyfile = None {{(pid=96463) log_opt_values /opt/stack/data/venv/lib/python3.12/site-packages/oslo_config/cfg.py:3253}}
Jun 25 21:44:53.936278 np0000003653 nova-scheduler[96463]: DEBUG cotyledon.oslo_config_glue [-] oslo_limit.max_version = None {{(pid=96463) log_opt_values /opt/stack/data/venv/lib/python3.12/site-packages/oslo_config/cfg.py:3253}}
Jun 25 21:44:53.936278 np0000003653 nova-scheduler[96463]: DEBUG cotyledon.oslo_config_glue [-] oslo_limit.min_version = None {{(pid=96463) log_opt_values /opt/stack/data/venv/lib/python3.12/site-packages/oslo_config/cfg.py:3253}}
Jun 25 21:44:53.936278 np0000003653 nova-scheduler[96463]: DEBUG cotyledon.oslo_config_glue [-] oslo_limit.region_name = None {{(pid=96463) log_opt_values /opt/stack/data/venv/lib/python3.12/site-packages/oslo_config/cfg.py:3253}}
Jun 25 21:44:53.936278 np0000003653 nova-scheduler[96463]: DEBUG cotyledon.oslo_config_glue [-] oslo_limit.retriable_status_codes = None {{(pid=96463) log_opt_values /opt/stack/data/venv/lib/python3.12/site-packages/oslo_config/cfg.py:3253}}
Jun 25 21:44:53.936581 np0000003653 nova-scheduler[96463]: DEBUG cotyledon.oslo_config_glue [-] oslo_limit.service_name = None {{(pid=96463) log_opt_values /opt/stack/data/venv/lib/python3.12/site-packages/oslo_config/cfg.py:3253}}
Jun 25 21:44:53.936581 np0000003653 nova-scheduler[96463]: DEBUG cotyledon.oslo_config_glue [-] oslo_limit.service_type = None {{(pid=96463) log_opt_values /opt/stack/data/venv/lib/python3.12/site-packages/oslo_config/cfg.py:3253}}
Jun 25 21:44:53.936581 np0000003653 nova-scheduler[96463]: DEBUG cotyledon.oslo_config_glue [-] oslo_limit.split_loggers = False {{(pid=96463) log_opt_values /opt/stack/data/venv/lib/python3.12/site-packages/oslo_config/cfg.py:3253}}
Jun 25 21:44:53.936581 np0000003653 nova-scheduler[96463]: DEBUG cotyledon.oslo_config_glue [-] oslo_limit.status_code_retries = None {{(pid=96463) log_opt_values /opt/stack/data/venv/lib/python3.12/site-packages/oslo_config/cfg.py:3253}}
Jun 25 21:44:53.936581 np0000003653 nova-scheduler[96463]: DEBUG cotyledon.oslo_config_glue [-] oslo_limit.status_code_retry_delay = None {{(pid=96463) log_opt_values /opt/stack/data/venv/lib/python3.12/site-packages/oslo_config/cfg.py:3253}}
Jun 25 21:44:53.936581 np0000003653 nova-scheduler[96463]: DEBUG cotyledon.oslo_config_glue [-] oslo_limit.timeout = None {{(pid=96463) log_opt_values /opt/stack/data/venv/lib/python3.12/site-packages/oslo_config/cfg.py:3253}}
Jun 25 21:44:53.936581 np0000003653 nova-scheduler[96463]: DEBUG cotyledon.oslo_config_glue [-] oslo_limit.valid_interfaces = None {{(pid=96463) log_opt_values /opt/stack/data/venv/lib/python3.12/site-packages/oslo_config/cfg.py:3253}}
Jun 25 21:44:53.936581 np0000003653 nova-scheduler[96463]: DEBUG cotyledon.oslo_config_glue [-] oslo_limit.version = None {{(pid=96463) log_opt_values /opt/stack/data/venv/lib/python3.12/site-packages/oslo_config/cfg.py:3253}}
Jun 25 21:44:53.936581 np0000003653 nova-scheduler[96463]: DEBUG cotyledon.oslo_config_glue [-] oslo_reports.file_event_handler = None {{(pid=96463) log_opt_values /opt/stack/data/venv/lib/python3.12/site-packages/oslo_config/cfg.py:3253}}
Jun 25 21:44:53.936882 np0000003653 nova-scheduler[96463]: DEBUG cotyledon.oslo_config_glue [-] oslo_reports.file_event_handler_interval = 1 {{(pid=96463) log_opt_values /opt/stack/data/venv/lib/python3.12/site-packages/oslo_config/cfg.py:3253}}
Jun 25 21:44:53.936882 np0000003653 nova-scheduler[96463]: DEBUG cotyledon.oslo_config_glue [-] oslo_reports.log_dir = None {{(pid=96463) log_opt_values /opt/stack/data/venv/lib/python3.12/site-packages/oslo_config/cfg.py:3253}}
Jun 25 21:44:53.936882 np0000003653 nova-scheduler[96463]: DEBUG cotyledon.oslo_config_glue [-] ******************************************************************************** {{(pid=96463) log_opt_values /opt/stack/data/venv/lib/python3.12/site-packages/oslo_config/cfg.py:3260}}
Jun 25 21:44:53.936882 np0000003653 nova-scheduler[96463]: DEBUG cotyledon._service_worker [-] Run service ServiceWrapper(2) [96463] {{(pid=96463) wait_forever /opt/stack/data/venv/lib/python3.12/site-packages/cotyledon/_service_worker.py:218}}
Jun 25 21:44:53.936882 np0000003653 nova-scheduler[96463]: INFO nova.service [-] Starting scheduler node (version 33.1.0)
Jun 25 21:44:53.936882 np0000003653 nova-scheduler[96463]: INFO dbcounter [None req-ca468efe-93ef-4820-bc9d-8366e42544db None None] Registered counter for database nova_cell0
Jun 25 21:44:53.937083 np0000003653 nova-scheduler[96435]: DEBUG oslo_db.sqlalchemy.engines [None req-971dd236-a986-4d8a-89cc-947dac91c2b1 None None] MySQL server mode set to STRICT_TRANS_TABLES,STRICT_ALL_TABLES,NO_ZERO_IN_DATE,NO_ZERO_DATE,ERROR_FOR_DIVISION_BY_ZERO,TRADITIONAL,NO_ENGINE_SUBSTITUTION {{(pid=96435) _check_effective_sql_mode /opt/stack/data/venv/lib/python3.12/site-packages/oslo_db/sqlalchemy/engines.py:325}}
Jun 25 21:44:53.937083 np0000003653 nova-scheduler[96435]: DEBUG dbcounter [-] [96435] Writer thread running {{(pid=96435) stat_writer /opt/stack/data/venv/lib/python3.12/site-packages/dbcounter.py:102}}
Jun 25 21:44:53.937183 np0000003653 nova-scheduler[96463]: DEBUG oslo_db.sqlalchemy.engines [None req-ca468efe-93ef-4820-bc9d-8366e42544db None None] MySQL server mode set to STRICT_TRANS_TABLES,STRICT_ALL_TABLES,NO_ZERO_IN_DATE,NO_ZERO_DATE,ERROR_FOR_DIVISION_BY_ZERO,TRADITIONAL,NO_ENGINE_SUBSTITUTION {{(pid=96463) _check_effective_sql_mode /opt/stack/data/venv/lib/python3.12/site-packages/oslo_db/sqlalchemy/engines.py:325}}
Jun 25 21:44:53.937230 np0000003653 nova-scheduler[96435]: DEBUG nova.service [None req-971dd236-a986-4d8a-89cc-947dac91c2b1 None None] Creating RPC server for service: nova-scheduler on topic: scheduler {{(pid=96435) start /opt/stack/nova/nova/service.py:196}}
Jun 25 21:44:53.937273 np0000003653 nova-scheduler[96459]: DEBUG oslo_db.sqlalchemy.engines [None req-64e458b6-a021-4f0d-9adc-8f9456a1af17 None None] MySQL server mode set to STRICT_TRANS_TABLES,STRICT_ALL_TABLES,NO_ZERO_IN_DATE,NO_ZERO_DATE,ERROR_FOR_DIVISION_BY_ZERO,TRADITIONAL,NO_ENGINE_SUBSTITUTION {{(pid=96459) _check_effective_sql_mode /opt/stack/data/venv/lib/python3.12/site-packages/oslo_db/sqlalchemy/engines.py:325}}
Jun 25 21:44:53.937320 np0000003653 nova-scheduler[96490]: DEBUG oslo_db.sqlalchemy.engines [None req-35cbe41f-101e-45ef-b0de-fa1b52fb4448 None None] MySQL server mode set to STRICT_TRANS_TABLES,STRICT_ALL_TABLES,NO_ZERO_IN_DATE,NO_ZERO_DATE,ERROR_FOR_DIVISION_BY_ZERO,TRADITIONAL,NO_ENGINE_SUBSTITUTION {{(pid=96490) _check_effective_sql_mode /opt/stack/data/venv/lib/python3.12/site-packages/oslo_db/sqlalchemy/engines.py:325}}
Jun 25 21:44:53.937373 np0000003653 nova-scheduler[96463]: DEBUG dbcounter [-] [96463] Writer thread running {{(pid=96463) stat_writer /opt/stack/data/venv/lib/python3.12/site-packages/dbcounter.py:102}}
Jun 25 21:44:53.937373 np0000003653 nova-scheduler[96463]: DEBUG nova.service [None req-ca468efe-93ef-4820-bc9d-8366e42544db None None] Creating RPC server for service: nova-scheduler on topic: scheduler {{(pid=96463) start /opt/stack/nova/nova/service.py:196}}
Jun 25 21:44:53.937461 np0000003653 nova-scheduler[96459]: DEBUG dbcounter [-] [96459] Writer thread running {{(pid=96459) stat_writer /opt/stack/data/venv/lib/python3.12/site-packages/dbcounter.py:102}}
Jun 25 21:44:53.939919 np0000003653 nova-scheduler[96459]: DEBUG nova.service [None req-64e458b6-a021-4f0d-9adc-8f9456a1af17 None None] Creating RPC server for service: nova-scheduler on topic: scheduler {{(pid=96459) start /opt/stack/nova/nova/service.py:196}}
Jun 25 21:44:53.940183 np0000003653 nova-scheduler[96490]: DEBUG dbcounter [-] [96490] Writer thread running {{(pid=96490) stat_writer /opt/stack/data/venv/lib/python3.12/site-packages/dbcounter.py:102}}
Jun 25 21:44:53.943766 np0000003653 nova-scheduler[96490]: DEBUG nova.service [None req-35cbe41f-101e-45ef-b0de-fa1b52fb4448 None None] Creating RPC server for service: nova-scheduler on topic: scheduler {{(pid=96490) start /opt/stack/nova/nova/service.py:196}}
Jun 25 21:44:53.945976 np0000003653 nova-scheduler[96435]: DEBUG nova.service [None req-971dd236-a986-4d8a-89cc-947dac91c2b1 None None] Join ServiceGroup membership for this service scheduler {{(pid=96435) start /opt/stack/nova/nova/service.py:222}}
Jun 25 21:44:53.946124 np0000003653 nova-scheduler[96435]: DEBUG nova.servicegroup.drivers.db [None req-971dd236-a986-4d8a-89cc-947dac91c2b1 None None] DB_Driver: join new ServiceGroup member np0000003653 to the scheduler group, service = {{(pid=96435) join /opt/stack/nova/nova/servicegroup/drivers/db.py:44}}
Jun 25 21:44:53.953335 np0000003653 nova-scheduler[96463]: DEBUG nova.service [None req-ca468efe-93ef-4820-bc9d-8366e42544db None None] Join ServiceGroup membership for this service scheduler {{(pid=96463) start /opt/stack/nova/nova/service.py:222}}
Jun 25 21:44:53.953842 np0000003653 nova-scheduler[96463]: DEBUG nova.servicegroup.drivers.db [None req-ca468efe-93ef-4820-bc9d-8366e42544db None None] DB_Driver: join new ServiceGroup member np0000003653 to the scheduler group, service = {{(pid=96463) join /opt/stack/nova/nova/servicegroup/drivers/db.py:44}}
Jun 25 21:44:53.958517 np0000003653 nova-scheduler[96459]: DEBUG nova.service [None req-64e458b6-a021-4f0d-9adc-8f9456a1af17 None None] Join ServiceGroup membership for this service scheduler {{(pid=96459) start /opt/stack/nova/nova/service.py:222}}
Jun 25 21:44:53.958676 np0000003653 nova-scheduler[96459]: DEBUG nova.servicegroup.drivers.db [None req-64e458b6-a021-4f0d-9adc-8f9456a1af17 None None] DB_Driver: join new ServiceGroup member np0000003653 to the scheduler group, service = {{(pid=96459) join /opt/stack/nova/nova/servicegroup/drivers/db.py:44}}
Jun 25 21:44:53.960726 np0000003653 nova-scheduler[96459]: DEBUG oslo.service.backend._threading.loopingcall [None req-7ca858d8-d030-4b55-b353-d818e7bd7901 None None] Dynamic interval looping call 'nova.service.Service.periodic_tasks' sleeping for 60.00 seconds {{(pid=96459) _run_loop /opt/stack/data/venv/lib/python3.12/site-packages/oslo_service/backend/_threading/loopingcall.py:125}}
Jun 25 21:44:53.962334 np0000003653 nova-scheduler[96490]: DEBUG nova.service [None req-35cbe41f-101e-45ef-b0de-fa1b52fb4448 None None] Join ServiceGroup membership for this service scheduler {{(pid=96490) start /opt/stack/nova/nova/service.py:222}}
Jun 25 21:44:53.962560 np0000003653 nova-scheduler[96490]: DEBUG nova.servicegroup.drivers.db [None req-35cbe41f-101e-45ef-b0de-fa1b52fb4448 None None] DB_Driver: join new ServiceGroup member np0000003653 to the scheduler group, service = {{(pid=96490) join /opt/stack/nova/nova/servicegroup/drivers/db.py:44}}
Jun 25 21:44:56.964559 np0000003653 nova-scheduler[96490]: DEBUG oslo.service.backend._threading.loopingcall [None req-db00457a-4514-46e4-b7d2-e445dbf20223 None None] Dynamic interval looping call 'nova.service.Service.periodic_tasks' sleeping for 60.00 seconds {{(pid=96490) _run_loop /opt/stack/data/venv/lib/python3.12/site-packages/oslo_service/backend/_threading/loopingcall.py:125}}
Jun 25 21:44:58.963172 np0000003653 nova-scheduler[96435]: DEBUG oslo.service.backend._threading.loopingcall [-] Fixed interval looping call 'nova.servicegroup.drivers.db.DbDriver._report_state' sleeping for 119.98 seconds {{(pid=96435) _run_loop /opt/stack/data/venv/lib/python3.12/site-packages/oslo_service/backend/_threading/loopingcall.py:125}}
Jun 25 21:44:58.965471 np0000003653 nova-scheduler[96463]: DEBUG oslo.service.backend._threading.loopingcall [-] Fixed interval looping call 'nova.servicegroup.drivers.db.DbDriver._report_state' sleeping for 119.99 seconds {{(pid=96463) _run_loop /opt/stack/data/venv/lib/python3.12/site-packages/oslo_service/backend/_threading/loopingcall.py:125}}
Jun 25 21:44:58.971337 np0000003653 nova-scheduler[96459]: DEBUG oslo.service.backend._threading.loopingcall [-] Fixed interval looping call 'nova.servicegroup.drivers.db.DbDriver._report_state' sleeping for 119.99 seconds {{(pid=96459) _run_loop /opt/stack/data/venv/lib/python3.12/site-packages/oslo_service/backend/_threading/loopingcall.py:125}}
Jun 25 21:44:58.971709 np0000003653 nova-scheduler[96490]: DEBUG oslo.service.backend._threading.loopingcall [-] Fixed interval looping call 'nova.servicegroup.drivers.db.DbDriver._report_state' sleeping for 119.99 seconds {{(pid=96490) _run_loop /opt/stack/data/venv/lib/python3.12/site-packages/oslo_service/backend/_threading/loopingcall.py:125}}
Jun 25 21:44:59.948111 np0000003653 nova-scheduler[96435]: DEBUG oslo.service.backend._threading.loopingcall [None req-c5d5136f-666d-4481-af58-1d4ba0be9c3c None None] Dynamic interval looping call 'nova.service.Service.periodic_tasks' sleeping for 60.00 seconds {{(pid=96435) _run_loop /opt/stack/data/venv/lib/python3.12/site-packages/oslo_service/backend/_threading/loopingcall.py:125}}
Jun 25 21:45:02.498198 np0000003653 nova-scheduler[95208]: DEBUG dbcounter [-] [95208] Writing DB stats nova_api:SELECT=3 {{(pid=95208) stat_writer /opt/stack/data/venv/lib/python3.12/site-packages/dbcounter.py:115}}
Jun 25 21:45:02.631023 np0000003653 nova-scheduler[95208]: DEBUG dbcounter [-] [95208] Writing DB stats nova_cell0:SELECT=1 {{(pid=95208) stat_writer /opt/stack/data/venv/lib/python3.12/site-packages/dbcounter.py:115}}
Jun 25 21:45:02.637319 np0000003653 nova-scheduler[95208]: DEBUG dbcounter [-] [95208] Writing DB stats nova_cell1:SELECT=1 {{(pid=95208) stat_writer /opt/stack/data/venv/lib/python3.12/site-packages/dbcounter.py:115}}
Jun 25 21:45:08.957766 np0000003653 nova-scheduler[96435]: DEBUG dbcounter [-] [96435] Writing DB stats nova_cell0:SELECT=4,nova_cell0:INSERT=1,nova_cell0:UPDATE=1 {{(pid=96435) stat_writer /opt/stack/data/venv/lib/python3.12/site-packages/dbcounter.py:115}}
Jun 25 21:45:08.961580 np0000003653 nova-scheduler[96463]: DEBUG dbcounter [-] [96463] Writing DB stats nova_cell0:SELECT=3 {{(pid=96463) stat_writer /opt/stack/data/venv/lib/python3.12/site-packages/dbcounter.py:115}}
Jun 25 21:45:08.968599 np0000003653 nova-scheduler[96459]: DEBUG dbcounter [-] [96459] Writing DB stats nova_cell0:SELECT=3 {{(pid=96459) stat_writer /opt/stack/data/venv/lib/python3.12/site-packages/dbcounter.py:115}}
Jun 25 21:45:08.972577 np0000003653 nova-scheduler[96490]: DEBUG dbcounter [-] [96490] Writing DB stats nova_cell0:SELECT=3 {{(pid=96490) stat_writer /opt/stack/data/venv/lib/python3.12/site-packages/dbcounter.py:115}}
Jun 25 21:45:10.956571 np0000003653 nova-scheduler[96463]: DEBUG oslo.service.backend._threading.loopingcall [None req-85dc0fe8-4021-440b-9309-908640f0c9f6 None None] Dynamic interval looping call 'nova.service.Service.periodic_tasks' sleeping for 60.00 seconds {{(pid=96463) _run_loop /opt/stack/data/venv/lib/python3.12/site-packages/oslo_service/backend/_threading/loopingcall.py:125}}
Jun 25 21:45:53.961323 np0000003653 nova-scheduler[96459]: DEBUG oslo.service.backend._threading.loopingcall [None req-7ca858d8-d030-4b55-b353-d818e7bd7901 None None] Dynamic interval looping call 'nova.service.Service.periodic_tasks' sleeping for 60.00 seconds {{(pid=96459) _run_loop /opt/stack/data/venv/lib/python3.12/site-packages/oslo_service/backend/_threading/loopingcall.py:125}}
Jun 25 21:45:56.965042 np0000003653 nova-scheduler[96490]: DEBUG oslo.service.backend._threading.loopingcall [None req-db00457a-4514-46e4-b7d2-e445dbf20223 None None] Dynamic interval looping call 'nova.service.Service.periodic_tasks' sleeping for 60.00 seconds {{(pid=96490) _run_loop /opt/stack/data/venv/lib/python3.12/site-packages/oslo_service/backend/_threading/loopingcall.py:125}}
Jun 25 21:45:59.948612 np0000003653 nova-scheduler[96435]: DEBUG oslo.service.backend._threading.loopingcall [None req-c5d5136f-666d-4481-af58-1d4ba0be9c3c None None] Dynamic interval looping call 'nova.service.Service.periodic_tasks' sleeping for 60.00 seconds {{(pid=96435) _run_loop /opt/stack/data/venv/lib/python3.12/site-packages/oslo_service/backend/_threading/loopingcall.py:125}}
Jun 25 21:46:10.957065 np0000003653 nova-scheduler[96463]: DEBUG oslo.service.backend._threading.loopingcall [None req-85dc0fe8-4021-440b-9309-908640f0c9f6 None None] Dynamic interval looping call 'nova.service.Service.periodic_tasks' sleeping for 60.00 seconds {{(pid=96463) _run_loop /opt/stack/data/venv/lib/python3.12/site-packages/oslo_service/backend/_threading/loopingcall.py:125}}
Jun 25 21:46:53.961785 np0000003653 nova-scheduler[96459]: DEBUG oslo.service.backend._threading.loopingcall [None req-7ca858d8-d030-4b55-b353-d818e7bd7901 None None] Dynamic interval looping call 'nova.service.Service.periodic_tasks' sleeping for 60.00 seconds {{(pid=96459) _run_loop /opt/stack/data/venv/lib/python3.12/site-packages/oslo_service/backend/_threading/loopingcall.py:125}}
Jun 25 21:46:56.965610 np0000003653 nova-scheduler[96490]: DEBUG oslo.service.backend._threading.loopingcall [None req-db00457a-4514-46e4-b7d2-e445dbf20223 None None] Dynamic interval looping call 'nova.service.Service.periodic_tasks' sleeping for 60.00 seconds {{(pid=96490) _run_loop /opt/stack/data/venv/lib/python3.12/site-packages/oslo_service/backend/_threading/loopingcall.py:125}}
Jun 25 21:46:58.953854 np0000003653 nova-scheduler[96435]: DEBUG oslo.service.backend._threading.loopingcall [-] Fixed interval looping call 'nova.servicegroup.drivers.db.DbDriver._report_state' sleeping for 119.99 seconds {{(pid=96435) _run_loop /opt/stack/data/venv/lib/python3.12/site-packages/oslo_service/backend/_threading/loopingcall.py:125}}
Jun 25 21:46:58.960190 np0000003653 nova-scheduler[96463]: DEBUG oslo.service.backend._threading.loopingcall [-] Fixed interval looping call 'nova.servicegroup.drivers.db.DbDriver._report_state' sleeping for 120.00 seconds {{(pid=96463) _run_loop /opt/stack/data/venv/lib/python3.12/site-packages/oslo_service/backend/_threading/loopingcall.py:125}}
Jun 25 21:46:58.964880 np0000003653 nova-scheduler[96490]: DEBUG oslo.service.backend._threading.loopingcall [-] Fixed interval looping call 'nova.servicegroup.drivers.db.DbDriver._report_state' sleeping for 120.00 seconds {{(pid=96490) _run_loop /opt/stack/data/venv/lib/python3.12/site-packages/oslo_service/backend/_threading/loopingcall.py:125}}
Jun 25 21:46:58.965819 np0000003653 nova-scheduler[96459]: DEBUG oslo.service.backend._threading.loopingcall [-] Fixed interval looping call 'nova.servicegroup.drivers.db.DbDriver._report_state' sleeping for 120.00 seconds {{(pid=96459) _run_loop /opt/stack/data/venv/lib/python3.12/site-packages/oslo_service/backend/_threading/loopingcall.py:125}}
Jun 25 21:46:59.949106 np0000003653 nova-scheduler[96435]: DEBUG oslo.service.backend._threading.loopingcall [None req-c5d5136f-666d-4481-af58-1d4ba0be9c3c None None] Dynamic interval looping call 'nova.service.Service.periodic_tasks' sleeping for 60.00 seconds {{(pid=96435) _run_loop /opt/stack/data/venv/lib/python3.12/site-packages/oslo_service/backend/_threading/loopingcall.py:125}}
Jun 25 21:47:08.946898 np0000003653 nova-scheduler[96435]: DEBUG dbcounter [-] [96435] Writing DB stats nova_cell0:SELECT=1,nova_cell0:UPDATE=1 {{(pid=96435) stat_writer /opt/stack/data/venv/lib/python3.12/site-packages/dbcounter.py:115}}
Jun 25 21:47:08.957704 np0000003653 nova-scheduler[96463]: DEBUG dbcounter [-] [96463] Writing DB stats nova_cell0:SELECT=1 {{(pid=96463) stat_writer /opt/stack/data/venv/lib/python3.12/site-packages/dbcounter.py:115}}
Jun 25 21:47:08.963729 np0000003653 nova-scheduler[96459]: DEBUG dbcounter [-] [96459] Writing DB stats nova_cell0:SELECT=1 {{(pid=96459) stat_writer /opt/stack/data/venv/lib/python3.12/site-packages/dbcounter.py:115}}
Jun 25 21:47:08.964097 np0000003653 nova-scheduler[96490]: DEBUG dbcounter [-] [96490] Writing DB stats nova_cell0:SELECT=1 {{(pid=96490) stat_writer /opt/stack/data/venv/lib/python3.12/site-packages/dbcounter.py:115}}
Jun 25 21:47:10.957574 np0000003653 nova-scheduler[96463]: DEBUG oslo.service.backend._threading.loopingcall [None req-85dc0fe8-4021-440b-9309-908640f0c9f6 None None] Dynamic interval looping call 'nova.service.Service.periodic_tasks' sleeping for 60.00 seconds {{(pid=96463) _run_loop /opt/stack/data/venv/lib/python3.12/site-packages/oslo_service/backend/_threading/loopingcall.py:125}}
Jun 25 21:47:32.864338 np0000003653 nova-scheduler[96435]: DEBUG nova.scheduler.manager [None req-c3d62c13-63fd-4d94-b035-fa36e965d74a tempest-AttachVolumeTestJSON-794498653 tempest-AttachVolumeTestJSON-794498653-project-member] Starting to schedule for instances: ['1dd5fa97-bae7-451e-8f0d-ae26f8ee5ea4'] {{(pid=96435) select_destinations /opt/stack/nova/nova/scheduler/manager.py:210}}
Jun 25 21:47:32.864978 np0000003653 nova-scheduler[96435]: DEBUG nova.scheduler.request_filter [None req-c3d62c13-63fd-4d94-b035-fa36e965d74a tempest-AttachVolumeTestJSON-794498653 tempest-AttachVolumeTestJSON-794498653-project-member] compute_status_filter request filter added forbidden trait COMPUTE_STATUS_DISABLED {{(pid=96435) compute_status_filter /opt/stack/nova/nova/scheduler/request_filter.py:253}}
Jun 25 21:47:32.864978 np0000003653 nova-scheduler[96435]: DEBUG nova.scheduler.request_filter [None req-c3d62c13-63fd-4d94-b035-fa36e965d74a tempest-AttachVolumeTestJSON-794498653 tempest-AttachVolumeTestJSON-794498653-project-member] Request filter 'compute_status_filter' took 0.0 seconds {{(pid=96435) wrapper /opt/stack/nova/nova/scheduler/request_filter.py:46}}
Jun 25 21:47:32.865277 np0000003653 nova-scheduler[96435]: DEBUG nova.scheduler.request_filter [None req-c3d62c13-63fd-4d94-b035-fa36e965d74a tempest-AttachVolumeTestJSON-794498653 tempest-AttachVolumeTestJSON-794498653-project-member] Request filter 'accelerators_filter' took 0.0 seconds {{(pid=96435) wrapper /opt/stack/nova/nova/scheduler/request_filter.py:46}}
Jun 25 21:47:32.865774 np0000003653 nova-scheduler[96435]: DEBUG nova.scheduler.request_filter [None req-c3d62c13-63fd-4d94-b035-fa36e965d74a tempest-AttachVolumeTestJSON-794498653 tempest-AttachVolumeTestJSON-794498653-project-member] Request filter 'packed_virtqueue_filter' took 0.0 seconds {{(pid=96435) wrapper /opt/stack/nova/nova/scheduler/request_filter.py:46}}
Jun 25 21:47:32.865774 np0000003653 nova-scheduler[96435]: DEBUG nova.scheduler.request_filter [None req-c3d62c13-63fd-4d94-b035-fa36e965d74a tempest-AttachVolumeTestJSON-794498653 tempest-AttachVolumeTestJSON-794498653-project-member] Request filter 'remote_managed_ports_filter' took 0.0 seconds {{(pid=96435) wrapper /opt/stack/nova/nova/scheduler/request_filter.py:46}}
Jun 25 21:47:32.866070 np0000003653 nova-scheduler[96435]: DEBUG nova.scheduler.request_filter [None req-c3d62c13-63fd-4d94-b035-fa36e965d74a tempest-AttachVolumeTestJSON-794498653 tempest-AttachVolumeTestJSON-794498653-project-member] ephemeral_encryption_filter skipped {{(pid=96435) ephemeral_encryption_filter /opt/stack/nova/nova/scheduler/request_filter.py:426}}
Jun 25 21:47:32.866260 np0000003653 nova-scheduler[96435]: DEBUG nova.scheduler.request_filter [None req-c3d62c13-63fd-4d94-b035-fa36e965d74a tempest-AttachVolumeTestJSON-794498653 tempest-AttachVolumeTestJSON-794498653-project-member] virtio_sound_filter skipped {{(pid=96435) virtio_sound_filter /opt/stack/nova/nova/scheduler/request_filter.py:460}}
Jun 25 21:47:32.866373 np0000003653 nova-scheduler[96435]: DEBUG nova.scheduler.request_filter [None req-c3d62c13-63fd-4d94-b035-fa36e965d74a tempest-AttachVolumeTestJSON-794498653 tempest-AttachVolumeTestJSON-794498653-project-member] tpm_secret_security_filter skipped {{(pid=96435) tpm_secret_security_filter /opt/stack/nova/nova/scheduler/request_filter.py:477}}
Jun 25 21:47:33.079958 np0000003653 nova-scheduler[96463]: DEBUG nova.scheduler.manager [None req-9048d7e8-529e-4f74-81b2-b7cbad75080f tempest-ServerActionsTestOtherB-547894596 tempest-ServerActionsTestOtherB-547894596-project-member] Starting to schedule for instances: ['b4a6c692-6f0a-4aeb-b799-b2b2727ae52a'] {{(pid=96463) select_destinations /opt/stack/nova/nova/scheduler/manager.py:210}}
Jun 25 21:47:33.081566 np0000003653 nova-scheduler[96463]: DEBUG nova.scheduler.request_filter [None req-9048d7e8-529e-4f74-81b2-b7cbad75080f tempest-ServerActionsTestOtherB-547894596 tempest-ServerActionsTestOtherB-547894596-project-member] compute_status_filter request filter added forbidden trait COMPUTE_STATUS_DISABLED {{(pid=96463) compute_status_filter /opt/stack/nova/nova/scheduler/request_filter.py:253}}
Jun 25 21:47:33.081715 np0000003653 nova-scheduler[96463]: DEBUG nova.scheduler.request_filter [None req-9048d7e8-529e-4f74-81b2-b7cbad75080f tempest-ServerActionsTestOtherB-547894596 tempest-ServerActionsTestOtherB-547894596-project-member] Request filter 'compute_status_filter' took 0.0 seconds {{(pid=96463) wrapper /opt/stack/nova/nova/scheduler/request_filter.py:46}}
Jun 25 21:47:33.082011 np0000003653 nova-scheduler[96463]: DEBUG nova.scheduler.request_filter [None req-9048d7e8-529e-4f74-81b2-b7cbad75080f tempest-ServerActionsTestOtherB-547894596 tempest-ServerActionsTestOtherB-547894596-project-member] Request filter 'accelerators_filter' took 0.0 seconds {{(pid=96463) wrapper /opt/stack/nova/nova/scheduler/request_filter.py:46}}
Jun 25 21:47:33.082247 np0000003653 nova-scheduler[96463]: DEBUG nova.scheduler.request_filter [None req-9048d7e8-529e-4f74-81b2-b7cbad75080f tempest-ServerActionsTestOtherB-547894596 tempest-ServerActionsTestOtherB-547894596-project-member] Request filter 'packed_virtqueue_filter' took 0.0 seconds {{(pid=96463) wrapper /opt/stack/nova/nova/scheduler/request_filter.py:46}}
Jun 25 21:47:33.082619 np0000003653 nova-scheduler[96463]: DEBUG nova.scheduler.request_filter [None req-9048d7e8-529e-4f74-81b2-b7cbad75080f tempest-ServerActionsTestOtherB-547894596 tempest-ServerActionsTestOtherB-547894596-project-member] Request filter 'remote_managed_ports_filter' took 0.0 seconds {{(pid=96463) wrapper /opt/stack/nova/nova/scheduler/request_filter.py:46}}
Jun 25 21:47:33.082941 np0000003653 nova-scheduler[96463]: DEBUG nova.scheduler.request_filter [None req-9048d7e8-529e-4f74-81b2-b7cbad75080f tempest-ServerActionsTestOtherB-547894596 tempest-ServerActionsTestOtherB-547894596-project-member] ephemeral_encryption_filter skipped {{(pid=96463) ephemeral_encryption_filter /opt/stack/nova/nova/scheduler/request_filter.py:426}}
Jun 25 21:47:33.083012 np0000003653 nova-scheduler[96463]: DEBUG nova.scheduler.request_filter [None req-9048d7e8-529e-4f74-81b2-b7cbad75080f tempest-ServerActionsTestOtherB-547894596 tempest-ServerActionsTestOtherB-547894596-project-member] virtio_sound_filter skipped {{(pid=96463) virtio_sound_filter /opt/stack/nova/nova/scheduler/request_filter.py:460}}
Jun 25 21:47:33.083177 np0000003653 nova-scheduler[96463]: DEBUG nova.scheduler.request_filter [None req-9048d7e8-529e-4f74-81b2-b7cbad75080f tempest-ServerActionsTestOtherB-547894596 tempest-ServerActionsTestOtherB-547894596-project-member] tpm_secret_security_filter skipped {{(pid=96463) tpm_secret_security_filter /opt/stack/nova/nova/scheduler/request_filter.py:477}}
Jun 25 21:47:33.482452 np0000003653 nova-scheduler[96463]: INFO nova.utils [None req-9048d7e8-529e-4f74-81b2-b7cbad75080f tempest-ServerActionsTestOtherB-547894596 tempest-ServerActionsTestOtherB-547894596-project-member] The cell worker thread pool ForkProcess-3.cell_worker is initialized
Jun 25 21:47:33.482452 np0000003653 nova-scheduler[96463]: DEBUG oslo_concurrency.lockutils [None req-9048d7e8-529e-4f74-81b2-b7cbad75080f tempest-ServerActionsTestOtherB-547894596 tempest-ServerActionsTestOtherB-547894596-project-member] Acquiring lock "00352bd8-2bf3-48c9-bcf2-3eee6c093608" by "nova.context.set_target_cell..get_or_set_cached_cell_and_set_connections" {{(pid=96463) inner /opt/stack/data/venv/lib/python3.12/site-packages/oslo_concurrency/lockutils.py:511}}
Jun 25 21:47:33.482452 np0000003653 nova-scheduler[96463]: DEBUG oslo_concurrency.lockutils [None req-9048d7e8-529e-4f74-81b2-b7cbad75080f tempest-ServerActionsTestOtherB-547894596 tempest-ServerActionsTestOtherB-547894596-project-member] Lock "00352bd8-2bf3-48c9-bcf2-3eee6c093608" acquired by "nova.context.set_target_cell..get_or_set_cached_cell_and_set_connections" :: waited 0.000s {{(pid=96463) inner /opt/stack/data/venv/lib/python3.12/site-packages/oslo_concurrency/lockutils.py:524}}
Jun 25 21:47:33.483329 np0000003653 nova-scheduler[96463]: DEBUG oslo_concurrency.lockutils [None req-9048d7e8-529e-4f74-81b2-b7cbad75080f tempest-ServerActionsTestOtherB-547894596 tempest-ServerActionsTestOtherB-547894596-project-member] Lock "00352bd8-2bf3-48c9-bcf2-3eee6c093608" "released" by "nova.context.set_target_cell..get_or_set_cached_cell_and_set_connections" :: held 0.001s {{(pid=96463) inner /opt/stack/data/venv/lib/python3.12/site-packages/oslo_concurrency/lockutils.py:543}}
Jun 25 21:47:33.486765 np0000003653 nova-scheduler[96463]: INFO dbcounter [None req-9048d7e8-529e-4f74-81b2-b7cbad75080f tempest-ServerActionsTestOtherB-547894596 tempest-ServerActionsTestOtherB-547894596-project-member] Registered counter for database nova_cell1
Jun 25 21:47:33.494839 np0000003653 nova-scheduler[96435]: INFO nova.utils [None req-c3d62c13-63fd-4d94-b035-fa36e965d74a tempest-AttachVolumeTestJSON-794498653 tempest-AttachVolumeTestJSON-794498653-project-member] The cell worker thread pool ForkProcess-1.cell_worker is initialized
Jun 25 21:47:33.495259 np0000003653 nova-scheduler[96435]: DEBUG oslo_concurrency.lockutils [None req-c3d62c13-63fd-4d94-b035-fa36e965d74a tempest-AttachVolumeTestJSON-794498653 tempest-AttachVolumeTestJSON-794498653-project-member] Acquiring lock "00352bd8-2bf3-48c9-bcf2-3eee6c093608" by "nova.context.set_target_cell..get_or_set_cached_cell_and_set_connections" {{(pid=96435) inner /opt/stack/data/venv/lib/python3.12/site-packages/oslo_concurrency/lockutils.py:511}}
Jun 25 21:47:33.495469 np0000003653 nova-scheduler[96435]: DEBUG oslo_concurrency.lockutils [None req-c3d62c13-63fd-4d94-b035-fa36e965d74a tempest-AttachVolumeTestJSON-794498653 tempest-AttachVolumeTestJSON-794498653-project-member] Lock "00352bd8-2bf3-48c9-bcf2-3eee6c093608" acquired by "nova.context.set_target_cell..get_or_set_cached_cell_and_set_connections" :: waited 0.000s {{(pid=96435) inner /opt/stack/data/venv/lib/python3.12/site-packages/oslo_concurrency/lockutils.py:524}}
Jun 25 21:47:33.496843 np0000003653 nova-scheduler[96435]: DEBUG oslo_concurrency.lockutils [None req-c3d62c13-63fd-4d94-b035-fa36e965d74a tempest-AttachVolumeTestJSON-794498653 tempest-AttachVolumeTestJSON-794498653-project-member] Lock "00352bd8-2bf3-48c9-bcf2-3eee6c093608" "released" by "nova.context.set_target_cell..get_or_set_cached_cell_and_set_connections" :: held 0.001s {{(pid=96435) inner /opt/stack/data/venv/lib/python3.12/site-packages/oslo_concurrency/lockutils.py:543}}
Jun 25 21:47:33.499114 np0000003653 nova-scheduler[96435]: INFO dbcounter [None req-c3d62c13-63fd-4d94-b035-fa36e965d74a tempest-AttachVolumeTestJSON-794498653 tempest-AttachVolumeTestJSON-794498653-project-member] Registered counter for database nova_cell1
Jun 25 21:47:33.532156 np0000003653 nova-scheduler[96463]: DEBUG oslo_db.sqlalchemy.engines [None req-9048d7e8-529e-4f74-81b2-b7cbad75080f tempest-ServerActionsTestOtherB-547894596 tempest-ServerActionsTestOtherB-547894596-project-member] MySQL server mode set to STRICT_TRANS_TABLES,STRICT_ALL_TABLES,NO_ZERO_IN_DATE,NO_ZERO_DATE,ERROR_FOR_DIVISION_BY_ZERO,TRADITIONAL,NO_ENGINE_SUBSTITUTION {{(pid=96463) _check_effective_sql_mode /opt/stack/data/venv/lib/python3.12/site-packages/oslo_db/sqlalchemy/engines.py:325}}
Jun 25 21:47:33.538096 np0000003653 nova-scheduler[96463]: DEBUG dbcounter [-] [96463] Writer thread running {{(pid=96463) stat_writer /opt/stack/data/venv/lib/python3.12/site-packages/dbcounter.py:102}}
Jun 25 21:47:33.542299 np0000003653 nova-scheduler[96435]: DEBUG oslo_db.sqlalchemy.engines [None req-c3d62c13-63fd-4d94-b035-fa36e965d74a tempest-AttachVolumeTestJSON-794498653 tempest-AttachVolumeTestJSON-794498653-project-member] MySQL server mode set to STRICT_TRANS_TABLES,STRICT_ALL_TABLES,NO_ZERO_IN_DATE,NO_ZERO_DATE,ERROR_FOR_DIVISION_BY_ZERO,TRADITIONAL,NO_ENGINE_SUBSTITUTION {{(pid=96435) _check_effective_sql_mode /opt/stack/data/venv/lib/python3.12/site-packages/oslo_db/sqlalchemy/engines.py:325}}
Jun 25 21:47:33.548301 np0000003653 nova-scheduler[96435]: DEBUG dbcounter [-] [96435] Writer thread running {{(pid=96435) stat_writer /opt/stack/data/venv/lib/python3.12/site-packages/dbcounter.py:102}}
Jun 25 21:47:33.554024 np0000003653 nova-scheduler[96463]: DEBUG oslo_db.sqlalchemy.engines [None req-9048d7e8-529e-4f74-81b2-b7cbad75080f tempest-ServerActionsTestOtherB-547894596 tempest-ServerActionsTestOtherB-547894596-project-member] Parent process 95208 forked (96463) with an open database connection, which is being discarded and recreated. {{(pid=96463) checkout /opt/stack/data/venv/lib/python3.12/site-packages/oslo_db/sqlalchemy/engines.py:402}}
Jun 25 21:47:33.605675 np0000003653 nova-scheduler[96463]: DEBUG dbcounter [-] [96463] Writer thread running {{(pid=96463) stat_writer /opt/stack/data/venv/lib/python3.12/site-packages/dbcounter.py:102}}
Jun 25 21:47:33.609507 np0000003653 nova-scheduler[96463]: DEBUG oslo_concurrency.lockutils [None req-9048d7e8-529e-4f74-81b2-b7cbad75080f tempest-ServerActionsTestOtherB-547894596 tempest-ServerActionsTestOtherB-547894596-project-member] Acquiring lock "00352bd8-2bf3-48c9-bcf2-3eee6c093608" by "nova.context.set_target_cell..get_or_set_cached_cell_and_set_connections" {{(pid=96463) inner /opt/stack/data/venv/lib/python3.12/site-packages/oslo_concurrency/lockutils.py:511}}
