Jun 25 21:44:58.846250 np0000003653 nova-conductor[98867]: DEBUG cotyledon.oslo_config_glue [-] profiler.es_scroll_size = 10000 {{(pid=98867) log_opt_values /opt/stack/data/venv/lib/python3.12/site-packages/oslo_config/cfg.py:3253}}
Jun 25 21:44:58.846250 np0000003653 nova-conductor[98867]: DEBUG cotyledon.oslo_config_glue [-] profiler.es_scroll_time = 2m {{(pid=98867) log_opt_values /opt/stack/data/venv/lib/python3.12/site-packages/oslo_config/cfg.py:3253}}
Jun 25 21:44:58.846250 np0000003653 nova-conductor[98867]: DEBUG cotyledon.oslo_config_glue [-] profiler.filter_error_trace = False {{(pid=98867) log_opt_values /opt/stack/data/venv/lib/python3.12/site-packages/oslo_config/cfg.py:3253}}
Jun 25 21:44:58.846250 np0000003653 nova-conductor[98867]: DEBUG cotyledon.oslo_config_glue [-] profiler.hmac_keys = **** {{(pid=98867) log_opt_values /opt/stack/data/venv/lib/python3.12/site-packages/oslo_config/cfg.py:3253}}
Jun 25 21:44:58.846250 np0000003653 nova-conductor[98867]: DEBUG cotyledon.oslo_config_glue [-] profiler.sentinel_service_name = mymaster {{(pid=98867) log_opt_values /opt/stack/data/venv/lib/python3.12/site-packages/oslo_config/cfg.py:3253}}
Jun 25 21:44:58.846250 np0000003653 nova-conductor[98867]: DEBUG cotyledon.oslo_config_glue [-] profiler.socket_timeout = 0.1 {{(pid=98867) log_opt_values /opt/stack/data/venv/lib/python3.12/site-packages/oslo_config/cfg.py:3253}}
Jun 25 21:44:58.846250 np0000003653 nova-conductor[98867]: DEBUG cotyledon.oslo_config_glue [-] profiler.trace_requests = False {{(pid=98867) log_opt_values /opt/stack/data/venv/lib/python3.12/site-packages/oslo_config/cfg.py:3253}}
Jun 25 21:44:58.846402 np0000003653 nova-conductor[98867]: DEBUG cotyledon.oslo_config_glue [-] profiler.trace_sqlalchemy = False {{(pid=98867) log_opt_values /opt/stack/data/venv/lib/python3.12/site-packages/oslo_config/cfg.py:3253}}
Jun 25 21:44:58.846402 np0000003653 nova-conductor[98867]: DEBUG cotyledon.oslo_config_glue [-] profiler_jaeger.process_tags = {} {{(pid=98867) log_opt_values /opt/stack/data/venv/lib/python3.12/site-packages/oslo_config/cfg.py:3253}}
Jun 25 21:44:58.846402 np0000003653 nova-conductor[98867]: DEBUG cotyledon.oslo_config_glue [-] profiler_jaeger.service_name_prefix = None {{(pid=98867) log_opt_values /opt/stack/data/venv/lib/python3.12/site-packages/oslo_config/cfg.py:3253}}
Jun 25 21:44:58.846402 np0000003653 nova-conductor[98867]: DEBUG cotyledon.oslo_config_glue [-] profiler_otlp.service_name_prefix = None {{(pid=98867) log_opt_values /opt/stack/data/venv/lib/python3.12/site-packages/oslo_config/cfg.py:3253}}
Jun 25 21:44:58.846478 np0000003653 nova-conductor[98867]: DEBUG cotyledon.oslo_config_glue [-] oslo_messaging_rabbit.amqp_auto_delete = False {{(pid=98867) log_opt_values /opt/stack/data/venv/lib/python3.12/site-packages/oslo_config/cfg.py:3253}}
Jun 25 21:44:58.846564 np0000003653 nova-conductor[98867]: DEBUG cotyledon.oslo_config_glue [-] oslo_messaging_rabbit.amqp_durable_queues = False {{(pid=98867) log_opt_values /opt/stack/data/venv/lib/python3.12/site-packages/oslo_config/cfg.py:3253}}
Jun 25 21:44:58.846648 np0000003653 nova-conductor[98867]: DEBUG cotyledon.oslo_config_glue [-] oslo_messaging_rabbit.conn_pool_min_size = 2 {{(pid=98867) log_opt_values /opt/stack/data/venv/lib/python3.12/site-packages/oslo_config/cfg.py:3253}}
Jun 25 21:44:58.846748 np0000003653 nova-conductor[98867]: DEBUG cotyledon.oslo_config_glue [-] oslo_messaging_rabbit.conn_pool_ttl = 1200 {{(pid=98867) log_opt_values /opt/stack/data/venv/lib/python3.12/site-packages/oslo_config/cfg.py:3253}}
Jun 25 21:44:58.846816 np0000003653 nova-conductor[98867]: DEBUG cotyledon.oslo_config_glue [-] oslo_messaging_rabbit.direct_mandatory_flag = True {{(pid=98867) log_opt_values /opt/stack/data/venv/lib/python3.12/site-packages/oslo_config/cfg.py:3253}}
Jun 25 21:44:58.846886 np0000003653 nova-conductor[98867]: DEBUG cotyledon.oslo_config_glue [-] oslo_messaging_rabbit.enable_cancel_on_failover = False {{(pid=98867) log_opt_values /opt/stack/data/venv/lib/python3.12/site-packages/oslo_config/cfg.py:3253}}
Jun 25 21:44:58.846953 np0000003653 nova-conductor[98867]: DEBUG cotyledon.oslo_config_glue [-] oslo_messaging_rabbit.heartbeat_rate = 3 {{(pid=98867) log_opt_values /opt/stack/data/venv/lib/python3.12/site-packages/oslo_config/cfg.py:3253}}
Jun 25 21:44:58.847020 np0000003653 nova-conductor[98867]: DEBUG cotyledon.oslo_config_glue [-] oslo_messaging_rabbit.heartbeat_timeout_threshold = 60 {{(pid=98867) log_opt_values /opt/stack/data/venv/lib/python3.12/site-packages/oslo_config/cfg.py:3253}}
Jun 25 21:44:58.847091 np0000003653 nova-conductor[98867]: DEBUG cotyledon.oslo_config_glue [-] oslo_messaging_rabbit.hostname = np0000003653 {{(pid=98867) log_opt_values /opt/stack/data/venv/lib/python3.12/site-packages/oslo_config/cfg.py:3253}}
Jun 25 21:44:58.847159 np0000003653 nova-conductor[98867]: DEBUG cotyledon.oslo_config_glue [-] oslo_messaging_rabbit.kombu_compression = None {{(pid=98867) log_opt_values /opt/stack/data/venv/lib/python3.12/site-packages/oslo_config/cfg.py:3253}}
Jun 25 21:44:58.847224 np0000003653 nova-conductor[98867]: DEBUG cotyledon.oslo_config_glue [-] oslo_messaging_rabbit.kombu_failover_strategy = round-robin {{(pid=98867) log_opt_values /opt/stack/data/venv/lib/python3.12/site-packages/oslo_config/cfg.py:3253}}
Jun 25 21:44:58.847290 np0000003653 nova-conductor[98867]: DEBUG cotyledon.oslo_config_glue [-] oslo_messaging_rabbit.kombu_missing_consumer_retry_timeout = 60 {{(pid=98867) log_opt_values /opt/stack/data/venv/lib/python3.12/site-packages/oslo_config/cfg.py:3253}}
Jun 25 21:44:58.847359 np0000003653 nova-conductor[98867]: DEBUG cotyledon.oslo_config_glue [-] oslo_messaging_rabbit.kombu_reconnect_delay = 1.0 {{(pid=98867) log_opt_values /opt/stack/data/venv/lib/python3.12/site-packages/oslo_config/cfg.py:3253}}
Jun 25 21:44:58.847427 np0000003653 nova-conductor[98867]: DEBUG cotyledon.oslo_config_glue [-] oslo_messaging_rabbit.kombu_reconnect_splay = 0.0 {{(pid=98867) log_opt_values /opt/stack/data/venv/lib/python3.12/site-packages/oslo_config/cfg.py:3253}}
Jun 25 21:44:58.847521 np0000003653 nova-conductor[98867]: DEBUG cotyledon.oslo_config_glue [-] oslo_messaging_rabbit.processname = nova-conductor {{(pid=98867) log_opt_values /opt/stack/data/venv/lib/python3.12/site-packages/oslo_config/cfg.py:3253}}
Jun 25 21:44:58.847593 np0000003653 nova-conductor[98867]: DEBUG cotyledon.oslo_config_glue [-] oslo_messaging_rabbit.rabbit_ha_queues = False {{(pid=98867) log_opt_values /opt/stack/data/venv/lib/python3.12/site-packages/oslo_config/cfg.py:3253}}
Jun 25 21:44:58.847660 np0000003653 nova-conductor[98867]: DEBUG cotyledon.oslo_config_glue [-] oslo_messaging_rabbit.rabbit_interval_max = 30 {{(pid=98867) log_opt_values /opt/stack/data/venv/lib/python3.12/site-packages/oslo_config/cfg.py:3253}}
Jun 25 21:44:58.847733 np0000003653 nova-conductor[98867]: DEBUG cotyledon.oslo_config_glue [-] oslo_messaging_rabbit.rabbit_login_method = AMQPLAIN {{(pid=98867) log_opt_values /opt/stack/data/venv/lib/python3.12/site-packages/oslo_config/cfg.py:3253}}
Jun 25 21:44:58.847805 np0000003653 nova-conductor[98867]: DEBUG cotyledon.oslo_config_glue [-] oslo_messaging_rabbit.rabbit_qos_prefetch_count = 0 {{(pid=98867) log_opt_values /opt/stack/data/venv/lib/python3.12/site-packages/oslo_config/cfg.py:3253}}
Jun 25 21:44:58.847872 np0000003653 nova-conductor[98867]: DEBUG cotyledon.oslo_config_glue [-] oslo_messaging_rabbit.rabbit_quorum_delivery_limit = 0 {{(pid=98867) log_opt_values /opt/stack/data/venv/lib/python3.12/site-packages/oslo_config/cfg.py:3253}}
Jun 25 21:44:58.847938 np0000003653 nova-conductor[98867]: DEBUG cotyledon.oslo_config_glue [-] oslo_messaging_rabbit.rabbit_quorum_max_memory_bytes = 0 {{(pid=98867) log_opt_values /opt/stack/data/venv/lib/python3.12/site-packages/oslo_config/cfg.py:3253}}
Jun 25 21:44:58.848004 np0000003653 nova-conductor[98867]: DEBUG cotyledon.oslo_config_glue [-] oslo_messaging_rabbit.rabbit_quorum_max_memory_length = 0 {{(pid=98867) log_opt_values /opt/stack/data/venv/lib/python3.12/site-packages/oslo_config/cfg.py:3253}}
Jun 25 21:44:58.848083 np0000003653 nova-conductor[98867]: DEBUG cotyledon.oslo_config_glue [-] oslo_messaging_rabbit.rabbit_quorum_queue = False {{(pid=98867) log_opt_values /opt/stack/data/venv/lib/python3.12/site-packages/oslo_config/cfg.py:3253}}
Jun 25 21:44:58.848152 np0000003653 nova-conductor[98867]: DEBUG cotyledon.oslo_config_glue [-] oslo_messaging_rabbit.rabbit_retry_backoff = 2 {{(pid=98867) log_opt_values /opt/stack/data/venv/lib/python3.12/site-packages/oslo_config/cfg.py:3253}}
Jun 25 21:44:58.848219 np0000003653 nova-conductor[98867]: DEBUG cotyledon.oslo_config_glue [-] oslo_messaging_rabbit.rabbit_retry_interval = 1 {{(pid=98867) log_opt_values /opt/stack/data/venv/lib/python3.12/site-packages/oslo_config/cfg.py:3253}}
Jun 25 21:44:58.848284 np0000003653 nova-conductor[98867]: DEBUG cotyledon.oslo_config_glue [-] oslo_messaging_rabbit.rabbit_stream_fanout = False {{(pid=98867) log_opt_values /opt/stack/data/venv/lib/python3.12/site-packages/oslo_config/cfg.py:3253}}
Jun 25 21:44:58.848351 np0000003653 nova-conductor[98867]: DEBUG cotyledon.oslo_config_glue [-] oslo_messaging_rabbit.rabbit_transient_queues_ttl = 1800 {{(pid=98867) log_opt_values /opt/stack/data/venv/lib/python3.12/site-packages/oslo_config/cfg.py:3253}}
Jun 25 21:44:58.848425 np0000003653 nova-conductor[98867]: DEBUG cotyledon.oslo_config_glue [-] oslo_messaging_rabbit.rabbit_transient_quorum_queue = False {{(pid=98867) log_opt_values /opt/stack/data/venv/lib/python3.12/site-packages/oslo_config/cfg.py:3253}}
Jun 25 21:44:58.848503 np0000003653 nova-conductor[98867]: DEBUG cotyledon.oslo_config_glue [-] oslo_messaging_rabbit.rpc_conn_pool_size = 30 {{(pid=98867) log_opt_values /opt/stack/data/venv/lib/python3.12/site-packages/oslo_config/cfg.py:3253}}
Jun 25 21:44:58.848580 np0000003653 nova-conductor[98867]: DEBUG cotyledon.oslo_config_glue [-] oslo_messaging_rabbit.ssl = False {{(pid=98867) log_opt_values /opt/stack/data/venv/lib/python3.12/site-packages/oslo_config/cfg.py:3253}}
Jun 25 21:44:58.848642 np0000003653 nova-conductor[98867]: DEBUG cotyledon.oslo_config_glue [-] oslo_messaging_rabbit.ssl_ca_file = {{(pid=98867) log_opt_values /opt/stack/data/venv/lib/python3.12/site-packages/oslo_config/cfg.py:3253}}
Jun 25 21:44:58.848699 np0000003653 nova-conductor[98867]: DEBUG cotyledon.oslo_config_glue [-] oslo_messaging_rabbit.ssl_cert_file = {{(pid=98867) log_opt_values /opt/stack/data/venv/lib/python3.12/site-packages/oslo_config/cfg.py:3253}}
Jun 25 21:44:58.848768 np0000003653 nova-conductor[98867]: DEBUG cotyledon.oslo_config_glue [-] oslo_messaging_rabbit.ssl_enforce_fips_mode = False {{(pid=98867) log_opt_values /opt/stack/data/venv/lib/python3.12/site-packages/oslo_config/cfg.py:3253}}
Jun 25 21:44:58.848825 np0000003653 nova-conductor[98867]: DEBUG cotyledon.oslo_config_glue [-] oslo_messaging_rabbit.ssl_enforce_hostname_verification = True {{(pid=98867) log_opt_values /opt/stack/data/venv/lib/python3.12/site-packages/oslo_config/cfg.py:3253}}
Jun 25 21:44:58.848890 np0000003653 nova-conductor[98867]: DEBUG cotyledon.oslo_config_glue [-] oslo_messaging_rabbit.ssl_key_file = {{(pid=98867) log_opt_values /opt/stack/data/venv/lib/python3.12/site-packages/oslo_config/cfg.py:3253}}
Jun 25 21:44:58.848958 np0000003653 nova-conductor[98867]: DEBUG cotyledon.oslo_config_glue [-] oslo_messaging_rabbit.ssl_version = {{(pid=98867) log_opt_values /opt/stack/data/venv/lib/python3.12/site-packages/oslo_config/cfg.py:3253}}
Jun 25 21:44:58.849029 np0000003653 nova-conductor[98867]: DEBUG cotyledon.oslo_config_glue [-] oslo_messaging_rabbit.use_queue_manager = False {{(pid=98867) log_opt_values /opt/stack/data/venv/lib/python3.12/site-packages/oslo_config/cfg.py:3253}}
Jun 25 21:44:58.849127 np0000003653 nova-conductor[98867]: DEBUG cotyledon.oslo_config_glue [-] oslo_messaging_notifications.driver = ['messagingv2'] {{(pid=98867) log_opt_values /opt/stack/data/venv/lib/python3.12/site-packages/oslo_config/cfg.py:3253}}
Jun 25 21:44:58.849212 np0000003653 nova-conductor[98867]: DEBUG cotyledon.oslo_config_glue [-] oslo_messaging_notifications.retry = -1 {{(pid=98867) log_opt_values /opt/stack/data/venv/lib/python3.12/site-packages/oslo_config/cfg.py:3253}}
Jun 25 21:44:58.849301 np0000003653 nova-conductor[98867]: DEBUG cotyledon.oslo_config_glue [-] oslo_messaging_notifications.topics = ['notifications'] {{(pid=98867) log_opt_values /opt/stack/data/venv/lib/python3.12/site-packages/oslo_config/cfg.py:3253}}
Jun 25 21:44:58.849390 np0000003653 nova-conductor[98867]: DEBUG cotyledon.oslo_config_glue [-] oslo_messaging_notifications.transport_url = **** {{(pid=98867) log_opt_values /opt/stack/data/venv/lib/python3.12/site-packages/oslo_config/cfg.py:3253}}
Jun 25 21:44:58.849500 np0000003653 nova-conductor[98867]: DEBUG cotyledon.oslo_config_glue [-] oslo_limit.auth_section = None {{(pid=98867) log_opt_values /opt/stack/data/venv/lib/python3.12/site-packages/oslo_config/cfg.py:3253}}
Jun 25 21:44:58.849591 np0000003653 nova-conductor[98867]: DEBUG cotyledon.oslo_config_glue [-] oslo_limit.auth_type = None {{(pid=98867) log_opt_values /opt/stack/data/venv/lib/python3.12/site-packages/oslo_config/cfg.py:3253}}
Jun 25 21:44:58.849662 np0000003653 nova-conductor[98867]: DEBUG cotyledon.oslo_config_glue [-] oslo_limit.cafile = None {{(pid=98867) log_opt_values /opt/stack/data/venv/lib/python3.12/site-packages/oslo_config/cfg.py:3253}}
Jun 25 21:44:58.849744 np0000003653 nova-conductor[98867]: DEBUG cotyledon.oslo_config_glue [-] oslo_limit.certfile = None {{(pid=98867) log_opt_values /opt/stack/data/venv/lib/python3.12/site-packages/oslo_config/cfg.py:3253}}
Jun 25 21:44:58.849813 np0000003653 nova-conductor[98867]: DEBUG cotyledon.oslo_config_glue [-] oslo_limit.collect_timing = False {{(pid=98867) log_opt_values /opt/stack/data/venv/lib/python3.12/site-packages/oslo_config/cfg.py:3253}}
Jun 25 21:44:58.849894 np0000003653 nova-conductor[98867]: DEBUG cotyledon.oslo_config_glue [-] oslo_limit.connect_retries = None {{(pid=98867) log_opt_values /opt/stack/data/venv/lib/python3.12/site-packages/oslo_config/cfg.py:3253}}
Jun 25 21:44:58.849976 np0000003653 nova-conductor[98867]: DEBUG cotyledon.oslo_config_glue [-] oslo_limit.connect_retry_delay = None {{(pid=98867) log_opt_values /opt/stack/data/venv/lib/python3.12/site-packages/oslo_config/cfg.py:3253}}
Jun 25 21:44:58.850045 np0000003653 nova-conductor[98867]: DEBUG cotyledon.oslo_config_glue [-] oslo_limit.endpoint_id = None {{(pid=98867) log_opt_values /opt/stack/data/venv/lib/python3.12/site-packages/oslo_config/cfg.py:3253}}
Jun 25 21:44:58.850114 np0000003653 nova-conductor[98867]: DEBUG cotyledon.oslo_config_glue [-] oslo_limit.endpoint_interface = public {{(pid=98867) log_opt_values /opt/stack/data/venv/lib/python3.12/site-packages/oslo_config/cfg.py:3253}}
Jun 25 21:44:58.850183 np0000003653 nova-conductor[98867]: DEBUG cotyledon.oslo_config_glue [-] oslo_limit.endpoint_override = None {{(pid=98867) log_opt_values /opt/stack/data/venv/lib/python3.12/site-packages/oslo_config/cfg.py:3253}}
Jun 25 21:44:58.850250 np0000003653 nova-conductor[98867]: DEBUG cotyledon.oslo_config_glue [-] oslo_limit.endpoint_region_name = None {{(pid=98867) log_opt_values /opt/stack/data/venv/lib/python3.12/site-packages/oslo_config/cfg.py:3253}}
Jun 25 21:44:58.850319 np0000003653 nova-conductor[98867]: DEBUG cotyledon.oslo_config_glue [-] oslo_limit.endpoint_service_name = None {{(pid=98867) log_opt_values /opt/stack/data/venv/lib/python3.12/site-packages/oslo_config/cfg.py:3253}}
Jun 25 21:44:58.850388 np0000003653 nova-conductor[98867]: DEBUG cotyledon.oslo_config_glue [-] oslo_limit.endpoint_service_type = None {{(pid=98867) log_opt_values /opt/stack/data/venv/lib/python3.12/site-packages/oslo_config/cfg.py:3253}}
Jun 25 21:44:58.850457 np0000003653 nova-conductor[98867]: DEBUG cotyledon.oslo_config_glue [-] oslo_limit.insecure = False {{(pid=98867) log_opt_values /opt/stack/data/venv/lib/python3.12/site-packages/oslo_config/cfg.py:3253}}
Jun 25 21:44:58.850540 np0000003653 nova-conductor[98867]: DEBUG cotyledon.oslo_config_glue [-] oslo_limit.keyfile = None {{(pid=98867) log_opt_values /opt/stack/data/venv/lib/python3.12/site-packages/oslo_config/cfg.py:3253}}
Jun 25 21:44:58.850610 np0000003653 nova-conductor[98867]: DEBUG cotyledon.oslo_config_glue [-] oslo_limit.max_version = None {{(pid=98867) log_opt_values /opt/stack/data/venv/lib/python3.12/site-packages/oslo_config/cfg.py:3253}}
Jun 25 21:44:58.850681 np0000003653 nova-conductor[98867]: DEBUG cotyledon.oslo_config_glue [-] oslo_limit.min_version = None {{(pid=98867) log_opt_values /opt/stack/data/venv/lib/python3.12/site-packages/oslo_config/cfg.py:3253}}
Jun 25 21:44:58.850758 np0000003653 nova-conductor[98867]: DEBUG cotyledon.oslo_config_glue [-] oslo_limit.region_name = None {{(pid=98867) log_opt_values /opt/stack/data/venv/lib/python3.12/site-packages/oslo_config/cfg.py:3253}}
Jun 25 21:44:58.850825 np0000003653 nova-conductor[98867]: DEBUG cotyledon.oslo_config_glue [-] oslo_limit.retriable_status_codes = None {{(pid=98867) log_opt_values /opt/stack/data/venv/lib/python3.12/site-packages/oslo_config/cfg.py:3253}}
Jun 25 21:44:58.850892 np0000003653 nova-conductor[98867]: DEBUG cotyledon.oslo_config_glue [-] oslo_limit.service_name = None {{(pid=98867) log_opt_values /opt/stack/data/venv/lib/python3.12/site-packages/oslo_config/cfg.py:3253}}
Jun 25 21:44:58.850975 np0000003653 nova-conductor[98867]: DEBUG cotyledon.oslo_config_glue [-] oslo_limit.service_type = None {{(pid=98867) log_opt_values /opt/stack/data/venv/lib/python3.12/site-packages/oslo_config/cfg.py:3253}}
Jun 25 21:44:58.851045 np0000003653 nova-conductor[98867]: DEBUG cotyledon.oslo_config_glue [-] oslo_limit.split_loggers = False {{(pid=98867) log_opt_values /opt/stack/data/venv/lib/python3.12/site-packages/oslo_config/cfg.py:3253}}
Jun 25 21:44:58.851112 np0000003653 nova-conductor[98867]: DEBUG cotyledon.oslo_config_glue [-] oslo_limit.status_code_retries = None {{(pid=98867) log_opt_values /opt/stack/data/venv/lib/python3.12/site-packages/oslo_config/cfg.py:3253}}
Jun 25 21:44:58.851138 np0000003653 nova-conductor[98850]: DEBUG oslo_db.sqlalchemy.engines [None req-03cff6ef-85e8-4169-9d80-105a3037d2be None None] MySQL server mode set to STRICT_TRANS_TABLES,STRICT_ALL_TABLES,NO_ZERO_IN_DATE,NO_ZERO_DATE,ERROR_FOR_DIVISION_BY_ZERO,TRADITIONAL,NO_ENGINE_SUBSTITUTION {{(pid=98850) _check_effective_sql_mode /opt/stack/data/venv/lib/python3.12/site-packages/oslo_db/sqlalchemy/engines.py:325}}
Jun 25 21:44:58.851183 np0000003653 nova-conductor[98867]: DEBUG cotyledon.oslo_config_glue [-] oslo_limit.status_code_retry_delay = None {{(pid=98867) log_opt_values /opt/stack/data/venv/lib/python3.12/site-packages/oslo_config/cfg.py:3253}}
Jun 25 21:44:58.851252 np0000003653 nova-conductor[98867]: DEBUG cotyledon.oslo_config_glue [-] oslo_limit.timeout = None {{(pid=98867) log_opt_values /opt/stack/data/venv/lib/python3.12/site-packages/oslo_config/cfg.py:3253}}
Jun 25 21:44:58.851322 np0000003653 nova-conductor[98867]: DEBUG cotyledon.oslo_config_glue [-] oslo_limit.valid_interfaces = None {{(pid=98867) log_opt_values /opt/stack/data/venv/lib/python3.12/site-packages/oslo_config/cfg.py:3253}}
Jun 25 21:44:58.851388 np0000003653 nova-conductor[98867]: DEBUG cotyledon.oslo_config_glue [-] oslo_limit.version = None {{(pid=98867) log_opt_values /opt/stack/data/venv/lib/python3.12/site-packages/oslo_config/cfg.py:3253}}
Jun 25 21:44:58.851500 np0000003653 nova-conductor[98867]: DEBUG cotyledon.oslo_config_glue [-] oslo_reports.file_event_handler = None {{(pid=98867) log_opt_values /opt/stack/data/venv/lib/python3.12/site-packages/oslo_config/cfg.py:3253}}
Jun 25 21:44:58.851581 np0000003653 nova-conductor[98867]: DEBUG cotyledon.oslo_config_glue [-] oslo_reports.file_event_handler_interval = 1 {{(pid=98867) log_opt_values /opt/stack/data/venv/lib/python3.12/site-packages/oslo_config/cfg.py:3253}}
Jun 25 21:44:58.851663 np0000003653 nova-conductor[98867]: DEBUG cotyledon.oslo_config_glue [-] oslo_reports.log_dir = None {{(pid=98867) log_opt_values /opt/stack/data/venv/lib/python3.12/site-packages/oslo_config/cfg.py:3253}}
Jun 25 21:44:58.851733 np0000003653 nova-conductor[98867]: DEBUG cotyledon.oslo_config_glue [-] ******************************************************************************** {{(pid=98867) log_opt_values /opt/stack/data/venv/lib/python3.12/site-packages/oslo_config/cfg.py:3260}}
Jun 25 21:44:58.851918 np0000003653 nova-conductor[98867]: DEBUG cotyledon._service_worker [-] Run service ServiceWrapper(3) [98867] {{(pid=98867) wait_forever /opt/stack/data/venv/lib/python3.12/site-packages/cotyledon/_service_worker.py:218}}
Jun 25 21:44:58.853054 np0000003653 nova-conductor[98867]: INFO nova.service [-] Starting conductor node (version 33.1.0)
Jun 25 21:44:58.856920 np0000003653 nova-conductor[98867]: INFO dbcounter [None req-963d8daa-1a5a-4369-89e6-248ccab31586 None None] Registered counter for database nova_cell0
Jun 25 21:44:58.860432 np0000003653 nova-conductor[98850]: DEBUG dbcounter [-] [98850] Writer thread running {{(pid=98850) stat_writer /opt/stack/data/venv/lib/python3.12/site-packages/dbcounter.py:102}}
Jun 25 21:44:58.871145 np0000003653 nova-conductor[98856]: DEBUG oslo_db.sqlalchemy.engines [None req-20f98ef0-6b0d-4570-998e-6edd43033643 None None] MySQL server mode set to STRICT_TRANS_TABLES,STRICT_ALL_TABLES,NO_ZERO_IN_DATE,NO_ZERO_DATE,ERROR_FOR_DIVISION_BY_ZERO,TRADITIONAL,NO_ENGINE_SUBSTITUTION {{(pid=98856) _check_effective_sql_mode /opt/stack/data/venv/lib/python3.12/site-packages/oslo_db/sqlalchemy/engines.py:325}}
Jun 25 21:44:58.875557 np0000003653 nova-conductor[98862]: DEBUG oslo_db.sqlalchemy.engines [None req-d199c849-d9ab-4550-946f-5a090dca568d None None] MySQL server mode set to STRICT_TRANS_TABLES,STRICT_ALL_TABLES,NO_ZERO_IN_DATE,NO_ZERO_DATE,ERROR_FOR_DIVISION_BY_ZERO,TRADITIONAL,NO_ENGINE_SUBSTITUTION {{(pid=98862) _check_effective_sql_mode /opt/stack/data/venv/lib/python3.12/site-packages/oslo_db/sqlalchemy/engines.py:325}}
Jun 25 21:44:58.877191 np0000003653 nova-conductor[98850]: DEBUG nova.service [None req-03cff6ef-85e8-4169-9d80-105a3037d2be None None] Creating RPC server for service: nova-conductor on topic: conductor {{(pid=98850) start /opt/stack/nova/nova/service.py:196}}
Jun 25 21:44:58.884777 np0000003653 nova-conductor[98862]: DEBUG dbcounter [-] [98862] Writer thread running {{(pid=98862) stat_writer /opt/stack/data/venv/lib/python3.12/site-packages/dbcounter.py:102}}
Jun 25 21:44:58.886377 np0000003653 nova-conductor[98856]: DEBUG dbcounter [-] [98856] Writer thread running {{(pid=98856) stat_writer /opt/stack/data/venv/lib/python3.12/site-packages/dbcounter.py:102}}
Jun 25 21:44:58.886610 np0000003653 nova-conductor[98862]: DEBUG nova.service [None req-d199c849-d9ab-4550-946f-5a090dca568d None None] Creating RPC server for service: nova-conductor on topic: conductor {{(pid=98862) start /opt/stack/nova/nova/service.py:196}}
Jun 25 21:44:58.890179 np0000003653 nova-conductor[98856]: DEBUG nova.service [None req-20f98ef0-6b0d-4570-998e-6edd43033643 None None] Creating RPC server for service: nova-conductor on topic: conductor {{(pid=98856) start /opt/stack/nova/nova/service.py:196}}
Jun 25 21:44:58.894897 np0000003653 nova-conductor[98867]: DEBUG oslo_db.sqlalchemy.engines [None req-963d8daa-1a5a-4369-89e6-248ccab31586 None None] MySQL server mode set to STRICT_TRANS_TABLES,STRICT_ALL_TABLES,NO_ZERO_IN_DATE,NO_ZERO_DATE,ERROR_FOR_DIVISION_BY_ZERO,TRADITIONAL,NO_ENGINE_SUBSTITUTION {{(pid=98867) _check_effective_sql_mode /opt/stack/data/venv/lib/python3.12/site-packages/oslo_db/sqlalchemy/engines.py:325}}
Jun 25 21:44:58.904136 np0000003653 nova-conductor[98862]: DEBUG nova.service [None req-d199c849-d9ab-4550-946f-5a090dca568d None None] Join ServiceGroup membership for this service conductor {{(pid=98862) start /opt/stack/nova/nova/service.py:222}}
Jun 25 21:44:58.904232 np0000003653 nova-conductor[98867]: DEBUG dbcounter [-] [98867] Writer thread running {{(pid=98867) stat_writer /opt/stack/data/venv/lib/python3.12/site-packages/dbcounter.py:102}}
Jun 25 21:44:58.904292 np0000003653 nova-conductor[98862]: DEBUG nova.servicegroup.drivers.db [None req-d199c849-d9ab-4550-946f-5a090dca568d None None] DB_Driver: join new ServiceGroup member np0000003653 to the conductor group, service = {{(pid=98862) join /opt/stack/nova/nova/servicegroup/drivers/db.py:44}}
Jun 25 21:44:58.906855 np0000003653 nova-conductor[98867]: DEBUG nova.service [None req-963d8daa-1a5a-4369-89e6-248ccab31586 None None] Creating RPC server for service: nova-conductor on topic: conductor {{(pid=98867) start /opt/stack/nova/nova/service.py:196}}
Jun 25 21:44:58.907126 np0000003653 nova-conductor[98856]: DEBUG nova.service [None req-20f98ef0-6b0d-4570-998e-6edd43033643 None None] Join ServiceGroup membership for this service conductor {{(pid=98856) start /opt/stack/nova/nova/service.py:222}}
Jun 25 21:44:58.907356 np0000003653 nova-conductor[98856]: DEBUG nova.servicegroup.drivers.db [None req-20f98ef0-6b0d-4570-998e-6edd43033643 None None] DB_Driver: join new ServiceGroup member np0000003653 to the conductor group, service = {{(pid=98856) join /opt/stack/nova/nova/servicegroup/drivers/db.py:44}}
Jun 25 21:44:58.908431 np0000003653 nova-conductor[98850]: DEBUG nova.service [None req-03cff6ef-85e8-4169-9d80-105a3037d2be None None] Join ServiceGroup membership for this service conductor {{(pid=98850) start /opt/stack/nova/nova/service.py:222}}
Jun 25 21:44:58.908736 np0000003653 nova-conductor[98850]: DEBUG nova.servicegroup.drivers.db [None req-03cff6ef-85e8-4169-9d80-105a3037d2be None None] DB_Driver: join new ServiceGroup member np0000003653 to the conductor group, service = {{(pid=98850) join /opt/stack/nova/nova/servicegroup/drivers/db.py:44}}
Jun 25 21:44:58.923694 np0000003653 nova-conductor[98867]: DEBUG nova.service [None req-963d8daa-1a5a-4369-89e6-248ccab31586 None None] Join ServiceGroup membership for this service conductor {{(pid=98867) start /opt/stack/nova/nova/service.py:222}}
Jun 25 21:44:58.923944 np0000003653 nova-conductor[98867]: DEBUG nova.servicegroup.drivers.db [None req-963d8daa-1a5a-4369-89e6-248ccab31586 None None] DB_Driver: join new ServiceGroup member np0000003653 to the conductor group, service = {{(pid=98867) join /opt/stack/nova/nova/servicegroup/drivers/db.py:44}}
Jun 25 21:45:03.920244 np0000003653 nova-conductor[98862]: DEBUG oslo.service.backend._threading.loopingcall [-] Fixed interval looping call 'nova.servicegroup.drivers.db.DbDriver._report_state' sleeping for 119.99 seconds {{(pid=98862) _run_loop /opt/stack/data/venv/lib/python3.12/site-packages/oslo_service/backend/_threading/loopingcall.py:125}}
Jun 25 21:45:03.920998 np0000003653 nova-conductor[98856]: DEBUG oslo.service.backend._threading.loopingcall [-] Fixed interval looping call 'nova.servicegroup.drivers.db.DbDriver._report_state' sleeping for 119.99 seconds {{(pid=98856) _run_loop /opt/stack/data/venv/lib/python3.12/site-packages/oslo_service/backend/_threading/loopingcall.py:125}}
Jun 25 21:45:03.923926 np0000003653 nova-conductor[98850]: DEBUG oslo.service.backend._threading.loopingcall [-] Fixed interval looping call 'nova.servicegroup.drivers.db.DbDriver._report_state' sleeping for 119.99 seconds {{(pid=98850) _run_loop /opt/stack/data/venv/lib/python3.12/site-packages/oslo_service/backend/_threading/loopingcall.py:125}}
Jun 25 21:45:03.933728 np0000003653 nova-conductor[98867]: DEBUG oslo.service.backend._threading.loopingcall [-] Fixed interval looping call 'nova.servicegroup.drivers.db.DbDriver._report_state' sleeping for 119.99 seconds {{(pid=98867) _run_loop /opt/stack/data/venv/lib/python3.12/site-packages/oslo_service/backend/_threading/loopingcall.py:125}}
Jun 25 21:45:04.910759 np0000003653 nova-conductor[98850]: DEBUG oslo.service.backend._threading.loopingcall [None req-0de40fda-c8b7-4f5d-ad1a-22486d2d0b5a None None] Dynamic interval looping call 'nova.service.Service.periodic_tasks' sleeping for 60.00 seconds {{(pid=98850) _run_loop /opt/stack/data/venv/lib/python3.12/site-packages/oslo_service/backend/_threading/loopingcall.py:125}}
Jun 25 21:45:07.494609 np0000003653 nova-conductor[97357]: DEBUG dbcounter [-] [97357] Writing DB stats nova_api:SELECT=1 {{(pid=97357) stat_writer /opt/stack/data/venv/lib/python3.12/site-packages/dbcounter.py:115}}
Jun 25 21:45:07.615725 np0000003653 nova-conductor[97357]: DEBUG dbcounter [-] [97357] Writing DB stats nova_cell1:SELECT=1 {{(pid=97357) stat_writer /opt/stack/data/venv/lib/python3.12/site-packages/dbcounter.py:115}}
Jun 25 21:45:07.621814 np0000003653 nova-conductor[97357]: DEBUG dbcounter [-] [97357] Writing DB stats nova_cell0:SELECT=1 {{(pid=97357) stat_writer /opt/stack/data/venv/lib/python3.12/site-packages/dbcounter.py:115}}
Jun 25 21:45:13.917354 np0000003653 nova-conductor[98862]: DEBUG dbcounter [-] [98862] Writing DB stats nova_cell0:SELECT=3,nova_cell0:UPDATE=1 {{(pid=98862) stat_writer /opt/stack/data/venv/lib/python3.12/site-packages/dbcounter.py:115}}
Jun 25 21:45:13.918069 np0000003653 nova-conductor[98856]: DEBUG dbcounter [-] [98856] Writing DB stats nova_cell0:SELECT=3,nova_cell0:UPDATE=1 {{(pid=98856) stat_writer /opt/stack/data/venv/lib/python3.12/site-packages/dbcounter.py:115}}
Jun 25 21:45:13.921346 np0000003653 nova-conductor[98850]: DEBUG dbcounter [-] [98850] Writing DB stats nova_cell0:SELECT=4,nova_cell0:INSERT=1,nova_cell0:UPDATE=1 {{(pid=98850) stat_writer /opt/stack/data/venv/lib/python3.12/site-packages/dbcounter.py:115}}
Jun 25 21:45:13.931292 np0000003653 nova-conductor[98867]: DEBUG dbcounter [-] [98867] Writing DB stats nova_cell0:SELECT=3 {{(pid=98867) stat_writer /opt/stack/data/venv/lib/python3.12/site-packages/dbcounter.py:115}}
Jun 25 21:45:15.926056 np0000003653 nova-conductor[98867]: DEBUG oslo.service.backend._threading.loopingcall [None req-e55b53f2-bc1e-41a7-842a-1e3f7f17701b None None] Dynamic interval looping call 'nova.service.Service.periodic_tasks' sleeping for 60.00 seconds {{(pid=98867) _run_loop /opt/stack/data/venv/lib/python3.12/site-packages/oslo_service/backend/_threading/loopingcall.py:125}}
Jun 25 21:45:36.906374 np0000003653 nova-conductor[98862]: DEBUG oslo.service.backend._threading.loopingcall [None req-dda7b55d-ef76-49ed-824a-b3d8f33461c8 None None] Dynamic interval looping call 'nova.service.Service.periodic_tasks' sleeping for 60.00 seconds {{(pid=98862) _run_loop /opt/stack/data/venv/lib/python3.12/site-packages/oslo_service/backend/_threading/loopingcall.py:125}}
Jun 25 21:45:47.909335 np0000003653 nova-conductor[98856]: DEBUG oslo.service.backend._threading.loopingcall [None req-0e271388-b86b-411a-a547-5816d3278afa None None] Dynamic interval looping call 'nova.service.Service.periodic_tasks' sleeping for 60.00 seconds {{(pid=98856) _run_loop /opt/stack/data/venv/lib/python3.12/site-packages/oslo_service/backend/_threading/loopingcall.py:125}}
Jun 25 21:46:04.911196 np0000003653 nova-conductor[98850]: DEBUG oslo.service.backend._threading.loopingcall [None req-0de40fda-c8b7-4f5d-ad1a-22486d2d0b5a None None] Dynamic interval looping call 'nova.service.Service.periodic_tasks' sleeping for 60.00 seconds {{(pid=98850) _run_loop /opt/stack/data/venv/lib/python3.12/site-packages/oslo_service/backend/_threading/loopingcall.py:125}}
Jun 25 21:46:15.926555 np0000003653 nova-conductor[98867]: DEBUG oslo.service.backend._threading.loopingcall [None req-e55b53f2-bc1e-41a7-842a-1e3f7f17701b None None] Dynamic interval looping call 'nova.service.Service.periodic_tasks' sleeping for 60.00 seconds {{(pid=98867) _run_loop /opt/stack/data/venv/lib/python3.12/site-packages/oslo_service/backend/_threading/loopingcall.py:125}}
Jun 25 21:46:36.906925 np0000003653 nova-conductor[98862]: DEBUG oslo.service.backend._threading.loopingcall [None req-dda7b55d-ef76-49ed-824a-b3d8f33461c8 None None] Dynamic interval looping call 'nova.service.Service.periodic_tasks' sleeping for 60.00 seconds {{(pid=98862) _run_loop /opt/stack/data/venv/lib/python3.12/site-packages/oslo_service/backend/_threading/loopingcall.py:125}}
Jun 25 21:46:47.909895 np0000003653 nova-conductor[98856]: DEBUG oslo.service.backend._threading.loopingcall [None req-0e271388-b86b-411a-a547-5816d3278afa None None] Dynamic interval looping call 'nova.service.Service.periodic_tasks' sleeping for 60.00 seconds {{(pid=98856) _run_loop /opt/stack/data/venv/lib/python3.12/site-packages/oslo_service/backend/_threading/loopingcall.py:125}}
Jun 25 21:47:04.020000 np0000003653 nova-conductor[98862]: DEBUG oslo.service.backend._threading.loopingcall [-] Fixed interval looping call 'nova.servicegroup.drivers.db.DbDriver._report_state' sleeping for 119.89 seconds {{(pid=98862) _run_loop /opt/stack/data/venv/lib/python3.12/site-packages/oslo_service/backend/_threading/loopingcall.py:125}}
Jun 25 21:47:04.020879 np0000003653 nova-conductor[98856]: DEBUG oslo.service.backend._threading.loopingcall [-] Fixed interval looping call 'nova.servicegroup.drivers.db.DbDriver._report_state' sleeping for 119.89 seconds {{(pid=98856) _run_loop /opt/stack/data/venv/lib/python3.12/site-packages/oslo_service/backend/_threading/loopingcall.py:125}}
Jun 25 21:47:04.021234 np0000003653 nova-conductor[98850]: DEBUG oslo.service.backend._threading.loopingcall [-] Fixed interval looping call 'nova.servicegroup.drivers.db.DbDriver._report_state' sleeping for 119.89 seconds {{(pid=98850) _run_loop /opt/stack/data/venv/lib/python3.12/site-packages/oslo_service/backend/_threading/loopingcall.py:125}}
Jun 25 21:47:04.021968 np0000003653 nova-conductor[98867]: DEBUG oslo.service.backend._threading.loopingcall [-] Fixed interval looping call 'nova.servicegroup.drivers.db.DbDriver._report_state' sleeping for 119.90 seconds {{(pid=98867) _run_loop /opt/stack/data/venv/lib/python3.12/site-packages/oslo_service/backend/_threading/loopingcall.py:125}}
Jun 25 21:47:04.911693 np0000003653 nova-conductor[98850]: DEBUG oslo.service.backend._threading.loopingcall [None req-0de40fda-c8b7-4f5d-ad1a-22486d2d0b5a None None] Dynamic interval looping call 'nova.service.Service.periodic_tasks' sleeping for 60.00 seconds {{(pid=98850) _run_loop /opt/stack/data/venv/lib/python3.12/site-packages/oslo_service/backend/_threading/loopingcall.py:125}}
Jun 25 21:47:13.915345 np0000003653 nova-conductor[98856]: DEBUG dbcounter [-] [98856] Writing DB stats nova_cell0:SELECT=1,nova_cell0:UPDATE=1 {{(pid=98856) stat_writer /opt/stack/data/venv/lib/python3.12/site-packages/dbcounter.py:115}}
Jun 25 21:47:13.916422 np0000003653 nova-conductor[98862]: DEBUG dbcounter [-] [98862] Writing DB stats nova_cell0:SELECT=1,nova_cell0:UPDATE=1 {{(pid=98862) stat_writer /opt/stack/data/venv/lib/python3.12/site-packages/dbcounter.py:115}}
Jun 25 21:47:13.917948 np0000003653 nova-conductor[98850]: DEBUG dbcounter [-] [98850] Writing DB stats nova_cell0:SELECT=1,nova_cell0:UPDATE=1 {{(pid=98850) stat_writer /opt/stack/data/venv/lib/python3.12/site-packages/dbcounter.py:115}}
Jun 25 21:47:13.928949 np0000003653 nova-conductor[98867]: DEBUG dbcounter [-] [98867] Writing DB stats nova_cell0:SELECT=1,nova_cell0:UPDATE=1 {{(pid=98867) stat_writer /opt/stack/data/venv/lib/python3.12/site-packages/dbcounter.py:115}}
Jun 25 21:47:15.926984 np0000003653 nova-conductor[98867]: DEBUG oslo.service.backend._threading.loopingcall [None req-e55b53f2-bc1e-41a7-842a-1e3f7f17701b None None] Dynamic interval looping call 'nova.service.Service.periodic_tasks' sleeping for 60.00 seconds {{(pid=98867) _run_loop /opt/stack/data/venv/lib/python3.12/site-packages/oslo_service/backend/_threading/loopingcall.py:125}}
Jun 25 21:47:32.781924 np0000003653 nova-conductor[98862]: DEBUG oslo_db.sqlalchemy.engines [None req-c3d62c13-63fd-4d94-b035-fa36e965d74a tempest-AttachVolumeTestJSON-794498653 tempest-AttachVolumeTestJSON-794498653-project-member] Parent process 97357 forked (98862) with an open database connection, which is being discarded and recreated. {{(pid=98862) checkout /opt/stack/data/venv/lib/python3.12/site-packages/oslo_db/sqlalchemy/engines.py:402}}
Jun 25 21:47:32.829107 np0000003653 nova-conductor[98862]: DEBUG dbcounter [-] [98862] Writer thread running {{(pid=98862) stat_writer /opt/stack/data/venv/lib/python3.12/site-packages/dbcounter.py:102}}
Jun 25 21:47:33.039218 np0000003653 nova-conductor[98856]: DEBUG dbcounter [-] [98856] Writer thread running {{(pid=98856) stat_writer /opt/stack/data/venv/lib/python3.12/site-packages/dbcounter.py:102}}
Jun 25 21:47:34.076570 np0000003653 nova-conductor[98856]: DEBUG nova.conductor.manager [None req-9048d7e8-529e-4f74-81b2-b7cbad75080f tempest-ServerActionsTestOtherB-547894596 tempest-ServerActionsTestOtherB-547894596-project-member] Took 1.04 seconds to select destinations for 1 instance(s). {{(pid=98856) _schedule_instances /opt/stack/nova/nova/conductor/manager.py:968}}
Jun 25 21:47:34.107941 np0000003653 nova-conductor[98856]: DEBUG oslo_concurrency.lockutils [None req-9048d7e8-529e-4f74-81b2-b7cbad75080f tempest-ServerActionsTestOtherB-547894596 tempest-ServerActionsTestOtherB-547894596-project-member] Acquiring lock "00352bd8-2bf3-48c9-bcf2-3eee6c093608" by "nova.context.set_target_cell..get_or_set_cached_cell_and_set_connections" {{(pid=98856) inner /opt/stack/data/venv/lib/python3.12/site-packages/oslo_concurrency/lockutils.py:511}}
Jun 25 21:47:34.107941 np0000003653 nova-conductor[98856]: DEBUG oslo_concurrency.lockutils [None req-9048d7e8-529e-4f74-81b2-b7cbad75080f tempest-ServerActionsTestOtherB-547894596 tempest-ServerActionsTestOtherB-547894596-project-member] Lock "00352bd8-2bf3-48c9-bcf2-3eee6c093608" acquired by "nova.context.set_target_cell..get_or_set_cached_cell_and_set_connections" :: waited 0.000s {{(pid=98856) inner /opt/stack/data/venv/lib/python3.12/site-packages/oslo_concurrency/lockutils.py:524}}
Jun 25 21:47:34.109500 np0000003653 nova-conductor[98856]: DEBUG oslo_concurrency.lockutils [None req-9048d7e8-529e-4f74-81b2-b7cbad75080f tempest-ServerActionsTestOtherB-547894596 tempest-ServerActionsTestOtherB-547894596-project-member] Lock "00352bd8-2bf3-48c9-bcf2-3eee6c093608" "released" by "nova.context.set_target_cell..get_or_set_cached_cell_and_set_connections" :: held 0.001s {{(pid=98856) inner /opt/stack/data/venv/lib/python3.12/site-packages/oslo_concurrency/lockutils.py:543}}
Jun 25 21:47:34.111447 np0000003653 nova-conductor[98856]: INFO dbcounter [None req-9048d7e8-529e-4f74-81b2-b7cbad75080f tempest-ServerActionsTestOtherB-547894596 tempest-ServerActionsTestOtherB-547894596-project-member] Registered counter for database nova_cell1
Jun 25 21:47:34.149389 np0000003653 nova-conductor[98856]: DEBUG oslo_db.sqlalchemy.engines [None req-9048d7e8-529e-4f74-81b2-b7cbad75080f tempest-ServerActionsTestOtherB-547894596 tempest-ServerActionsTestOtherB-547894596-project-member] MySQL server mode set to STRICT_TRANS_TABLES,STRICT_ALL_TABLES,NO_ZERO_IN_DATE,NO_ZERO_DATE,ERROR_FOR_DIVISION_BY_ZERO,TRADITIONAL,NO_ENGINE_SUBSTITUTION {{(pid=98856) _check_effective_sql_mode /opt/stack/data/venv/lib/python3.12/site-packages/oslo_db/sqlalchemy/engines.py:325}}
Jun 25 21:47:34.156048 np0000003653 nova-conductor[98856]: DEBUG dbcounter [-] [98856] Writer thread running {{(pid=98856) stat_writer /opt/stack/data/venv/lib/python3.12/site-packages/dbcounter.py:102}}
Jun 25 21:47:34.235118 np0000003653 nova-conductor[98856]: INFO nova.utils [None req-9048d7e8-529e-4f74-81b2-b7cbad75080f tempest-ServerActionsTestOtherB-547894596 tempest-ServerActionsTestOtherB-547894596-project-member] The cell worker thread pool ForkProcess-2.cell_worker is initialized
Jun 25 21:47:34.235427 np0000003653 nova-conductor[98856]: DEBUG oslo_concurrency.lockutils [None req-9048d7e8-529e-4f74-81b2-b7cbad75080f tempest-ServerActionsTestOtherB-547894596 tempest-ServerActionsTestOtherB-547894596-project-member] Acquiring lock "00000000-0000-0000-0000-000000000000" by "nova.context.set_target_cell..get_or_set_cached_cell_and_set_connections" {{(pid=98856) inner /opt/stack/data/venv/lib/python3.12/site-packages/oslo_concurrency/lockutils.py:511}}
Jun 25 21:47:34.235595 np0000003653 nova-conductor[98856]: DEBUG oslo_concurrency.lockutils [None req-9048d7e8-529e-4f74-81b2-b7cbad75080f tempest-ServerActionsTestOtherB-547894596 tempest-ServerActionsTestOtherB-547894596-project-member] Lock "00000000-0000-0000-0000-000000000000" acquired by "nova.context.set_target_cell..get_or_set_cached_cell_and_set_connections" :: waited 0.000s {{(pid=98856) inner /opt/stack/data/venv/lib/python3.12/site-packages/oslo_concurrency/lockutils.py:524}}
Jun 25 21:47:34.235932 np0000003653 nova-conductor[98856]: DEBUG oslo_concurrency.lockutils [None req-9048d7e8-529e-4f74-81b2-b7cbad75080f tempest-ServerActionsTestOtherB-547894596 tempest-ServerActionsTestOtherB-547894596-project-member] Lock "00000000-0000-0000-0000-000000000000" "released" by "nova.context.set_target_cell..get_or_set_cached_cell_and_set_connections" :: held 0.000s {{(pid=98856) inner /opt/stack/data/venv/lib/python3.12/site-packages/oslo_concurrency/lockutils.py:543}}
Jun 25 21:47:34.236908 np0000003653 nova-conductor[98856]: DEBUG oslo_concurrency.lockutils [None req-9048d7e8-529e-4f74-81b2-b7cbad75080f tempest-ServerActionsTestOtherB-547894596 tempest-ServerActionsTestOtherB-547894596-project-member] Acquiring lock "00352bd8-2bf3-48c9-bcf2-3eee6c093608" by "nova.context.set_target_cell..get_or_set_cached_cell_and_set_connections" {{(pid=98856) inner /opt/stack/data/venv/lib/python3.12/site-packages/oslo_concurrency/lockutils.py:511}}
Jun 25 21:47:34.237069 np0000003653 nova-conductor[98856]: DEBUG oslo_concurrency.lockutils [None req-9048d7e8-529e-4f74-81b2-b7cbad75080f tempest-ServerActionsTestOtherB-547894596 tempest-ServerActionsTestOtherB-547894596-project-member] Lock "00352bd8-2bf3-48c9-bcf2-3eee6c093608" acquired by "nova.context.set_target_cell..get_or_set_cached_cell_and_set_connections" :: waited 0.000s {{(pid=98856) inner /opt/stack/data/venv/lib/python3.12/site-packages/oslo_concurrency/lockutils.py:524}}
Jun 25 21:47:34.238723 np0000003653 nova-conductor[98856]: INFO dbcounter [None req-9048d7e8-529e-4f74-81b2-b7cbad75080f tempest-ServerActionsTestOtherB-547894596 tempest-ServerActionsTestOtherB-547894596-project-member] Registered counter for database nova_cell0
Jun 25 21:47:34.239949 np0000003653 nova-conductor[98856]: DEBUG oslo_concurrency.lockutils [None req-9048d7e8-529e-4f74-81b2-b7cbad75080f tempest-ServerActionsTestOtherB-547894596 tempest-ServerActionsTestOtherB-547894596-project-member] Lock "00352bd8-2bf3-48c9-bcf2-3eee6c093608" "released" by "nova.context.set_target_cell..get_or_set_cached_cell_and_set_connections" :: held 0.001s {{(pid=98856) inner /opt/stack/data/venv/lib/python3.12/site-packages/oslo_concurrency/lockutils.py:543}}
Jun 25 21:47:34.301437 np0000003653 nova-conductor[98856]: DEBUG oslo_db.sqlalchemy.engines [None req-9048d7e8-529e-4f74-81b2-b7cbad75080f tempest-ServerActionsTestOtherB-547894596 tempest-ServerActionsTestOtherB-547894596-project-member] MySQL server mode set to STRICT_TRANS_TABLES,STRICT_ALL_TABLES,NO_ZERO_IN_DATE,NO_ZERO_DATE,ERROR_FOR_DIVISION_BY_ZERO,TRADITIONAL,NO_ENGINE_SUBSTITUTION {{(pid=98856) _check_effective_sql_mode /opt/stack/data/venv/lib/python3.12/site-packages/oslo_db/sqlalchemy/engines.py:325}}
Jun 25 21:47:34.306752 np0000003653 nova-conductor[98856]: DEBUG dbcounter [-] [98856] Writer thread running {{(pid=98856) stat_writer /opt/stack/data/venv/lib/python3.12/site-packages/dbcounter.py:102}}
Jun 25 21:47:34.315840 np0000003653 nova-conductor[98856]: DEBUG nova.quota [None req-9048d7e8-529e-4f74-81b2-b7cbad75080f tempest-ServerActionsTestOtherB-547894596 tempest-ServerActionsTestOtherB-547894596-project-member] Getting quotas for project 6842bb13b1d0499bb2078efa7ccef554. Resources: {'instances', 'ram', 'cores'} {{(pid=98856) _get_quotas /opt/stack/nova/nova/quota.py:392}}
Jun 25 21:47:34.319416 np0000003653 nova-conductor[98856]: DEBUG nova.quota [None req-9048d7e8-529e-4f74-81b2-b7cbad75080f tempest-ServerActionsTestOtherB-547894596 tempest-ServerActionsTestOtherB-547894596-project-member] Getting quotas for user 1aa07187950f4f01b91f19a7a4ecd0d5 and project 6842bb13b1d0499bb2078efa7ccef554. Resources: {'instances', 'ram', 'cores'} {{(pid=98856) _get_quotas /opt/stack/nova/nova/quota.py:382}}
Jun 25 21:47:34.328875 np0000003653 nova-conductor[98856]: DEBUG nova.conductor.manager [None req-9048d7e8-529e-4f74-81b2-b7cbad75080f tempest-ServerActionsTestOtherB-547894596 tempest-ServerActionsTestOtherB-547894596-project-member] [instance: b4a6c692-6f0a-4aeb-b799-b2b2727ae52a] Selected host: np0000003653; Selected node: np0000003653; Alternates: [] {{(pid=98856) schedule_and_build_instances /opt/stack/nova/nova/conductor/manager.py:1784}}
Jun 25 21:47:34.329366 np0000003653 nova-conductor[98856]: DEBUG oslo_concurrency.lockutils [None req-9048d7e8-529e-4f74-81b2-b7cbad75080f tempest-ServerActionsTestOtherB-547894596 tempest-ServerActionsTestOtherB-547894596-project-member] Acquiring lock "00352bd8-2bf3-48c9-bcf2-3eee6c093608" by "nova.context.set_target_cell..get_or_set_cached_cell_and_set_connections" {{(pid=98856) inner /opt/stack/data/venv/lib/python3.12/site-packages/oslo_concurrency/lockutils.py:511}}
Jun 25 21:47:34.329503 np0000003653 nova-conductor[98856]: DEBUG oslo_concurrency.lockutils [None req-9048d7e8-529e-4f74-81b2-b7cbad75080f tempest-ServerActionsTestOtherB-547894596 tempest-ServerActionsTestOtherB-547894596-project-member] Lock "00352bd8-2bf3-48c9-bcf2-3eee6c093608" acquired by "nova.context.set_target_cell..get_or_set_cached_cell_and_set_connections" :: waited 0.000s {{(pid=98856) inner /opt/stack/data/venv/lib/python3.12/site-packages/oslo_concurrency/lockutils.py:524}}
Jun 25 21:47:34.329631 np0000003653 nova-conductor[98856]: DEBUG oslo_concurrency.lockutils [None req-9048d7e8-529e-4f74-81b2-b7cbad75080f tempest-ServerActionsTestOtherB-547894596 tempest-ServerActionsTestOtherB-547894596-project-member] Lock "00352bd8-2bf3-48c9-bcf2-3eee6c093608" "released" by "nova.context.set_target_cell..get_or_set_cached_cell_and_set_connections" :: held 0.000s {{(pid=98856) inner /opt/stack/data/venv/lib/python3.12/site-packages/oslo_concurrency/lockutils.py:543}}
Jun 25 21:47:34.339247 np0000003653 nova-conductor[98856]: DEBUG nova.conductor.manager [None req-9048d7e8-529e-4f74-81b2-b7cbad75080f tempest-ServerActionsTestOtherB-547894596 tempest-ServerActionsTestOtherB-547894596-project-member] [instance: b4a6c692-6f0a-4aeb-b799-b2b2727ae52a] block_device_mapping [BlockDeviceMapping(attachment_id=,boot_index=0,connection_info=None,created_at=,delete_on_termination=True,deleted=,deleted_at=,destination_type='local',device_name=None,device_type='disk',disk_bus=None,encrypted=False,encryption_format=None,encryption_options=None,encryption_secret_uuid=None,guest_format=None,id=,image_id='16c42ac7-f428-44e1-915e-74ebed4fadff',instance=,instance_uuid=,no_device=False,snapshot_id=None,source_type='image',tag=None,updated_at=,uuid=,volume_id=None,volume_size=None,volume_type=None)] {{(pid=98856) _create_block_device_mapping /opt/stack/nova/nova/conductor/manager.py:1529}}
Jun 25 21:47:34.340685 np0000003653 nova-conductor[98856]: DEBUG oslo_concurrency.lockutils [None req-9048d7e8-529e-4f74-81b2-b7cbad75080f tempest-ServerActionsTestOtherB-547894596 tempest-ServerActionsTestOtherB-547894596-project-member] Acquiring lock "00352bd8-2bf3-48c9-bcf2-3eee6c093608" by "nova.context.set_target_cell..get_or_set_cached_cell_and_set_connections" {{(pid=98856) inner /opt/stack/data/venv/lib/python3.12/site-packages/oslo_concurrency/lockutils.py:511}}
Jun 25 21:47:34.340875 np0000003653 nova-conductor[98856]: DEBUG oslo_concurrency.lockutils [None req-9048d7e8-529e-4f74-81b2-b7cbad75080f tempest-ServerActionsTestOtherB-547894596 tempest-ServerActionsTestOtherB-547894596-project-member] Lock "00352bd8-2bf3-48c9-bcf2-3eee6c093608" acquired by "nova.context.set_target_cell..get_or_set_cached_cell_and_set_connections" :: waited 0.000s {{(pid=98856) inner /opt/stack/data/venv/lib/python3.12/site-packages/oslo_concurrency/lockutils.py:524}}
Jun 25 21:47:34.341033 np0000003653 nova-conductor[98856]: DEBUG oslo_concurrency.lockutils [None req-9048d7e8-529e-4f74-81b2-b7cbad75080f tempest-ServerActionsTestOtherB-547894596 tempest-ServerActionsTestOtherB-547894596-project-member] Lock "00352bd8-2bf3-48c9-bcf2-3eee6c093608" "released" by "nova.context.set_target_cell..get_or_set_cached_cell_and_set_connections" :: held 0.000s {{(pid=98856) inner /opt/stack/data/venv/lib/python3.12/site-packages/oslo_concurrency/lockutils.py:543}}
Jun 25 21:47:34.358220 np0000003653 nova-conductor[98862]: DEBUG nova.conductor.manager [None req-c3d62c13-63fd-4d94-b035-fa36e965d74a tempest-AttachVolumeTestJSON-794498653 tempest-AttachVolumeTestJSON-794498653-project-member] Took 1.53 seconds to select destinations for 1 instance(s). {{(pid=98862) _schedule_instances /opt/stack/nova/nova/conductor/manager.py:968}}
Jun 25 21:47:34.391109 np0000003653 nova-conductor[98856]: DEBUG oslo_concurrency.lockutils [None req-9048d7e8-529e-4f74-81b2-b7cbad75080f tempest-ServerActionsTestOtherB-547894596 tempest-ServerActionsTestOtherB-547894596-project-member] Acquiring lock "00352bd8-2bf3-48c9-bcf2-3eee6c093608" by "nova.context.set_target_cell..get_or_set_cached_cell_and_set_connections" {{(pid=98856) inner /opt/stack/data/venv/lib/python3.12/site-packages/oslo_concurrency/lockutils.py:511}}
