Jul 09 15:28:57.218627 np0000004913 nova-conductor[95561]: DEBUG cotyledon.oslo_config_glue [-] oslo_messaging_notifications.driver = ['messagingv2'] {{(pid=95561) log_opt_values /opt/stack/data/venv/lib/python3.12/site-packages/oslo_config/cfg.py:3253}}
Jul 09 15:28:57.218673 np0000004913 nova-conductor[95561]: DEBUG cotyledon.oslo_config_glue [-] oslo_messaging_notifications.retry = -1 {{(pid=95561) log_opt_values /opt/stack/data/venv/lib/python3.12/site-packages/oslo_config/cfg.py:3253}}
Jul 09 15:28:57.218721 np0000004913 nova-conductor[95561]: DEBUG cotyledon.oslo_config_glue [-] oslo_messaging_notifications.topics = ['notifications'] {{(pid=95561) log_opt_values /opt/stack/data/venv/lib/python3.12/site-packages/oslo_config/cfg.py:3253}}
Jul 09 15:28:57.218768 np0000004913 nova-conductor[95561]: DEBUG cotyledon.oslo_config_glue [-] oslo_messaging_notifications.transport_url = **** {{(pid=95561) log_opt_values /opt/stack/data/venv/lib/python3.12/site-packages/oslo_config/cfg.py:3253}}
Jul 09 15:28:57.218823 np0000004913 nova-conductor[95561]: DEBUG cotyledon.oslo_config_glue [-] oslo_limit.auth_section = None {{(pid=95561) log_opt_values /opt/stack/data/venv/lib/python3.12/site-packages/oslo_config/cfg.py:3253}}
Jul 09 15:28:57.218868 np0000004913 nova-conductor[95561]: DEBUG cotyledon.oslo_config_glue [-] oslo_limit.auth_type = None {{(pid=95561) log_opt_values /opt/stack/data/venv/lib/python3.12/site-packages/oslo_config/cfg.py:3253}}
Jul 09 15:28:57.218910 np0000004913 nova-conductor[95561]: DEBUG cotyledon.oslo_config_glue [-] oslo_limit.cafile = None {{(pid=95561) log_opt_values /opt/stack/data/venv/lib/python3.12/site-packages/oslo_config/cfg.py:3253}}
Jul 09 15:28:57.218942 np0000004913 nova-conductor[95561]: DEBUG cotyledon.oslo_config_glue [-] oslo_limit.certfile = None {{(pid=95561) log_opt_values /opt/stack/data/venv/lib/python3.12/site-packages/oslo_config/cfg.py:3253}}
Jul 09 15:28:57.219014 np0000004913 nova-conductor[95561]: DEBUG cotyledon.oslo_config_glue [-] oslo_limit.collect_timing = False {{(pid=95561) log_opt_values /opt/stack/data/venv/lib/python3.12/site-packages/oslo_config/cfg.py:3253}}
Jul 09 15:28:57.219088 np0000004913 nova-conductor[95561]: DEBUG cotyledon.oslo_config_glue [-] oslo_limit.connect_retries = None {{(pid=95561) log_opt_values /opt/stack/data/venv/lib/python3.12/site-packages/oslo_config/cfg.py:3253}}
Jul 09 15:28:57.219130 np0000004913 nova-conductor[95561]: DEBUG cotyledon.oslo_config_glue [-] oslo_limit.connect_retry_delay = None {{(pid=95561) log_opt_values /opt/stack/data/venv/lib/python3.12/site-packages/oslo_config/cfg.py:3253}}
Jul 09 15:28:57.219190 np0000004913 nova-conductor[95561]: DEBUG cotyledon.oslo_config_glue [-] oslo_limit.endpoint_id = None {{(pid=95561) log_opt_values /opt/stack/data/venv/lib/python3.12/site-packages/oslo_config/cfg.py:3253}}
Jul 09 15:28:57.219224 np0000004913 nova-conductor[95561]: DEBUG cotyledon.oslo_config_glue [-] oslo_limit.endpoint_interface = public {{(pid=95561) log_opt_values /opt/stack/data/venv/lib/python3.12/site-packages/oslo_config/cfg.py:3253}}
Jul 09 15:28:57.219262 np0000004913 nova-conductor[95561]: DEBUG cotyledon.oslo_config_glue [-] oslo_limit.endpoint_override = None {{(pid=95561) log_opt_values /opt/stack/data/venv/lib/python3.12/site-packages/oslo_config/cfg.py:3253}}
Jul 09 15:28:57.219289 np0000004913 nova-conductor[95561]: DEBUG cotyledon.oslo_config_glue [-] oslo_limit.endpoint_region_name = None {{(pid=95561) log_opt_values /opt/stack/data/venv/lib/python3.12/site-packages/oslo_config/cfg.py:3253}}
Jul 09 15:28:57.219341 np0000004913 nova-conductor[95561]: DEBUG cotyledon.oslo_config_glue [-] oslo_limit.endpoint_service_name = None {{(pid=95561) log_opt_values /opt/stack/data/venv/lib/python3.12/site-packages/oslo_config/cfg.py:3253}}
Jul 09 15:28:57.219407 np0000004913 nova-conductor[95561]: DEBUG cotyledon.oslo_config_glue [-] oslo_limit.endpoint_service_type = None {{(pid=95561) log_opt_values /opt/stack/data/venv/lib/python3.12/site-packages/oslo_config/cfg.py:3253}}
Jul 09 15:28:57.219469 np0000004913 nova-conductor[95561]: DEBUG cotyledon.oslo_config_glue [-] oslo_limit.insecure = False {{(pid=95561) log_opt_values /opt/stack/data/venv/lib/python3.12/site-packages/oslo_config/cfg.py:3253}}
Jul 09 15:28:57.219500 np0000004913 nova-conductor[95561]: DEBUG cotyledon.oslo_config_glue [-] oslo_limit.keyfile = None {{(pid=95561) log_opt_values /opt/stack/data/venv/lib/python3.12/site-packages/oslo_config/cfg.py:3253}}
Jul 09 15:28:57.219542 np0000004913 nova-conductor[95561]: DEBUG cotyledon.oslo_config_glue [-] oslo_limit.max_version = None {{(pid=95561) log_opt_values /opt/stack/data/venv/lib/python3.12/site-packages/oslo_config/cfg.py:3253}}
Jul 09 15:28:57.219568 np0000004913 nova-conductor[95561]: DEBUG cotyledon.oslo_config_glue [-] oslo_limit.min_version = None {{(pid=95561) log_opt_values /opt/stack/data/venv/lib/python3.12/site-packages/oslo_config/cfg.py:3253}}
Jul 09 15:28:57.219611 np0000004913 nova-conductor[95561]: DEBUG cotyledon.oslo_config_glue [-] oslo_limit.region_name = None {{(pid=95561) log_opt_values /opt/stack/data/venv/lib/python3.12/site-packages/oslo_config/cfg.py:3253}}
Jul 09 15:28:57.219648 np0000004913 nova-conductor[95561]: DEBUG cotyledon.oslo_config_glue [-] oslo_limit.retriable_status_codes = None {{(pid=95561) log_opt_values /opt/stack/data/venv/lib/python3.12/site-packages/oslo_config/cfg.py:3253}}
Jul 09 15:28:57.219691 np0000004913 nova-conductor[95561]: DEBUG cotyledon.oslo_config_glue [-] oslo_limit.service_name = None {{(pid=95561) log_opt_values /opt/stack/data/venv/lib/python3.12/site-packages/oslo_config/cfg.py:3253}}
Jul 09 15:28:57.219736 np0000004913 nova-conductor[95561]: DEBUG cotyledon.oslo_config_glue [-] oslo_limit.service_type = None {{(pid=95561) log_opt_values /opt/stack/data/venv/lib/python3.12/site-packages/oslo_config/cfg.py:3253}}
Jul 09 15:28:57.219781 np0000004913 nova-conductor[95561]: DEBUG cotyledon.oslo_config_glue [-] oslo_limit.split_loggers = False {{(pid=95561) log_opt_values /opt/stack/data/venv/lib/python3.12/site-packages/oslo_config/cfg.py:3253}}
Jul 09 15:28:57.219813 np0000004913 nova-conductor[95561]: DEBUG cotyledon.oslo_config_glue [-] oslo_limit.status_code_retries = None {{(pid=95561) log_opt_values /opt/stack/data/venv/lib/python3.12/site-packages/oslo_config/cfg.py:3253}}
Jul 09 15:28:57.219850 np0000004913 nova-conductor[95561]: DEBUG cotyledon.oslo_config_glue [-] oslo_limit.status_code_retry_delay = None {{(pid=95561) log_opt_values /opt/stack/data/venv/lib/python3.12/site-packages/oslo_config/cfg.py:3253}}
Jul 09 15:28:57.219892 np0000004913 nova-conductor[95561]: DEBUG cotyledon.oslo_config_glue [-] oslo_limit.timeout = None {{(pid=95561) log_opt_values /opt/stack/data/venv/lib/python3.12/site-packages/oslo_config/cfg.py:3253}}
Jul 09 15:28:57.219929 np0000004913 nova-conductor[95561]: DEBUG cotyledon.oslo_config_glue [-] oslo_limit.valid_interfaces = None {{(pid=95561) log_opt_values /opt/stack/data/venv/lib/python3.12/site-packages/oslo_config/cfg.py:3253}}
Jul 09 15:28:57.219954 np0000004913 nova-conductor[95561]: DEBUG cotyledon.oslo_config_glue [-] oslo_limit.version = None {{(pid=95561) log_opt_values /opt/stack/data/venv/lib/python3.12/site-packages/oslo_config/cfg.py:3253}}
Jul 09 15:28:57.220062 np0000004913 nova-conductor[95561]: DEBUG cotyledon.oslo_config_glue [-] oslo_reports.file_event_handler = None {{(pid=95561) log_opt_values /opt/stack/data/venv/lib/python3.12/site-packages/oslo_config/cfg.py:3253}}
Jul 09 15:28:57.220107 np0000004913 nova-conductor[95561]: DEBUG cotyledon.oslo_config_glue [-] oslo_reports.file_event_handler_interval = 1 {{(pid=95561) log_opt_values /opt/stack/data/venv/lib/python3.12/site-packages/oslo_config/cfg.py:3253}}
Jul 09 15:28:57.220163 np0000004913 nova-conductor[95561]: DEBUG cotyledon.oslo_config_glue [-] oslo_reports.log_dir = None {{(pid=95561) log_opt_values /opt/stack/data/venv/lib/python3.12/site-packages/oslo_config/cfg.py:3253}}
Jul 09 15:28:57.220213 np0000004913 nova-conductor[95561]: DEBUG cotyledon.oslo_config_glue [-] ******************************************************************************** {{(pid=95561) log_opt_values /opt/stack/data/venv/lib/python3.12/site-packages/oslo_config/cfg.py:3260}}
Jul 09 15:28:57.220353 np0000004913 nova-conductor[95561]: DEBUG cotyledon._service_worker [-] Run service ServiceWrapper(2) [95561] {{(pid=95561) wait_forever /opt/stack/data/venv/lib/python3.12/site-packages/cotyledon/_service_worker.py:218}}
Jul 09 15:28:57.221750 np0000004913 nova-conductor[95561]: INFO nova.service [-] Starting conductor node (version 33.1.0)
Jul 09 15:28:57.225943 np0000004913 nova-conductor[95561]: INFO dbcounter [None req-4d1ac1cc-dc2a-461e-aeed-f160bc115db0 None None] Registered counter for database nova_cell0
Jul 09 15:28:57.247878 np0000004913 nova-conductor[95549]: DEBUG oslo_db.sqlalchemy.engines [None req-5b1524f0-5255-4ed5-86f3-16931ac7a3d4 None None] MySQL server mode set to STRICT_TRANS_TABLES,STRICT_ALL_TABLES,NO_ZERO_IN_DATE,NO_ZERO_DATE,ERROR_FOR_DIVISION_BY_ZERO,TRADITIONAL,NO_ENGINE_SUBSTITUTION {{(pid=95549) _check_effective_sql_mode /opt/stack/data/venv/lib/python3.12/site-packages/oslo_db/sqlalchemy/engines.py:325}}
Jul 09 15:28:57.256295 np0000004913 nova-conductor[95556]: DEBUG oslo_db.sqlalchemy.engines [None req-4dd98020-d5ee-434b-8a95-2fe44264a49d None None] MySQL server mode set to STRICT_TRANS_TABLES,STRICT_ALL_TABLES,NO_ZERO_IN_DATE,NO_ZERO_DATE,ERROR_FOR_DIVISION_BY_ZERO,TRADITIONAL,NO_ENGINE_SUBSTITUTION {{(pid=95556) _check_effective_sql_mode /opt/stack/data/venv/lib/python3.12/site-packages/oslo_db/sqlalchemy/engines.py:325}}
Jul 09 15:28:57.258340 np0000004913 nova-conductor[95549]: DEBUG dbcounter [-] [95549] Writer thread running {{(pid=95549) stat_writer /opt/stack/data/venv/lib/python3.12/site-packages/dbcounter.py:102}}
Jul 09 15:28:57.262188 np0000004913 nova-conductor[95561]: DEBUG oslo_db.sqlalchemy.engines [None req-4d1ac1cc-dc2a-461e-aeed-f160bc115db0 None None] MySQL server mode set to STRICT_TRANS_TABLES,STRICT_ALL_TABLES,NO_ZERO_IN_DATE,NO_ZERO_DATE,ERROR_FOR_DIVISION_BY_ZERO,TRADITIONAL,NO_ENGINE_SUBSTITUTION {{(pid=95561) _check_effective_sql_mode /opt/stack/data/venv/lib/python3.12/site-packages/oslo_db/sqlalchemy/engines.py:325}}
Jul 09 15:28:57.275635 np0000004913 nova-conductor[95561]: DEBUG dbcounter [-] [95561] Writer thread running {{(pid=95561) stat_writer /opt/stack/data/venv/lib/python3.12/site-packages/dbcounter.py:102}}
Jul 09 15:28:57.276936 np0000004913 nova-conductor[95549]: DEBUG nova.service [None req-5b1524f0-5255-4ed5-86f3-16931ac7a3d4 None None] Creating RPC server for service: nova-conductor on topic: conductor {{(pid=95549) start /opt/stack/nova/nova/service.py:196}}
Jul 09 15:28:57.278701 np0000004913 nova-conductor[95561]: DEBUG nova.service [None req-4d1ac1cc-dc2a-461e-aeed-f160bc115db0 None None] Creating RPC server for service: nova-conductor on topic: conductor {{(pid=95561) start /opt/stack/nova/nova/service.py:196}}
Jul 09 15:28:57.279032 np0000004913 nova-conductor[95556]: DEBUG dbcounter [-] [95556] Writer thread running {{(pid=95556) stat_writer /opt/stack/data/venv/lib/python3.12/site-packages/dbcounter.py:102}}
Jul 09 15:28:57.282794 np0000004913 nova-conductor[95556]: DEBUG nova.service [None req-4dd98020-d5ee-434b-8a95-2fe44264a49d None None] Creating RPC server for service: nova-conductor on topic: conductor {{(pid=95556) start /opt/stack/nova/nova/service.py:196}}
Jul 09 15:28:57.303838 np0000004913 nova-conductor[95549]: DEBUG nova.service [None req-5b1524f0-5255-4ed5-86f3-16931ac7a3d4 None None] Join ServiceGroup membership for this service conductor {{(pid=95549) start /opt/stack/nova/nova/service.py:222}}
Jul 09 15:28:57.304243 np0000004913 nova-conductor[95549]: DEBUG nova.servicegroup.drivers.db [None req-5b1524f0-5255-4ed5-86f3-16931ac7a3d4 None None] DB_Driver: join new ServiceGroup member np0000004913 to the conductor group, service = {{(pid=95549) join /opt/stack/nova/nova/servicegroup/drivers/db.py:44}}
Jul 09 15:28:57.306096 np0000004913 nova-conductor[95556]: DEBUG nova.service [None req-4dd98020-d5ee-434b-8a95-2fe44264a49d None None] Join ServiceGroup membership for this service conductor {{(pid=95556) start /opt/stack/nova/nova/service.py:222}}
Jul 09 15:28:57.306308 np0000004913 nova-conductor[95556]: DEBUG nova.servicegroup.drivers.db [None req-4dd98020-d5ee-434b-8a95-2fe44264a49d None None] DB_Driver: join new ServiceGroup member np0000004913 to the conductor group, service = {{(pid=95556) join /opt/stack/nova/nova/servicegroup/drivers/db.py:44}}
Jul 09 15:28:57.307940 np0000004913 nova-conductor[95561]: DEBUG nova.service [None req-4d1ac1cc-dc2a-461e-aeed-f160bc115db0 None None] Join ServiceGroup membership for this service conductor {{(pid=95561) start /opt/stack/nova/nova/service.py:222}}
Jul 09 15:28:57.308151 np0000004913 nova-conductor[95561]: DEBUG nova.servicegroup.drivers.db [None req-4d1ac1cc-dc2a-461e-aeed-f160bc115db0 None None] DB_Driver: join new ServiceGroup member np0000004913 to the conductor group, service = {{(pid=95561) join /opt/stack/nova/nova/servicegroup/drivers/db.py:44}}
Jul 09 15:28:58.312248 np0000004913 nova-conductor[95561]: DEBUG oslo.service.backend._threading.loopingcall [None req-c40af6d9-4df5-46e2-8df4-9b88aec91514 None None] Dynamic interval looping call 'nova.service.Service.periodic_tasks' sleeping for 60.00 seconds {{(pid=95561) _run_loop /opt/stack/data/venv/lib/python3.12/site-packages/oslo_service/backend/_threading/loopingcall.py:125}}
Jul 09 15:29:00.307898 np0000004913 nova-conductor[95556]: DEBUG oslo.service.backend._threading.loopingcall [None req-70d9ad8d-ad5c-444d-bddb-1359e34774a7 None None] Dynamic interval looping call 'nova.service.Service.periodic_tasks' sleeping for 60.00 seconds {{(pid=95556) _run_loop /opt/stack/data/venv/lib/python3.12/site-packages/oslo_service/backend/_threading/loopingcall.py:125}}
Jul 09 15:29:02.324406 np0000004913 nova-conductor[95549]: DEBUG oslo.service.backend._threading.loopingcall [-] Fixed interval looping call 'nova.servicegroup.drivers.db.DbDriver._report_state' sleeping for 119.98 seconds {{(pid=95549) _run_loop /opt/stack/data/venv/lib/python3.12/site-packages/oslo_service/backend/_threading/loopingcall.py:125}}
Jul 09 15:29:02.324777 np0000004913 nova-conductor[95561]: DEBUG oslo.service.backend._threading.loopingcall [-] Fixed interval looping call 'nova.servicegroup.drivers.db.DbDriver._report_state' sleeping for 119.99 seconds {{(pid=95561) _run_loop /opt/stack/data/venv/lib/python3.12/site-packages/oslo_service/backend/_threading/loopingcall.py:125}}
Jul 09 15:29:02.326979 np0000004913 nova-conductor[95556]: DEBUG oslo.service.backend._threading.loopingcall [-] Fixed interval looping call 'nova.servicegroup.drivers.db.DbDriver._report_state' sleeping for 119.98 seconds {{(pid=95556) _run_loop /opt/stack/data/venv/lib/python3.12/site-packages/oslo_service/backend/_threading/loopingcall.py:125}}
Jul 09 15:29:05.872016 np0000004913 nova-conductor[94080]: DEBUG dbcounter [-] [94080] Writing DB stats nova_api:SELECT=1 {{(pid=94080) stat_writer /opt/stack/data/venv/lib/python3.12/site-packages/dbcounter.py:115}}
Jul 09 15:29:06.006685 np0000004913 nova-conductor[94080]: DEBUG dbcounter [-] [94080] Writing DB stats nova_cell0:SELECT=1 {{(pid=94080) stat_writer /opt/stack/data/venv/lib/python3.12/site-packages/dbcounter.py:115}}
Jul 09 15:29:06.012004 np0000004913 nova-conductor[94080]: DEBUG dbcounter [-] [94080] Writing DB stats nova_cell1:SELECT=1 {{(pid=94080) stat_writer /opt/stack/data/venv/lib/python3.12/site-packages/dbcounter.py:115}}
Jul 09 15:29:12.313779 np0000004913 nova-conductor[95549]: DEBUG dbcounter [-] [95549] Writing DB stats nova_cell0:SELECT=4,nova_cell0:INSERT=1,nova_cell0:UPDATE=1 {{(pid=95549) stat_writer /opt/stack/data/venv/lib/python3.12/site-packages/dbcounter.py:115}}
Jul 09 15:29:12.322854 np0000004913 nova-conductor[95561]: DEBUG dbcounter [-] [95561] Writing DB stats nova_cell0:SELECT=3,nova_cell0:UPDATE=1 {{(pid=95561) stat_writer /opt/stack/data/venv/lib/python3.12/site-packages/dbcounter.py:115}}
Jul 09 15:29:12.325117 np0000004913 nova-conductor[95556]: DEBUG dbcounter [-] [95556] Writing DB stats nova_cell0:SELECT=3,nova_cell0:UPDATE=1 {{(pid=95556) stat_writer /opt/stack/data/venv/lib/python3.12/site-packages/dbcounter.py:115}}
Jul 09 15:29:57.306239 np0000004913 nova-conductor[95549]: DEBUG oslo.service.backend._threading.loopingcall [None req-1a05dec0-2960-4690-8081-4fd704395381 None None] Dynamic interval looping call 'nova.service.Service.periodic_tasks' sleeping for 60.00 seconds {{(pid=95549) _run_loop /opt/stack/data/venv/lib/python3.12/site-packages/oslo_service/backend/_threading/loopingcall.py:125}}
Jul 09 15:29:58.312739 np0000004913 nova-conductor[95561]: DEBUG oslo.service.backend._threading.loopingcall [None req-c40af6d9-4df5-46e2-8df4-9b88aec91514 None None] Dynamic interval looping call 'nova.service.Service.periodic_tasks' sleeping for 60.00 seconds {{(pid=95561) _run_loop /opt/stack/data/venv/lib/python3.12/site-packages/oslo_service/backend/_threading/loopingcall.py:125}}
Jul 09 15:30:00.308439 np0000004913 nova-conductor[95556]: DEBUG oslo.service.backend._threading.loopingcall [None req-70d9ad8d-ad5c-444d-bddb-1359e34774a7 None None] Dynamic interval looping call 'nova.service.Service.periodic_tasks' sleeping for 60.00 seconds {{(pid=95556) _run_loop /opt/stack/data/venv/lib/python3.12/site-packages/oslo_service/backend/_threading/loopingcall.py:125}}
Jul 09 15:30:57.306794 np0000004913 nova-conductor[95549]: DEBUG oslo.service.backend._threading.loopingcall [None req-1a05dec0-2960-4690-8081-4fd704395381 None None] Dynamic interval looping call 'nova.service.Service.periodic_tasks' sleeping for 60.00 seconds {{(pid=95549) _run_loop /opt/stack/data/venv/lib/python3.12/site-packages/oslo_service/backend/_threading/loopingcall.py:125}}
Jul 09 15:30:58.313301 np0000004913 nova-conductor[95561]: DEBUG oslo.service.backend._threading.loopingcall [None req-c40af6d9-4df5-46e2-8df4-9b88aec91514 None None] Dynamic interval looping call 'nova.service.Service.periodic_tasks' sleeping for 60.00 seconds {{(pid=95561) _run_loop /opt/stack/data/venv/lib/python3.12/site-packages/oslo_service/backend/_threading/loopingcall.py:125}}
Jul 09 15:31:00.309726 np0000004913 nova-conductor[95556]: DEBUG oslo.service.backend._threading.loopingcall [None req-70d9ad8d-ad5c-444d-bddb-1359e34774a7 None None] Dynamic interval looping call 'nova.service.Service.periodic_tasks' sleeping for 60.00 seconds {{(pid=95556) _run_loop /opt/stack/data/venv/lib/python3.12/site-packages/oslo_service/backend/_threading/loopingcall.py:125}}
Jul 09 15:31:02.310028 np0000004913 nova-conductor[95549]: DEBUG oslo.service.backend._threading.loopingcall [-] Fixed interval looping call 'nova.servicegroup.drivers.db.DbDriver._report_state' sleeping for 119.99 seconds {{(pid=95549) _run_loop /opt/stack/data/venv/lib/python3.12/site-packages/oslo_service/backend/_threading/loopingcall.py:125}}
Jul 09 15:31:02.311162 np0000004913 nova-conductor[95556]: DEBUG oslo.service.backend._threading.loopingcall [-] Fixed interval looping call 'nova.servicegroup.drivers.db.DbDriver._report_state' sleeping for 120.00 seconds {{(pid=95556) _run_loop /opt/stack/data/venv/lib/python3.12/site-packages/oslo_service/backend/_threading/loopingcall.py:125}}
Jul 09 15:31:02.318785 np0000004913 nova-conductor[95561]: DEBUG oslo.service.backend._threading.loopingcall [-] Fixed interval looping call 'nova.servicegroup.drivers.db.DbDriver._report_state' sleeping for 120.00 seconds {{(pid=95561) _run_loop /opt/stack/data/venv/lib/python3.12/site-packages/oslo_service/backend/_threading/loopingcall.py:125}}
Jul 09 15:31:12.307171 np0000004913 nova-conductor[95549]: DEBUG dbcounter [-] [95549] Writing DB stats nova_cell0:SELECT=1,nova_cell0:UPDATE=1 {{(pid=95549) stat_writer /opt/stack/data/venv/lib/python3.12/site-packages/dbcounter.py:115}}
Jul 09 15:31:12.310331 np0000004913 nova-conductor[95556]: DEBUG dbcounter [-] [95556] Writing DB stats nova_cell0:SELECT=1,nova_cell0:UPDATE=1 {{(pid=95556) stat_writer /opt/stack/data/venv/lib/python3.12/site-packages/dbcounter.py:115}}
Jul 09 15:31:12.318259 np0000004913 nova-conductor[95561]: DEBUG dbcounter [-] [95561] Writing DB stats nova_cell0:SELECT=1 {{(pid=95561) stat_writer /opt/stack/data/venv/lib/python3.12/site-packages/dbcounter.py:115}}
Jul 09 15:31:18.499795 np0000004913 nova-conductor[95549]: DEBUG oslo_db.sqlalchemy.engines [None req-f51c1bd1-183a-4cb4-8dc6-3eae1af78fd3 tempest-ServerBootFromVolumeStableRescueTest-1623582406 tempest-ServerBootFromVolumeStableRescueTest-1623582406-project-member] Parent process 94080 forked (95549) with an open database connection, which is being discarded and recreated. {{(pid=95549) checkout /opt/stack/data/venv/lib/python3.12/site-packages/oslo_db/sqlalchemy/engines.py:402}}
Jul 09 15:31:18.544909 np0000004913 nova-conductor[95549]: DEBUG dbcounter [-] [95549] Writer thread running {{(pid=95549) stat_writer /opt/stack/data/venv/lib/python3.12/site-packages/dbcounter.py:102}}
Jul 09 15:31:19.567255 np0000004913 nova-conductor[95549]: DEBUG nova.conductor.manager [None req-f51c1bd1-183a-4cb4-8dc6-3eae1af78fd3 tempest-ServerBootFromVolumeStableRescueTest-1623582406 tempest-ServerBootFromVolumeStableRescueTest-1623582406-project-member] Took 1.02 seconds to select destinations for 1 instance(s). {{(pid=95549) _schedule_instances /opt/stack/nova/nova/conductor/manager.py:968}}
Jul 09 15:31:19.612880 np0000004913 nova-conductor[95549]: DEBUG oslo_concurrency.lockutils [None req-f51c1bd1-183a-4cb4-8dc6-3eae1af78fd3 tempest-ServerBootFromVolumeStableRescueTest-1623582406 tempest-ServerBootFromVolumeStableRescueTest-1623582406-project-member] Acquiring lock "af291a63-f450-4c30-835f-23bee7b581f3" by "nova.context.set_target_cell..get_or_set_cached_cell_and_set_connections" {{(pid=95549) inner /opt/stack/data/venv/lib/python3.12/site-packages/oslo_concurrency/lockutils.py:511}}
Jul 09 15:31:19.613121 np0000004913 nova-conductor[95549]: DEBUG oslo_concurrency.lockutils [None req-f51c1bd1-183a-4cb4-8dc6-3eae1af78fd3 tempest-ServerBootFromVolumeStableRescueTest-1623582406 tempest-ServerBootFromVolumeStableRescueTest-1623582406-project-member] Lock "af291a63-f450-4c30-835f-23bee7b581f3" acquired by "nova.context.set_target_cell..get_or_set_cached_cell_and_set_connections" :: waited 0.000s {{(pid=95549) inner /opt/stack/data/venv/lib/python3.12/site-packages/oslo_concurrency/lockutils.py:524}}
Jul 09 15:31:19.615737 np0000004913 nova-conductor[95549]: DEBUG oslo_concurrency.lockutils [None req-f51c1bd1-183a-4cb4-8dc6-3eae1af78fd3 tempest-ServerBootFromVolumeStableRescueTest-1623582406 tempest-ServerBootFromVolumeStableRescueTest-1623582406-project-member] Lock "af291a63-f450-4c30-835f-23bee7b581f3" "released" by "nova.context.set_target_cell..get_or_set_cached_cell_and_set_connections" :: held 0.001s {{(pid=95549) inner /opt/stack/data/venv/lib/python3.12/site-packages/oslo_concurrency/lockutils.py:543}}
Jul 09 15:31:19.616785 np0000004913 nova-conductor[95549]: INFO dbcounter [None req-f51c1bd1-183a-4cb4-8dc6-3eae1af78fd3 tempest-ServerBootFromVolumeStableRescueTest-1623582406 tempest-ServerBootFromVolumeStableRescueTest-1623582406-project-member] Registered counter for database nova_cell1
Jul 09 15:31:19.664454 np0000004913 nova-conductor[95549]: DEBUG oslo_db.sqlalchemy.engines [None req-f51c1bd1-183a-4cb4-8dc6-3eae1af78fd3 tempest-ServerBootFromVolumeStableRescueTest-1623582406 tempest-ServerBootFromVolumeStableRescueTest-1623582406-project-member] MySQL server mode set to STRICT_TRANS_TABLES,STRICT_ALL_TABLES,NO_ZERO_IN_DATE,NO_ZERO_DATE,ERROR_FOR_DIVISION_BY_ZERO,TRADITIONAL,NO_ENGINE_SUBSTITUTION {{(pid=95549) _check_effective_sql_mode /opt/stack/data/venv/lib/python3.12/site-packages/oslo_db/sqlalchemy/engines.py:325}}
Jul 09 15:31:19.670839 np0000004913 nova-conductor[95549]: DEBUG dbcounter [-] [95549] Writer thread running {{(pid=95549) stat_writer /opt/stack/data/venv/lib/python3.12/site-packages/dbcounter.py:102}}
Jul 09 15:31:19.732838 np0000004913 nova-conductor[95549]: INFO nova.utils [None req-f51c1bd1-183a-4cb4-8dc6-3eae1af78fd3 tempest-ServerBootFromVolumeStableRescueTest-1623582406 tempest-ServerBootFromVolumeStableRescueTest-1623582406-project-member] The cell worker thread pool ForkProcess-1.cell_worker is initialized
Jul 09 15:31:19.733199 np0000004913 nova-conductor[95549]: DEBUG oslo_concurrency.lockutils [None req-f51c1bd1-183a-4cb4-8dc6-3eae1af78fd3 tempest-ServerBootFromVolumeStableRescueTest-1623582406 tempest-ServerBootFromVolumeStableRescueTest-1623582406-project-member] Acquiring lock "00000000-0000-0000-0000-000000000000" by "nova.context.set_target_cell..get_or_set_cached_cell_and_set_connections" {{(pid=95549) inner /opt/stack/data/venv/lib/python3.12/site-packages/oslo_concurrency/lockutils.py:511}}
Jul 09 15:31:19.734360 np0000004913 nova-conductor[95549]: DEBUG oslo_concurrency.lockutils [None req-f51c1bd1-183a-4cb4-8dc6-3eae1af78fd3 tempest-ServerBootFromVolumeStableRescueTest-1623582406 tempest-ServerBootFromVolumeStableRescueTest-1623582406-project-member] Lock "00000000-0000-0000-0000-000000000000" acquired by "nova.context.set_target_cell..get_or_set_cached_cell_and_set_connections" :: waited 0.000s {{(pid=95549) inner /opt/stack/data/venv/lib/python3.12/site-packages/oslo_concurrency/lockutils.py:524}}
Jul 09 15:31:19.734360 np0000004913 nova-conductor[95549]: DEBUG oslo_concurrency.lockutils [None req-f51c1bd1-183a-4cb4-8dc6-3eae1af78fd3 tempest-ServerBootFromVolumeStableRescueTest-1623582406 tempest-ServerBootFromVolumeStableRescueTest-1623582406-project-member] Lock "00000000-0000-0000-0000-000000000000" "released" by "nova.context.set_target_cell..get_or_set_cached_cell_and_set_connections" :: held 0.000s {{(pid=95549) inner /opt/stack/data/venv/lib/python3.12/site-packages/oslo_concurrency/lockutils.py:543}}
Jul 09 15:31:19.734748 np0000004913 nova-conductor[95549]: DEBUG oslo_concurrency.lockutils [None req-f51c1bd1-183a-4cb4-8dc6-3eae1af78fd3 tempest-ServerBootFromVolumeStableRescueTest-1623582406 tempest-ServerBootFromVolumeStableRescueTest-1623582406-project-member] Acquiring lock "af291a63-f450-4c30-835f-23bee7b581f3" by "nova.context.set_target_cell..get_or_set_cached_cell_and_set_connections" {{(pid=95549) inner /opt/stack/data/venv/lib/python3.12/site-packages/oslo_concurrency/lockutils.py:511}}
Jul 09 15:31:19.734748 np0000004913 nova-conductor[95549]: DEBUG oslo_concurrency.lockutils [None req-f51c1bd1-183a-4cb4-8dc6-3eae1af78fd3 tempest-ServerBootFromVolumeStableRescueTest-1623582406 tempest-ServerBootFromVolumeStableRescueTest-1623582406-project-member] Lock "af291a63-f450-4c30-835f-23bee7b581f3" acquired by "nova.context.set_target_cell..get_or_set_cached_cell_and_set_connections" :: waited 0.000s {{(pid=95549) inner /opt/stack/data/venv/lib/python3.12/site-packages/oslo_concurrency/lockutils.py:524}}
Jul 09 15:31:19.734748 np0000004913 nova-conductor[95549]: DEBUG oslo_concurrency.lockutils [None req-f51c1bd1-183a-4cb4-8dc6-3eae1af78fd3 tempest-ServerBootFromVolumeStableRescueTest-1623582406 tempest-ServerBootFromVolumeStableRescueTest-1623582406-project-member] Lock "af291a63-f450-4c30-835f-23bee7b581f3" "released" by "nova.context.set_target_cell..get_or_set_cached_cell_and_set_connections" :: held 0.000s {{(pid=95549) inner /opt/stack/data/venv/lib/python3.12/site-packages/oslo_concurrency/lockutils.py:543}}
Jul 09 15:31:19.736292 np0000004913 nova-conductor[95549]: INFO dbcounter [None req-f51c1bd1-183a-4cb4-8dc6-3eae1af78fd3 tempest-ServerBootFromVolumeStableRescueTest-1623582406 tempest-ServerBootFromVolumeStableRescueTest-1623582406-project-member] Registered counter for database nova_cell0
Jul 09 15:31:19.771380 np0000004913 nova-conductor[95549]: DEBUG oslo_db.sqlalchemy.engines [None req-f51c1bd1-183a-4cb4-8dc6-3eae1af78fd3 tempest-ServerBootFromVolumeStableRescueTest-1623582406 tempest-ServerBootFromVolumeStableRescueTest-1623582406-project-member] MySQL server mode set to STRICT_TRANS_TABLES,STRICT_ALL_TABLES,NO_ZERO_IN_DATE,NO_ZERO_DATE,ERROR_FOR_DIVISION_BY_ZERO,TRADITIONAL,NO_ENGINE_SUBSTITUTION {{(pid=95549) _check_effective_sql_mode /opt/stack/data/venv/lib/python3.12/site-packages/oslo_db/sqlalchemy/engines.py:325}}
Jul 09 15:31:19.777623 np0000004913 nova-conductor[95549]: DEBUG dbcounter [-] [95549] Writer thread running {{(pid=95549) stat_writer /opt/stack/data/venv/lib/python3.12/site-packages/dbcounter.py:102}}
Jul 09 15:31:19.799603 np0000004913 nova-conductor[95549]: DEBUG nova.quota [None req-f51c1bd1-183a-4cb4-8dc6-3eae1af78fd3 tempest-ServerBootFromVolumeStableRescueTest-1623582406 tempest-ServerBootFromVolumeStableRescueTest-1623582406-project-member] Getting quotas for project 75a6af8bec024dde87c3adf4fc1b6654. Resources: {'ram', 'instances', 'cores'} {{(pid=95549) _get_quotas /opt/stack/nova/nova/quota.py:389}}
Jul 09 15:31:19.805571 np0000004913 nova-conductor[95549]: DEBUG nova.quota [None req-f51c1bd1-183a-4cb4-8dc6-3eae1af78fd3 tempest-ServerBootFromVolumeStableRescueTest-1623582406 tempest-ServerBootFromVolumeStableRescueTest-1623582406-project-member] Getting quotas for user 7cb220c7b3b6464a8581ba9de940c9b9 and project 75a6af8bec024dde87c3adf4fc1b6654. Resources: {'ram', 'instances', 'cores'} {{(pid=95549) _get_quotas /opt/stack/nova/nova/quota.py:379}}
Jul 09 15:31:19.810639 np0000004913 nova-conductor[95549]: DEBUG nova.conductor.manager [None req-f51c1bd1-183a-4cb4-8dc6-3eae1af78fd3 tempest-ServerBootFromVolumeStableRescueTest-1623582406 tempest-ServerBootFromVolumeStableRescueTest-1623582406-project-member] [instance: 7704d8c6-2ffb-427c-9b83-9be25171efe6] Selected host: np0000004913; Selected node: np0000004913; Alternates: [] {{(pid=95549) schedule_and_build_instances /opt/stack/nova/nova/conductor/manager.py:1784}}
Jul 09 15:31:19.811034 np0000004913 nova-conductor[95549]: DEBUG oslo_concurrency.lockutils [None req-f51c1bd1-183a-4cb4-8dc6-3eae1af78fd3 tempest-ServerBootFromVolumeStableRescueTest-1623582406 tempest-ServerBootFromVolumeStableRescueTest-1623582406-project-member] Acquiring lock "af291a63-f450-4c30-835f-23bee7b581f3" by "nova.context.set_target_cell..get_or_set_cached_cell_and_set_connections" {{(pid=95549) inner /opt/stack/data/venv/lib/python3.12/site-packages/oslo_concurrency/lockutils.py:511}}
Jul 09 15:31:19.811228 np0000004913 nova-conductor[95549]: DEBUG oslo_concurrency.lockutils [None req-f51c1bd1-183a-4cb4-8dc6-3eae1af78fd3 tempest-ServerBootFromVolumeStableRescueTest-1623582406 tempest-ServerBootFromVolumeStableRescueTest-1623582406-project-member] Lock "af291a63-f450-4c30-835f-23bee7b581f3" acquired by "nova.context.set_target_cell..get_or_set_cached_cell_and_set_connections" :: waited 0.000s {{(pid=95549) inner /opt/stack/data/venv/lib/python3.12/site-packages/oslo_concurrency/lockutils.py:524}}
Jul 09 15:31:19.811295 np0000004913 nova-conductor[95549]: DEBUG oslo_concurrency.lockutils [None req-f51c1bd1-183a-4cb4-8dc6-3eae1af78fd3 tempest-ServerBootFromVolumeStableRescueTest-1623582406 tempest-ServerBootFromVolumeStableRescueTest-1623582406-project-member] Lock "af291a63-f450-4c30-835f-23bee7b581f3" "released" by "nova.context.set_target_cell..get_or_set_cached_cell_and_set_connections" :: held 0.000s {{(pid=95549) inner /opt/stack/data/venv/lib/python3.12/site-packages/oslo_concurrency/lockutils.py:543}}
Jul 09 15:31:19.820403 np0000004913 nova-conductor[95549]: DEBUG nova.conductor.manager [None req-f51c1bd1-183a-4cb4-8dc6-3eae1af78fd3 tempest-ServerBootFromVolumeStableRescueTest-1623582406 tempest-ServerBootFromVolumeStableRescueTest-1623582406-project-member] [instance: 7704d8c6-2ffb-427c-9b83-9be25171efe6] block_device_mapping [BlockDeviceMapping(attachment_id=,boot_index=0,connection_info=None,created_at=,delete_on_termination=True,deleted=,deleted_at=,destination_type='local',device_name=None,device_type='disk',disk_bus=None,encrypted=False,encryption_format=None,encryption_options=None,encryption_secret_uuid=None,guest_format=None,id=,image_id='4fb8245d-2fdc-4765-8520-8efd0ab29387',instance=,instance_uuid=,no_device=False,snapshot_id=None,source_type='image',tag=None,updated_at=,uuid=,volume_id=None,volume_size=None,volume_type=None)] {{(pid=95549) _create_block_device_mapping /opt/stack/nova/nova/conductor/manager.py:1529}}
Jul 09 15:31:19.821644 np0000004913 nova-conductor[95549]: DEBUG oslo_concurrency.lockutils [None req-f51c1bd1-183a-4cb4-8dc6-3eae1af78fd3 tempest-ServerBootFromVolumeStableRescueTest-1623582406 tempest-ServerBootFromVolumeStableRescueTest-1623582406-project-member] Acquiring lock "af291a63-f450-4c30-835f-23bee7b581f3" by "nova.context.set_target_cell..get_or_set_cached_cell_and_set_connections" {{(pid=95549) inner /opt/stack/data/venv/lib/python3.12/site-packages/oslo_concurrency/lockutils.py:511}}
Jul 09 15:31:19.821786 np0000004913 nova-conductor[95549]: DEBUG oslo_concurrency.lockutils [None req-f51c1bd1-183a-4cb4-8dc6-3eae1af78fd3 tempest-ServerBootFromVolumeStableRescueTest-1623582406 tempest-ServerBootFromVolumeStableRescueTest-1623582406-project-member] Lock "af291a63-f450-4c30-835f-23bee7b581f3" acquired by "nova.context.set_target_cell..get_or_set_cached_cell_and_set_connections" :: waited 0.000s {{(pid=95549) inner /opt/stack/data/venv/lib/python3.12/site-packages/oslo_concurrency/lockutils.py:524}}
Jul 09 15:31:19.821894 np0000004913 nova-conductor[95549]: DEBUG oslo_concurrency.lockutils [None req-f51c1bd1-183a-4cb4-8dc6-3eae1af78fd3 tempest-ServerBootFromVolumeStableRescueTest-1623582406 tempest-ServerBootFromVolumeStableRescueTest-1623582406-project-member] Lock "af291a63-f450-4c30-835f-23bee7b581f3" "released" by "nova.context.set_target_cell..get_or_set_cached_cell_and_set_connections" :: held 0.000s {{(pid=95549) inner /opt/stack/data/venv/lib/python3.12/site-packages/oslo_concurrency/lockutils.py:543}}
Jul 09 15:31:19.852637 np0000004913 nova-conductor[95549]: DEBUG oslo_concurrency.lockutils [None req-f51c1bd1-183a-4cb4-8dc6-3eae1af78fd3 tempest-ServerBootFromVolumeStableRescueTest-1623582406 tempest-ServerBootFromVolumeStableRescueTest-1623582406-project-member] Acquiring lock "af291a63-f450-4c30-835f-23bee7b581f3" by "nova.context.set_target_cell..get_or_set_cached_cell_and_set_connections" {{(pid=95549) inner /opt/stack/data/venv/lib/python3.12/site-packages/oslo_concurrency/lockutils.py:511}}
Jul 09 15:31:19.852796 np0000004913 nova-conductor[95549]: DEBUG oslo_concurrency.lockutils [None req-f51c1bd1-183a-4cb4-8dc6-3eae1af78fd3 tempest-ServerBootFromVolumeStableRescueTest-1623582406 tempest-ServerBootFromVolumeStableRescueTest-1623582406-project-member] Lock "af291a63-f450-4c30-835f-23bee7b581f3" acquired by "nova.context.set_target_cell..get_or_set_cached_cell_and_set_connections" :: waited 0.000s {{(pid=95549) inner /opt/stack/data/venv/lib/python3.12/site-packages/oslo_concurrency/lockutils.py:524}}
Jul 09 15:31:19.853106 np0000004913 nova-conductor[95549]: DEBUG oslo_concurrency.lockutils [None req-f51c1bd1-183a-4cb4-8dc6-3eae1af78fd3 tempest-ServerBootFromVolumeStableRescueTest-1623582406 tempest-ServerBootFromVolumeStableRescueTest-1623582406-project-member] Lock "af291a63-f450-4c30-835f-23bee7b581f3" "released" by "nova.context.set_target_cell..get_or_set_cached_cell_and_set_connections" :: held 0.000s {{(pid=95549) inner /opt/stack/data/venv/lib/python3.12/site-packages/oslo_concurrency/lockutils.py:543}}
Jul 09 15:31:19.853286 np0000004913 nova-conductor[95549]: DEBUG oslo_concurrency.lockutils [None req-f51c1bd1-183a-4cb4-8dc6-3eae1af78fd3 tempest-ServerBootFromVolumeStableRescueTest-1623582406 tempest-ServerBootFromVolumeStableRescueTest-1623582406-project-member] Acquiring lock "compute-rpcapi-router" {{(pid=95549) lock /opt/stack/data/venv/lib/python3.12/site-packages/oslo_concurrency/lockutils.py:395}}
Jul 09 15:31:19.853425 np0000004913 nova-conductor[95549]: DEBUG oslo_concurrency.lockutils [None req-f51c1bd1-183a-4cb4-8dc6-3eae1af78fd3 tempest-ServerBootFromVolumeStableRescueTest-1623582406 tempest-ServerBootFromVolumeStableRescueTest-1623582406-project-member] Acquired lock "compute-rpcapi-router" {{(pid=95549) lock /opt/stack/data/venv/lib/python3.12/site-packages/oslo_concurrency/lockutils.py:398}}
Jul 09 15:31:19.853903 np0000004913 nova-conductor[95549]: DEBUG oslo_concurrency.lockutils [None req-1d7e1c4f-a190-4989-8ba0-9fe8e380b054 None None] Acquiring lock "00000000-0000-0000-0000-000000000000" by "nova.context.set_target_cell..get_or_set_cached_cell_and_set_connections" {{(pid=95549) inner /opt/stack/data/venv/lib/python3.12/site-packages/oslo_concurrency/lockutils.py:511}}
Jul 09 15:31:19.854076 np0000004913 nova-conductor[95549]: DEBUG oslo_concurrency.lockutils [None req-1d7e1c4f-a190-4989-8ba0-9fe8e380b054 None None] Lock "00000000-0000-0000-0000-000000000000" acquired by "nova.context.set_target_cell..get_or_set_cached_cell_and_set_connections" :: waited 0.000s {{(pid=95549) inner /opt/stack/data/venv/lib/python3.12/site-packages/oslo_concurrency/lockutils.py:524}}
Jul 09 15:31:19.854223 np0000004913 nova-conductor[95549]: DEBUG oslo_concurrency.lockutils [None req-1d7e1c4f-a190-4989-8ba0-9fe8e380b054 None None] Lock "00000000-0000-0000-0000-000000000000" "released" by "nova.context.set_target_cell..get_or_set_cached_cell_and_set_connections" :: held 0.000s {{(pid=95549) inner /opt/stack/data/venv/lib/python3.12/site-packages/oslo_concurrency/lockutils.py:543}}
Jul 09 15:31:19.855146 np0000004913 nova-conductor[95549]: DEBUG oslo_concurrency.lockutils [None req-1d7e1c4f-a190-4989-8ba0-9fe8e380b054 None None] Acquiring lock "af291a63-f450-4c30-835f-23bee7b581f3" by "nova.context.set_target_cell..get_or_set_cached_cell_and_set_connections" {{(pid=95549) inner /opt/stack/data/venv/lib/python3.12/site-packages/oslo_concurrency/lockutils.py:511}}
Jul 09 15:31:19.855419 np0000004913 nova-conductor[95549]: DEBUG oslo_concurrency.lockutils [None req-1d7e1c4f-a190-4989-8ba0-9fe8e380b054 None None] Lock "af291a63-f450-4c30-835f-23bee7b581f3" acquired by "nova.context.set_target_cell..get_or_set_cached_cell_and_set_connections" :: waited 0.000s {{(pid=95549) inner /opt/stack/data/venv/lib/python3.12/site-packages/oslo_concurrency/lockutils.py:524}}
Jul 09 15:31:19.855419 np0000004913 nova-conductor[95549]: DEBUG oslo_concurrency.lockutils [None req-1d7e1c4f-a190-4989-8ba0-9fe8e380b054 None None] Lock "af291a63-f450-4c30-835f-23bee7b581f3" "released" by "nova.context.set_target_cell..get_or_set_cached_cell_and_set_connections" :: held 0.000s {{(pid=95549) inner /opt/stack/data/venv/lib/python3.12/site-packages/oslo_concurrency/lockutils.py:543}}
Jul 09 15:31:19.862300 np0000004913 nova-conductor[95549]: INFO nova.compute.rpcapi [None req-1d7e1c4f-a190-4989-8ba0-9fe8e380b054 None None] Automatically selected compute RPC version 6.5 from minimum service version 72
Jul 09 15:31:19.862704 np0000004913 nova-conductor[95549]: DEBUG oslo_concurrency.lockutils [None req-1d7e1c4f-a190-4989-8ba0-9fe8e380b054 None None] Releasing lock "compute-rpcapi-router" {{(pid=95549) lock /opt/stack/data/venv/lib/python3.12/site-packages/oslo_concurrency/lockutils.py:418}}
Jul 09 15:31:22.287445 np0000004913 nova-conductor[95556]: DEBUG dbcounter [-] [95556] Writer thread running {{(pid=95556) stat_writer /opt/stack/data/venv/lib/python3.12/site-packages/dbcounter.py:102}}
Jul 09 15:31:22.811009 np0000004913 nova-conductor[95556]: DEBUG nova.conductor.manager [None req-f54b5d5c-06fe-4828-82ab-d3338e7d2698 tempest-DeleteServersTestJSON-1254940859 tempest-DeleteServersTestJSON-1254940859-project-member] Took 0.52 seconds to select destinations for 1 instance(s). {{(pid=95556) _schedule_instances /opt/stack/nova/nova/conductor/manager.py:968}}
Jul 09 15:31:22.865848 np0000004913 nova-conductor[95556]: DEBUG oslo_concurrency.lockutils [None req-f54b5d5c-06fe-4828-82ab-d3338e7d2698 tempest-DeleteServersTestJSON-1254940859 tempest-DeleteServersTestJSON-1254940859-project-member] Acquiring lock "af291a63-f450-4c30-835f-23bee7b581f3" by "nova.context.set_target_cell..get_or_set_cached_cell_and_set_connections" {{(pid=95556) inner /opt/stack/data/venv/lib/python3.12/site-packages/oslo_concurrency/lockutils.py:511}}
Jul 09 15:31:22.865848 np0000004913 nova-conductor[95556]: DEBUG oslo_concurrency.lockutils [None req-f54b5d5c-06fe-4828-82ab-d3338e7d2698 tempest-DeleteServersTestJSON-1254940859 tempest-DeleteServersTestJSON-1254940859-project-member] Lock "af291a63-f450-4c30-835f-23bee7b581f3" acquired by "nova.context.set_target_cell..get_or_set_cached_cell_and_set_connections" :: waited 0.001s {{(pid=95556) inner /opt/stack/data/venv/lib/python3.12/site-packages/oslo_concurrency/lockutils.py:524}}
Jul 09 15:31:22.867265 np0000004913 nova-conductor[95556]: DEBUG oslo_concurrency.lockutils [None req-f54b5d5c-06fe-4828-82ab-d3338e7d2698 tempest-DeleteServersTestJSON-1254940859 tempest-DeleteServersTestJSON-1254940859-project-member] Lock "af291a63-f450-4c30-835f-23bee7b581f3" "released" by "nova.context.set_target_cell..get_or_set_cached_cell_and_set_connections" :: held 0.002s {{(pid=95556) inner /opt/stack/data/venv/lib/python3.12/site-packages/oslo_concurrency/lockutils.py:543}}
Jul 09 15:31:22.870178 np0000004913 nova-conductor[95556]: INFO dbcounter [None req-f54b5d5c-06fe-4828-82ab-d3338e7d2698 tempest-DeleteServersTestJSON-1254940859 tempest-DeleteServersTestJSON-1254940859-project-member] Registered counter for database nova_cell1
Jul 09 15:31:22.923370 np0000004913 nova-conductor[95556]: DEBUG oslo_db.sqlalchemy.engines [None req-f54b5d5c-06fe-4828-82ab-d3338e7d2698 tempest-DeleteServersTestJSON-1254940859 tempest-DeleteServersTestJSON-1254940859-project-member] MySQL server mode set to STRICT_TRANS_TABLES,STRICT_ALL_TABLES,NO_ZERO_IN_DATE,NO_ZERO_DATE,ERROR_FOR_DIVISION_BY_ZERO,TRADITIONAL,NO_ENGINE_SUBSTITUTION {{(pid=95556) _check_effective_sql_mode /opt/stack/data/venv/lib/python3.12/site-packages/oslo_db/sqlalchemy/engines.py:325}}
Jul 09 15:31:22.934213 np0000004913 nova-conductor[95556]: DEBUG dbcounter [-] [95556] Writer thread running {{(pid=95556) stat_writer /opt/stack/data/venv/lib/python3.12/site-packages/dbcounter.py:102}}
Jul 09 15:31:23.002543 np0000004913 nova-conductor[95556]: INFO nova.utils [None req-f54b5d5c-06fe-4828-82ab-d3338e7d2698 tempest-DeleteServersTestJSON-1254940859 tempest-DeleteServersTestJSON-1254940859-project-member] The cell worker thread pool ForkProcess-2.cell_worker is initialized
Jul 09 15:31:23.002824 np0000004913 nova-conductor[95556]: DEBUG oslo_concurrency.lockutils [None req-f54b5d5c-06fe-4828-82ab-d3338e7d2698 tempest-DeleteServersTestJSON-1254940859 tempest-DeleteServersTestJSON-1254940859-project-member] Acquiring lock "00000000-0000-0000-0000-000000000000" by "nova.context.set_target_cell..get_or_set_cached_cell_and_set_connections" {{(pid=95556) inner /opt/stack/data/venv/lib/python3.12/site-packages/oslo_concurrency/lockutils.py:511}}
Jul 09 15:31:23.003038 np0000004913 nova-conductor[95556]: DEBUG oslo_concurrency.lockutils [None req-f54b5d5c-06fe-4828-82ab-d3338e7d2698 tempest-DeleteServersTestJSON-1254940859 tempest-DeleteServersTestJSON-1254940859-project-member] Lock "00000000-0000-0000-0000-000000000000" acquired by "nova.context.set_target_cell..get_or_set_cached_cell_and_set_connections" :: waited 0.000s {{(pid=95556) inner /opt/stack/data/venv/lib/python3.12/site-packages/oslo_concurrency/lockutils.py:524}}
Jul 09 15:31:23.003474 np0000004913 nova-conductor[95556]: DEBUG oslo_concurrency.lockutils [None req-f54b5d5c-06fe-4828-82ab-d3338e7d2698 tempest-DeleteServersTestJSON-1254940859 tempest-DeleteServersTestJSON-1254940859-project-member] Lock "00000000-0000-0000-0000-000000000000" "released" by "nova.context.set_target_cell..get_or_set_cached_cell_and_set_connections" :: held 0.000s {{(pid=95556) inner /opt/stack/data/venv/lib/python3.12/site-packages/oslo_concurrency/lockutils.py:543}}
Jul 09 15:31:23.004261 np0000004913 nova-conductor[95556]: DEBUG oslo_concurrency.lockutils [None req-f54b5d5c-06fe-4828-82ab-d3338e7d2698 tempest-DeleteServersTestJSON-1254940859 tempest-DeleteServersTestJSON-1254940859-project-member] Acquiring lock "af291a63-f450-4c30-835f-23bee7b581f3" by "nova.context.set_target_cell..get_or_set_cached_cell_and_set_connections" {{(pid=95556) inner /opt/stack/data/venv/lib/python3.12/site-packages/oslo_concurrency/lockutils.py:511}}
Jul 09 15:31:23.004423 np0000004913 nova-conductor[95556]: DEBUG oslo_concurrency.lockutils [None req-f54b5d5c-06fe-4828-82ab-d3338e7d2698 tempest-DeleteServersTestJSON-1254940859 tempest-DeleteServersTestJSON-1254940859-project-member] Lock "af291a63-f450-4c30-835f-23bee7b581f3" acquired by "nova.context.set_target_cell..get_or_set_cached_cell_and_set_connections" :: waited 0.000s {{(pid=95556) inner /opt/stack/data/venv/lib/python3.12/site-packages/oslo_concurrency/lockutils.py:524}}
Jul 09 15:31:23.004562 np0000004913 nova-conductor[95556]: DEBUG oslo_concurrency.lockutils [None req-f54b5d5c-06fe-4828-82ab-d3338e7d2698 tempest-DeleteServersTestJSON-1254940859 tempest-DeleteServersTestJSON-1254940859-project-member] Lock "af291a63-f450-4c30-835f-23bee7b581f3" "released" by "nova.context.set_target_cell..get_or_set_cached_cell_and_set_connections" :: held 0.000s {{(pid=95556) inner /opt/stack/data/venv/lib/python3.12/site-packages/oslo_concurrency/lockutils.py:543}}
Jul 09 15:31:23.006211 np0000004913 nova-conductor[95556]: INFO dbcounter [None req-f54b5d5c-06fe-4828-82ab-d3338e7d2698 tempest-DeleteServersTestJSON-1254940859 tempest-DeleteServersTestJSON-1254940859-project-member] Registered counter for database nova_cell0
Jul 09 15:31:23.042924 np0000004913 nova-conductor[95556]: DEBUG oslo_db.sqlalchemy.engines [None req-f54b5d5c-06fe-4828-82ab-d3338e7d2698 tempest-DeleteServersTestJSON-1254940859 tempest-DeleteServersTestJSON-1254940859-project-member] MySQL server mode set to STRICT_TRANS_TABLES,STRICT_ALL_TABLES,NO_ZERO_IN_DATE,NO_ZERO_DATE,ERROR_FOR_DIVISION_BY_ZERO,TRADITIONAL,NO_ENGINE_SUBSTITUTION {{(pid=95556) _check_effective_sql_mode /opt/stack/data/venv/lib/python3.12/site-packages/oslo_db/sqlalchemy/engines.py:325}}
Jul 09 15:31:23.048327 np0000004913 nova-conductor[95556]: DEBUG dbcounter [-] [95556] Writer thread running {{(pid=95556) stat_writer /opt/stack/data/venv/lib/python3.12/site-packages/dbcounter.py:102}}
Jul 09 15:31:23.057775 np0000004913 nova-conductor[95556]: DEBUG nova.quota [None req-f54b5d5c-06fe-4828-82ab-d3338e7d2698 tempest-DeleteServersTestJSON-1254940859 tempest-DeleteServersTestJSON-1254940859-project-member] Getting quotas for project 21d6e5e5bcbf4f11923889b099e0ffa3. Resources: {'ram', 'instances', 'cores'} {{(pid=95556) _get_quotas /opt/stack/nova/nova/quota.py:389}}
Jul 09 15:31:23.061906 np0000004913 nova-conductor[95556]: DEBUG nova.quota [None req-f54b5d5c-06fe-4828-82ab-d3338e7d2698 tempest-DeleteServersTestJSON-1254940859 tempest-DeleteServersTestJSON-1254940859-project-member] Getting quotas for user 7430fdbd7efc4d6fb9f9a623f9f9285f and project 21d6e5e5bcbf4f11923889b099e0ffa3. Resources: {'ram', 'instances', 'cores'} {{(pid=95556) _get_quotas /opt/stack/nova/nova/quota.py:379}}
Jul 09 15:31:23.068515 np0000004913 nova-conductor[95556]: DEBUG nova.conductor.manager [None req-f54b5d5c-06fe-4828-82ab-d3338e7d2698 tempest-DeleteServersTestJSON-1254940859 tempest-DeleteServersTestJSON-1254940859-project-member] [instance: ac7b3d44-f094-422a-9fb5-99473bc683ef] Selected host: np0000004913; Selected node: np0000004913; Alternates: [] {{(pid=95556) schedule_and_build_instances /opt/stack/nova/nova/conductor/manager.py:1784}}
Jul 09 15:31:23.069111 np0000004913 nova-conductor[95556]: DEBUG oslo_concurrency.lockutils [None req-f54b5d5c-06fe-4828-82ab-d3338e7d2698 tempest-DeleteServersTestJSON-1254940859 tempest-DeleteServersTestJSON-1254940859-project-member] Acquiring lock "af291a63-f450-4c30-835f-23bee7b581f3" by "nova.context.set_target_cell..get_or_set_cached_cell_and_set_connections" {{(pid=95556) inner /opt/stack/data/venv/lib/python3.12/site-packages/oslo_concurrency/lockutils.py:511}}
Jul 09 15:31:23.069311 np0000004913 nova-conductor[95556]: DEBUG oslo_concurrency.lockutils [None req-f54b5d5c-06fe-4828-82ab-d3338e7d2698 tempest-DeleteServersTestJSON-1254940859 tempest-DeleteServersTestJSON-1254940859-project-member] Lock "af291a63-f450-4c30-835f-23bee7b581f3" acquired by "nova.context.set_target_cell..get_or_set_cached_cell_and_set_connections" :: waited 0.000s {{(pid=95556) inner /opt/stack/data/venv/lib/python3.12/site-packages/oslo_concurrency/lockutils.py:524}}
Jul 09 15:31:23.069468 np0000004913 nova-conductor[95556]: DEBUG oslo_concurrency.lockutils [None req-f54b5d5c-06fe-4828-82ab-d3338e7d2698 tempest-DeleteServersTestJSON-1254940859 tempest-DeleteServersTestJSON-1254940859-project-member] Lock "af291a63-f450-4c30-835f-23bee7b581f3" "released" by "nova.context.set_target_cell..get_or_set_cached_cell_and_set_connections" :: held 0.000s {{(pid=95556) inner /opt/stack/data/venv/lib/python3.12/site-packages/oslo_concurrency/lockutils.py:543}}
