Jul 09 14:29:22.029933 np0000004904 devstack@g-api.service[102656]: DEBUG glance.api.middleware.version_negotiation [None req-65f4755f-a376-4e6b-89c9-66d87d24966e tempest-ServerBootFromVolumeStableRescueTest-1066645064 tempest-ServerBootFromVolumeStableRescueTest-1066645064-project-member] Matched version: v2 {{(pid=102656) process_request /opt/stack/glance/glance/api/middleware/version_negotiation.py:69}}
Jul 09 14:29:22.030016 np0000004904 devstack@g-api.service[102656]: DEBUG glance.api.middleware.version_negotiation [None req-65f4755f-a376-4e6b-89c9-66d87d24966e tempest-ServerBootFromVolumeStableRescueTest-1066645064 tempest-ServerBootFromVolumeStableRescueTest-1066645064-project-member] new path /v2/images/cef95f90-3514-4410-90fd-c903b558eb8a {{(pid=102656) process_request /opt/stack/glance/glance/api/middleware/version_negotiation.py:70}}
Jul 09 14:29:22.048477 np0000004904 devstack@g-api.service[102656]: [pid: 102656|app: 0|req: 59/231] 127.0.0.1 () {40 vars in 838 bytes} [Thu Jul 9 14:29:22 2026] GET /v2/images/cef95f90-3514-4410-90fd-c903b558eb8a => generated 648 bytes in 19 msecs (HTTP/1.1 200) 4 headers in 157 bytes (1 switches on core 0)
Jul 09 14:29:22.574945 np0000004904 devstack@g-api.service[102653]: DEBUG glance.api.middleware.version_negotiation [None req-194c216e-55a4-4ec3-8a3d-508aee5e9376 tempest-VolumesActionsTest-234046314 tempest-VolumesActionsTest-234046314-project-member] Determining version of request: PUT /v2/images/cef95f90-3514-4410-90fd-c903b558eb8a/file Accept: */* {{(pid=102653) process_request /opt/stack/glance/glance/api/middleware/version_negotiation.py:44}}
Jul 09 14:29:22.575510 np0000004904 devstack@g-api.service[102653]: DEBUG glance.api.middleware.version_negotiation [None req-194c216e-55a4-4ec3-8a3d-508aee5e9376 tempest-VolumesActionsTest-234046314 tempest-VolumesActionsTest-234046314-project-member] Using url versioning {{(pid=102653) process_request /opt/stack/glance/glance/api/middleware/version_negotiation.py:57}}
Jul 09 14:29:22.575510 np0000004904 devstack@g-api.service[102653]: DEBUG glance.api.middleware.version_negotiation [None req-194c216e-55a4-4ec3-8a3d-508aee5e9376 tempest-VolumesActionsTest-234046314 tempest-VolumesActionsTest-234046314-project-member] Matched version: v2 {{(pid=102653) process_request /opt/stack/glance/glance/api/middleware/version_negotiation.py:69}}
Jul 09 14:29:22.576668 np0000004904 devstack@g-api.service[102653]: DEBUG glance.api.middleware.version_negotiation [None req-194c216e-55a4-4ec3-8a3d-508aee5e9376 tempest-VolumesActionsTest-234046314 tempest-VolumesActionsTest-234046314-project-member] new path /v2/images/cef95f90-3514-4410-90fd-c903b558eb8a/file {{(pid=102653) process_request /opt/stack/glance/glance/api/middleware/version_negotiation.py:70}}
Jul 09 14:29:23.058439 np0000004904 devstack@g-api.service[102654]: DEBUG glance.api.middleware.version_negotiation [None req-08f8ae90-e476-4467-8ead-b9c95dbb07c4 tempest-ServerBootFromVolumeStableRescueTest-1066645064 tempest-ServerBootFromVolumeStableRescueTest-1066645064-project-member] Determining version of request: GET /v2/images/cef95f90-3514-4410-90fd-c903b558eb8a Accept: application/json {{(pid=102654) process_request /opt/stack/glance/glance/api/middleware/version_negotiation.py:44}}
Jul 09 14:29:23.060138 np0000004904 devstack@g-api.service[102654]: DEBUG glance.api.middleware.version_negotiation [None req-08f8ae90-e476-4467-8ead-b9c95dbb07c4 tempest-ServerBootFromVolumeStableRescueTest-1066645064 tempest-ServerBootFromVolumeStableRescueTest-1066645064-project-member] Using url versioning {{(pid=102654) process_request /opt/stack/glance/glance/api/middleware/version_negotiation.py:57}}
Jul 09 14:29:23.060138 np0000004904 devstack@g-api.service[102654]: DEBUG glance.api.middleware.version_negotiation [None req-08f8ae90-e476-4467-8ead-b9c95dbb07c4 tempest-ServerBootFromVolumeStableRescueTest-1066645064 tempest-ServerBootFromVolumeStableRescueTest-1066645064-project-member] Matched version: v2 {{(pid=102654) process_request /opt/stack/glance/glance/api/middleware/version_negotiation.py:69}}
Jul 09 14:29:23.060138 np0000004904 devstack@g-api.service[102654]: DEBUG glance.api.middleware.version_negotiation [None req-08f8ae90-e476-4467-8ead-b9c95dbb07c4 tempest-ServerBootFromVolumeStableRescueTest-1066645064 tempest-ServerBootFromVolumeStableRescueTest-1066645064-project-member] new path /v2/images/cef95f90-3514-4410-90fd-c903b558eb8a {{(pid=102654) process_request /opt/stack/glance/glance/api/middleware/version_negotiation.py:70}}
Jul 09 14:29:23.071315 np0000004904 devstack@g-api.service[102654]: [pid: 102654|app: 0|req: 55/232] 127.0.0.1 () {40 vars in 838 bytes} [Thu Jul 9 14:29:23 2026] GET /v2/images/cef95f90-3514-4410-90fd-c903b558eb8a => generated 648 bytes in 13 msecs (HTTP/1.1 200) 4 headers in 157 bytes (1 switches on core 0)
Jul 09 14:29:23.306065 np0000004904 devstack@g-api.service[102653]: INFO glance.api.v2.image_data [None req-4e2f6e97-223f-416e-91e1-2a913803ce85 tempest-VolumesActionsTest-234046314 tempest-VolumesActionsTest-234046314-project-member] Unable to create trust: no such option collect_timing in group [keystone_authtoken] Use the existing user token.
Jul 09 14:29:24.100374 np0000004904 devstack@g-api.service[102655]: DEBUG glance.api.middleware.version_negotiation [None req-08f8ae90-e476-4467-8ead-b9c95dbb07c4 tempest-ServerBootFromVolumeStableRescueTest-1066645064 tempest-ServerBootFromVolumeStableRescueTest-1066645064-project-member] Determining version of request: GET /v2/images/cef95f90-3514-4410-90fd-c903b558eb8a Accept: application/json {{(pid=102655) process_request /opt/stack/glance/glance/api/middleware/version_negotiation.py:44}}
Jul 09 14:29:24.100791 np0000004904 devstack@g-api.service[102655]: DEBUG glance.api.middleware.version_negotiation [None req-08f8ae90-e476-4467-8ead-b9c95dbb07c4 tempest-ServerBootFromVolumeStableRescueTest-1066645064 tempest-ServerBootFromVolumeStableRescueTest-1066645064-project-member] Using url versioning {{(pid=102655) process_request /opt/stack/glance/glance/api/middleware/version_negotiation.py:57}}
Jul 09 14:29:24.100791 np0000004904 devstack@g-api.service[102655]: DEBUG glance.api.middleware.version_negotiation [None req-08f8ae90-e476-4467-8ead-b9c95dbb07c4 tempest-ServerBootFromVolumeStableRescueTest-1066645064 tempest-ServerBootFromVolumeStableRescueTest-1066645064-project-member] Matched version: v2 {{(pid=102655) process_request /opt/stack/glance/glance/api/middleware/version_negotiation.py:69}}
Jul 09 14:29:24.101114 np0000004904 devstack@g-api.service[102655]: DEBUG glance.api.middleware.version_negotiation [None req-08f8ae90-e476-4467-8ead-b9c95dbb07c4 tempest-ServerBootFromVolumeStableRescueTest-1066645064 tempest-ServerBootFromVolumeStableRescueTest-1066645064-project-member] new path /v2/images/cef95f90-3514-4410-90fd-c903b558eb8a {{(pid=102655) process_request /opt/stack/glance/glance/api/middleware/version_negotiation.py:70}}
Jul 09 14:29:24.113774 np0000004904 devstack@g-api.service[102655]: [pid: 102655|app: 0|req: 61/233] 127.0.0.1 () {40 vars in 838 bytes} [Thu Jul 9 14:29:24 2026] GET /v2/images/cef95f90-3514-4410-90fd-c903b558eb8a => generated 648 bytes in 14 msecs (HTTP/1.1 200) 4 headers in 157 bytes (1 switches on core 0)
Jul 09 14:29:24.175018 np0000004904 devstack@g-api.service[102653]: DEBUG glance.location [None req-4e2f6e97-223f-416e-91e1-2a913803ce85 tempest-VolumesActionsTest-234046314 tempest-VolumesActionsTest-234046314-project-member] Enabling in-flight format inspection for raw {{(pid=102653) set_data /opt/stack/glance/glance/location.py:596}}
Jul 09 14:29:24.175018 np0000004904 devstack@g-api.service[102653]: DEBUG glance_store.backend [None req-4e2f6e97-223f-416e-91e1-2a913803ce85 tempest-VolumesActionsTest-234046314 tempest-VolumesActionsTest-234046314-project-member] Attempting to import store swift {{(pid=102653) _load_store /opt/stack/data/venv/lib/python3.12/site-packages/glance_store/backend.py:215}}
Jul 09 14:29:24.175018 np0000004904 devstack@g-api.service[102653]: DEBUG glance_store.capabilities [None req-4e2f6e97-223f-416e-91e1-2a913803ce85 tempest-VolumesActionsTest-234046314 tempest-VolumesActionsTest-234046314-project-member] Store glance_store._drivers.swift.store.SingleTenantStore doesn't support updating dynamic storage capabilities. Please overwrite 'update_capabilities' method of the store to implement updating logics if needed. {{(pid=102653) update_capabilities /opt/stack/data/venv/lib/python3.12/site-packages/glance_store/capabilities.py:91}}
Jul 09 14:29:24.175018 np0000004904 devstack@g-api.service[102653]: DEBUG glance_store.driver [None req-4e2f6e97-223f-416e-91e1-2a913803ce85 tempest-VolumesActionsTest-234046314 tempest-VolumesActionsTest-234046314-project-member] Late loading location class glance_store._drivers.swift.store.StoreLocation {{(pid=102653) get_store_location_class /opt/stack/data/venv/lib/python3.12/site-packages/glance_store/driver.py:134}}
Jul 09 14:29:24.175018 np0000004904 devstack@g-api.service[102653]: DEBUG glance_store.location [None req-4e2f6e97-223f-416e-91e1-2a913803ce85 tempest-VolumesActionsTest-234046314 tempest-VolumesActionsTest-234046314-project-member] Registering scheme swift+https with {'store': , 'location_class': , 'store_entry': 'swift'} {{(pid=102653) register_scheme_map /opt/stack/data/venv/lib/python3.12/site-packages/glance_store/location.py:146}}
Jul 09 14:29:24.175018 np0000004904 devstack@g-api.service[102653]: DEBUG glance_store.location [None req-4e2f6e97-223f-416e-91e1-2a913803ce85 tempest-VolumesActionsTest-234046314 tempest-VolumesActionsTest-234046314-project-member] Registering scheme swift+https with {'store': , 'location_class': , 'store_entry': 'swift'} {{(pid=102653) register_scheme_map /opt/stack/data/venv/lib/python3.12/site-packages/glance_store/location.py:146}}
Jul 09 14:29:24.175018 np0000004904 devstack@g-api.service[102653]: DEBUG glance_store.location [None req-4e2f6e97-223f-416e-91e1-2a913803ce85 tempest-VolumesActionsTest-234046314 tempest-VolumesActionsTest-234046314-project-member] Registering scheme swift with {'store': , 'location_class': , 'store_entry': 'swift'} {{(pid=102653) register_scheme_map /opt/stack/data/venv/lib/python3.12/site-packages/glance_store/location.py:146}}
Jul 09 14:29:24.175018 np0000004904 devstack@g-api.service[102653]: DEBUG glance_store.location [None req-4e2f6e97-223f-416e-91e1-2a913803ce85 tempest-VolumesActionsTest-234046314 tempest-VolumesActionsTest-234046314-project-member] Registering scheme swift+https with {'store': , 'location_class': , 'store_entry': 'swift'} {{(pid=102653) register_scheme_map /opt/stack/data/venv/lib/python3.12/site-packages/glance_store/location.py:146}}
Jul 09 14:29:24.175018 np0000004904 devstack@g-api.service[102653]: DEBUG glance_store.location [None req-4e2f6e97-223f-416e-91e1-2a913803ce85 tempest-VolumesActionsTest-234046314 tempest-VolumesActionsTest-234046314-project-member] Registering scheme swift with {'store': , 'location_class': , 'store_entry': 'swift'} {{(pid=102653) register_scheme_map /opt/stack/data/venv/lib/python3.12/site-packages/glance_store/location.py:146}}
Jul 09 14:29:24.175018 np0000004904 devstack@g-api.service[102653]: DEBUG glance_store.location [None req-4e2f6e97-223f-416e-91e1-2a913803ce85 tempest-VolumesActionsTest-234046314 tempest-VolumesActionsTest-234046314-project-member] Registering scheme swift+http with {'store': , 'location_class': , 'store_entry': 'swift'} {{(pid=102653) register_scheme_map /opt/stack/data/venv/lib/python3.12/site-packages/glance_store/location.py:146}}
Jul 09 14:29:24.175018 np0000004904 devstack@g-api.service[102653]: DEBUG glance_store.location [None req-4e2f6e97-223f-416e-91e1-2a913803ce85 tempest-VolumesActionsTest-234046314 tempest-VolumesActionsTest-234046314-project-member] Registering scheme swift+https with {'store': , 'location_class': , 'store_entry': 'swift'} {{(pid=102653) register_scheme_map /opt/stack/data/venv/lib/python3.12/site-packages/glance_store/location.py:146}}
Jul 09 14:29:24.175018 np0000004904 devstack@g-api.service[102653]: DEBUG glance_store.location [None req-4e2f6e97-223f-416e-91e1-2a913803ce85 tempest-VolumesActionsTest-234046314 tempest-VolumesActionsTest-234046314-project-member] Registering scheme swift with {'store': , 'location_class': , 'store_entry': 'swift'} {{(pid=102653) register_scheme_map /opt/stack/data/venv/lib/python3.12/site-packages/glance_store/location.py:146}}
Jul 09 14:29:24.175872 np0000004904 devstack@g-api.service[102653]: DEBUG glance_store.location [None req-4e2f6e97-223f-416e-91e1-2a913803ce85 tempest-VolumesActionsTest-234046314 tempest-VolumesActionsTest-234046314-project-member] Registering scheme swift+http with {'store': , 'location_class': , 'store_entry': 'swift'} {{(pid=102653) register_scheme_map /opt/stack/data/venv/lib/python3.12/site-packages/glance_store/location.py:146}}
Jul 09 14:29:24.175872 np0000004904 devstack@g-api.service[102653]: DEBUG glance_store.location [None req-4e2f6e97-223f-416e-91e1-2a913803ce85 tempest-VolumesActionsTest-234046314 tempest-VolumesActionsTest-234046314-project-member] Registering scheme swift+config with {'store': , 'location_class': , 'store_entry': 'swift'} {{(pid=102653) register_scheme_map /opt/stack/data/venv/lib/python3.12/site-packages/glance_store/location.py:146}}
Jul 09 14:29:24.310796 np0000004904 devstack@g-api.service[102653]: DEBUG swiftclient [None req-4e2f6e97-223f-416e-91e1-2a913803ce85 tempest-VolumesActionsTest-234046314 tempest-VolumesActionsTest-234046314-project-member] REQ: curl -i https://10.4.3.175:8080/v1/AUTH_0918e28a103c4e5bbc1a53af9b554868/glance -I -H "X-Auth-Token: gAAAAABqT7BEK2CZ..." {{(pid=102653) http_log /opt/stack/data/venv/lib/python3.12/site-packages/swiftclient/client.py:160}}
Jul 09 14:29:24.310963 np0000004904 devstack@g-api.service[102653]: DEBUG swiftclient [None req-4e2f6e97-223f-416e-91e1-2a913803ce85 tempest-VolumesActionsTest-234046314 tempest-VolumesActionsTest-234046314-project-member] RESP STATUS: 204 No Content {{(pid=102653) http_log /opt/stack/data/venv/lib/python3.12/site-packages/swiftclient/client.py:161}}
Jul 09 14:29:24.311201 np0000004904 devstack@g-api.service[102653]: DEBUG swiftclient [None req-4e2f6e97-223f-416e-91e1-2a913803ce85 tempest-VolumesActionsTest-234046314 tempest-VolumesActionsTest-234046314-project-member] RESP HEADERS: {'Date': 'Thu, 09 Jul 2026 14:29:24 GMT', 'Server': 'Apache/2.4.58 (Ubuntu)', 'Content-Type': 'text/plain; charset=utf-8', 'X-Container-Object-Count': '7', 'X-Container-Bytes-Used': '141557760', 'X-Timestamp': '1783607028.86344', 'Last-Modified': 'Thu, 09 Jul 2026 14:23:49 GMT', 'Accept-Ranges': 'bytes', 'X-Storage-Policy': 'Policy-0', 'X-Container-Sharding': 'False', 'Vary': 'Accept', 'X-Trans-Id': 'txa2b0a221d9ac4345a0e0a-006a4fb044', 'X-Openstack-Request-Id': 'txa2b0a221d9ac4345a0e0a-006a4fb044', 'Connection': 'close'} {{(pid=102653) http_log /opt/stack/data/venv/lib/python3.12/site-packages/swiftclient/client.py:162}}
Jul 09 14:29:24.311379 np0000004904 devstack@g-api.service[102653]: DEBUG glance_store._drivers.swift.store [None req-4e2f6e97-223f-416e-91e1-2a913803ce85 tempest-VolumesActionsTest-234046314 tempest-VolumesActionsTest-234046314-project-member] Adding image object 'cef95f90-3514-4410-90fd-c903b558eb8a' to Swift {{(pid=102653) add /opt/stack/data/venv/lib/python3.12/site-packages/glance_store/_drivers/swift/store.py:970}}
Jul 09 14:29:24.311472 np0000004904 devstack@g-api.service[102653]: DEBUG glance_store._drivers.swift.store [None req-4e2f6e97-223f-416e-91e1-2a913803ce85 tempest-VolumesActionsTest-234046314 tempest-VolumesActionsTest-234046314-project-member] Cannot determine image size because it is either not provided in the request or chunked-transfer encoding is used. Adding image as a segmented object to Swift. {{(pid=102653) add /opt/stack/data/venv/lib/python3.12/site-packages/glance_store/_drivers/swift/store.py:994}}
Jul 09 14:29:24.317581 np0000004904 devstack@g-api.service[102653]: DEBUG oslo_utils.imageutils.format_inspector [None req-4e2f6e97-223f-416e-91e1-2a913803ce85 tempest-VolumesActionsTest-234046314 tempest-VolumesActionsTest-234046314-project-member] Format inspector for vmdk does not match, excluding from consideration (Signature KDMV not found: b'\x00\x00\x00\x00') {{(pid=102653) _process_chunk /opt/stack/data/venv/lib/python3.12/site-packages/oslo_utils/imageutils/format_inspector.py:1758}}
Jul 09 14:29:24.330121 np0000004904 devstack@g-api.service[102653]: DEBUG oslo_utils.imageutils.format_inspector [None req-4e2f6e97-223f-416e-91e1-2a913803ce85 tempest-VolumesActionsTest-234046314 tempest-VolumesActionsTest-234046314-project-member] Format inspector for vhdx does not match, excluding from consideration (Region signature not found at 30000) {{(pid=102653) _process_chunk /opt/stack/data/venv/lib/python3.12/site-packages/oslo_utils/imageutils/format_inspector.py:1758}}
Jul 09 14:29:25.166321 np0000004904 devstack@g-api.service[102656]: DEBUG glance.api.middleware.version_negotiation [None req-95cfe055-f58c-46f4-9520-219f5cd6eb92 tempest-VolumesActionsTest-234046314 tempest-VolumesActionsTest-234046314-project-member] Determining version of request: GET /v2/images/cef95f90-3514-4410-90fd-c903b558eb8a Accept: application/json {{(pid=102656) process_request /opt/stack/glance/glance/api/middleware/version_negotiation.py:44}}
Jul 09 14:29:25.167825 np0000004904 devstack@g-api.service[102656]: DEBUG glance.api.middleware.version_negotiation [None req-95cfe055-f58c-46f4-9520-219f5cd6eb92 tempest-VolumesActionsTest-234046314 tempest-VolumesActionsTest-234046314-project-member] Using url versioning {{(pid=102656) process_request /opt/stack/glance/glance/api/middleware/version_negotiation.py:57}}
Jul 09 14:29:25.168919 np0000004904 devstack@g-api.service[102656]: DEBUG glance.api.middleware.version_negotiation [None req-95cfe055-f58c-46f4-9520-219f5cd6eb92 tempest-VolumesActionsTest-234046314 tempest-VolumesActionsTest-234046314-project-member] Matched version: v2 {{(pid=102656) process_request /opt/stack/glance/glance/api/middleware/version_negotiation.py:69}}
Jul 09 14:29:25.168919 np0000004904 devstack@g-api.service[102656]: DEBUG glance.api.middleware.version_negotiation [None req-95cfe055-f58c-46f4-9520-219f5cd6eb92 tempest-VolumesActionsTest-234046314 tempest-VolumesActionsTest-234046314-project-member] new path /v2/images/cef95f90-3514-4410-90fd-c903b558eb8a {{(pid=102656) process_request /opt/stack/glance/glance/api/middleware/version_negotiation.py:70}}
Jul 09 14:29:25.193186 np0000004904 devstack@g-api.service[102656]: [pid: 102656|app: 0|req: 60/234] 127.0.0.1 () {40 vars in 838 bytes} [Thu Jul 9 14:29:25 2026] GET /v2/images/cef95f90-3514-4410-90fd-c903b558eb8a => generated 648 bytes in 27 msecs (HTTP/1.1 200) 4 headers in 157 bytes (1 switches on core 0)
Jul 09 14:29:26.205610 np0000004904 devstack@g-api.service[102654]: DEBUG glance.api.middleware.version_negotiation [None req-dcf97958-32f8-4f3e-ba67-a28086f2f7fb tempest-VolumesActionsTest-234046314 tempest-VolumesActionsTest-234046314-project-member] Determining version of request: GET /v2/images/cef95f90-3514-4410-90fd-c903b558eb8a Accept: application/json {{(pid=102654) process_request /opt/stack/glance/glance/api/middleware/version_negotiation.py:44}}
Jul 09 14:29:26.205974 np0000004904 devstack@g-api.service[102654]: DEBUG glance.api.middleware.version_negotiation [None req-dcf97958-32f8-4f3e-ba67-a28086f2f7fb tempest-VolumesActionsTest-234046314 tempest-VolumesActionsTest-234046314-project-member] Using url versioning {{(pid=102654) process_request /opt/stack/glance/glance/api/middleware/version_negotiation.py:57}}
Jul 09 14:29:26.206050 np0000004904 devstack@g-api.service[102654]: DEBUG glance.api.middleware.version_negotiation [None req-dcf97958-32f8-4f3e-ba67-a28086f2f7fb tempest-VolumesActionsTest-234046314 tempest-VolumesActionsTest-234046314-project-member] Matched version: v2 {{(pid=102654) process_request /opt/stack/glance/glance/api/middleware/version_negotiation.py:69}}
Jul 09 14:29:26.206216 np0000004904 devstack@g-api.service[102654]: DEBUG glance.api.middleware.version_negotiation [None req-dcf97958-32f8-4f3e-ba67-a28086f2f7fb tempest-VolumesActionsTest-234046314 tempest-VolumesActionsTest-234046314-project-member] new path /v2/images/cef95f90-3514-4410-90fd-c903b558eb8a {{(pid=102654) process_request /opt/stack/glance/glance/api/middleware/version_negotiation.py:70}}
Jul 09 14:29:26.219717 np0000004904 devstack@g-api.service[102654]: [pid: 102654|app: 0|req: 56/235] 127.0.0.1 () {40 vars in 838 bytes} [Thu Jul 9 14:29:26 2026] GET /v2/images/cef95f90-3514-4410-90fd-c903b558eb8a => generated 648 bytes in 14 msecs (HTTP/1.1 200) 4 headers in 157 bytes (1 switches on core 0)
Jul 09 14:29:27.233674 np0000004904 devstack@g-api.service[102655]: DEBUG glance.api.middleware.version_negotiation [None req-ffc309c2-1085-47fa-a6c3-2e97dc9145ca tempest-VolumesActionsTest-234046314 tempest-VolumesActionsTest-234046314-project-member] Determining version of request: GET /v2/images/cef95f90-3514-4410-90fd-c903b558eb8a Accept: application/json {{(pid=102655) process_request /opt/stack/glance/glance/api/middleware/version_negotiation.py:44}}
Jul 09 14:29:27.234216 np0000004904 devstack@g-api.service[102655]: DEBUG glance.api.middleware.version_negotiation [None req-ffc309c2-1085-47fa-a6c3-2e97dc9145ca tempest-VolumesActionsTest-234046314 tempest-VolumesActionsTest-234046314-project-member] Using url versioning {{(pid=102655) process_request /opt/stack/glance/glance/api/middleware/version_negotiation.py:57}}
Jul 09 14:29:27.234216 np0000004904 devstack@g-api.service[102655]: DEBUG glance.api.middleware.version_negotiation [None req-ffc309c2-1085-47fa-a6c3-2e97dc9145ca tempest-VolumesActionsTest-234046314 tempest-VolumesActionsTest-234046314-project-member] Matched version: v2 {{(pid=102655) process_request /opt/stack/glance/glance/api/middleware/version_negotiation.py:69}}
Jul 09 14:29:27.234298 np0000004904 devstack@g-api.service[102655]: DEBUG glance.api.middleware.version_negotiation [None req-ffc309c2-1085-47fa-a6c3-2e97dc9145ca tempest-VolumesActionsTest-234046314 tempest-VolumesActionsTest-234046314-project-member] new path /v2/images/cef95f90-3514-4410-90fd-c903b558eb8a {{(pid=102655) process_request /opt/stack/glance/glance/api/middleware/version_negotiation.py:70}}
Jul 09 14:29:27.249011 np0000004904 devstack@g-api.service[102655]: [pid: 102655|app: 0|req: 62/236] 127.0.0.1 () {40 vars in 838 bytes} [Thu Jul 9 14:29:27 2026] GET /v2/images/cef95f90-3514-4410-90fd-c903b558eb8a => generated 648 bytes in 15 msecs (HTTP/1.1 200) 4 headers in 157 bytes (1 switches on core 0)
Jul 09 14:29:27.292031 np0000004904 devstack@g-api.service[102653]: DEBUG swiftclient [None req-4e2f6e97-223f-416e-91e1-2a913803ce85 tempest-VolumesActionsTest-234046314 tempest-VolumesActionsTest-234046314-project-member] REQ: curl -i https://10.4.3.175:8080/v1/AUTH_0918e28a103c4e5bbc1a53af9b554868/glance/cef95f90-3514-4410-90fd-c903b558eb8a-00001 -X PUT -H "X-Auth-Token: gAAAAABqT7BEK2CZ..." {{(pid=102653) http_log /opt/stack/data/venv/lib/python3.12/site-packages/swiftclient/client.py:160}}
Jul 09 14:29:27.292031 np0000004904 devstack@g-api.service[102653]: DEBUG swiftclient [None req-4e2f6e97-223f-416e-91e1-2a913803ce85 tempest-VolumesActionsTest-234046314 tempest-VolumesActionsTest-234046314-project-member] RESP STATUS: 201 Created {{(pid=102653) http_log /opt/stack/data/venv/lib/python3.12/site-packages/swiftclient/client.py:161}}
Jul 09 14:29:27.292031 np0000004904 devstack@g-api.service[102653]: DEBUG swiftclient [None req-4e2f6e97-223f-416e-91e1-2a913803ce85 tempest-VolumesActionsTest-234046314 tempest-VolumesActionsTest-234046314-project-member] RESP HEADERS: {'Date': 'Thu, 09 Jul 2026 14:29:27 GMT', 'Server': 'Apache/2.4.58 (Ubuntu)', 'Content-Type': 'text/html; charset=UTF-8', 'Content-Length': '0', 'Etag': 'eda9a9889837ac4bc81d6387d92c1bec', 'Last-Modified': 'Thu, 09 Jul 2026 14:29:25 GMT', 'X-Trans-Id': 'tx418973f2dc534ffc98fc1-006a4fb044', 'X-Openstack-Request-Id': 'tx418973f2dc534ffc98fc1-006a4fb044', 'Connection': 'close'} {{(pid=102653) http_log /opt/stack/data/venv/lib/python3.12/site-packages/swiftclient/client.py:162}}
Jul 09 14:29:27.292031 np0000004904 devstack@g-api.service[102653]: DEBUG glance_store._drivers.swift.store [None req-4e2f6e97-223f-416e-91e1-2a913803ce85 tempest-VolumesActionsTest-234046314 tempest-VolumesActionsTest-234046314-project-member] Wrote chunk cef95f90-3514-4410-90fd-c903b558eb8a-00001 (1/?) of length 204800000 to Swift returning MD5 of content: eda9a9889837ac4bc81d6387d92c1bec {{(pid=102653) add /opt/stack/data/venv/lib/python3.12/site-packages/glance_store/_drivers/swift/store.py:1059}}
Jul 09 14:29:28.265298 np0000004904 devstack@g-api.service[102656]: DEBUG glance.api.middleware.version_negotiation [None req-8dbc5303-829d-4299-ae3c-d5178879aacc tempest-VolumesActionsTest-234046314 tempest-VolumesActionsTest-234046314-project-member] Determining version of request: GET /v2/images/cef95f90-3514-4410-90fd-c903b558eb8a Accept: application/json {{(pid=102656) process_request /opt/stack/glance/glance/api/middleware/version_negotiation.py:44}}
Jul 09 14:29:28.265298 np0000004904 devstack@g-api.service[102656]: DEBUG glance.api.middleware.version_negotiation [None req-8dbc5303-829d-4299-ae3c-d5178879aacc tempest-VolumesActionsTest-234046314 tempest-VolumesActionsTest-234046314-project-member] Using url versioning {{(pid=102656) process_request /opt/stack/glance/glance/api/middleware/version_negotiation.py:57}}
Jul 09 14:29:28.265854 np0000004904 devstack@g-api.service[102656]: DEBUG glance.api.middleware.version_negotiation [None req-8dbc5303-829d-4299-ae3c-d5178879aacc tempest-VolumesActionsTest-234046314 tempest-VolumesActionsTest-234046314-project-member] Matched version: v2 {{(pid=102656) process_request /opt/stack/glance/glance/api/middleware/version_negotiation.py:69}}
Jul 09 14:29:28.265854 np0000004904 devstack@g-api.service[102656]: DEBUG glance.api.middleware.version_negotiation [None req-8dbc5303-829d-4299-ae3c-d5178879aacc tempest-VolumesActionsTest-234046314 tempest-VolumesActionsTest-234046314-project-member] new path /v2/images/cef95f90-3514-4410-90fd-c903b558eb8a {{(pid=102656) process_request /opt/stack/glance/glance/api/middleware/version_negotiation.py:70}}
Jul 09 14:29:28.290579 np0000004904 devstack@g-api.service[102656]: [pid: 102656|app: 0|req: 61/237] 127.0.0.1 () {40 vars in 838 bytes} [Thu Jul 9 14:29:28 2026] GET /v2/images/cef95f90-3514-4410-90fd-c903b558eb8a => generated 648 bytes in 26 msecs (HTTP/1.1 200) 4 headers in 157 bytes (1 switches on core 0)
Jul 09 14:29:29.306999 np0000004904 devstack@g-api.service[102654]: DEBUG glance.api.middleware.version_negotiation [None req-639d9ad7-e5f3-4940-9372-b483f0ffb569 tempest-VolumesActionsTest-234046314 tempest-VolumesActionsTest-234046314-project-member] Determining version of request: GET /v2/images/cef95f90-3514-4410-90fd-c903b558eb8a Accept: application/json {{(pid=102654) process_request /opt/stack/glance/glance/api/middleware/version_negotiation.py:44}}
Jul 09 14:29:29.306999 np0000004904 devstack@g-api.service[102654]: DEBUG glance.api.middleware.version_negotiation [None req-639d9ad7-e5f3-4940-9372-b483f0ffb569 tempest-VolumesActionsTest-234046314 tempest-VolumesActionsTest-234046314-project-member] Using url versioning {{(pid=102654) process_request /opt/stack/glance/glance/api/middleware/version_negotiation.py:57}}
Jul 09 14:29:29.306999 np0000004904 devstack@g-api.service[102654]: DEBUG glance.api.middleware.version_negotiation [None req-639d9ad7-e5f3-4940-9372-b483f0ffb569 tempest-VolumesActionsTest-234046314 tempest-VolumesActionsTest-234046314-project-member] Matched version: v2 {{(pid=102654) process_request /opt/stack/glance/glance/api/middleware/version_negotiation.py:69}}
Jul 09 14:29:29.306999 np0000004904 devstack@g-api.service[102654]: DEBUG glance.api.middleware.version_negotiation [None req-639d9ad7-e5f3-4940-9372-b483f0ffb569 tempest-VolumesActionsTest-234046314 tempest-VolumesActionsTest-234046314-project-member] new path /v2/images/cef95f90-3514-4410-90fd-c903b558eb8a {{(pid=102654) process_request /opt/stack/glance/glance/api/middleware/version_negotiation.py:70}}
Jul 09 14:29:29.322771 np0000004904 devstack@g-api.service[102654]: [pid: 102654|app: 0|req: 57/238] 127.0.0.1 () {40 vars in 838 bytes} [Thu Jul 9 14:29:29 2026] GET /v2/images/cef95f90-3514-4410-90fd-c903b558eb8a => generated 648 bytes in 17 msecs (HTTP/1.1 200) 4 headers in 157 bytes (1 switches on core 0)
Jul 09 14:29:30.158468 np0000004904 devstack@g-api.service[102653]: DEBUG swiftclient [None req-4e2f6e97-223f-416e-91e1-2a913803ce85 tempest-VolumesActionsTest-234046314 tempest-VolumesActionsTest-234046314-project-member] REQ: curl -i https://10.4.3.175:8080/v1/AUTH_0918e28a103c4e5bbc1a53af9b554868/glance/cef95f90-3514-4410-90fd-c903b558eb8a-00002 -X PUT -H "X-Auth-Token: gAAAAABqT7BEK2CZ..." {{(pid=102653) http_log /opt/stack/data/venv/lib/python3.12/site-packages/swiftclient/client.py:160}}
Jul 09 14:29:30.158787 np0000004904 devstack@g-api.service[102653]: DEBUG swiftclient [None req-4e2f6e97-223f-416e-91e1-2a913803ce85 tempest-VolumesActionsTest-234046314 tempest-VolumesActionsTest-234046314-project-member] RESP STATUS: 201 Created {{(pid=102653) http_log /opt/stack/data/venv/lib/python3.12/site-packages/swiftclient/client.py:161}}
Jul 09 14:29:30.158982 np0000004904 devstack@g-api.service[102653]: DEBUG swiftclient [None req-4e2f6e97-223f-416e-91e1-2a913803ce85 tempest-VolumesActionsTest-234046314 tempest-VolumesActionsTest-234046314-project-member] RESP HEADERS: {'Date': 'Thu, 09 Jul 2026 14:29:30 GMT', 'Server': 'Apache/2.4.58 (Ubuntu)', 'Content-Type': 'text/html; charset=UTF-8', 'Content-Length': '0', 'Etag': 'eda9a9889837ac4bc81d6387d92c1bec', 'Last-Modified': 'Thu, 09 Jul 2026 14:29:28 GMT', 'X-Trans-Id': 'tx9f95fbb9e7ac4bfa80696-006a4fb047', 'X-Openstack-Request-Id': 'tx9f95fbb9e7ac4bfa80696-006a4fb047', 'Connection': 'close'} {{(pid=102653) http_log /opt/stack/data/venv/lib/python3.12/site-packages/swiftclient/client.py:162}}
Jul 09 14:29:30.159132 np0000004904 devstack@g-api.service[102653]: DEBUG glance_store._drivers.swift.store [None req-4e2f6e97-223f-416e-91e1-2a913803ce85 tempest-VolumesActionsTest-234046314 tempest-VolumesActionsTest-234046314-project-member] Wrote chunk cef95f90-3514-4410-90fd-c903b558eb8a-00002 (2/?) of length 204800000 to Swift returning MD5 of content: eda9a9889837ac4bc81d6387d92c1bec {{(pid=102653) add /opt/stack/data/venv/lib/python3.12/site-packages/glance_store/_drivers/swift/store.py:1059}}
Jul 09 14:29:30.335662 np0000004904 devstack@g-api.service[102655]: DEBUG glance.api.middleware.version_negotiation [None req-a7dbfc77-f763-46ef-9f4b-1fa6da6b6c68 tempest-VolumesActionsTest-234046314 tempest-VolumesActionsTest-234046314-project-member] Determining version of request: GET /v2/images/cef95f90-3514-4410-90fd-c903b558eb8a Accept: application/json {{(pid=102655) process_request /opt/stack/glance/glance/api/middleware/version_negotiation.py:44}}
Jul 09 14:29:30.336270 np0000004904 devstack@g-api.service[102655]: DEBUG glance.api.middleware.version_negotiation [None req-a7dbfc77-f763-46ef-9f4b-1fa6da6b6c68 tempest-VolumesActionsTest-234046314 tempest-VolumesActionsTest-234046314-project-member] Using url versioning {{(pid=102655) process_request /opt/stack/glance/glance/api/middleware/version_negotiation.py:57}}
Jul 09 14:29:30.336270 np0000004904 devstack@g-api.service[102655]: DEBUG glance.api.middleware.version_negotiation [None req-a7dbfc77-f763-46ef-9f4b-1fa6da6b6c68 tempest-VolumesActionsTest-234046314 tempest-VolumesActionsTest-234046314-project-member] Matched version: v2 {{(pid=102655) process_request /opt/stack/glance/glance/api/middleware/version_negotiation.py:69}}
Jul 09 14:29:30.338656 np0000004904 devstack@g-api.service[102655]: DEBUG glance.api.middleware.version_negotiation [None req-a7dbfc77-f763-46ef-9f4b-1fa6da6b6c68 tempest-VolumesActionsTest-234046314 tempest-VolumesActionsTest-234046314-project-member] new path /v2/images/cef95f90-3514-4410-90fd-c903b558eb8a {{(pid=102655) process_request /opt/stack/glance/glance/api/middleware/version_negotiation.py:70}}
Jul 09 14:29:30.355294 np0000004904 devstack@g-api.service[102655]: [pid: 102655|app: 0|req: 63/239] 127.0.0.1 () {40 vars in 838 bytes} [Thu Jul 9 14:29:30 2026] GET /v2/images/cef95f90-3514-4410-90fd-c903b558eb8a => generated 648 bytes in 19 msecs (HTTP/1.1 200) 4 headers in 157 bytes (1 switches on core 0)
Jul 09 14:29:31.367289 np0000004904 devstack@g-api.service[102656]: DEBUG glance.api.middleware.version_negotiation [None req-4a6ed673-9718-48e6-803c-96021a03e528 tempest-VolumesActionsTest-234046314 tempest-VolumesActionsTest-234046314-project-member] Determining version of request: GET /v2/images/cef95f90-3514-4410-90fd-c903b558eb8a Accept: application/json {{(pid=102656) process_request /opt/stack/glance/glance/api/middleware/version_negotiation.py:44}}
Jul 09 14:29:31.367772 np0000004904 devstack@g-api.service[102656]: DEBUG glance.api.middleware.version_negotiation [None req-4a6ed673-9718-48e6-803c-96021a03e528 tempest-VolumesActionsTest-234046314 tempest-VolumesActionsTest-234046314-project-member] Using url versioning {{(pid=102656) process_request /opt/stack/glance/glance/api/middleware/version_negotiation.py:57}}
Jul 09 14:29:31.367772 np0000004904 devstack@g-api.service[102656]: DEBUG glance.api.middleware.version_negotiation [None req-4a6ed673-9718-48e6-803c-96021a03e528 tempest-VolumesActionsTest-234046314 tempest-VolumesActionsTest-234046314-project-member] Matched version: v2 {{(pid=102656) process_request /opt/stack/glance/glance/api/middleware/version_negotiation.py:69}}
Jul 09 14:29:31.367957 np0000004904 devstack@g-api.service[102656]: DEBUG glance.api.middleware.version_negotiation [None req-4a6ed673-9718-48e6-803c-96021a03e528 tempest-VolumesActionsTest-234046314 tempest-VolumesActionsTest-234046314-project-member] new path /v2/images/cef95f90-3514-4410-90fd-c903b558eb8a {{(pid=102656) process_request /opt/stack/glance/glance/api/middleware/version_negotiation.py:70}}
Jul 09 14:29:31.390470 np0000004904 devstack@g-api.service[102656]: [pid: 102656|app: 0|req: 62/240] 127.0.0.1 () {40 vars in 838 bytes} [Thu Jul 9 14:29:31 2026] GET /v2/images/cef95f90-3514-4410-90fd-c903b558eb8a => generated 648 bytes in 23 msecs (HTTP/1.1 200) 4 headers in 157 bytes (1 switches on core 0)
Jul 09 14:29:32.408758 np0000004904 devstack@g-api.service[102654]: DEBUG glance.api.middleware.version_negotiation [None req-7964bd3e-80c2-47a1-a4a8-9c8016aa1bad tempest-VolumesActionsTest-234046314 tempest-VolumesActionsTest-234046314-project-member] Determining version of request: GET /v2/images/cef95f90-3514-4410-90fd-c903b558eb8a Accept: application/json {{(pid=102654) process_request /opt/stack/glance/glance/api/middleware/version_negotiation.py:44}}
Jul 09 14:29:32.408758 np0000004904 devstack@g-api.service[102654]: DEBUG glance.api.middleware.version_negotiation [None req-7964bd3e-80c2-47a1-a4a8-9c8016aa1bad tempest-VolumesActionsTest-234046314 tempest-VolumesActionsTest-234046314-project-member] Using url versioning {{(pid=102654) process_request /opt/stack/glance/glance/api/middleware/version_negotiation.py:57}}
Jul 09 14:29:32.408758 np0000004904 devstack@g-api.service[102654]: DEBUG glance.api.middleware.version_negotiation [None req-7964bd3e-80c2-47a1-a4a8-9c8016aa1bad tempest-VolumesActionsTest-234046314 tempest-VolumesActionsTest-234046314-project-member] Matched version: v2 {{(pid=102654) process_request /opt/stack/glance/glance/api/middleware/version_negotiation.py:69}}
Jul 09 14:29:32.408758 np0000004904 devstack@g-api.service[102654]: DEBUG glance.api.middleware.version_negotiation [None req-7964bd3e-80c2-47a1-a4a8-9c8016aa1bad tempest-VolumesActionsTest-234046314 tempest-VolumesActionsTest-234046314-project-member] new path /v2/images/cef95f90-3514-4410-90fd-c903b558eb8a {{(pid=102654) process_request /opt/stack/glance/glance/api/middleware/version_negotiation.py:70}}
Jul 09 14:29:32.429490 np0000004904 devstack@g-api.service[102654]: [pid: 102654|app: 0|req: 58/241] 127.0.0.1 () {40 vars in 838 bytes} [Thu Jul 9 14:29:32 2026] GET /v2/images/cef95f90-3514-4410-90fd-c903b558eb8a => generated 648 bytes in 24 msecs (HTTP/1.1 200) 4 headers in 157 bytes (1 switches on core 0)
Jul 09 14:29:32.758532 np0000004904 devstack@g-api.service[102653]: DEBUG swiftclient [None req-4e2f6e97-223f-416e-91e1-2a913803ce85 tempest-VolumesActionsTest-234046314 tempest-VolumesActionsTest-234046314-project-member] REQ: curl -i https://10.4.3.175:8080/v1/AUTH_0918e28a103c4e5bbc1a53af9b554868/glance/cef95f90-3514-4410-90fd-c903b558eb8a-00003 -X PUT -H "X-Auth-Token: gAAAAABqT7BEK2CZ..." {{(pid=102653) http_log /opt/stack/data/venv/lib/python3.12/site-packages/swiftclient/client.py:160}}
Jul 09 14:29:32.758532 np0000004904 devstack@g-api.service[102653]: DEBUG swiftclient [None req-4e2f6e97-223f-416e-91e1-2a913803ce85 tempest-VolumesActionsTest-234046314 tempest-VolumesActionsTest-234046314-project-member] RESP STATUS: 201 Created {{(pid=102653) http_log /opt/stack/data/venv/lib/python3.12/site-packages/swiftclient/client.py:161}}
Jul 09 14:29:32.759412 np0000004904 devstack@g-api.service[102653]: DEBUG swiftclient [None req-4e2f6e97-223f-416e-91e1-2a913803ce85 tempest-VolumesActionsTest-234046314 tempest-VolumesActionsTest-234046314-project-member] RESP HEADERS: {'Date': 'Thu, 09 Jul 2026 14:29:32 GMT', 'Server': 'Apache/2.4.58 (Ubuntu)', 'Content-Type': 'text/html; charset=UTF-8', 'Content-Length': '0', 'Etag': 'eda9a9889837ac4bc81d6387d92c1bec', 'Last-Modified': 'Thu, 09 Jul 2026 14:29:31 GMT', 'X-Trans-Id': 'tx8525e57bdb1d458ea6c5a-006a4fb04a', 'X-Openstack-Request-Id': 'tx8525e57bdb1d458ea6c5a-006a4fb04a', 'Connection': 'close'} {{(pid=102653) http_log /opt/stack/data/venv/lib/python3.12/site-packages/swiftclient/client.py:162}}
Jul 09 14:29:32.759412 np0000004904 devstack@g-api.service[102653]: DEBUG glance_store._drivers.swift.store [None req-4e2f6e97-223f-416e-91e1-2a913803ce85 tempest-VolumesActionsTest-234046314 tempest-VolumesActionsTest-234046314-project-member] Wrote chunk cef95f90-3514-4410-90fd-c903b558eb8a-00003 (3/?) of length 204800000 to Swift returning MD5 of content: eda9a9889837ac4bc81d6387d92c1bec {{(pid=102653) add /opt/stack/data/venv/lib/python3.12/site-packages/glance_store/_drivers/swift/store.py:1059}}
Jul 09 14:29:33.449538 np0000004904 devstack@g-api.service[102655]: DEBUG glance.api.middleware.version_negotiation [None req-e33d4035-d164-4992-acf5-646b0b9bb3d3 tempest-VolumesActionsTest-234046314 tempest-VolumesActionsTest-234046314-project-member] Determining version of request: GET /v2/images/cef95f90-3514-4410-90fd-c903b558eb8a Accept: application/json {{(pid=102655) process_request /opt/stack/glance/glance/api/middleware/version_negotiation.py:44}}
Jul 09 14:29:33.449538 np0000004904 devstack@g-api.service[102655]: DEBUG glance.api.middleware.version_negotiation [None req-e33d4035-d164-4992-acf5-646b0b9bb3d3 tempest-VolumesActionsTest-234046314 tempest-VolumesActionsTest-234046314-project-member] Using url versioning {{(pid=102655) process_request /opt/stack/glance/glance/api/middleware/version_negotiation.py:57}}
Jul 09 14:29:33.449538 np0000004904 devstack@g-api.service[102655]: DEBUG glance.api.middleware.version_negotiation [None req-e33d4035-d164-4992-acf5-646b0b9bb3d3 tempest-VolumesActionsTest-234046314 tempest-VolumesActionsTest-234046314-project-member] Matched version: v2 {{(pid=102655) process_request /opt/stack/glance/glance/api/middleware/version_negotiation.py:69}}
Jul 09 14:29:33.449538 np0000004904 devstack@g-api.service[102655]: DEBUG glance.api.middleware.version_negotiation [None req-e33d4035-d164-4992-acf5-646b0b9bb3d3 tempest-VolumesActionsTest-234046314 tempest-VolumesActionsTest-234046314-project-member] new path /v2/images/cef95f90-3514-4410-90fd-c903b558eb8a {{(pid=102655) process_request /opt/stack/glance/glance/api/middleware/version_negotiation.py:70}}
Jul 09 14:29:33.476421 np0000004904 devstack@g-api.service[102655]: [pid: 102655|app: 0|req: 64/242] 127.0.0.1 () {40 vars in 838 bytes} [Thu Jul 9 14:29:33 2026] GET /v2/images/cef95f90-3514-4410-90fd-c903b558eb8a => generated 648 bytes in 27 msecs (HTTP/1.1 200) 4 headers in 157 bytes (1 switches on core 0)
Jul 09 14:29:34.167731 np0000004904 devstack@g-api.service[102653]: DEBUG dbcounter [-] [102653] Writing DB stats glance:SELECT=59,glance:INSERT=22,glance:UPDATE=4 {{(pid=102653) stat_writer /opt/stack/data/venv/lib/python3.12/site-packages/dbcounter.py:115}}
Jul 09 14:29:34.485798 np0000004904 devstack@g-api.service[102656]: DEBUG glance.api.middleware.version_negotiation [None req-bffb2a73-848d-4ee6-944a-381a60d36e8f tempest-VolumesActionsTest-234046314 tempest-VolumesActionsTest-234046314-project-member] Determining version of request: GET /v2/images/cef95f90-3514-4410-90fd-c903b558eb8a Accept: application/json {{(pid=102656) process_request /opt/stack/glance/glance/api/middleware/version_negotiation.py:44}}
Jul 09 14:29:34.486482 np0000004904 devstack@g-api.service[102656]: DEBUG glance.api.middleware.version_negotiation [None req-bffb2a73-848d-4ee6-944a-381a60d36e8f tempest-VolumesActionsTest-234046314 tempest-VolumesActionsTest-234046314-project-member] Using url versioning {{(pid=102656) process_request /opt/stack/glance/glance/api/middleware/version_negotiation.py:57}}
Jul 09 14:29:34.486482 np0000004904 devstack@g-api.service[102656]: DEBUG glance.api.middleware.version_negotiation [None req-bffb2a73-848d-4ee6-944a-381a60d36e8f tempest-VolumesActionsTest-234046314 tempest-VolumesActionsTest-234046314-project-member] Matched version: v2 {{(pid=102656) process_request /opt/stack/glance/glance/api/middleware/version_negotiation.py:69}}
Jul 09 14:29:34.486482 np0000004904 devstack@g-api.service[102656]: DEBUG glance.api.middleware.version_negotiation [None req-bffb2a73-848d-4ee6-944a-381a60d36e8f tempest-VolumesActionsTest-234046314 tempest-VolumesActionsTest-234046314-project-member] new path /v2/images/cef95f90-3514-4410-90fd-c903b558eb8a {{(pid=102656) process_request /opt/stack/glance/glance/api/middleware/version_negotiation.py:70}}
Jul 09 14:29:34.504469 np0000004904 devstack@g-api.service[102656]: [pid: 102656|app: 0|req: 63/243] 127.0.0.1 () {40 vars in 838 bytes} [Thu Jul 9 14:29:34 2026] GET /v2/images/cef95f90-3514-4410-90fd-c903b558eb8a => generated 648 bytes in 19 msecs (HTTP/1.1 200) 4 headers in 157 bytes (1 switches on core 0)
Jul 09 14:29:35.525967 np0000004904 devstack@g-api.service[102654]: DEBUG glance.api.middleware.version_negotiation [None req-e7f9db22-d3cd-48c6-b698-b490baa48c1c tempest-VolumesActionsTest-234046314 tempest-VolumesActionsTest-234046314-project-member] Determining version of request: GET /v2/images/cef95f90-3514-4410-90fd-c903b558eb8a Accept: application/json {{(pid=102654) process_request /opt/stack/glance/glance/api/middleware/version_negotiation.py:44}}
Jul 09 14:29:35.525967 np0000004904 devstack@g-api.service[102654]: DEBUG glance.api.middleware.version_negotiation [None req-e7f9db22-d3cd-48c6-b698-b490baa48c1c tempest-VolumesActionsTest-234046314 tempest-VolumesActionsTest-234046314-project-member] Using url versioning {{(pid=102654) process_request /opt/stack/glance/glance/api/middleware/version_negotiation.py:57}}
Jul 09 14:29:35.527292 np0000004904 devstack@g-api.service[102654]: DEBUG glance.api.middleware.version_negotiation [None req-e7f9db22-d3cd-48c6-b698-b490baa48c1c tempest-VolumesActionsTest-234046314 tempest-VolumesActionsTest-234046314-project-member] Matched version: v2 {{(pid=102654) process_request /opt/stack/glance/glance/api/middleware/version_negotiation.py:69}}
Jul 09 14:29:35.527562 np0000004904 devstack@g-api.service[102654]: DEBUG glance.api.middleware.version_negotiation [None req-e7f9db22-d3cd-48c6-b698-b490baa48c1c tempest-VolumesActionsTest-234046314 tempest-VolumesActionsTest-234046314-project-member] new path /v2/images/cef95f90-3514-4410-90fd-c903b558eb8a {{(pid=102654) process_request /opt/stack/glance/glance/api/middleware/version_negotiation.py:70}}
Jul 09 14:29:35.541584 np0000004904 devstack@g-api.service[102654]: [pid: 102654|app: 0|req: 59/244] 127.0.0.1 () {40 vars in 838 bytes} [Thu Jul 9 14:29:35 2026] GET /v2/images/cef95f90-3514-4410-90fd-c903b558eb8a => generated 648 bytes in 18 msecs (HTTP/1.1 200) 4 headers in 157 bytes (1 switches on core 0)
Jul 09 14:29:35.557789 np0000004904 devstack@g-api.service[102653]: DEBUG swiftclient [None req-4e2f6e97-223f-416e-91e1-2a913803ce85 tempest-VolumesActionsTest-234046314 tempest-VolumesActionsTest-234046314-project-member] REQ: curl -i https://10.4.3.175:8080/v1/AUTH_0918e28a103c4e5bbc1a53af9b554868/glance/cef95f90-3514-4410-90fd-c903b558eb8a-00004 -X PUT -H "X-Auth-Token: gAAAAABqT7BEK2CZ..." {{(pid=102653) http_log /opt/stack/data/venv/lib/python3.12/site-packages/swiftclient/client.py:160}}
Jul 09 14:29:35.558392 np0000004904 devstack@g-api.service[102653]: DEBUG swiftclient [None req-4e2f6e97-223f-416e-91e1-2a913803ce85 tempest-VolumesActionsTest-234046314 tempest-VolumesActionsTest-234046314-project-member] RESP STATUS: 201 Created {{(pid=102653) http_log /opt/stack/data/venv/lib/python3.12/site-packages/swiftclient/client.py:161}}
Jul 09 14:29:35.558392 np0000004904 devstack@g-api.service[102653]: DEBUG swiftclient [None req-4e2f6e97-223f-416e-91e1-2a913803ce85 tempest-VolumesActionsTest-234046314 tempest-VolumesActionsTest-234046314-project-member] RESP HEADERS: {'Date': 'Thu, 09 Jul 2026 14:29:35 GMT', 'Server': 'Apache/2.4.58 (Ubuntu)', 'Content-Type': 'text/html; charset=UTF-8', 'Content-Length': '0', 'Etag': 'eda9a9889837ac4bc81d6387d92c1bec', 'Last-Modified': 'Thu, 09 Jul 2026 14:29:33 GMT', 'X-Trans-Id': 'tx04764677becc45dea83b9-006a4fb04c', 'X-Openstack-Request-Id': 'tx04764677becc45dea83b9-006a4fb04c', 'Connection': 'close'} {{(pid=102653) http_log /opt/stack/data/venv/lib/python3.12/site-packages/swiftclient/client.py:162}}
Jul 09 14:29:35.558392 np0000004904 devstack@g-api.service[102653]: DEBUG glance_store._drivers.swift.store [None req-4e2f6e97-223f-416e-91e1-2a913803ce85 tempest-VolumesActionsTest-234046314 tempest-VolumesActionsTest-234046314-project-member] Wrote chunk cef95f90-3514-4410-90fd-c903b558eb8a-00004 (4/?) of length 204800000 to Swift returning MD5 of content: eda9a9889837ac4bc81d6387d92c1bec {{(pid=102653) add /opt/stack/data/venv/lib/python3.12/site-packages/glance_store/_drivers/swift/store.py:1059}}
Jul 09 14:29:36.556043 np0000004904 devstack@g-api.service[102655]: DEBUG glance.api.middleware.version_negotiation [None req-f1d41b41-0ba9-4269-8ef2-8d7b3c1a3511 tempest-VolumesActionsTest-234046314 tempest-VolumesActionsTest-234046314-project-member] Determining version of request: GET /v2/images/cef95f90-3514-4410-90fd-c903b558eb8a Accept: application/json {{(pid=102655) process_request /opt/stack/glance/glance/api/middleware/version_negotiation.py:44}}
Jul 09 14:29:36.556043 np0000004904 devstack@g-api.service[102655]: DEBUG glance.api.middleware.version_negotiation [None req-f1d41b41-0ba9-4269-8ef2-8d7b3c1a3511 tempest-VolumesActionsTest-234046314 tempest-VolumesActionsTest-234046314-project-member] Using url versioning {{(pid=102655) process_request /opt/stack/glance/glance/api/middleware/version_negotiation.py:57}}
Jul 09 14:29:36.558283 np0000004904 devstack@g-api.service[102655]: DEBUG glance.api.middleware.version_negotiation [None req-f1d41b41-0ba9-4269-8ef2-8d7b3c1a3511 tempest-VolumesActionsTest-234046314 tempest-VolumesActionsTest-234046314-project-member] Matched version: v2 {{(pid=102655) process_request /opt/stack/glance/glance/api/middleware/version_negotiation.py:69}}
Jul 09 14:29:36.558283 np0000004904 devstack@g-api.service[102655]: DEBUG glance.api.middleware.version_negotiation [None req-f1d41b41-0ba9-4269-8ef2-8d7b3c1a3511 tempest-VolumesActionsTest-234046314 tempest-VolumesActionsTest-234046314-project-member] new path /v2/images/cef95f90-3514-4410-90fd-c903b558eb8a {{(pid=102655) process_request /opt/stack/glance/glance/api/middleware/version_negotiation.py:70}}
Jul 09 14:29:36.579071 np0000004904 devstack@g-api.service[102655]: [pid: 102655|app: 0|req: 65/245] 127.0.0.1 () {40 vars in 838 bytes} [Thu Jul 9 14:29:36 2026] GET /v2/images/cef95f90-3514-4410-90fd-c903b558eb8a => generated 648 bytes in 22 msecs (HTTP/1.1 200) 4 headers in 157 bytes (1 switches on core 0)
Jul 09 14:29:37.589384 np0000004904 devstack@g-api.service[102656]: DEBUG glance.api.middleware.version_negotiation [None req-3e7c50cc-5406-41b7-8a63-c6f7f18e0733 tempest-VolumesActionsTest-234046314 tempest-VolumesActionsTest-234046314-project-member] Determining version of request: GET /v2/images/cef95f90-3514-4410-90fd-c903b558eb8a Accept: application/json {{(pid=102656) process_request /opt/stack/glance/glance/api/middleware/version_negotiation.py:44}}
Jul 09 14:29:37.590114 np0000004904 devstack@g-api.service[102656]: DEBUG glance.api.middleware.version_negotiation [None req-3e7c50cc-5406-41b7-8a63-c6f7f18e0733 tempest-VolumesActionsTest-234046314 tempest-VolumesActionsTest-234046314-project-member] Using url versioning {{(pid=102656) process_request /opt/stack/glance/glance/api/middleware/version_negotiation.py:57}}
Jul 09 14:29:37.590114 np0000004904 devstack@g-api.service[102656]: DEBUG glance.api.middleware.version_negotiation [None req-3e7c50cc-5406-41b7-8a63-c6f7f18e0733 tempest-VolumesActionsTest-234046314 tempest-VolumesActionsTest-234046314-project-member] Matched version: v2 {{(pid=102656) process_request /opt/stack/glance/glance/api/middleware/version_negotiation.py:69}}
