Jul 09 14:22:53.828256 np0000004904 devstack@neutron-api.service[90446]: DEBUG neutron.manager [None req-a57ad79a-fc9b-4e65-81e6-21b97f63e529 None None] Loading service plugins: ['ovn-router', 'auto_allocate', 'tag', 'timestamp', 'network_ip_availability', 'flavors', 'revisions'] {{(pid=90446) _load_service_plugins /opt/stack/neutron/neutron/manager.py:192}}
Jul 09 14:22:53.828256 np0000004904 devstack@neutron-api.service[90446]: INFO neutron.manager [None req-a57ad79a-fc9b-4e65-81e6-21b97f63e529 None None] Loading Plugin: ovn-router
Jul 09 14:22:53.828331 np0000004904 devstack@neutron-api.service[90444]: DEBUG neutron.api.extensions [None req-3bd23d1b-2a1a-4c9a-834a-f874bb5363b8 None None] Ext name="Router gateway IP QoS" alias="qos-gateway-ip" description="The Router gateway IP Quality of Service extension" updated="2018-02-24T00:00:00-00:00" {{(pid=90444) _check_extension /opt/stack/neutron/neutron/api/extensions.py:415}}
Jul 09 14:22:53.828331 np0000004904 devstack@neutron-api.service[90444]: INFO neutron.api.extensions [None req-3bd23d1b-2a1a-4c9a-834a-f874bb5363b8 None None] Extension qos-gateway-ip not supported by any of loaded plugins
Jul 09 14:22:53.828331 np0000004904 devstack@neutron-api.service[90444]: DEBUG neutron.api.extensions [None req-3bd23d1b-2a1a-4c9a-834a-f874bb5363b8 None None] Loading extension file: qos_port_network_policy.py {{(pid=90444) _load_all_extensions_from_path /opt/stack/neutron/neutron/api/extensions.py:449}}
Jul 09 14:22:53.828331 np0000004904 devstack@neutron-api.service[90444]: DEBUG neutron.api.extensions [None req-3bd23d1b-2a1a-4c9a-834a-f874bb5363b8 None None] Ext name="QoS port network policy ID" alias="qos-port-network-policy" description="Adds a the QoS network ID to the port definition" updated="2019-11-01T10:00:00-00:00" {{(pid=90444) _check_extension /opt/stack/neutron/neutron/api/extensions.py:415}}
Jul 09 14:22:53.828331 np0000004904 devstack@neutron-api.service[90444]: INFO neutron.api.extensions [None req-3bd23d1b-2a1a-4c9a-834a-f874bb5363b8 None None] Extension qos-port-network-policy not supported by any of loaded plugins
Jul 09 14:22:53.828331 np0000004904 devstack@neutron-api.service[90444]: DEBUG neutron.api.extensions [None req-3bd23d1b-2a1a-4c9a-834a-f874bb5363b8 None None] Loading extension file: qos_pps_minimum_rule.py {{(pid=90444) _load_all_extensions_from_path /opt/stack/neutron/neutron/api/extensions.py:449}}
Jul 09 14:22:53.828474 np0000004904 devstack@neutron-api.service[90444]: DEBUG neutron.api.extensions [None req-3bd23d1b-2a1a-4c9a-834a-f874bb5363b8 None None] Ext name="QoS minimum packet rate rule" alias="qos-pps-minimum" description="Allow to configure QoS minimum packet rate rule." updated="2021-07-14T10:00:00-00:00" {{(pid=90444) _check_extension /opt/stack/neutron/neutron/api/extensions.py:415}}
Jul 09 14:22:53.828600 np0000004904 devstack@neutron-api.service[90444]: INFO neutron.api.extensions [None req-3bd23d1b-2a1a-4c9a-834a-f874bb5363b8 None None] Extension qos-pps-minimum not supported by any of loaded plugins
Jul 09 14:22:53.828694 np0000004904 devstack@neutron-api.service[90444]: DEBUG neutron.api.extensions [None req-3bd23d1b-2a1a-4c9a-834a-f874bb5363b8 None None] Loading extension file: qos_pps_minimum_rule_alias.py {{(pid=90444) _load_all_extensions_from_path /opt/stack/neutron/neutron/api/extensions.py:449}}
Jul 09 14:22:53.828928 np0000004904 devstack@neutron-api.service[90444]: DEBUG neutron.api.extensions [None req-3bd23d1b-2a1a-4c9a-834a-f874bb5363b8 None None] Ext name="QoS minimum packet rate rule alias" alias="qos-pps-minimum-rule-alias" description="API to enable GET, PUT and DELETE operations on QoS minimum packet rate rule without specifying policy ID" updated="2021-10-22T10:00:00-00:00" {{(pid=90444) _check_extension /opt/stack/neutron/neutron/api/extensions.py:415}}
Jul 09 14:22:53.829057 np0000004904 devstack@neutron-api.service[90444]: INFO neutron.api.extensions [None req-3bd23d1b-2a1a-4c9a-834a-f874bb5363b8 None None] Extension qos-pps-minimum-rule-alias not supported by any of loaded plugins
Jul 09 14:22:53.829414 np0000004904 devstack@neutron-api.service[90444]: DEBUG neutron.api.extensions [None req-3bd23d1b-2a1a-4c9a-834a-f874bb5363b8 None None] Loading extension file: qos_pps_rule.py {{(pid=90444) _load_all_extensions_from_path /opt/stack/neutron/neutron/api/extensions.py:449}}
Jul 09 14:22:53.829414 np0000004904 devstack@neutron-api.service[90444]: DEBUG neutron.api.extensions [None req-3bd23d1b-2a1a-4c9a-834a-f874bb5363b8 None None] Ext name="QoS Rule Type Packet per Second Extension" alias="qos-pps" description="Add QoS Rule Type Packet per Second" updated="2021-05-12T10:00:00-00:00" {{(pid=90444) _check_extension /opt/stack/neutron/neutron/api/extensions.py:415}}
Jul 09 14:22:53.829550 np0000004904 devstack@neutron-api.service[90444]: INFO neutron.api.extensions [None req-3bd23d1b-2a1a-4c9a-834a-f874bb5363b8 None None] Extension qos-pps not supported by any of loaded plugins
Jul 09 14:22:53.829619 np0000004904 devstack@neutron-api.service[90444]: DEBUG neutron.api.extensions [None req-3bd23d1b-2a1a-4c9a-834a-f874bb5363b8 None None] Loading extension file: qos_rule_type_details.py {{(pid=90444) _load_all_extensions_from_path /opt/stack/neutron/neutron/api/extensions.py:449}}
Jul 09 14:22:53.829869 np0000004904 devstack@neutron-api.service[90444]: DEBUG neutron.api.extensions [None req-3bd23d1b-2a1a-4c9a-834a-f874bb5363b8 None None] Ext name="Details of QoS rule types" alias="qos-rule-type-details" description="Expose details about QoS rule types supported by loaded backend drivers" updated="2017-06-22T10:00:00-00:00" {{(pid=90444) _check_extension /opt/stack/neutron/neutron/api/extensions.py:415}}
Jul 09 14:22:53.829969 np0000004904 devstack@neutron-api.service[90444]: INFO neutron.api.extensions [None req-3bd23d1b-2a1a-4c9a-834a-f874bb5363b8 None None] Extension qos-rule-type-details not supported by any of loaded plugins
Jul 09 14:22:53.830068 np0000004904 devstack@neutron-api.service[90444]: DEBUG neutron.api.extensions [None req-3bd23d1b-2a1a-4c9a-834a-f874bb5363b8 None None] Loading extension file: qos_rule_type_filter.py {{(pid=90444) _load_all_extensions_from_path /opt/stack/neutron/neutron/api/extensions.py:449}}
Jul 09 14:22:53.830294 np0000004904 devstack@neutron-api.service[90444]: DEBUG neutron.api.extensions [None req-3bd23d1b-2a1a-4c9a-834a-f874bb5363b8 None None] Ext name="Allow to filter the list of QoS rule types" alias="qos-rule-type-filter" description="Allows to filter the QoS rule type list adding two new flags. "all_rules" prints all implemented QoS rule types."all_supported" prints all supported QoS rule types by the loaded mechanism drivers" updated="2022-02-02T10:00:00-00:00" {{(pid=90444) _check_extension /opt/stack/neutron/neutron/api/extensions.py:415}}
Jul 09 14:22:53.830447 np0000004904 devstack@neutron-api.service[90444]: INFO neutron.api.extensions [None req-3bd23d1b-2a1a-4c9a-834a-f874bb5363b8 None None] Extension qos-rule-type-filter not supported by any of loaded plugins
Jul 09 14:22:53.830493 np0000004904 devstack@neutron-api.service[90444]: DEBUG neutron.api.extensions [None req-3bd23d1b-2a1a-4c9a-834a-f874bb5363b8 None None] Loading extension file: qos_rules_alias.py {{(pid=90444) _load_all_extensions_from_path /opt/stack/neutron/neutron/api/extensions.py:449}}
Jul 09 14:22:53.830754 np0000004904 devstack@neutron-api.service[90444]: DEBUG neutron.api.extensions [None req-3bd23d1b-2a1a-4c9a-834a-f874bb5363b8 None None] Ext name="Quality of Service rules alias API" alias="qos-rules-alias" description="API to enable GET, PUT and DELETE operations on QoS policy rules without specifying policy ID" updated="2018-10-07T10:00:00-00:00" {{(pid=90444) _check_extension /opt/stack/neutron/neutron/api/extensions.py:415}}
Jul 09 14:22:53.831379 np0000004904 devstack@neutron-api.service[90444]: INFO neutron.api.extensions [None req-3bd23d1b-2a1a-4c9a-834a-f874bb5363b8 None None] Extension qos-rules-alias not supported by any of loaded plugins
Jul 09 14:22:53.831379 np0000004904 devstack@neutron-api.service[90444]: DEBUG neutron.api.extensions [None req-3bd23d1b-2a1a-4c9a-834a-f874bb5363b8 None None] Loading extension file: quota_check_limit.py {{(pid=90444) _load_all_extensions_from_path /opt/stack/neutron/neutron/api/extensions.py:449}}
Jul 09 14:22:53.831379 np0000004904 devstack@neutron-api.service[90444]: DEBUG neutron.api.extensions [None req-3bd23d1b-2a1a-4c9a-834a-f874bb5363b8 None None] Ext name="Quota engine limit check" alias="quota-check-limit" description="Support for checking the resource usage before applying a new quota limit" updated="2021-09-08T16:00:00-00:00" {{(pid=90444) _check_extension /opt/stack/neutron/neutron/api/extensions.py:415}}
Jul 09 14:22:53.831379 np0000004904 devstack@neutron-api.service[90444]: INFO neutron.api.extensions [None req-3bd23d1b-2a1a-4c9a-834a-f874bb5363b8 None None] Loaded extension: quota-check-limit
Jul 09 14:22:53.831379 np0000004904 devstack@neutron-api.service[90444]: DEBUG neutron.api.extensions [None req-3bd23d1b-2a1a-4c9a-834a-f874bb5363b8 None None] Loading extension file: quota_check_limit_default.py {{(pid=90444) _load_all_extensions_from_path /opt/stack/neutron/neutron/api/extensions.py:449}}
Jul 09 14:22:53.832187 np0000004904 devstack@neutron-api.service[90444]: DEBUG neutron.api.extensions [None req-3bd23d1b-2a1a-4c9a-834a-f874bb5363b8 None None] Ext name="Quota engine limit check by default" alias="quota-check-limit-default" description="By default, the Neutron quota engine checks the resource usage before applying a new quota limit" updated="2024-08-21T16:00:00-00:00" {{(pid=90444) _check_extension /opt/stack/neutron/neutron/api/extensions.py:415}}
Jul 09 14:22:53.832187 np0000004904 devstack@neutron-api.service[90444]: INFO neutron.api.extensions [None req-3bd23d1b-2a1a-4c9a-834a-f874bb5363b8 None None] Loaded extension: quota-check-limit-default
Jul 09 14:22:53.832187 np0000004904 devstack@neutron-api.service[90444]: DEBUG neutron.api.extensions [None req-3bd23d1b-2a1a-4c9a-834a-f874bb5363b8 None None] Loading extension file: quotasv2.py {{(pid=90444) _load_all_extensions_from_path /opt/stack/neutron/neutron/api/extensions.py:449}}
Jul 09 14:22:53.832397 np0000004904 devstack@neutron-api.service[90444]: DEBUG neutron.api.extensions [None req-3bd23d1b-2a1a-4c9a-834a-f874bb5363b8 None None] Ext name="Quota management support" alias="quotas" description="Expose functions for quotas management per project" updated="2012-07-29T10:00:00-00:00" {{(pid=90444) _check_extension /opt/stack/neutron/neutron/api/extensions.py:415}}
Jul 09 14:22:53.832653 np0000004904 devstack@neutron-api.service[90444]: INFO neutron.api.extensions [None req-3bd23d1b-2a1a-4c9a-834a-f874bb5363b8 None None] Loaded extension: quotas
Jul 09 14:22:53.832653 np0000004904 devstack@neutron-api.service[90444]: DEBUG neutron.api.extensions [None req-3bd23d1b-2a1a-4c9a-834a-f874bb5363b8 None None] Loading extension file: quotasv2_detail.py {{(pid=90444) _load_all_extensions_from_path /opt/stack/neutron/neutron/api/extensions.py:449}}
Jul 09 14:22:53.832924 np0000004904 devstack@neutron-api.service[90444]: DEBUG neutron.api.extensions [None req-3bd23d1b-2a1a-4c9a-834a-f874bb5363b8 None None] Ext name="Quota details management support" alias="quota_details" description="Expose functions for quotas usage statistics per project" updated="2017-02-10T10:00:00-00:00" {{(pid=90444) _check_extension /opt/stack/neutron/neutron/api/extensions.py:415}}
Jul 09 14:22:53.833137 np0000004904 devstack@neutron-api.service[90444]: INFO neutron.api.extensions [None req-3bd23d1b-2a1a-4c9a-834a-f874bb5363b8 None None] Loaded extension: quota_details
Jul 09 14:22:53.833137 np0000004904 devstack@neutron-api.service[90444]: DEBUG neutron.api.extensions [None req-3bd23d1b-2a1a-4c9a-834a-f874bb5363b8 None None] Loading extension file: rbac.py {{(pid=90444) _load_all_extensions_from_path /opt/stack/neutron/neutron/api/extensions.py:449}}
Jul 09 14:22:53.833677 np0000004904 devstack@neutron-api.service[90444]: DEBUG neutron.api.extensions [None req-3bd23d1b-2a1a-4c9a-834a-f874bb5363b8 None None] Ext name="RBAC Policies" alias="rbac-policies" description="Allows creation and modification of policies that control project access to resources." updated="2015-06-17T12:15:12-00:00" {{(pid=90444) _check_extension /opt/stack/neutron/neutron/api/extensions.py:415}}
Jul 09 14:22:53.833907 np0000004904 devstack@neutron-api.service[90444]: INFO neutron.api.extensions [None req-3bd23d1b-2a1a-4c9a-834a-f874bb5363b8 None None] Loaded extension: rbac-policies
Jul 09 14:22:53.833907 np0000004904 devstack@neutron-api.service[90444]: DEBUG neutron.api.extensions [None req-3bd23d1b-2a1a-4c9a-834a-f874bb5363b8 None None] Loading extension file: rbac_address_group.py {{(pid=90444) _load_all_extensions_from_path /opt/stack/neutron/neutron/api/extensions.py:449}}
Jul 09 14:22:53.834218 np0000004904 devstack@neutron-api.service[90444]: DEBUG neutron.api.extensions [None req-3bd23d1b-2a1a-4c9a-834a-f874bb5363b8 None None] Ext name="Add address_group type to RBAC" alias="rbac-address-group" description="Add address_group type to network RBAC" updated="2021-01-20T00:00:00-00:00" {{(pid=90444) _check_extension /opt/stack/neutron/neutron/api/extensions.py:415}}
Jul 09 14:22:53.834218 np0000004904 devstack@neutron-api.service[90444]: INFO neutron.api.extensions [None req-3bd23d1b-2a1a-4c9a-834a-f874bb5363b8 None None] Extension rbac-address-group not supported by any of loaded plugins
Jul 09 14:22:53.834475 np0000004904 devstack@neutron-api.service[90444]: DEBUG neutron.api.extensions [None req-3bd23d1b-2a1a-4c9a-834a-f874bb5363b8 None None] Loading extension file: rbac_address_scope.py {{(pid=90444) _load_all_extensions_from_path /opt/stack/neutron/neutron/api/extensions.py:449}}
Jul 09 14:22:53.834475 np0000004904 devstack@neutron-api.service[90444]: DEBUG neutron.api.extensions [None req-3bd23d1b-2a1a-4c9a-834a-f874bb5363b8 None None] Ext name="Add address_scope type to RBAC" alias="rbac-address-scope" description="Add address_scope type to RBAC" updated="2020-02-12T00:00:00-00:00" {{(pid=90444) _check_extension /opt/stack/neutron/neutron/api/extensions.py:415}}
Jul 09 14:22:53.834737 np0000004904 devstack@neutron-api.service[90444]: INFO neutron.api.extensions [None req-3bd23d1b-2a1a-4c9a-834a-f874bb5363b8 None None] Loaded extension: rbac-address-scope
Jul 09 14:22:53.834737 np0000004904 devstack@neutron-api.service[90444]: DEBUG neutron.api.extensions [None req-3bd23d1b-2a1a-4c9a-834a-f874bb5363b8 None None] Loading extension file: rbac_security_groups.py {{(pid=90444) _load_all_extensions_from_path /opt/stack/neutron/neutron/api/extensions.py:449}}
Jul 09 14:22:53.834979 np0000004904 devstack@neutron-api.service[90444]: DEBUG neutron.api.extensions [None req-3bd23d1b-2a1a-4c9a-834a-f874bb5363b8 None None] Ext name="Add security_group type to network RBAC" alias="rbac-security-groups" description="Add security_group type to network RBAC" updated="2019-02-14T00:00:00-00:00" {{(pid=90444) _check_extension /opt/stack/neutron/neutron/api/extensions.py:415}}
Jul 09 14:22:53.835262 np0000004904 devstack@neutron-api.service[90444]: INFO neutron.api.extensions [None req-3bd23d1b-2a1a-4c9a-834a-f874bb5363b8 None None] Loaded extension: rbac-security-groups
Jul 09 14:22:53.835262 np0000004904 devstack@neutron-api.service[90444]: DEBUG neutron.api.extensions [None req-3bd23d1b-2a1a-4c9a-834a-f874bb5363b8 None None] Loading extension file: rbac_subnetpool.py {{(pid=90444) _load_all_extensions_from_path /opt/stack/neutron/neutron/api/extensions.py:449}}
Jul 09 14:22:53.835525 np0000004904 devstack@neutron-api.service[90444]: DEBUG neutron.api.extensions [None req-3bd23d1b-2a1a-4c9a-834a-f874bb5363b8 None None] Ext name="Add subnetpool type to RBAC" alias="rbac-subnetpool" description="Add subnetpool type to RBAC" updated="2020-02-05T00:00:00-00:00" {{(pid=90444) _check_extension /opt/stack/neutron/neutron/api/extensions.py:415}}
Jul 09 14:22:53.835525 np0000004904 devstack@neutron-api.service[90444]: INFO neutron.api.extensions [None req-3bd23d1b-2a1a-4c9a-834a-f874bb5363b8 None None] Extension rbac-subnetpool not supported by any of loaded plugins
Jul 09 14:22:53.835793 np0000004904 devstack@neutron-api.service[90444]: DEBUG neutron.api.extensions [None req-3bd23d1b-2a1a-4c9a-834a-f874bb5363b8 None None] Loading extension file: revisionifmatch.py {{(pid=90444) _load_all_extensions_from_path /opt/stack/neutron/neutron/api/extensions.py:449}}
Jul 09 14:22:53.835944 np0000004904 devstack@neutron-api.service[90444]: DEBUG neutron.api.extensions [None req-3bd23d1b-2a1a-4c9a-834a-f874bb5363b8 None None] Ext name="If-Match constraints based on revision_number" alias="revision-if-match" description="Extension indicating that If-Match based on revision_number is supported." updated="2016-12-11T00:00:00-00:00" {{(pid=90444) _check_extension /opt/stack/neutron/neutron/api/extensions.py:415}}
Jul 09 14:22:53.835944 np0000004904 devstack@neutron-api.service[90444]: INFO neutron.api.extensions [None req-3bd23d1b-2a1a-4c9a-834a-f874bb5363b8 None None] Loaded extension: revision-if-match
Jul 09 14:22:53.836333 np0000004904 devstack@neutron-api.service[90444]: DEBUG neutron.api.extensions [None req-3bd23d1b-2a1a-4c9a-834a-f874bb5363b8 None None] Loading extension file: revisions.py {{(pid=90444) _load_all_extensions_from_path /opt/stack/neutron/neutron/api/extensions.py:449}}
Jul 09 14:22:53.836333 np0000004904 devstack@neutron-api.service[90444]: DEBUG neutron.api.extensions [None req-3bd23d1b-2a1a-4c9a-834a-f874bb5363b8 None None] Ext name="Resource revision numbers" alias="standard-attr-revisions" description="This extension will display the revision number of neutron resources." updated="2016-04-11T10:00:00-00:00" {{(pid=90444) _check_extension /opt/stack/neutron/neutron/api/extensions.py:415}}
Jul 09 14:22:53.836480 np0000004904 devstack@neutron-api.service[90444]: INFO neutron.api.extensions [None req-3bd23d1b-2a1a-4c9a-834a-f874bb5363b8 None None] Loaded extension: standard-attr-revisions
Jul 09 14:22:53.836565 np0000004904 devstack@neutron-api.service[90444]: DEBUG neutron.api.extensions [None req-3bd23d1b-2a1a-4c9a-834a-f874bb5363b8 None None] Loading extension file: router_availability_zone.py {{(pid=90444) _load_all_extensions_from_path /opt/stack/neutron/neutron/api/extensions.py:449}}
Jul 09 14:22:53.836795 np0000004904 devstack@neutron-api.service[90444]: DEBUG neutron.api.extensions [None req-3bd23d1b-2a1a-4c9a-834a-f874bb5363b8 None None] Ext name="Router Availability Zone" alias="router_availability_zone" description="Availability zone support for router." updated="2015-01-01T10:00:00-00:00" {{(pid=90444) _check_extension /opt/stack/neutron/neutron/api/extensions.py:415}}
Jul 09 14:22:53.836944 np0000004904 devstack@neutron-api.service[90444]: INFO neutron.api.extensions [None req-3bd23d1b-2a1a-4c9a-834a-f874bb5363b8 None None] Loaded extension: router_availability_zone
Jul 09 14:22:53.837037 np0000004904 devstack@neutron-api.service[90444]: DEBUG neutron.api.extensions [None req-3bd23d1b-2a1a-4c9a-834a-f874bb5363b8 None None] Loading extension file: router_enable_snat.py {{(pid=90444) _load_all_extensions_from_path /opt/stack/neutron/neutron/api/extensions.py:449}}
Jul 09 14:22:53.837304 np0000004904 devstack@neutron-api.service[90444]: DEBUG neutron.api.extensions [None req-3bd23d1b-2a1a-4c9a-834a-f874bb5363b8 None None] Ext name="Exposes the router "enable_snat" read-only configuration flag" alias="router-enable-snat" description="Exposes the router "enable_snat" read-only configuration flag" updated="2025-09-18T18:00:00-00:00" {{(pid=90444) _check_extension /opt/stack/neutron/neutron/api/extensions.py:415}}
Jul 09 14:22:53.837434 np0000004904 devstack@neutron-api.service[90444]: INFO neutron.api.extensions [None req-3bd23d1b-2a1a-4c9a-834a-f874bb5363b8 None None] Loaded extension: router-enable-snat
Jul 09 14:22:53.837516 np0000004904 devstack@neutron-api.service[90444]: DEBUG neutron.api.extensions [None req-3bd23d1b-2a1a-4c9a-834a-f874bb5363b8 None None] Loading extension file: routerservicetype.py {{(pid=90444) _load_all_extensions_from_path /opt/stack/neutron/neutron/api/extensions.py:449}}
Jul 09 14:22:53.837696 np0000004904 devstack@neutron-api.service[90444]: DEBUG neutron.api.extensions [None req-3bd23d1b-2a1a-4c9a-834a-f874bb5363b8 None None] Ext name="Router Service Type" alias="router-service-type" description="Provides router service type" updated="2013-01-29T00:00:00-00:00" {{(pid=90444) _check_extension /opt/stack/neutron/neutron/api/extensions.py:415}}
Jul 09 14:22:53.837835 np0000004904 devstack@neutron-api.service[90444]: INFO neutron.api.extensions [None req-3bd23d1b-2a1a-4c9a-834a-f874bb5363b8 None None] Extension router-service-type not supported by any of loaded plugins
Jul 09 14:22:53.837915 np0000004904 devstack@neutron-api.service[90444]: DEBUG neutron.api.extensions [None req-3bd23d1b-2a1a-4c9a-834a-f874bb5363b8 None None] Loading extension file: security_groups_default_rules.py {{(pid=90444) _load_all_extensions_from_path /opt/stack/neutron/neutron/api/extensions.py:449}}
Jul 09 14:22:53.838380 np0000004904 devstack@neutron-api.service[90444]: DEBUG neutron.api.extensions [None req-3bd23d1b-2a1a-4c9a-834a-f874bb5363b8 None None] Ext name="Default rules for security groups" alias="security-groups-default-rules" description="Configure set of security group rules used as default rules for every new security group" updated="2022-12-19T10:00:00-00:00" {{(pid=90444) _check_extension /opt/stack/neutron/neutron/api/extensions.py:415}}
Jul 09 14:22:53.838506 np0000004904 devstack@neutron-api.service[90444]: INFO neutron.api.extensions [None req-3bd23d1b-2a1a-4c9a-834a-f874bb5363b8 None None] Loaded extension: security-groups-default-rules
Jul 09 14:22:53.838585 np0000004904 devstack@neutron-api.service[90444]: DEBUG neutron.api.extensions [None req-3bd23d1b-2a1a-4c9a-834a-f874bb5363b8 None None] Loading extension file: security_groups_default_statefulness.py {{(pid=90444) _load_all_extensions_from_path /opt/stack/neutron/neutron/api/extensions.py:449}}
Jul 09 14:22:53.838672 np0000004904 devstack@neutron-api.service[90446]: DEBUG neutron_lib.callbacks.manager [None req-a57ad79a-fc9b-4e65-81e6-21b97f63e529 None None] Subscribe: > router before_delete 55550000, False {{(pid=90446) subscribe /opt/stack/data/venv/lib/python3.12/site-packages/neutron_lib/callbacks/manager.py:52}}
Jul 09 14:22:53.838791 np0000004904 devstack@neutron-api.service[90446]: DEBUG neutron_lib.callbacks.manager [None req-a57ad79a-fc9b-4e65-81e6-21b97f63e529 None None] Subscribe: port before_update 55550000, False {{(pid=90446) subscribe /opt/stack/data/venv/lib/python3.12/site-packages/neutron_lib/callbacks/manager.py:52}}
Jul 09 14:22:53.838884 np0000004904 devstack@neutron-api.service[90444]: DEBUG neutron.api.extensions [None req-3bd23d1b-2a1a-4c9a-834a-f874bb5363b8 None None] Ext name="Security Groups Default Statefulness" alias="security-groups-default-statefulness" description="Allows configuring the default value of the 'stateful' attribute for new security groups, on a per-project or system-wide basis" updated="2026-04-13T00:00:00-00:00" {{(pid=90444) _check_extension /opt/stack/neutron/neutron/api/extensions.py:415}}
Jul 09 14:22:53.838969 np0000004904 devstack@neutron-api.service[90446]: DEBUG neutron_lib.callbacks.manager [None req-a57ad79a-fc9b-4e65-81e6-21b97f63e529 None None] Subscribe: port after_update 55550000, False {{(pid=90446) subscribe /opt/stack/data/venv/lib/python3.12/site-packages/neutron_lib/callbacks/manager.py:52}}
Jul 09 14:22:53.839071 np0000004904 devstack@neutron-api.service[90444]: INFO neutron.api.extensions [None req-3bd23d1b-2a1a-4c9a-834a-f874bb5363b8 None None] Loaded extension: security-groups-default-statefulness
Jul 09 14:22:53.839185 np0000004904 devstack@neutron-api.service[90446]: DEBUG neutron_lib.callbacks.manager [None req-a57ad79a-fc9b-4e65-81e6-21b97f63e529 None None] Subscribe: > port precommit_delete 55550000, False {{(pid=90446) subscribe /opt/stack/data/venv/lib/python3.12/site-packages/neutron_lib/callbacks/manager.py:52}}
Jul 09 14:22:53.839271 np0000004904 devstack@neutron-api.service[90444]: DEBUG neutron.api.extensions [None req-3bd23d1b-2a1a-4c9a-834a-f874bb5363b8 None None] Loading extension file: security_groups_normalized_cidr.py {{(pid=90444) _load_all_extensions_from_path /opt/stack/neutron/neutron/api/extensions.py:449}}
Jul 09 14:22:53.839365 np0000004904 devstack@neutron-api.service[90446]: DEBUG neutron_lib.callbacks.manager [None req-a57ad79a-fc9b-4e65-81e6-21b97f63e529 None None] Subscribe: port before_update 55550000, False {{(pid=90446) subscribe /opt/stack/data/venv/lib/python3.12/site-packages/neutron_lib/callbacks/manager.py:52}}
Jul 09 14:22:53.839365 np0000004904 devstack@neutron-api.service[90446]: DEBUG neutron_lib.callbacks.manager [None req-a57ad79a-fc9b-4e65-81e6-21b97f63e529 None None] Subscribe: port before_delete 55550000, False {{(pid=90446) subscribe /opt/stack/data/venv/lib/python3.12/site-packages/neutron_lib/callbacks/manager.py:52}}
Jul 09 14:22:53.839495 np0000004904 devstack@neutron-api.service[90444]: DEBUG neutron.api.extensions [None req-3bd23d1b-2a1a-4c9a-834a-f874bb5363b8 None None] Ext name="Normalized CIDR field for security group rules" alias="security-groups-normalized-cidr" description="Add new field with normalized remote_ip_prefix cidr in SG rule" updated="2020-07-28T10:00:00-00:00" {{(pid=90444) _check_extension /opt/stack/neutron/neutron/api/extensions.py:415}}
Jul 09 14:22:53.839578 np0000004904 devstack@neutron-api.service[90446]: DEBUG neutron_lib.callbacks.manager [None req-a57ad79a-fc9b-4e65-81e6-21b97f63e529 None None] Subscribe: > router precommit_create 55550000, False {{(pid=90446) subscribe /opt/stack/data/venv/lib/python3.12/site-packages/neutron_lib/callbacks/manager.py:52}}
Jul 09 14:22:53.839664 np0000004904 devstack@neutron-api.service[90444]: INFO neutron.api.extensions [None req-3bd23d1b-2a1a-4c9a-834a-f874bb5363b8 None None] Loaded extension: security-groups-normalized-cidr
Jul 09 14:22:53.839664 np0000004904 devstack@neutron-api.service[90444]: DEBUG neutron.api.extensions [None req-3bd23d1b-2a1a-4c9a-834a-f874bb5363b8 None None] Loading extension file: security_groups_port_filtering.py {{(pid=90444) _load_all_extensions_from_path /opt/stack/neutron/neutron/api/extensions.py:449}}
Jul 09 14:22:53.839798 np0000004904 devstack@neutron-api.service[90446]: DEBUG neutron_lib.callbacks.manager [None req-a57ad79a-fc9b-4e65-81e6-21b97f63e529 None None] Subscribe: > router precommit_create 55550000, False {{(pid=90446) subscribe /opt/stack/data/venv/lib/python3.12/site-packages/neutron_lib/callbacks/manager.py:52}}
Jul 09 14:22:53.839798 np0000004904 devstack@neutron-api.service[90446]: DEBUG neutron_lib.callbacks.manager [None req-a57ad79a-fc9b-4e65-81e6-21b97f63e529 None None] Subscribe: > router precommit_update 55550000, False {{(pid=90446) subscribe /opt/stack/data/venv/lib/python3.12/site-packages/neutron_lib/callbacks/manager.py:52}}
Jul 09 14:22:53.839909 np0000004904 devstack@neutron-api.service[90444]: DEBUG neutron.api.extensions [None req-3bd23d1b-2a1a-4c9a-834a-f874bb5363b8 None None] Ext name="Port filtering on security groups" alias="port-security-groups-filtering" description="Provides security groups filtering when listing ports" updated="2018-01-09T09:00:00-00:00" {{(pid=90444) _check_extension /opt/stack/neutron/neutron/api/extensions.py:415}}
Jul 09 14:22:53.840010 np0000004904 devstack@neutron-api.service[90446]: DEBUG neutron_lib.callbacks.manager [None req-a57ad79a-fc9b-4e65-81e6-21b97f63e529 None None] Subscribe: subnet after_update 55550000, False {{(pid=90446) subscribe /opt/stack/data/venv/lib/python3.12/site-packages/neutron_lib/callbacks/manager.py:52}}
Jul 09 14:22:53.840181 np0000004904 devstack@neutron-api.service[90444]: INFO neutron.api.extensions [None req-3bd23d1b-2a1a-4c9a-834a-f874bb5363b8 None None] Extension port-security-groups-filtering not supported by any of loaded plugins
Jul 09 14:22:53.840181 np0000004904 devstack@neutron-api.service[90444]: DEBUG neutron.api.extensions [None req-3bd23d1b-2a1a-4c9a-834a-f874bb5363b8 None None] Loading extension file: security_groups_remote_address_group.py {{(pid=90444) _load_all_extensions_from_path /opt/stack/neutron/neutron/api/extensions.py:449}}
Jul 09 14:22:53.840290 np0000004904 devstack@neutron-api.service[90446]: DEBUG neutron.quota.resource_registry [None req-a57ad79a-fc9b-4e65-81e6-21b97f63e529 None None] Tracking information for resource: router configured {{(pid=90446) set_tracked_resource /opt/stack/neutron/neutron/quota/resource_registry.py:203}}
Jul 09 14:22:53.840290 np0000004904 devstack@neutron-api.service[90446]: DEBUG neutron.quota.resource_registry [None req-a57ad79a-fc9b-4e65-81e6-21b97f63e529 None None] Tracking information for resource: floatingip configured {{(pid=90446) set_tracked_resource /opt/stack/neutron/neutron/quota/resource_registry.py:203}}
Jul 09 14:22:53.840290 np0000004904 devstack@neutron-api.service[90446]: INFO neutron.services.ovn_l3.plugin [None req-a57ad79a-fc9b-4e65-81e6-21b97f63e529 None None] Starting OVNL3RouterPlugin
Jul 09 14:22:53.840437 np0000004904 devstack@neutron-api.service[90444]: DEBUG neutron.api.extensions [None req-3bd23d1b-2a1a-4c9a-834a-f874bb5363b8 None None] Ext name="Remote address group id field for security group rules" alias="security-groups-remote-address-group" description="Add new field of remote address group id in SG rules" updated="2020-08-25T10:00:00-00:00" {{(pid=90444) _check_extension /opt/stack/neutron/neutron/api/extensions.py:415}}
Jul 09 14:22:53.840437 np0000004904 devstack@neutron-api.service[90444]: INFO neutron.api.extensions [None req-3bd23d1b-2a1a-4c9a-834a-f874bb5363b8 None None] Loaded extension: security-groups-remote-address-group
Jul 09 14:22:53.840437 np0000004904 devstack@neutron-api.service[90444]: DEBUG neutron.api.extensions [None req-3bd23d1b-2a1a-4c9a-834a-f874bb5363b8 None None] Loading extension file: security_groups_rules_belongs_to_default_sg.py {{(pid=90444) _load_all_extensions_from_path /opt/stack/neutron/neutron/api/extensions.py:449}}
Jul 09 14:22:53.840570 np0000004904 devstack@neutron-api.service[90446]: DEBUG neutron_lib.callbacks.manager [None req-a57ad79a-fc9b-4e65-81e6-21b97f63e529 None None] Subscribe: > port_forwarding_plugin after_init 55550000, False {{(pid=90446) subscribe /opt/stack/data/venv/lib/python3.12/site-packages/neutron_lib/callbacks/manager.py:52}}
Jul 09 14:22:53.840988 np0000004904 devstack@neutron-api.service[90446]: DEBUG neutron_lib.callbacks.manager [None req-a57ad79a-fc9b-4e65-81e6-21b97f63e529 None None] Subscribe: > router before_create 55550100, False {{(pid=90446) subscribe /opt/stack/data/venv/lib/python3.12/site-packages/neutron_lib/callbacks/manager.py:52}}
Jul 09 14:22:53.840988 np0000004904 devstack@neutron-api.service[90446]: DEBUG neutron_lib.callbacks.manager [None req-a57ad79a-fc9b-4e65-81e6-21b97f63e529 None None] Subscribe: > router precommit_delete 55550100, False {{(pid=90446) subscribe /opt/stack/data/venv/lib/python3.12/site-packages/neutron_lib/callbacks/manager.py:52}}
Jul 09 14:22:53.840988 np0000004904 devstack@neutron-api.service[90446]: DEBUG neutron_lib.callbacks.manager [None req-a57ad79a-fc9b-4e65-81e6-21b97f63e529 None None] Subscribe: > router precommit_create 55550100, False {{(pid=90446) subscribe /opt/stack/data/venv/lib/python3.12/site-packages/neutron_lib/callbacks/manager.py:52}}
Jul 09 14:22:53.841206 np0000004904 devstack@neutron-api.service[90444]: DEBUG neutron.api.extensions [None req-3bd23d1b-2a1a-4c9a-834a-f874bb5363b8 None None] Ext name="Security group rule belongs to the project's default security group" alias="security-groups-rules-belongs-to-default-sg" description="Flag to determine if the security group rule belongs to the project's default security group" updated="2023-05-23T10:00:00-00:00" {{(pid=90444) _check_extension /opt/stack/neutron/neutron/api/extensions.py:415}}
Jul 09 14:22:53.841351 np0000004904 devstack@neutron-api.service[90446]: DEBUG neutron_lib.callbacks.manager [None req-a57ad79a-fc9b-4e65-81e6-21b97f63e529 None None] Subscribe: > router precommit_update 55550100, False {{(pid=90446) subscribe /opt/stack/data/venv/lib/python3.12/site-packages/neutron_lib/callbacks/manager.py:52}}
Jul 09 14:22:53.841491 np0000004904 devstack@neutron-api.service[90444]: INFO neutron.api.extensions [None req-3bd23d1b-2a1a-4c9a-834a-f874bb5363b8 None None] Loaded extension: security-groups-rules-belongs-to-default-sg
Jul 09 14:22:53.841491 np0000004904 devstack@neutron-api.service[90444]: DEBUG neutron.api.extensions [None req-3bd23d1b-2a1a-4c9a-834a-f874bb5363b8 None None] Loading extension file: security_groups_shared_filtering.py {{(pid=90444) _load_all_extensions_from_path /opt/stack/neutron/neutron/api/extensions.py:449}}
Jul 09 14:22:53.841491 np0000004904 devstack@neutron-api.service[90444]: DEBUG neutron.api.extensions [None req-3bd23d1b-2a1a-4c9a-834a-f874bb5363b8 None None] Ext name="Security group filtering on the shared field" alias="security-groups-shared-filtering" description="Support filtering security groups on the shared field" updated="2021-10-05T09:00:00-00:00" {{(pid=90444) _check_extension /opt/stack/neutron/neutron/api/extensions.py:415}}
Jul 09 14:22:53.841491 np0000004904 devstack@neutron-api.service[90444]: INFO neutron.api.extensions [None req-3bd23d1b-2a1a-4c9a-834a-f874bb5363b8 None None] Loaded extension: security-groups-shared-filtering
Jul 09 14:22:53.841677 np0000004904 devstack@neutron-api.service[90444]: DEBUG neutron.api.extensions [None req-3bd23d1b-2a1a-4c9a-834a-f874bb5363b8 None None] Loading extension file: securitygroup.py {{(pid=90444) _load_all_extensions_from_path /opt/stack/neutron/neutron/api/extensions.py:449}}
Jul 09 14:22:53.843285 np0000004904 devstack@neutron-api.service[90444]: DEBUG neutron.api.extensions [None req-3bd23d1b-2a1a-4c9a-834a-f874bb5363b8 None None] Ext name="security-group" alias="security-group" description="The security groups extension." updated="2012-10-05T10:00:00-00:00" {{(pid=90444) _check_extension /opt/stack/neutron/neutron/api/extensions.py:415}}
Jul 09 14:22:53.843458 np0000004904 devstack@neutron-api.service[90444]: INFO neutron.api.extensions [None req-3bd23d1b-2a1a-4c9a-834a-f874bb5363b8 None None] Loaded extension: security-group
Jul 09 14:22:53.843535 np0000004904 devstack@neutron-api.service[90444]: DEBUG neutron.api.extensions [None req-3bd23d1b-2a1a-4c9a-834a-f874bb5363b8 None None] Loading extension file: segment.py {{(pid=90444) _load_all_extensions_from_path /opt/stack/neutron/neutron/api/extensions.py:449}}
Jul 09 14:22:53.844012 np0000004904 devstack@neutron-api.service[90444]: DEBUG neutron.api.extensions [None req-3bd23d1b-2a1a-4c9a-834a-f874bb5363b8 None None] Ext name="Segment" alias="segment" description="Segments extension." updated="2016-02-24T17:00:00-00:00" {{(pid=90444) _check_extension /opt/stack/neutron/neutron/api/extensions.py:415}}
Jul 09 14:22:53.844012 np0000004904 devstack@neutron-api.service[90444]: INFO neutron.api.extensions [None req-3bd23d1b-2a1a-4c9a-834a-f874bb5363b8 None None] Extension segment not supported by any of loaded plugins
Jul 09 14:22:53.844144 np0000004904 devstack@neutron-api.service[90444]: DEBUG neutron.api.extensions [None req-3bd23d1b-2a1a-4c9a-834a-f874bb5363b8 None None] Loading extension file: segments_peer_subnet_host_routes.py {{(pid=90444) _load_all_extensions_from_path /opt/stack/neutron/neutron/api/extensions.py:449}}
Jul 09 14:22:53.844432 np0000004904 devstack@neutron-api.service[90446]: DEBUG neutron.services.provider_configuration [None req-a57ad79a-fc9b-4e65-81e6-21b97f63e529 None None] Service providers = [] {{(pid=90446) parse_service_provider_opt /opt/stack/neutron/neutron/services/provider_configuration.py:170}}
Jul 09 14:22:53.844432 np0000004904 devstack@neutron-api.service[90446]: DEBUG neutron.db.servicetype_db [None req-a57ad79a-fc9b-4e65-81e6-21b97f63e529 None None] Adding provider configuration for service L3_ROUTER_NAT {{(pid=90446) add_provider_configuration /opt/stack/neutron/neutron/db/servicetype_db.py:45}}
Jul 09 14:22:53.844696 np0000004904 devstack@neutron-api.service[90444]: DEBUG neutron.api.extensions [None req-3bd23d1b-2a1a-4c9a-834a-f874bb5363b8 None None] Ext name="Segments peer-subnet host routes" alias="segments-peer-subnet-host-routes" description="Add host routes to subnets on a routed network (segments)" updated="2018-06-12T10:00:00-00:00" {{(pid=90444) _check_extension /opt/stack/neutron/neutron/api/extensions.py:415}}
Jul 09 14:22:53.844696 np0000004904 devstack@neutron-api.service[90444]: INFO neutron.api.extensions [None req-3bd23d1b-2a1a-4c9a-834a-f874bb5363b8 None None] Extension segments-peer-subnet-host-routes not supported by any of loaded plugins
Jul 09 14:22:53.844696 np0000004904 devstack@neutron-api.service[90444]: DEBUG neutron.api.extensions [None req-3bd23d1b-2a1a-4c9a-834a-f874bb5363b8 None None] Loading extension file: servicetype.py {{(pid=90444) _load_all_extensions_from_path /opt/stack/neutron/neutron/api/extensions.py:449}}
Jul 09 14:22:53.844987 np0000004904 devstack@neutron-api.service[90444]: DEBUG neutron.api.extensions [None req-3bd23d1b-2a1a-4c9a-834a-f874bb5363b8 None None] Ext name="Neutron Service Type Management" alias="service-type" description="API for retrieving service providers for Neutron advanced services" updated="2013-01-20T00:00:00-00:00" {{(pid=90444) _check_extension /opt/stack/neutron/neutron/api/extensions.py:415}}
Jul 09 14:22:53.844987 np0000004904 devstack@neutron-api.service[90444]: INFO neutron.api.extensions [None req-3bd23d1b-2a1a-4c9a-834a-f874bb5363b8 None None] Loaded extension: service-type
Jul 09 14:22:53.845145 np0000004904 devstack@neutron-api.service[90444]: DEBUG neutron.api.extensions [None req-3bd23d1b-2a1a-4c9a-834a-f874bb5363b8 None None] Loading extension file: sorting.py {{(pid=90444) _load_all_extensions_from_path /opt/stack/neutron/neutron/api/extensions.py:449}}
Jul 09 14:22:53.845349 np0000004904 devstack@neutron-api.service[90444]: DEBUG neutron.api.extensions [None req-3bd23d1b-2a1a-4c9a-834a-f874bb5363b8 None None] Ext name="Sorting support" alias="sorting" description="Extension that indicates that sorting is enabled." updated="2016-06-12T00:00:00-00:00" {{(pid=90444) _check_extension /opt/stack/neutron/neutron/api/extensions.py:415}}
Jul 09 14:22:53.845439 np0000004904 devstack@neutron-api.service[90444]: INFO neutron.api.extensions [None req-3bd23d1b-2a1a-4c9a-834a-f874bb5363b8 None None] Loaded extension: sorting
Jul 09 14:22:53.845566 np0000004904 devstack@neutron-api.service[90444]: DEBUG neutron.api.extensions [None req-3bd23d1b-2a1a-4c9a-834a-f874bb5363b8 None None] Loading extension file: standard_attr_segment.py {{(pid=90444) _load_all_extensions_from_path /opt/stack/neutron/neutron/api/extensions.py:449}}
Jul 09 14:22:53.845738 np0000004904 devstack@neutron-api.service[90444]: DEBUG neutron.api.extensions [None req-3bd23d1b-2a1a-4c9a-834a-f874bb5363b8 None None] Ext name="Standard Attribute Segment Extension" alias="standard-attr-segment" description="Add standard attributes to Segment resource" updated="2018-04-09T10:00:00-00:00" {{(pid=90444) _check_extension /opt/stack/neutron/neutron/api/extensions.py:415}}
Jul 09 14:22:53.845790 np0000004904 devstack@neutron-api.service[90446]: DEBUG neutron_lib.callbacks.manager [None req-a57ad79a-fc9b-4e65-81e6-21b97f63e529 None None] Subscribe: > router precommit_create 55549900, False {{(pid=90446) subscribe /opt/stack/data/venv/lib/python3.12/site-packages/neutron_lib/callbacks/manager.py:52}}
Jul 09 14:22:53.845839 np0000004904 devstack@neutron-api.service[90444]: INFO neutron.api.extensions [None req-3bd23d1b-2a1a-4c9a-834a-f874bb5363b8 None None] Extension standard-attr-segment not supported by any of loaded plugins
Jul 09 14:22:53.845945 np0000004904 devstack@neutron-api.service[90446]: DEBUG neutron_lib.callbacks.manager [None req-a57ad79a-fc9b-4e65-81e6-21b97f63e529 None None] Subscribe: > router_interface after_create 55550000, False {{(pid=90446) subscribe /opt/stack/data/venv/lib/python3.12/site-packages/neutron_lib/callbacks/manager.py:52}}
Jul 09 14:22:53.846038 np0000004904 devstack@neutron-api.service[90444]: DEBUG neutron.api.extensions [None req-3bd23d1b-2a1a-4c9a-834a-f874bb5363b8 None None] Loading extension file: standardattrdescription.py {{(pid=90444) _load_all_extensions_from_path /opt/stack/neutron/neutron/api/extensions.py:449}}
Jul 09 14:22:53.846159 np0000004904 devstack@neutron-api.service[90446]: DEBUG neutron_lib.callbacks.manager [None req-a57ad79a-fc9b-4e65-81e6-21b97f63e529 None None] Subscribe: > floatingip after_create 55550000, False {{(pid=90446) subscribe /opt/stack/data/venv/lib/python3.12/site-packages/neutron_lib/callbacks/manager.py:52}}
Jul 09 14:22:53.846159 np0000004904 devstack@neutron-api.service[90446]: DEBUG neutron_lib.callbacks.manager [None req-a57ad79a-fc9b-4e65-81e6-21b97f63e529 None None] Subscribe: > floatingip precommit_create 55550000, False {{(pid=90446) subscribe /opt/stack/data/venv/lib/python3.12/site-packages/neutron_lib/callbacks/manager.py:52}}
Jul 09 14:22:53.846274 np0000004904 devstack@neutron-api.service[90444]: DEBUG neutron.api.extensions [None req-3bd23d1b-2a1a-4c9a-834a-f874bb5363b8 None None] Ext name="standard-attr-description" alias="standard-attr-description" description="Extension to add descriptions to standard attributes" updated="2016-02-10T10:00:00-00:00" {{(pid=90444) _check_extension /opt/stack/neutron/neutron/api/extensions.py:415}}
Jul 09 14:22:53.846330 np0000004904 devstack@neutron-api.service[90446]: DEBUG neutron_lib.callbacks.manager [None req-a57ad79a-fc9b-4e65-81e6-21b97f63e529 None None] Subscribe: > floatingip precommit_update 55550000, False {{(pid=90446) subscribe /opt/stack/data/venv/lib/python3.12/site-packages/neutron_lib/callbacks/manager.py:52}}
Jul 09 14:22:53.846330 np0000004904 devstack@neutron-api.service[90446]: DEBUG neutron_lib.callbacks.manager [None req-a57ad79a-fc9b-4e65-81e6-21b97f63e529 None None] Subscribe: > floatingip after_delete 55550000, False {{(pid=90446) subscribe /opt/stack/data/venv/lib/python3.12/site-packages/neutron_lib/callbacks/manager.py:52}}
Jul 09 14:22:53.846410 np0000004904 devstack@neutron-api.service[90444]: INFO neutron.api.extensions [None req-3bd23d1b-2a1a-4c9a-834a-f874bb5363b8 None None] Loaded extension: standard-attr-description
Jul 09 14:22:53.846466 np0000004904 devstack@neutron-api.service[90446]: DEBUG neutron_lib.callbacks.manager [None req-a57ad79a-fc9b-4e65-81e6-21b97f63e529 None None] Subscribe: > floatingip after_status_update 55550000, False {{(pid=90446) subscribe /opt/stack/data/venv/lib/python3.12/site-packages/neutron_lib/callbacks/manager.py:52}}
Jul 09 14:22:53.846551 np0000004904 devstack@neutron-api.service[90444]: DEBUG neutron.api.extensions [None req-3bd23d1b-2a1a-4c9a-834a-f874bb5363b8 None None] Loading extension file: stateful_security_group.py {{(pid=90444) _load_all_extensions_from_path /opt/stack/neutron/neutron/api/extensions.py:449}}
Jul 09 14:22:53.846609 np0000004904 devstack@neutron-api.service[90446]: DEBUG neutron_lib.callbacks.manager [None req-a57ad79a-fc9b-4e65-81e6-21b97f63e529 None None] Subscribe: > floatingip after_update 55550000, False {{(pid=90446) subscribe /opt/stack/data/venv/lib/python3.12/site-packages/neutron_lib/callbacks/manager.py:52}}
Jul 09 14:22:53.846609 np0000004904 devstack@neutron-api.service[90446]: DEBUG neutron_lib.callbacks.manager [None req-a57ad79a-fc9b-4e65-81e6-21b97f63e529 None None] Subscribe: > port_forwarding after_create 55550000, False {{(pid=90446) subscribe /opt/stack/data/venv/lib/python3.12/site-packages/neutron_lib/callbacks/manager.py:52}}
Jul 09 14:22:53.846686 np0000004904 devstack@neutron-api.service[90444]: DEBUG neutron.api.extensions [None req-3bd23d1b-2a1a-4c9a-834a-f874bb5363b8 None None] Ext name="Stateful security group" alias="stateful-security-group" description="Indicates if the security group is stateful or not" updated="2019-11-26T09:00:00-00:00" {{(pid=90444) _check_extension /opt/stack/neutron/neutron/api/extensions.py:415}}
Jul 09 14:22:53.846738 np0000004904 devstack@neutron-api.service[90446]: DEBUG neutron_lib.callbacks.manager [None req-a57ad79a-fc9b-4e65-81e6-21b97f63e529 None None] Subscribe: > router_interface after_delete 55550000, False {{(pid=90446) subscribe /opt/stack/data/venv/lib/python3.12/site-packages/neutron_lib/callbacks/manager.py:52}}
Jul 09 14:22:53.846817 np0000004904 devstack@neutron-api.service[90444]: INFO neutron.api.extensions [None req-3bd23d1b-2a1a-4c9a-834a-f874bb5363b8 None None] Loaded extension: stateful-security-group
Jul 09 14:22:53.846868 np0000004904 devstack@neutron-api.service[90446]: DEBUG neutron_lib.callbacks.manager [None req-a57ad79a-fc9b-4e65-81e6-21b97f63e529 None None] Subscribe: > router after_create 55550000, False {{(pid=90446) subscribe /opt/stack/data/venv/lib/python3.12/site-packages/neutron_lib/callbacks/manager.py:52}}
Jul 09 14:22:53.846920 np0000004904 devstack@neutron-api.service[90444]: DEBUG neutron.api.extensions [None req-3bd23d1b-2a1a-4c9a-834a-f874bb5363b8 None None] Loading extension file: stdattrs_common.py {{(pid=90444) _load_all_extensions_from_path /opt/stack/neutron/neutron/api/extensions.py:449}}
Jul 09 14:22:53.846967 np0000004904 devstack@neutron-api.service[90446]: DEBUG neutron_lib.callbacks.manager [None req-a57ad79a-fc9b-4e65-81e6-21b97f63e529 None None] Subscribe: > router precommit_create 55550000, False {{(pid=90446) subscribe /opt/stack/data/venv/lib/python3.12/site-packages/neutron_lib/callbacks/manager.py:52}}
Jul 09 14:22:53.846967 np0000004904 devstack@neutron-api.service[90446]: DEBUG neutron_lib.callbacks.manager [None req-a57ad79a-fc9b-4e65-81e6-21b97f63e529 None None] Subscribe: > router after_delete 55550000, False {{(pid=90446) subscribe /opt/stack/data/venv/lib/python3.12/site-packages/neutron_lib/callbacks/manager.py:52}}
Jul 09 14:22:53.847073 np0000004904 devstack@neutron-api.service[90444]: WARNING neutron.api.extensions [None req-3bd23d1b-2a1a-4c9a-834a-f874bb5363b8 None None] Did not find expected name "Stdattrs_common" in /opt/stack/neutron/neutron/extensions/stdattrs_common.py
Jul 09 14:22:53.847149 np0000004904 devstack@neutron-api.service[90446]: DEBUG neutron_lib.callbacks.manager [None req-a57ad79a-fc9b-4e65-81e6-21b97f63e529 None None] Subscribe: > router after_update 55550000, False {{(pid=90446) subscribe /opt/stack/data/venv/lib/python3.12/site-packages/neutron_lib/callbacks/manager.py:52}}
Jul 09 14:22:53.847215 np0000004904 devstack@neutron-api.service[90444]: DEBUG neutron.api.extensions [None req-3bd23d1b-2a1a-4c9a-834a-f874bb5363b8 None None] Loading extension file: subnet_dns_publish_fixed_ip.py {{(pid=90444) _load_all_extensions_from_path /opt/stack/neutron/neutron/api/extensions.py:449}}
Jul 09 14:22:53.847278 np0000004904 devstack@neutron-api.service[90446]: DEBUG neutron.services.service_base [None req-a57ad79a-fc9b-4e65-81e6-21b97f63e529 None None] Loaded 'neutron.services.ovn_l3.service_providers.ovn.OvnDriver' provider for service L3_ROUTER_NAT {{(pid=90446) load_drivers /opt/stack/neutron/neutron/services/service_base.py:49}}
Jul 09 14:22:53.847507 np0000004904 devstack@neutron-api.service[90446]: DEBUG neutron_lib.callbacks.manager [None req-a57ad79a-fc9b-4e65-81e6-21b97f63e529 None None] Subscribe: > process after_init 55550001, True {{(pid=90446) subscribe /opt/stack/data/venv/lib/python3.12/site-packages/neutron_lib/callbacks/manager.py:52}}
Jul 09 14:22:53.847557 np0000004904 devstack@neutron-api.service[90444]: DEBUG neutron.api.extensions [None req-3bd23d1b-2a1a-4c9a-834a-f874bb5363b8 None None] Ext name="Subnet DNS publish fixed IP" alias="subnet-dns-publish-fixed-ip" description="Support choosing to publish DNS records for IPs from a subnet" updated="2019-05-24T10:00:00-00:00" {{(pid=90444) _check_extension /opt/stack/neutron/neutron/api/extensions.py:415}}
Jul 09 14:22:53.847610 np0000004904 devstack@neutron-api.service[90446]: DEBUG neutron.manager [None req-a57ad79a-fc9b-4e65-81e6-21b97f63e529 None None] Successfully loaded L3_ROUTER_NAT plugin. Description: L3 Router Service Plugin for basic L3 forwarding using OVN {{(pid=90446) _create_and_add_service_plugin /opt/stack/neutron/neutron/manager.py:236}}
Jul 09 14:22:53.847667 np0000004904 devstack@neutron-api.service[90444]: INFO neutron.api.extensions [None req-3bd23d1b-2a1a-4c9a-834a-f874bb5363b8 None None] Loaded extension: subnet-dns-publish-fixed-ip
Jul 09 14:22:53.847715 np0000004904 devstack@neutron-api.service[90446]: INFO neutron.manager [None req-a57ad79a-fc9b-4e65-81e6-21b97f63e529 None None] Loading Plugin: auto_allocate
Jul 09 14:22:53.847765 np0000004904 devstack@neutron-api.service[90444]: DEBUG neutron.api.extensions [None req-3bd23d1b-2a1a-4c9a-834a-f874bb5363b8 None None] Loading extension file: subnet_external_network.py {{(pid=90444) _load_all_extensions_from_path /opt/stack/neutron/neutron/api/extensions.py:449}}
Jul 09 14:22:53.847872 np0000004904 devstack@neutron-api.service[90444]: DEBUG neutron.api.extensions [None req-3bd23d1b-2a1a-4c9a-834a-f874bb5363b8 None None] Ext name="Subnet belongs to an external network" alias="subnet-external-network" description="Informs if the subnet belongs to an external network" updated="2024-02-05T18:00:00-00:00" {{(pid=90444) _check_extension /opt/stack/neutron/neutron/api/extensions.py:415}}
Jul 09 14:22:53.848149 np0000004904 devstack@neutron-api.service[90444]: INFO neutron.api.extensions [None req-3bd23d1b-2a1a-4c9a-834a-f874bb5363b8 None None] Loaded extension: subnet-external-network
