Jul 27 07:23:20.305217 np0000005882 systemd[1]: Starting devstack@n-api-meta.service - Devstack devstack@n-api-meta.service...
Jul 27 07:23:20.311247 np0000005882 devstack@n-api-meta.service[96136]: [uWSGI] getting INI configuration from /etc/nova/nova-metadata-uwsgi.ini
Jul 27 07:23:20.314060 np0000005882 devstack@n-api-meta.service[96136]: *** Starting uWSGI 2.0.24-debian (64bit) on [Mon Jul 27 07:23:20 2026] ***
Jul 27 07:23:20.314060 np0000005882 devstack@n-api-meta.service[96136]: compiled with version: 13.2.0 on 17 April 2024 16:23:48
Jul 27 07:23:20.314060 np0000005882 devstack@n-api-meta.service[96136]: os: Linux-6.8.0-100-generic #100-Ubuntu SMP PREEMPT_DYNAMIC Tue Jan 13 16:40:06 UTC 2026
Jul 27 07:23:20.314060 np0000005882 devstack@n-api-meta.service[96136]: nodename: np0000005882
Jul 27 07:23:20.314060 np0000005882 devstack@n-api-meta.service[96136]: machine: x86_64
Jul 27 07:23:20.314060 np0000005882 devstack@n-api-meta.service[96136]: clock source: unix
Jul 27 07:23:20.314060 np0000005882 devstack@n-api-meta.service[96136]: pcre jit disabled
Jul 27 07:23:20.314060 np0000005882 devstack@n-api-meta.service[96136]: detected number of CPU cores: 16
Jul 27 07:23:20.314060 np0000005882 devstack@n-api-meta.service[96136]: current working directory: /
Jul 27 07:23:20.314060 np0000005882 devstack@n-api-meta.service[96136]: detected binary path: /usr/bin/uwsgi-core
Jul 27 07:23:20.314311 np0000005882 devstack@n-api-meta.service[96136]: your processes number limit is 257052
Jul 27 07:23:20.314311 np0000005882 devstack@n-api-meta.service[96136]: your memory page size is 4096 bytes
Jul 27 07:23:20.314311 np0000005882 devstack@n-api-meta.service[96136]: detected max file descriptor number: 2048
Jul 27 07:23:20.314311 np0000005882 devstack@n-api-meta.service[96136]: lock engine: pthread robust mutexes
Jul 27 07:23:20.314389 np0000005882 devstack@n-api-meta.service[96136]: thunder lock: enabled
Jul 27 07:23:20.314664 np0000005882 devstack@n-api-meta.service[96136]: uWSGI http bound on 0.0.0.0:8775 fd 5
Jul 27 07:23:20.314706 np0000005882 devstack@n-api-meta.service[96136]: uwsgi socket 0 bound to TCP address 127.0.0.1:37647 (port auto-assigned) fd 4
Jul 27 07:23:20.314729 np0000005882 devstack@n-api-meta.service[96136]: Python version: 3.12.3 (main, Jun 19 2026, 12:46:00) [GCC 13.3.0]
Jul 27 07:23:20.314753 np0000005882 devstack@n-api-meta.service[96136]: PEP 405 virtualenv detected: /opt/stack/data/venv
Jul 27 07:23:20.314753 np0000005882 devstack@n-api-meta.service[96136]: Set PythonHome to /opt/stack/data/venv
Jul 27 07:23:20.355200 np0000005882 devstack@n-api-meta.service[96136]: Python main interpreter initialized at 0x72f2452a4668
Jul 27 07:23:20.355200 np0000005882 devstack@n-api-meta.service[96136]: python threads support enabled
Jul 27 07:23:20.355200 np0000005882 devstack@n-api-meta.service[96136]: your server socket listen backlog is limited to 100 connections
Jul 27 07:23:20.355200 np0000005882 devstack@n-api-meta.service[96136]: your mercy for graceful operations on workers is 80 seconds
Jul 27 07:23:20.355695 np0000005882 devstack@n-api-meta.service[96136]: mapped 671795 bytes (656 KB) for 4 cores
Jul 27 07:23:20.355834 np0000005882 devstack@n-api-meta.service[96136]: *** Operational MODE: preforking ***
Jul 27 07:23:20.356021 np0000005882 devstack@n-api-meta.service[96136]: *** uWSGI is running in multiple interpreter mode ***
Jul 27 07:23:20.356021 np0000005882 devstack@n-api-meta.service[96136]: spawned uWSGI master process (pid: 96136)
Jul 27 07:23:20.356182 np0000005882 systemd[1]: Started devstack@n-api-meta.service - Devstack devstack@n-api-meta.service.
Jul 27 07:23:20.356630 np0000005882 devstack@n-api-meta.service[96136]: spawned uWSGI worker 1 (pid: 96137, cores: 1)
Jul 27 07:23:20.357071 np0000005882 devstack@n-api-meta.service[96136]: spawned uWSGI worker 2 (pid: 96138, cores: 1)
Jul 27 07:23:20.357490 np0000005882 devstack@n-api-meta.service[96136]: spawned uWSGI worker 3 (pid: 96139, cores: 1)
Jul 27 07:23:20.358117 np0000005882 devstack@n-api-meta.service[96136]: spawned uWSGI worker 4 (pid: 96140, cores: 1)
Jul 27 07:23:20.358575 np0000005882 devstack@n-api-meta.service[96136]: spawned uWSGI http 1 (pid: 96141)
Jul 27 07:23:20.358575 np0000005882 devstack@n-api-meta.service[96136]: running "unix_signal:15 gracefully_kill_them_all" (master-start)...
Jul 27 07:23:22.042342 np0000005882 devstack@n-api-meta.service[96140]: INFO dbcounter [None req-b8f1f60b-a526-490f-8084-52cb970400d5 None None] Registered counter for database nova_api
Jul 27 07:23:22.069340 np0000005882 devstack@n-api-meta.service[96137]: INFO dbcounter [None req-96ee4808-6965-4a96-8872-8751e74076f5 None None] Registered counter for database nova_api
Jul 27 07:23:22.086215 np0000005882 devstack@n-api-meta.service[96139]: INFO dbcounter [None req-5e598be9-3ac1-45fb-9256-bb7723494a49 None None] Registered counter for database nova_api
Jul 27 07:23:22.087490 np0000005882 devstack@n-api-meta.service[96140]: DEBUG oslo_db.sqlalchemy.engines [None req-b8f1f60b-a526-490f-8084-52cb970400d5 None None] MySQL server mode set to STRICT_TRANS_TABLES,STRICT_ALL_TABLES,NO_ZERO_IN_DATE,NO_ZERO_DATE,ERROR_FOR_DIVISION_BY_ZERO,TRADITIONAL,NO_ENGINE_SUBSTITUTION {{(pid=96140) _check_effective_sql_mode /opt/stack/data/venv/lib/python3.12/site-packages/oslo_db/sqlalchemy/engines.py:325}}
Jul 27 07:23:22.116571 np0000005882 devstack@n-api-meta.service[96137]: DEBUG oslo_db.sqlalchemy.engines [None req-96ee4808-6965-4a96-8872-8751e74076f5 None None] MySQL server mode set to STRICT_TRANS_TABLES,STRICT_ALL_TABLES,NO_ZERO_IN_DATE,NO_ZERO_DATE,ERROR_FOR_DIVISION_BY_ZERO,TRADITIONAL,NO_ENGINE_SUBSTITUTION {{(pid=96137) _check_effective_sql_mode /opt/stack/data/venv/lib/python3.12/site-packages/oslo_db/sqlalchemy/engines.py:325}}
Jul 27 07:23:22.119587 np0000005882 devstack@n-api-meta.service[96140]: DEBUG dbcounter [-] [96140] Writer thread running {{(pid=96140) stat_writer /opt/stack/data/venv/lib/python3.12/site-packages/dbcounter.py:102}}
Jul 27 07:23:22.122128 np0000005882 devstack@n-api-meta.service[96140]: DEBUG nova.context [None req-b8f1f60b-a526-490f-8084-52cb970400d5 None None] Found 2 cells: 00000000-0000-0000-0000-000000000000(cell0),d2b56e55-9066-4701-b4ad-7a9ebf1aff40(cell1) {{(pid=96140) load_cells /opt/stack/nova/nova/context.py:509}}
Jul 27 07:23:22.122353 np0000005882 devstack@n-api-meta.service[96140]: INFO nova.utils [None req-b8f1f60b-a526-490f-8084-52cb970400d5 None None] The cell worker thread pool MainProcess.cell_worker is initialized
Jul 27 07:23:22.124480 np0000005882 devstack@n-api-meta.service[96140]: DEBUG oslo_concurrency.lockutils [None req-b8f1f60b-a526-490f-8084-52cb970400d5 None None] Acquiring lock "00000000-0000-0000-0000-000000000000" by "nova.context.set_target_cell..get_or_set_cached_cell_and_set_connections" {{(pid=96140) inner /opt/stack/data/venv/lib/python3.12/site-packages/oslo_concurrency/lockutils.py:512}}
Jul 27 07:23:22.124480 np0000005882 devstack@n-api-meta.service[96140]: DEBUG oslo_concurrency.lockutils [None req-b8f1f60b-a526-490f-8084-52cb970400d5 None None] Lock "00000000-0000-0000-0000-000000000000" acquired by "nova.context.set_target_cell..get_or_set_cached_cell_and_set_connections" :: waited 0.000s {{(pid=96140) inner /opt/stack/data/venv/lib/python3.12/site-packages/oslo_concurrency/lockutils.py:525}}
Jul 27 07:23:22.124584 np0000005882 devstack@n-api-meta.service[96140]: DEBUG oslo_concurrency.lockutils [None req-b8f1f60b-a526-490f-8084-52cb970400d5 None None] Lock "00000000-0000-0000-0000-000000000000" "released" by "nova.context.set_target_cell..get_or_set_cached_cell_and_set_connections" :: held 0.000s {{(pid=96140) inner /opt/stack/data/venv/lib/python3.12/site-packages/oslo_concurrency/lockutils.py:544}}
Jul 27 07:23:22.125725 np0000005882 devstack@n-api-meta.service[96140]: DEBUG oslo_concurrency.lockutils [None req-b8f1f60b-a526-490f-8084-52cb970400d5 None None] Acquiring lock "d2b56e55-9066-4701-b4ad-7a9ebf1aff40" by "nova.context.set_target_cell..get_or_set_cached_cell_and_set_connections" {{(pid=96140) inner /opt/stack/data/venv/lib/python3.12/site-packages/oslo_concurrency/lockutils.py:512}}
Jul 27 07:23:22.125725 np0000005882 devstack@n-api-meta.service[96140]: DEBUG oslo_concurrency.lockutils [None req-b8f1f60b-a526-490f-8084-52cb970400d5 None None] Lock "d2b56e55-9066-4701-b4ad-7a9ebf1aff40" acquired by "nova.context.set_target_cell..get_or_set_cached_cell_and_set_connections" :: waited 0.000s {{(pid=96140) inner /opt/stack/data/venv/lib/python3.12/site-packages/oslo_concurrency/lockutils.py:525}}
Jul 27 07:23:22.126128 np0000005882 devstack@n-api-meta.service[96140]: DEBUG oslo_concurrency.lockutils [None req-b8f1f60b-a526-490f-8084-52cb970400d5 None None] Lock "d2b56e55-9066-4701-b4ad-7a9ebf1aff40" "released" by "nova.context.set_target_cell..get_or_set_cached_cell_and_set_connections" :: held 0.001s {{(pid=96140) inner /opt/stack/data/venv/lib/python3.12/site-packages/oslo_concurrency/lockutils.py:544}}
Jul 27 07:23:22.127445 np0000005882 devstack@n-api-meta.service[96140]: INFO dbcounter [None req-b8f1f60b-a526-490f-8084-52cb970400d5 None None] Registered counter for database nova_cell0
Jul 27 07:23:22.128476 np0000005882 devstack@n-api-meta.service[96138]: INFO dbcounter [None req-9c1aabcd-0a7b-494b-a93c-e271e49526a9 None None] Registered counter for database nova_api
Jul 27 07:23:22.130326 np0000005882 devstack@n-api-meta.service[96140]: INFO dbcounter [None req-b8f1f60b-a526-490f-8084-52cb970400d5 None None] Registered counter for database nova_cell1
Jul 27 07:23:22.131825 np0000005882 devstack@n-api-meta.service[96139]: DEBUG oslo_db.sqlalchemy.engines [None req-5e598be9-3ac1-45fb-9256-bb7723494a49 None None] MySQL server mode set to STRICT_TRANS_TABLES,STRICT_ALL_TABLES,NO_ZERO_IN_DATE,NO_ZERO_DATE,ERROR_FOR_DIVISION_BY_ZERO,TRADITIONAL,NO_ENGINE_SUBSTITUTION {{(pid=96139) _check_effective_sql_mode /opt/stack/data/venv/lib/python3.12/site-packages/oslo_db/sqlalchemy/engines.py:325}}
Jul 27 07:23:22.149354 np0000005882 devstack@n-api-meta.service[96137]: DEBUG dbcounter [-] [96137] Writer thread running {{(pid=96137) stat_writer /opt/stack/data/venv/lib/python3.12/site-packages/dbcounter.py:102}}
Jul 27 07:23:22.151659 np0000005882 devstack@n-api-meta.service[96137]: DEBUG nova.context [None req-96ee4808-6965-4a96-8872-8751e74076f5 None None] Found 2 cells: 00000000-0000-0000-0000-000000000000(cell0),d2b56e55-9066-4701-b4ad-7a9ebf1aff40(cell1) {{(pid=96137) load_cells /opt/stack/nova/nova/context.py:509}}
Jul 27 07:23:22.151954 np0000005882 devstack@n-api-meta.service[96137]: INFO nova.utils [None req-96ee4808-6965-4a96-8872-8751e74076f5 None None] The cell worker thread pool MainProcess.cell_worker is initialized
Jul 27 07:23:22.153701 np0000005882 devstack@n-api-meta.service[96137]: DEBUG oslo_concurrency.lockutils [None req-96ee4808-6965-4a96-8872-8751e74076f5 None None] Acquiring lock "00000000-0000-0000-0000-000000000000" by "nova.context.set_target_cell..get_or_set_cached_cell_and_set_connections" {{(pid=96137) inner /opt/stack/data/venv/lib/python3.12/site-packages/oslo_concurrency/lockutils.py:512}}
Jul 27 07:23:22.153901 np0000005882 devstack@n-api-meta.service[96137]: DEBUG oslo_concurrency.lockutils [None req-96ee4808-6965-4a96-8872-8751e74076f5 None None] Lock "00000000-0000-0000-0000-000000000000" acquired by "nova.context.set_target_cell..get_or_set_cached_cell_and_set_connections" :: waited 0.000s {{(pid=96137) inner /opt/stack/data/venv/lib/python3.12/site-packages/oslo_concurrency/lockutils.py:525}}
Jul 27 07:23:22.154267 np0000005882 devstack@n-api-meta.service[96137]: DEBUG oslo_concurrency.lockutils [None req-96ee4808-6965-4a96-8872-8751e74076f5 None None] Lock "00000000-0000-0000-0000-000000000000" "released" by "nova.context.set_target_cell..get_or_set_cached_cell_and_set_connections" :: held 0.000s {{(pid=96137) inner /opt/stack/data/venv/lib/python3.12/site-packages/oslo_concurrency/lockutils.py:544}}
Jul 27 07:23:22.154930 np0000005882 devstack@n-api-meta.service[96137]: DEBUG oslo_concurrency.lockutils [None req-96ee4808-6965-4a96-8872-8751e74076f5 None None] Acquiring lock "d2b56e55-9066-4701-b4ad-7a9ebf1aff40" by "nova.context.set_target_cell..get_or_set_cached_cell_and_set_connections" {{(pid=96137) inner /opt/stack/data/venv/lib/python3.12/site-packages/oslo_concurrency/lockutils.py:512}}
Jul 27 07:23:22.155066 np0000005882 devstack@n-api-meta.service[96137]: DEBUG oslo_concurrency.lockutils [None req-96ee4808-6965-4a96-8872-8751e74076f5 None None] Lock "d2b56e55-9066-4701-b4ad-7a9ebf1aff40" acquired by "nova.context.set_target_cell..get_or_set_cached_cell_and_set_connections" :: waited 0.000s {{(pid=96137) inner /opt/stack/data/venv/lib/python3.12/site-packages/oslo_concurrency/lockutils.py:525}}
Jul 27 07:23:22.155911 np0000005882 devstack@n-api-meta.service[96137]: DEBUG oslo_concurrency.lockutils [None req-96ee4808-6965-4a96-8872-8751e74076f5 None None] Lock "d2b56e55-9066-4701-b4ad-7a9ebf1aff40" "released" by "nova.context.set_target_cell..get_or_set_cached_cell_and_set_connections" :: held 0.001s {{(pid=96137) inner /opt/stack/data/venv/lib/python3.12/site-packages/oslo_concurrency/lockutils.py:544}}
Jul 27 07:23:22.157767 np0000005882 devstack@n-api-meta.service[96137]: INFO dbcounter [None req-96ee4808-6965-4a96-8872-8751e74076f5 None None] Registered counter for database nova_cell0
Jul 27 07:23:22.160638 np0000005882 devstack@n-api-meta.service[96137]: INFO dbcounter [None req-96ee4808-6965-4a96-8872-8751e74076f5 None None] Registered counter for database nova_cell1
Jul 27 07:23:22.167299 np0000005882 devstack@n-api-meta.service[96139]: DEBUG dbcounter [-] [96139] Writer thread running {{(pid=96139) stat_writer /opt/stack/data/venv/lib/python3.12/site-packages/dbcounter.py:102}}
Jul 27 07:23:22.170146 np0000005882 devstack@n-api-meta.service[96139]: DEBUG nova.context [None req-5e598be9-3ac1-45fb-9256-bb7723494a49 None None] Found 2 cells: 00000000-0000-0000-0000-000000000000(cell0),d2b56e55-9066-4701-b4ad-7a9ebf1aff40(cell1) {{(pid=96139) load_cells /opt/stack/nova/nova/context.py:509}}
Jul 27 07:23:22.170846 np0000005882 devstack@n-api-meta.service[96139]: INFO nova.utils [None req-5e598be9-3ac1-45fb-9256-bb7723494a49 None None] The cell worker thread pool MainProcess.cell_worker is initialized
Jul 27 07:23:22.172857 np0000005882 devstack@n-api-meta.service[96139]: DEBUG oslo_concurrency.lockutils [None req-5e598be9-3ac1-45fb-9256-bb7723494a49 None None] Acquiring lock "00000000-0000-0000-0000-000000000000" by "nova.context.set_target_cell..get_or_set_cached_cell_and_set_connections" {{(pid=96139) inner /opt/stack/data/venv/lib/python3.12/site-packages/oslo_concurrency/lockutils.py:512}}
Jul 27 07:23:22.173071 np0000005882 devstack@n-api-meta.service[96139]: DEBUG oslo_concurrency.lockutils [None req-5e598be9-3ac1-45fb-9256-bb7723494a49 None None] Lock "00000000-0000-0000-0000-000000000000" acquired by "nova.context.set_target_cell..get_or_set_cached_cell_and_set_connections" :: waited 0.000s {{(pid=96139) inner /opt/stack/data/venv/lib/python3.12/site-packages/oslo_concurrency/lockutils.py:525}}
Jul 27 07:23:22.173535 np0000005882 devstack@n-api-meta.service[96139]: DEBUG oslo_concurrency.lockutils [None req-5e598be9-3ac1-45fb-9256-bb7723494a49 None None] Lock "00000000-0000-0000-0000-000000000000" "released" by "nova.context.set_target_cell..get_or_set_cached_cell_and_set_connections" :: held 0.000s {{(pid=96139) inner /opt/stack/data/venv/lib/python3.12/site-packages/oslo_concurrency/lockutils.py:544}}
Jul 27 07:23:22.174236 np0000005882 devstack@n-api-meta.service[96139]: DEBUG oslo_concurrency.lockutils [None req-5e598be9-3ac1-45fb-9256-bb7723494a49 None None] Acquiring lock "d2b56e55-9066-4701-b4ad-7a9ebf1aff40" by "nova.context.set_target_cell..get_or_set_cached_cell_and_set_connections" {{(pid=96139) inner /opt/stack/data/venv/lib/python3.12/site-packages/oslo_concurrency/lockutils.py:512}}
Jul 27 07:23:22.174375 np0000005882 devstack@n-api-meta.service[96139]: DEBUG oslo_concurrency.lockutils [None req-5e598be9-3ac1-45fb-9256-bb7723494a49 None None] Lock "d2b56e55-9066-4701-b4ad-7a9ebf1aff40" acquired by "nova.context.set_target_cell..get_or_set_cached_cell_and_set_connections" :: waited 0.000s {{(pid=96139) inner /opt/stack/data/venv/lib/python3.12/site-packages/oslo_concurrency/lockutils.py:525}}
Jul 27 07:23:22.175138 np0000005882 devstack@n-api-meta.service[96139]: DEBUG oslo_concurrency.lockutils [None req-5e598be9-3ac1-45fb-9256-bb7723494a49 None None] Lock "d2b56e55-9066-4701-b4ad-7a9ebf1aff40" "released" by "nova.context.set_target_cell..get_or_set_cached_cell_and_set_connections" :: held 0.001s {{(pid=96139) inner /opt/stack/data/venv/lib/python3.12/site-packages/oslo_concurrency/lockutils.py:544}}
Jul 27 07:23:22.178640 np0000005882 devstack@n-api-meta.service[96139]: INFO dbcounter [None req-5e598be9-3ac1-45fb-9256-bb7723494a49 None None] Registered counter for database nova_cell0
Jul 27 07:23:22.179879 np0000005882 devstack@n-api-meta.service[96139]: INFO dbcounter [None req-5e598be9-3ac1-45fb-9256-bb7723494a49 None None] Registered counter for database nova_cell1
Jul 27 07:23:22.183819 np0000005882 devstack@n-api-meta.service[96140]: DEBUG oslo_db.sqlalchemy.engines [None req-b8f1f60b-a526-490f-8084-52cb970400d5 None None] MySQL server mode set to STRICT_TRANS_TABLES,STRICT_ALL_TABLES,NO_ZERO_IN_DATE,NO_ZERO_DATE,ERROR_FOR_DIVISION_BY_ZERO,TRADITIONAL,NO_ENGINE_SUBSTITUTION {{(pid=96140) _check_effective_sql_mode /opt/stack/data/venv/lib/python3.12/site-packages/oslo_db/sqlalchemy/engines.py:325}}
Jul 27 07:23:22.194563 np0000005882 devstack@n-api-meta.service[96140]: DEBUG oslo_db.sqlalchemy.engines [None req-b8f1f60b-a526-490f-8084-52cb970400d5 None None] MySQL server mode set to STRICT_TRANS_TABLES,STRICT_ALL_TABLES,NO_ZERO_IN_DATE,NO_ZERO_DATE,ERROR_FOR_DIVISION_BY_ZERO,TRADITIONAL,NO_ENGINE_SUBSTITUTION {{(pid=96140) _check_effective_sql_mode /opt/stack/data/venv/lib/python3.12/site-packages/oslo_db/sqlalchemy/engines.py:325}}
Jul 27 07:23:22.196506 np0000005882 devstack@n-api-meta.service[96138]: DEBUG oslo_db.sqlalchemy.engines [None req-9c1aabcd-0a7b-494b-a93c-e271e49526a9 None None] MySQL server mode set to STRICT_TRANS_TABLES,STRICT_ALL_TABLES,NO_ZERO_IN_DATE,NO_ZERO_DATE,ERROR_FOR_DIVISION_BY_ZERO,TRADITIONAL,NO_ENGINE_SUBSTITUTION {{(pid=96138) _check_effective_sql_mode /opt/stack/data/venv/lib/python3.12/site-packages/oslo_db/sqlalchemy/engines.py:325}}
Jul 27 07:23:22.214763 np0000005882 devstack@n-api-meta.service[96137]: DEBUG oslo_db.sqlalchemy.engines [None req-96ee4808-6965-4a96-8872-8751e74076f5 None None] MySQL server mode set to STRICT_TRANS_TABLES,STRICT_ALL_TABLES,NO_ZERO_IN_DATE,NO_ZERO_DATE,ERROR_FOR_DIVISION_BY_ZERO,TRADITIONAL,NO_ENGINE_SUBSTITUTION {{(pid=96137) _check_effective_sql_mode /opt/stack/data/venv/lib/python3.12/site-packages/oslo_db/sqlalchemy/engines.py:325}}
Jul 27 07:23:22.226240 np0000005882 devstack@n-api-meta.service[96137]: DEBUG oslo_db.sqlalchemy.engines [None req-96ee4808-6965-4a96-8872-8751e74076f5 None None] MySQL server mode set to STRICT_TRANS_TABLES,STRICT_ALL_TABLES,NO_ZERO_IN_DATE,NO_ZERO_DATE,ERROR_FOR_DIVISION_BY_ZERO,TRADITIONAL,NO_ENGINE_SUBSTITUTION {{(pid=96137) _check_effective_sql_mode /opt/stack/data/venv/lib/python3.12/site-packages/oslo_db/sqlalchemy/engines.py:325}}
Jul 27 07:23:22.232257 np0000005882 devstack@n-api-meta.service[96138]: DEBUG dbcounter [-] [96138] Writer thread running {{(pid=96138) stat_writer /opt/stack/data/venv/lib/python3.12/site-packages/dbcounter.py:102}}
Jul 27 07:23:22.234171 np0000005882 devstack@n-api-meta.service[96139]: DEBUG oslo_db.sqlalchemy.engines [None req-5e598be9-3ac1-45fb-9256-bb7723494a49 None None] MySQL server mode set to STRICT_TRANS_TABLES,STRICT_ALL_TABLES,NO_ZERO_IN_DATE,NO_ZERO_DATE,ERROR_FOR_DIVISION_BY_ZERO,TRADITIONAL,NO_ENGINE_SUBSTITUTION {{(pid=96139) _check_effective_sql_mode /opt/stack/data/venv/lib/python3.12/site-packages/oslo_db/sqlalchemy/engines.py:325}}
Jul 27 07:23:22.234858 np0000005882 devstack@n-api-meta.service[96138]: DEBUG nova.context [None req-9c1aabcd-0a7b-494b-a93c-e271e49526a9 None None] Found 2 cells: 00000000-0000-0000-0000-000000000000(cell0),d2b56e55-9066-4701-b4ad-7a9ebf1aff40(cell1) {{(pid=96138) load_cells /opt/stack/nova/nova/context.py:509}}
Jul 27 07:23:22.235148 np0000005882 devstack@n-api-meta.service[96138]: INFO nova.utils [None req-9c1aabcd-0a7b-494b-a93c-e271e49526a9 None None] The cell worker thread pool MainProcess.cell_worker is initialized
Jul 27 07:23:22.236926 np0000005882 devstack@n-api-meta.service[96138]: DEBUG oslo_concurrency.lockutils [None req-9c1aabcd-0a7b-494b-a93c-e271e49526a9 None None] Acquiring lock "00000000-0000-0000-0000-000000000000" by "nova.context.set_target_cell..get_or_set_cached_cell_and_set_connections" {{(pid=96138) inner /opt/stack/data/venv/lib/python3.12/site-packages/oslo_concurrency/lockutils.py:512}}
Jul 27 07:23:22.237627 np0000005882 devstack@n-api-meta.service[96138]: DEBUG oslo_concurrency.lockutils [None req-9c1aabcd-0a7b-494b-a93c-e271e49526a9 None None] Lock "00000000-0000-0000-0000-000000000000" acquired by "nova.context.set_target_cell..get_or_set_cached_cell_and_set_connections" :: waited 0.000s {{(pid=96138) inner /opt/stack/data/venv/lib/python3.12/site-packages/oslo_concurrency/lockutils.py:525}}
Jul 27 07:23:22.237730 np0000005882 devstack@n-api-meta.service[96139]: DEBUG oslo_db.sqlalchemy.engines [None req-5e598be9-3ac1-45fb-9256-bb7723494a49 None None] MySQL server mode set to STRICT_TRANS_TABLES,STRICT_ALL_TABLES,NO_ZERO_IN_DATE,NO_ZERO_DATE,ERROR_FOR_DIVISION_BY_ZERO,TRADITIONAL,NO_ENGINE_SUBSTITUTION {{(pid=96139) _check_effective_sql_mode /opt/stack/data/venv/lib/python3.12/site-packages/oslo_db/sqlalchemy/engines.py:325}}
Jul 27 07:23:22.237771 np0000005882 devstack@n-api-meta.service[96138]: DEBUG oslo_concurrency.lockutils [None req-9c1aabcd-0a7b-494b-a93c-e271e49526a9 None None] Lock "00000000-0000-0000-0000-000000000000" "released" by "nova.context.set_target_cell..get_or_set_cached_cell_and_set_connections" :: held 0.000s {{(pid=96138) inner /opt/stack/data/venv/lib/python3.12/site-packages/oslo_concurrency/lockutils.py:544}}
Jul 27 07:23:22.238160 np0000005882 devstack@n-api-meta.service[96138]: DEBUG oslo_concurrency.lockutils [None req-9c1aabcd-0a7b-494b-a93c-e271e49526a9 None None] Acquiring lock "d2b56e55-9066-4701-b4ad-7a9ebf1aff40" by "nova.context.set_target_cell..get_or_set_cached_cell_and_set_connections" {{(pid=96138) inner /opt/stack/data/venv/lib/python3.12/site-packages/oslo_concurrency/lockutils.py:512}}
Jul 27 07:23:22.238298 np0000005882 devstack@n-api-meta.service[96138]: DEBUG oslo_concurrency.lockutils [None req-9c1aabcd-0a7b-494b-a93c-e271e49526a9 None None] Lock "d2b56e55-9066-4701-b4ad-7a9ebf1aff40" acquired by "nova.context.set_target_cell..get_or_set_cached_cell_and_set_connections" :: waited 0.000s {{(pid=96138) inner /opt/stack/data/venv/lib/python3.12/site-packages/oslo_concurrency/lockutils.py:525}}
Jul 27 07:23:22.239211 np0000005882 devstack@n-api-meta.service[96138]: DEBUG oslo_concurrency.lockutils [None req-9c1aabcd-0a7b-494b-a93c-e271e49526a9 None None] Lock "d2b56e55-9066-4701-b4ad-7a9ebf1aff40" "released" by "nova.context.set_target_cell..get_or_set_cached_cell_and_set_connections" :: held 0.001s {{(pid=96138) inner /opt/stack/data/venv/lib/python3.12/site-packages/oslo_concurrency/lockutils.py:544}}
Jul 27 07:23:22.241044 np0000005882 devstack@n-api-meta.service[96138]: INFO dbcounter [None req-9c1aabcd-0a7b-494b-a93c-e271e49526a9 None None] Registered counter for database nova_cell0
Jul 27 07:23:22.244213 np0000005882 devstack@n-api-meta.service[96138]: INFO dbcounter [None req-9c1aabcd-0a7b-494b-a93c-e271e49526a9 None None] Registered counter for database nova_cell1
Jul 27 07:23:22.275207 np0000005882 devstack@n-api-meta.service[96140]: DEBUG dbcounter [-] [96140] Writer thread running {{(pid=96140) stat_writer /opt/stack/data/venv/lib/python3.12/site-packages/dbcounter.py:102}}
Jul 27 07:23:22.280921 np0000005882 devstack@n-api-meta.service[96140]: DEBUG dbcounter [-] [96140] Writer thread running {{(pid=96140) stat_writer /opt/stack/data/venv/lib/python3.12/site-packages/dbcounter.py:102}}
Jul 27 07:23:22.284149 np0000005882 devstack@n-api-meta.service[96140]: INFO dbcounter [None req-b8f1f60b-a526-490f-8084-52cb970400d5 None None] Registered counter for database nova_cell0
Jul 27 07:23:22.285286 np0000005882 devstack@n-api-meta.service[96138]: DEBUG oslo_db.sqlalchemy.engines [None req-9c1aabcd-0a7b-494b-a93c-e271e49526a9 None None] MySQL server mode set to STRICT_TRANS_TABLES,STRICT_ALL_TABLES,NO_ZERO_IN_DATE,NO_ZERO_DATE,ERROR_FOR_DIVISION_BY_ZERO,TRADITIONAL,NO_ENGINE_SUBSTITUTION {{(pid=96138) _check_effective_sql_mode /opt/stack/data/venv/lib/python3.12/site-packages/oslo_db/sqlalchemy/engines.py:325}}
Jul 27 07:23:22.311604 np0000005882 devstack@n-api-meta.service[96137]: DEBUG dbcounter [-] [96137] Writer thread running {{(pid=96137) stat_writer /opt/stack/data/venv/lib/python3.12/site-packages/dbcounter.py:102}}
Jul 27 07:23:22.318879 np0000005882 devstack@n-api-meta.service[96140]: DEBUG oslo_db.sqlalchemy.engines [None req-b8f1f60b-a526-490f-8084-52cb970400d5 None None] MySQL server mode set to STRICT_TRANS_TABLES,STRICT_ALL_TABLES,NO_ZERO_IN_DATE,NO_ZERO_DATE,ERROR_FOR_DIVISION_BY_ZERO,TRADITIONAL,NO_ENGINE_SUBSTITUTION {{(pid=96140) _check_effective_sql_mode /opt/stack/data/venv/lib/python3.12/site-packages/oslo_db/sqlalchemy/engines.py:325}}
Jul 27 07:23:22.320166 np0000005882 devstack@n-api-meta.service[96137]: DEBUG dbcounter [-] [96137] Writer thread running {{(pid=96137) stat_writer /opt/stack/data/venv/lib/python3.12/site-packages/dbcounter.py:102}}
Jul 27 07:23:22.324015 np0000005882 devstack@n-api-meta.service[96137]: INFO dbcounter [None req-96ee4808-6965-4a96-8872-8751e74076f5 None None] Registered counter for database nova_cell0
Jul 27 07:23:22.327705 np0000005882 devstack@n-api-meta.service[96140]: DEBUG dbcounter [-] [96140] Writer thread running {{(pid=96140) stat_writer /opt/stack/data/venv/lib/python3.12/site-packages/dbcounter.py:102}}
Jul 27 07:23:22.331786 np0000005882 devstack@n-api-meta.service[96139]: DEBUG dbcounter [-] [96139] Writer thread running {{(pid=96139) stat_writer /opt/stack/data/venv/lib/python3.12/site-packages/dbcounter.py:102}}
Jul 27 07:23:22.335532 np0000005882 devstack@n-api-meta.service[96139]: DEBUG dbcounter [-] [96139] Writer thread running {{(pid=96139) stat_writer /opt/stack/data/venv/lib/python3.12/site-packages/dbcounter.py:102}}
Jul 27 07:23:22.340249 np0000005882 devstack@n-api-meta.service[96139]: INFO dbcounter [None req-5e598be9-3ac1-45fb-9256-bb7723494a49 None None] Registered counter for database nova_cell0
Jul 27 07:23:22.360829 np0000005882 devstack@n-api-meta.service[96137]: DEBUG oslo_db.sqlalchemy.engines [None req-96ee4808-6965-4a96-8872-8751e74076f5 None None] MySQL server mode set to STRICT_TRANS_TABLES,STRICT_ALL_TABLES,NO_ZERO_IN_DATE,NO_ZERO_DATE,ERROR_FOR_DIVISION_BY_ZERO,TRADITIONAL,NO_ENGINE_SUBSTITUTION {{(pid=96137) _check_effective_sql_mode /opt/stack/data/venv/lib/python3.12/site-packages/oslo_db/sqlalchemy/engines.py:325}}
Jul 27 07:23:22.367724 np0000005882 devstack@n-api-meta.service[96137]: DEBUG dbcounter [-] [96137] Writer thread running {{(pid=96137) stat_writer /opt/stack/data/venv/lib/python3.12/site-packages/dbcounter.py:102}}
Jul 27 07:23:22.373499 np0000005882 devstack@n-api-meta.service[96140]: WARNING nova.api.metadata.handler [None req-b8f1f60b-a526-490f-8084-52cb970400d5 None None] metadata_proxy_shared_secret is not configured, the metadata information returned by the proxy cannot be trusted
Jul 27 07:23:22.375405 np0000005882 devstack@n-api-meta.service[96138]: DEBUG dbcounter [-] [96138] Writer thread running {{(pid=96138) stat_writer /opt/stack/data/venv/lib/python3.12/site-packages/dbcounter.py:102}}
Jul 27 07:23:22.378846 np0000005882 devstack@n-api-meta.service[96140]: DEBUG nova.api.openstack.wsgi_app [None req-b8f1f60b-a526-490f-8084-52cb970400d5 None None] ******************************************************************************** {{(pid=96140) log_opt_values /opt/stack/data/venv/lib/python3.12/site-packages/oslo_config/cfg.py:3226}}
Jul 27 07:23:22.378846 np0000005882 devstack@n-api-meta.service[96140]: DEBUG nova.api.openstack.wsgi_app [None req-b8f1f60b-a526-490f-8084-52cb970400d5 None None] Configuration options gathered from: {{(pid=96140) log_opt_values /opt/stack/data/venv/lib/python3.12/site-packages/oslo_config/cfg.py:3227}}
Jul 27 07:23:22.378846 np0000005882 devstack@n-api-meta.service[96140]: DEBUG nova.api.openstack.wsgi_app [None req-b8f1f60b-a526-490f-8084-52cb970400d5 None None] command line args: [] {{(pid=96140) log_opt_values /opt/stack/data/venv/lib/python3.12/site-packages/oslo_config/cfg.py:3228}}
Jul 27 07:23:22.378846 np0000005882 devstack@n-api-meta.service[96140]: DEBUG nova.api.openstack.wsgi_app [None req-b8f1f60b-a526-490f-8084-52cb970400d5 None None] config files: ['/etc/nova/api-paste.ini', '/etc/nova/nova.conf'] {{(pid=96140) log_opt_values /opt/stack/data/venv/lib/python3.12/site-packages/oslo_config/cfg.py:3229}}
Jul 27 07:23:22.378846 np0000005882 devstack@n-api-meta.service[96140]: DEBUG nova.api.openstack.wsgi_app [None req-b8f1f60b-a526-490f-8084-52cb970400d5 None None] ================================================================================ {{(pid=96140) log_opt_values /opt/stack/data/venv/lib/python3.12/site-packages/oslo_config/cfg.py:3234}}
Jul 27 07:23:22.378846 np0000005882 devstack@n-api-meta.service[96140]: DEBUG nova.api.openstack.wsgi_app [None req-b8f1f60b-a526-490f-8084-52cb970400d5 None None] allow_resize_to_same_host = True {{(pid=96140) log_opt_values /opt/stack/data/venv/lib/python3.12/site-packages/oslo_config/cfg.py:3242}}
Jul 27 07:23:22.378846 np0000005882 devstack@n-api-meta.service[96140]: DEBUG nova.api.openstack.wsgi_app [None req-b8f1f60b-a526-490f-8084-52cb970400d5 None None] arq_binding_timeout = 300 {{(pid=96140) log_opt_values /opt/stack/data/venv/lib/python3.12/site-packages/oslo_config/cfg.py:3242}}
Jul 27 07:23:22.379066 np0000005882 devstack@n-api-meta.service[96140]: DEBUG nova.api.openstack.wsgi_app [None req-b8f1f60b-a526-490f-8084-52cb970400d5 None None] block_device_allocate_retries = 60 {{(pid=96140) log_opt_values /opt/stack/data/venv/lib/python3.12/site-packages/oslo_config/cfg.py:3242}}
Jul 27 07:23:22.379066 np0000005882 devstack@n-api-meta.service[96140]: DEBUG nova.api.openstack.wsgi_app [None req-b8f1f60b-a526-490f-8084-52cb970400d5 None None] block_device_allocate_retries_interval = 3 {{(pid=96140) log_opt_values /opt/stack/data/venv/lib/python3.12/site-packages/oslo_config/cfg.py:3242}}
Jul 27 07:23:22.379066 np0000005882 devstack@n-api-meta.service[96140]: DEBUG nova.api.openstack.wsgi_app [None req-b8f1f60b-a526-490f-8084-52cb970400d5 None None] cell_worker_thread_pool_size = 5 {{(pid=96140) log_opt_values /opt/stack/data/venv/lib/python3.12/site-packages/oslo_config/cfg.py:3242}}
Jul 27 07:23:22.379066 np0000005882 devstack@n-api-meta.service[96140]: DEBUG nova.api.openstack.wsgi_app [None req-b8f1f60b-a526-490f-8084-52cb970400d5 None None] cert = self.pem {{(pid=96140) log_opt_values /opt/stack/data/venv/lib/python3.12/site-packages/oslo_config/cfg.py:3242}}
Jul 27 07:23:22.379066 np0000005882 devstack@n-api-meta.service[96140]: DEBUG nova.api.openstack.wsgi_app [None req-b8f1f60b-a526-490f-8084-52cb970400d5 None None] compute_driver = libvirt.LibvirtDriver {{(pid=96140) log_opt_values /opt/stack/data/venv/lib/python3.12/site-packages/oslo_config/cfg.py:3242}}
Jul 27 07:23:22.379066 np0000005882 devstack@n-api-meta.service[96140]: DEBUG nova.api.openstack.wsgi_app [None req-b8f1f60b-a526-490f-8084-52cb970400d5 None None] compute_monitors = [] {{(pid=96140) log_opt_values /opt/stack/data/venv/lib/python3.12/site-packages/oslo_config/cfg.py:3242}}
Jul 27 07:23:22.379066 np0000005882 devstack@n-api-meta.service[96140]: DEBUG nova.api.openstack.wsgi_app [None req-b8f1f60b-a526-490f-8084-52cb970400d5 None None] concurrency_backend = auto {{(pid=96140) log_opt_values /opt/stack/data/venv/lib/python3.12/site-packages/oslo_config/cfg.py:3242}}
Jul 27 07:23:22.379226 np0000005882 devstack@n-api-meta.service[96140]: DEBUG nova.api.openstack.wsgi_app [None req-b8f1f60b-a526-490f-8084-52cb970400d5 None None] config_dir = [] {{(pid=96140) log_opt_values /opt/stack/data/venv/lib/python3.12/site-packages/oslo_config/cfg.py:3242}}
Jul 27 07:23:22.379226 np0000005882 devstack@n-api-meta.service[96140]: DEBUG nova.api.openstack.wsgi_app [None req-b8f1f60b-a526-490f-8084-52cb970400d5 None None] config_drive_format = iso9660 {{(pid=96140) log_opt_values /opt/stack/data/venv/lib/python3.12/site-packages/oslo_config/cfg.py:3242}}
Jul 27 07:23:22.379226 np0000005882 devstack@n-api-meta.service[96140]: DEBUG nova.api.openstack.wsgi_app [None req-b8f1f60b-a526-490f-8084-52cb970400d5 None None] config_file = ['/etc/nova/api-paste.ini', '/etc/nova/nova.conf'] {{(pid=96140) log_opt_values /opt/stack/data/venv/lib/python3.12/site-packages/oslo_config/cfg.py:3242}}
Jul 27 07:23:22.379226 np0000005882 devstack@n-api-meta.service[96140]: DEBUG nova.api.openstack.wsgi_app [None req-b8f1f60b-a526-490f-8084-52cb970400d5 None None] config_source = [] {{(pid=96140) log_opt_values /opt/stack/data/venv/lib/python3.12/site-packages/oslo_config/cfg.py:3242}}
Jul 27 07:23:22.379226 np0000005882 devstack@n-api-meta.service[96140]: DEBUG nova.api.openstack.wsgi_app [None req-b8f1f60b-a526-490f-8084-52cb970400d5 None None] console_host = np0000005882 {{(pid=96140) log_opt_values /opt/stack/data/venv/lib/python3.12/site-packages/oslo_config/cfg.py:3242}}
Jul 27 07:23:22.379226 np0000005882 devstack@n-api-meta.service[96140]: DEBUG nova.api.openstack.wsgi_app [None req-b8f1f60b-a526-490f-8084-52cb970400d5 None None] control_exchange = nova {{(pid=96140) log_opt_values /opt/stack/data/venv/lib/python3.12/site-packages/oslo_config/cfg.py:3242}}
Jul 27 07:23:22.379226 np0000005882 devstack@n-api-meta.service[96140]: DEBUG nova.api.openstack.wsgi_app [None req-b8f1f60b-a526-490f-8084-52cb970400d5 None None] cpu_allocation_ratio = None {{(pid=96140) log_opt_values /opt/stack/data/venv/lib/python3.12/site-packages/oslo_config/cfg.py:3242}}
Jul 27 07:23:22.379375 np0000005882 devstack@n-api-meta.service[96140]: DEBUG nova.api.openstack.wsgi_app [None req-b8f1f60b-a526-490f-8084-52cb970400d5 None None] daemon = False {{(pid=96140) log_opt_values /opt/stack/data/venv/lib/python3.12/site-packages/oslo_config/cfg.py:3242}}
Jul 27 07:23:22.379551 np0000005882 devstack@n-api-meta.service[96140]: DEBUG nova.api.openstack.wsgi_app [None req-b8f1f60b-a526-490f-8084-52cb970400d5 None None] debug = True {{(pid=96140) log_opt_values /opt/stack/data/venv/lib/python3.12/site-packages/oslo_config/cfg.py:3242}}
Jul 27 07:23:22.379769 np0000005882 devstack@n-api-meta.service[96140]: DEBUG nova.api.openstack.wsgi_app [None req-b8f1f60b-a526-490f-8084-52cb970400d5 None None] default_access_ip_network_name = None {{(pid=96140) log_opt_values /opt/stack/data/venv/lib/python3.12/site-packages/oslo_config/cfg.py:3242}}
Jul 27 07:23:22.380039 np0000005882 devstack@n-api-meta.service[96140]: DEBUG nova.api.openstack.wsgi_app [None req-b8f1f60b-a526-490f-8084-52cb970400d5 None None] default_availability_zone = nova {{(pid=96140) log_opt_values /opt/stack/data/venv/lib/python3.12/site-packages/oslo_config/cfg.py:3242}}
Jul 27 07:23:22.380278 np0000005882 devstack@n-api-meta.service[96140]: DEBUG nova.api.openstack.wsgi_app [None req-b8f1f60b-a526-490f-8084-52cb970400d5 None None] default_ephemeral_format = ext4 {{(pid=96140) log_opt_values /opt/stack/data/venv/lib/python3.12/site-packages/oslo_config/cfg.py:3242}}
Jul 27 07:23:22.380322 np0000005882 devstack@n-api-meta.service[96139]: DEBUG oslo_db.sqlalchemy.engines [None req-5e598be9-3ac1-45fb-9256-bb7723494a49 None None] MySQL server mode set to STRICT_TRANS_TABLES,STRICT_ALL_TABLES,NO_ZERO_IN_DATE,NO_ZERO_DATE,ERROR_FOR_DIVISION_BY_ZERO,TRADITIONAL,NO_ENGINE_SUBSTITUTION {{(pid=96139) _check_effective_sql_mode /opt/stack/data/venv/lib/python3.12/site-packages/oslo_db/sqlalchemy/engines.py:325}}
Jul 27 07:23:22.380506 np0000005882 devstack@n-api-meta.service[96140]: DEBUG nova.api.openstack.wsgi_app [None req-b8f1f60b-a526-490f-8084-52cb970400d5 None None] default_green_pool_size = 1000 {{(pid=96140) log_opt_values /opt/stack/data/venv/lib/python3.12/site-packages/oslo_config/cfg.py:3242}}
Jul 27 07:23:22.380785 np0000005882 devstack@n-api-meta.service[96140]: DEBUG nova.api.openstack.wsgi_app [None req-b8f1f60b-a526-490f-8084-52cb970400d5 None None] default_log_levels = ['amqp=WARN', 'boto=WARN', 'sqlalchemy=WARN', 'suds=INFO', 'oslo.messaging=INFO', 'oslo_messaging=INFO', 'iso8601=WARN', 'requests.packages.urllib3.connectionpool=WARN', 'urllib3.connectionpool=WARN', 'websocket=WARN', 'requests.packages.urllib3.util.retry=WARN', 'urllib3.util.retry=WARN', 'keystonemiddleware=WARN', 'routes.middleware=WARN', 'stevedore=WARN', 'taskflow=WARN', 'keystoneauth=WARN', 'oslo.cache=INFO', 'oslo_policy=INFO', 'dogpile.core.dogpile=INFO', 'glanceclient=WARN', 'oslo.privsep.daemon=INFO'] {{(pid=96140) log_opt_values /opt/stack/data/venv/lib/python3.12/site-packages/oslo_config/cfg.py:3242}}
Jul 27 07:23:22.381040 np0000005882 devstack@n-api-meta.service[96140]: DEBUG nova.api.openstack.wsgi_app [None req-b8f1f60b-a526-490f-8084-52cb970400d5 None None] default_schedule_zone = None {{(pid=96140) log_opt_values /opt/stack/data/venv/lib/python3.12/site-packages/oslo_config/cfg.py:3242}}
Jul 27 07:23:22.381243 np0000005882 devstack@n-api-meta.service[96140]: DEBUG nova.api.openstack.wsgi_app [None req-b8f1f60b-a526-490f-8084-52cb970400d5 None None] default_thread_pool_size = 10 {{(pid=96140) log_opt_values /opt/stack/data/venv/lib/python3.12/site-packages/oslo_config/cfg.py:3242}}
Jul 27 07:23:22.381444 np0000005882 devstack@n-api-meta.service[96140]: DEBUG nova.api.openstack.wsgi_app [None req-b8f1f60b-a526-490f-8084-52cb970400d5 None None] disk_allocation_ratio = None {{(pid=96140) log_opt_values /opt/stack/data/venv/lib/python3.12/site-packages/oslo_config/cfg.py:3242}}
Jul 27 07:23:22.381602 np0000005882 devstack@n-api-meta.service[96138]: DEBUG oslo_db.sqlalchemy.engines [None req-9c1aabcd-0a7b-494b-a93c-e271e49526a9 None None] MySQL server mode set to STRICT_TRANS_TABLES,STRICT_ALL_TABLES,NO_ZERO_IN_DATE,NO_ZERO_DATE,ERROR_FOR_DIVISION_BY_ZERO,TRADITIONAL,NO_ENGINE_SUBSTITUTION {{(pid=96138) _check_effective_sql_mode /opt/stack/data/venv/lib/python3.12/site-packages/oslo_db/sqlalchemy/engines.py:325}}
Jul 27 07:23:22.381754 np0000005882 devstack@n-api-meta.service[96140]: DEBUG nova.api.openstack.wsgi_app [None req-b8f1f60b-a526-490f-8084-52cb970400d5 None None] enable_new_services = True {{(pid=96140) log_opt_values /opt/stack/data/venv/lib/python3.12/site-packages/oslo_config/cfg.py:3242}}
Jul 27 07:23:22.381966 np0000005882 devstack@n-api-meta.service[96140]: DEBUG nova.api.openstack.wsgi_app [None req-b8f1f60b-a526-490f-8084-52cb970400d5 None None] flat_injected = False {{(pid=96140) log_opt_values /opt/stack/data/venv/lib/python3.12/site-packages/oslo_config/cfg.py:3242}}
Jul 27 07:23:22.382182 np0000005882 devstack@n-api-meta.service[96140]: DEBUG nova.api.openstack.wsgi_app [None req-b8f1f60b-a526-490f-8084-52cb970400d5 None None] force_config_drive = True {{(pid=96140) log_opt_values /opt/stack/data/venv/lib/python3.12/site-packages/oslo_config/cfg.py:3242}}
Jul 27 07:23:22.382377 np0000005882 devstack@n-api-meta.service[96140]: DEBUG nova.api.openstack.wsgi_app [None req-b8f1f60b-a526-490f-8084-52cb970400d5 None None] force_raw_images = True {{(pid=96140) log_opt_values /opt/stack/data/venv/lib/python3.12/site-packages/oslo_config/cfg.py:3242}}
Jul 27 07:23:22.382591 np0000005882 devstack@n-api-meta.service[96140]: DEBUG nova.api.openstack.wsgi_app [None req-b8f1f60b-a526-490f-8084-52cb970400d5 None None] graceful_shutdown_timeout = 5 {{(pid=96140) log_opt_values /opt/stack/data/venv/lib/python3.12/site-packages/oslo_config/cfg.py:3242}}
Jul 27 07:23:22.382793 np0000005882 devstack@n-api-meta.service[96140]: DEBUG nova.api.openstack.wsgi_app [None req-b8f1f60b-a526-490f-8084-52cb970400d5 None None] heal_instance_info_cache_interval = -1 {{(pid=96140) log_opt_values /opt/stack/data/venv/lib/python3.12/site-packages/oslo_config/cfg.py:3242}}
Jul 27 07:23:22.383059 np0000005882 devstack@n-api-meta.service[96140]: DEBUG nova.api.openstack.wsgi_app [None req-b8f1f60b-a526-490f-8084-52cb970400d5 None None] host = np0000005882 {{(pid=96140) log_opt_values /opt/stack/data/venv/lib/python3.12/site-packages/oslo_config/cfg.py:3242}}
Jul 27 07:23:22.383299 np0000005882 devstack@n-api-meta.service[96140]: DEBUG nova.api.openstack.wsgi_app [None req-b8f1f60b-a526-490f-8084-52cb970400d5 None None] initial_cpu_allocation_ratio = 4.0 {{(pid=96140) log_opt_values /opt/stack/data/venv/lib/python3.12/site-packages/oslo_config/cfg.py:3242}}
Jul 27 07:23:22.383532 np0000005882 devstack@n-api-meta.service[96140]: DEBUG nova.api.openstack.wsgi_app [None req-b8f1f60b-a526-490f-8084-52cb970400d5 None None] initial_disk_allocation_ratio = 1.0 {{(pid=96140) log_opt_values /opt/stack/data/venv/lib/python3.12/site-packages/oslo_config/cfg.py:3242}}
Jul 27 07:23:22.383776 np0000005882 devstack@n-api-meta.service[96140]: DEBUG nova.api.openstack.wsgi_app [None req-b8f1f60b-a526-490f-8084-52cb970400d5 None None] initial_ram_allocation_ratio = 1.0 {{(pid=96140) log_opt_values /opt/stack/data/venv/lib/python3.12/site-packages/oslo_config/cfg.py:3242}}
Jul 27 07:23:22.384095 np0000005882 devstack@n-api-meta.service[96140]: DEBUG nova.api.openstack.wsgi_app [None req-b8f1f60b-a526-490f-8084-52cb970400d5 None None] injected_network_template = /opt/stack/nova/nova/virt/interfaces.template {{(pid=96140) log_opt_values /opt/stack/data/venv/lib/python3.12/site-packages/oslo_config/cfg.py:3242}}
Jul 27 07:23:22.384378 np0000005882 devstack@n-api-meta.service[96140]: DEBUG nova.api.openstack.wsgi_app [None req-b8f1f60b-a526-490f-8084-52cb970400d5 None None] instance_build_timeout = 0 {{(pid=96140) log_opt_values /opt/stack/data/venv/lib/python3.12/site-packages/oslo_config/cfg.py:3242}}
Jul 27 07:23:22.384572 np0000005882 devstack@n-api-meta.service[96140]: DEBUG nova.api.openstack.wsgi_app [None req-b8f1f60b-a526-490f-8084-52cb970400d5 None None] instance_delete_interval = 300 {{(pid=96140) log_opt_values /opt/stack/data/venv/lib/python3.12/site-packages/oslo_config/cfg.py:3242}}
Jul 27 07:23:22.384762 np0000005882 devstack@n-api-meta.service[96140]: DEBUG nova.api.openstack.wsgi_app [None req-b8f1f60b-a526-490f-8084-52cb970400d5 None None] instance_format = [instance: %(uuid)s] {{(pid=96140) log_opt_values /opt/stack/data/venv/lib/python3.12/site-packages/oslo_config/cfg.py:3242}}
Jul 27 07:23:22.385004 np0000005882 devstack@n-api-meta.service[96140]: DEBUG nova.api.openstack.wsgi_app [None req-b8f1f60b-a526-490f-8084-52cb970400d5 None None] instance_name_template = instance-%08x {{(pid=96140) log_opt_values /opt/stack/data/venv/lib/python3.12/site-packages/oslo_config/cfg.py:3242}}
Jul 27 07:23:22.385217 np0000005882 devstack@n-api-meta.service[96140]: DEBUG nova.api.openstack.wsgi_app [None req-b8f1f60b-a526-490f-8084-52cb970400d5 None None] instance_usage_audit = False {{(pid=96140) log_opt_values /opt/stack/data/venv/lib/python3.12/site-packages/oslo_config/cfg.py:3242}}
Jul 27 07:23:22.385412 np0000005882 devstack@n-api-meta.service[96140]: DEBUG nova.api.openstack.wsgi_app [None req-b8f1f60b-a526-490f-8084-52cb970400d5 None None] instance_usage_audit_period = month {{(pid=96140) log_opt_values /opt/stack/data/venv/lib/python3.12/site-packages/oslo_config/cfg.py:3242}}
Jul 27 07:23:22.385599 np0000005882 devstack@n-api-meta.service[96140]: DEBUG nova.api.openstack.wsgi_app [None req-b8f1f60b-a526-490f-8084-52cb970400d5 None None] instance_uuid_format = [instance: %(uuid)s] {{(pid=96140) log_opt_values /opt/stack/data/venv/lib/python3.12/site-packages/oslo_config/cfg.py:3242}}
Jul 27 07:23:22.385811 np0000005882 devstack@n-api-meta.service[96140]: DEBUG nova.api.openstack.wsgi_app [None req-b8f1f60b-a526-490f-8084-52cb970400d5 None None] instances_path = /opt/stack/data/nova/instances {{(pid=96140) log_opt_values /opt/stack/data/venv/lib/python3.12/site-packages/oslo_config/cfg.py:3242}}
Jul 27 07:23:22.386015 np0000005882 devstack@n-api-meta.service[96140]: DEBUG nova.api.openstack.wsgi_app [None req-b8f1f60b-a526-490f-8084-52cb970400d5 None None] internal_service_availability_zone = internal {{(pid=96140) log_opt_values /opt/stack/data/venv/lib/python3.12/site-packages/oslo_config/cfg.py:3242}}
Jul 27 07:23:22.386205 np0000005882 devstack@n-api-meta.service[96140]: DEBUG nova.api.openstack.wsgi_app [None req-b8f1f60b-a526-490f-8084-52cb970400d5 None None] key = None {{(pid=96140) log_opt_values /opt/stack/data/venv/lib/python3.12/site-packages/oslo_config/cfg.py:3242}}
Jul 27 07:23:22.386385 np0000005882 devstack@n-api-meta.service[96140]: DEBUG nova.api.openstack.wsgi_app [None req-b8f1f60b-a526-490f-8084-52cb970400d5 None None] live_migration_retry_count = 30 {{(pid=96140) log_opt_values /opt/stack/data/venv/lib/python3.12/site-packages/oslo_config/cfg.py:3242}}
Jul 27 07:23:22.386607 np0000005882 devstack@n-api-meta.service[96140]: DEBUG nova.api.openstack.wsgi_app [None req-b8f1f60b-a526-490f-8084-52cb970400d5 None None] log_color = False {{(pid=96140) log_opt_values /opt/stack/data/venv/lib/python3.12/site-packages/oslo_config/cfg.py:3242}}
Jul 27 07:23:22.386839 np0000005882 devstack@n-api-meta.service[96140]: DEBUG nova.api.openstack.wsgi_app [None req-b8f1f60b-a526-490f-8084-52cb970400d5 None None] log_config_append = None {{(pid=96140) log_opt_values /opt/stack/data/venv/lib/python3.12/site-packages/oslo_config/cfg.py:3242}}
Jul 27 07:23:22.387030 np0000005882 devstack@n-api-meta.service[96139]: DEBUG dbcounter [-] [96139] Writer thread running {{(pid=96139) stat_writer /opt/stack/data/venv/lib/python3.12/site-packages/dbcounter.py:102}}
Jul 27 07:23:22.387093 np0000005882 devstack@n-api-meta.service[96140]: DEBUG nova.api.openstack.wsgi_app [None req-b8f1f60b-a526-490f-8084-52cb970400d5 None None] log_date_format = %Y-%m-%d %H:%M:%S {{(pid=96140) log_opt_values /opt/stack/data/venv/lib/python3.12/site-packages/oslo_config/cfg.py:3242}}
Jul 27 07:23:22.387296 np0000005882 devstack@n-api-meta.service[96140]: DEBUG nova.api.openstack.wsgi_app [None req-b8f1f60b-a526-490f-8084-52cb970400d5 None None] log_dir = None {{(pid=96140) log_opt_values /opt/stack/data/venv/lib/python3.12/site-packages/oslo_config/cfg.py:3242}}
Jul 27 07:23:22.387533 np0000005882 devstack@n-api-meta.service[96140]: DEBUG nova.api.openstack.wsgi_app [None req-b8f1f60b-a526-490f-8084-52cb970400d5 None None] log_file = None {{(pid=96140) log_opt_values /opt/stack/data/venv/lib/python3.12/site-packages/oslo_config/cfg.py:3242}}
Jul 27 07:23:22.387732 np0000005882 devstack@n-api-meta.service[96140]: DEBUG nova.api.openstack.wsgi_app [None req-b8f1f60b-a526-490f-8084-52cb970400d5 None None] log_options = True {{(pid=96140) log_opt_values /opt/stack/data/venv/lib/python3.12/site-packages/oslo_config/cfg.py:3242}}
Jul 27 07:23:22.387959 np0000005882 devstack@n-api-meta.service[96140]: DEBUG nova.api.openstack.wsgi_app [None req-b8f1f60b-a526-490f-8084-52cb970400d5 None None] log_rotate_interval = 1 {{(pid=96140) log_opt_values /opt/stack/data/venv/lib/python3.12/site-packages/oslo_config/cfg.py:3242}}
Jul 27 07:23:22.388001 np0000005882 devstack@n-api-meta.service[96138]: DEBUG dbcounter [-] [96138] Writer thread running {{(pid=96138) stat_writer /opt/stack/data/venv/lib/python3.12/site-packages/dbcounter.py:102}}
Jul 27 07:23:22.388202 np0000005882 devstack@n-api-meta.service[96140]: DEBUG nova.api.openstack.wsgi_app [None req-b8f1f60b-a526-490f-8084-52cb970400d5 None None] log_rotate_interval_type = days {{(pid=96140) log_opt_values /opt/stack/data/venv/lib/python3.12/site-packages/oslo_config/cfg.py:3242}}
Jul 27 07:23:22.388392 np0000005882 devstack@n-api-meta.service[96140]: DEBUG nova.api.openstack.wsgi_app [None req-b8f1f60b-a526-490f-8084-52cb970400d5 None None] log_rotation_type = none {{(pid=96140) log_opt_values /opt/stack/data/venv/lib/python3.12/site-packages/oslo_config/cfg.py:3242}}
Jul 27 07:23:22.388606 np0000005882 devstack@n-api-meta.service[96140]: DEBUG nova.api.openstack.wsgi_app [None req-b8f1f60b-a526-490f-8084-52cb970400d5 None None] logging_context_format_string = %(color)s%(levelname)s %(name)s [%(global_request_id)s %(request_id)s %(project_name)s %(user_name)s%(color)s] %(instance)s%(color)s%(message)s {{(pid=96140) log_opt_values /opt/stack/data/venv/lib/python3.12/site-packages/oslo_config/cfg.py:3242}}
Jul 27 07:23:22.388792 np0000005882 devstack@n-api-meta.service[96140]: DEBUG nova.api.openstack.wsgi_app [None req-b8f1f60b-a526-490f-8084-52cb970400d5 None None] logging_debug_format_suffix = {{(pid=%(process)d) %(funcName)s %(pathname)s:%(lineno)d}} {{(pid=96140) log_opt_values /opt/stack/data/venv/lib/python3.12/site-packages/oslo_config/cfg.py:3242}}
Jul 27 07:23:22.389048 np0000005882 devstack@n-api-meta.service[96140]: DEBUG nova.api.openstack.wsgi_app [None req-b8f1f60b-a526-490f-8084-52cb970400d5 None None] logging_default_format_string = %(color)s%(levelname)s %(name)s [-%(color)s] %(instance)s%(color)s%(message)s {{(pid=96140) log_opt_values /opt/stack/data/venv/lib/python3.12/site-packages/oslo_config/cfg.py:3242}}
