Jun 19 01:01:38.605126 np0000003212 nova-scheduler[95963]: DEBUG cotyledon.oslo_config_glue [-] oslo_limit.cafile = None {{(pid=95963) log_opt_values /opt/stack/data/venv/lib/python3.12/site-packages/oslo_config/cfg.py:3253}}
Jun 19 01:01:38.605322 np0000003212 nova-scheduler[95963]: DEBUG cotyledon.oslo_config_glue [-] oslo_limit.certfile = None {{(pid=95963) log_opt_values /opt/stack/data/venv/lib/python3.12/site-packages/oslo_config/cfg.py:3253}}
Jun 19 01:01:38.605322 np0000003212 nova-scheduler[95963]: DEBUG cotyledon.oslo_config_glue [-] oslo_limit.collect_timing = False {{(pid=95963) log_opt_values /opt/stack/data/venv/lib/python3.12/site-packages/oslo_config/cfg.py:3253}}
Jun 19 01:01:38.605322 np0000003212 nova-scheduler[95963]: DEBUG cotyledon.oslo_config_glue [-] oslo_limit.connect_retries = None {{(pid=95963) log_opt_values /opt/stack/data/venv/lib/python3.12/site-packages/oslo_config/cfg.py:3253}}
Jun 19 01:01:38.605322 np0000003212 nova-scheduler[95963]: DEBUG cotyledon.oslo_config_glue [-] oslo_limit.connect_retry_delay = None {{(pid=95963) log_opt_values /opt/stack/data/venv/lib/python3.12/site-packages/oslo_config/cfg.py:3253}}
Jun 19 01:01:38.605322 np0000003212 nova-scheduler[95963]: DEBUG cotyledon.oslo_config_glue [-] oslo_limit.endpoint_id = None {{(pid=95963) log_opt_values /opt/stack/data/venv/lib/python3.12/site-packages/oslo_config/cfg.py:3253}}
Jun 19 01:01:38.605322 np0000003212 nova-scheduler[95963]: DEBUG cotyledon.oslo_config_glue [-] oslo_limit.endpoint_interface = public {{(pid=95963) log_opt_values /opt/stack/data/venv/lib/python3.12/site-packages/oslo_config/cfg.py:3253}}
Jun 19 01:01:38.605322 np0000003212 nova-scheduler[95963]: DEBUG cotyledon.oslo_config_glue [-] oslo_limit.endpoint_override = None {{(pid=95963) log_opt_values /opt/stack/data/venv/lib/python3.12/site-packages/oslo_config/cfg.py:3253}}
Jun 19 01:01:38.605322 np0000003212 nova-scheduler[95963]: DEBUG cotyledon.oslo_config_glue [-] oslo_limit.endpoint_region_name = None {{(pid=95963) log_opt_values /opt/stack/data/venv/lib/python3.12/site-packages/oslo_config/cfg.py:3253}}
Jun 19 01:01:38.605322 np0000003212 nova-scheduler[95963]: DEBUG cotyledon.oslo_config_glue [-] oslo_limit.endpoint_service_name = None {{(pid=95963) log_opt_values /opt/stack/data/venv/lib/python3.12/site-packages/oslo_config/cfg.py:3253}}
Jun 19 01:01:38.605491 np0000003212 nova-scheduler[95963]: DEBUG cotyledon.oslo_config_glue [-] oslo_limit.endpoint_service_type = None {{(pid=95963) log_opt_values /opt/stack/data/venv/lib/python3.12/site-packages/oslo_config/cfg.py:3253}}
Jun 19 01:01:38.605491 np0000003212 nova-scheduler[95963]: DEBUG cotyledon.oslo_config_glue [-] oslo_limit.insecure = False {{(pid=95963) log_opt_values /opt/stack/data/venv/lib/python3.12/site-packages/oslo_config/cfg.py:3253}}
Jun 19 01:01:38.605491 np0000003212 nova-scheduler[95963]: DEBUG cotyledon.oslo_config_glue [-] oslo_limit.keyfile = None {{(pid=95963) log_opt_values /opt/stack/data/venv/lib/python3.12/site-packages/oslo_config/cfg.py:3253}}
Jun 19 01:01:38.605491 np0000003212 nova-scheduler[95963]: DEBUG cotyledon.oslo_config_glue [-] oslo_limit.max_version = None {{(pid=95963) log_opt_values /opt/stack/data/venv/lib/python3.12/site-packages/oslo_config/cfg.py:3253}}
Jun 19 01:01:38.605491 np0000003212 nova-scheduler[95963]: DEBUG cotyledon.oslo_config_glue [-] oslo_limit.min_version = None {{(pid=95963) log_opt_values /opt/stack/data/venv/lib/python3.12/site-packages/oslo_config/cfg.py:3253}}
Jun 19 01:01:38.605491 np0000003212 nova-scheduler[95963]: DEBUG cotyledon.oslo_config_glue [-] oslo_limit.region_name = None {{(pid=95963) log_opt_values /opt/stack/data/venv/lib/python3.12/site-packages/oslo_config/cfg.py:3253}}
Jun 19 01:01:38.605491 np0000003212 nova-scheduler[95963]: DEBUG cotyledon.oslo_config_glue [-] oslo_limit.retriable_status_codes = None {{(pid=95963) log_opt_values /opt/stack/data/venv/lib/python3.12/site-packages/oslo_config/cfg.py:3253}}
Jun 19 01:01:38.605491 np0000003212 nova-scheduler[95963]: DEBUG cotyledon.oslo_config_glue [-] oslo_limit.service_name = None {{(pid=95963) log_opt_values /opt/stack/data/venv/lib/python3.12/site-packages/oslo_config/cfg.py:3253}}
Jun 19 01:01:38.605491 np0000003212 nova-scheduler[95963]: DEBUG cotyledon.oslo_config_glue [-] oslo_limit.service_type = None {{(pid=95963) log_opt_values /opt/stack/data/venv/lib/python3.12/site-packages/oslo_config/cfg.py:3253}}
Jun 19 01:01:38.605721 np0000003212 nova-scheduler[95963]: DEBUG cotyledon.oslo_config_glue [-] oslo_limit.split_loggers = False {{(pid=95963) log_opt_values /opt/stack/data/venv/lib/python3.12/site-packages/oslo_config/cfg.py:3253}}
Jun 19 01:01:38.605721 np0000003212 nova-scheduler[95963]: DEBUG cotyledon.oslo_config_glue [-] oslo_limit.status_code_retries = None {{(pid=95963) log_opt_values /opt/stack/data/venv/lib/python3.12/site-packages/oslo_config/cfg.py:3253}}
Jun 19 01:01:38.605721 np0000003212 nova-scheduler[95963]: DEBUG cotyledon.oslo_config_glue [-] oslo_limit.status_code_retry_delay = None {{(pid=95963) log_opt_values /opt/stack/data/venv/lib/python3.12/site-packages/oslo_config/cfg.py:3253}}
Jun 19 01:01:38.605721 np0000003212 nova-scheduler[95963]: DEBUG cotyledon.oslo_config_glue [-] oslo_limit.timeout = None {{(pid=95963) log_opt_values /opt/stack/data/venv/lib/python3.12/site-packages/oslo_config/cfg.py:3253}}
Jun 19 01:01:38.605721 np0000003212 nova-scheduler[95963]: DEBUG cotyledon.oslo_config_glue [-] oslo_limit.valid_interfaces = None {{(pid=95963) log_opt_values /opt/stack/data/venv/lib/python3.12/site-packages/oslo_config/cfg.py:3253}}
Jun 19 01:01:38.605721 np0000003212 nova-scheduler[95963]: DEBUG cotyledon.oslo_config_glue [-] oslo_limit.version = None {{(pid=95963) log_opt_values /opt/stack/data/venv/lib/python3.12/site-packages/oslo_config/cfg.py:3253}}
Jun 19 01:01:38.605721 np0000003212 nova-scheduler[95963]: DEBUG cotyledon.oslo_config_glue [-] oslo_reports.file_event_handler = None {{(pid=95963) log_opt_values /opt/stack/data/venv/lib/python3.12/site-packages/oslo_config/cfg.py:3253}}
Jun 19 01:01:38.605721 np0000003212 nova-scheduler[95963]: DEBUG cotyledon.oslo_config_glue [-] oslo_reports.file_event_handler_interval = 1 {{(pid=95963) log_opt_values /opt/stack/data/venv/lib/python3.12/site-packages/oslo_config/cfg.py:3253}}
Jun 19 01:01:38.605877 np0000003212 nova-scheduler[95961]: INFO dbcounter [None req-5536528c-016b-4de6-be31-eb9eb1b32ece None None] Registered counter for database nova_cell0
Jun 19 01:01:38.605901 np0000003212 nova-scheduler[95963]: DEBUG cotyledon.oslo_config_glue [-] oslo_reports.log_dir = None {{(pid=95963) log_opt_values /opt/stack/data/venv/lib/python3.12/site-packages/oslo_config/cfg.py:3253}}
Jun 19 01:01:38.605901 np0000003212 nova-scheduler[95963]: DEBUG cotyledon.oslo_config_glue [-] ******************************************************************************** {{(pid=95963) log_opt_values /opt/stack/data/venv/lib/python3.12/site-packages/oslo_config/cfg.py:3260}}
Jun 19 01:01:38.605901 np0000003212 nova-scheduler[95963]: DEBUG cotyledon._service_worker [-] Run service ServiceWrapper(2) [95963] {{(pid=95963) wait_forever /opt/stack/data/venv/lib/python3.12/site-packages/cotyledon/_service_worker.py:218}}
Jun 19 01:01:38.605901 np0000003212 nova-scheduler[95963]: INFO nova.service [-] Starting scheduler node (version 33.1.0)
Jun 19 01:01:38.605901 np0000003212 nova-scheduler[95963]: INFO dbcounter [None req-226daf49-341e-4d67-a5aa-ceda39cb260a None None] Registered counter for database nova_cell0
Jun 19 01:01:38.642055 np0000003212 nova-scheduler[95942]: DEBUG oslo_db.sqlalchemy.engines [None req-1c700d68-a473-4e29-a653-f0401cb2c224 None None] MySQL server mode set to STRICT_TRANS_TABLES,STRICT_ALL_TABLES,NO_ZERO_IN_DATE,NO_ZERO_DATE,ERROR_FOR_DIVISION_BY_ZERO,TRADITIONAL,NO_ENGINE_SUBSTITUTION {{(pid=95942) _check_effective_sql_mode /opt/stack/data/venv/lib/python3.12/site-packages/oslo_db/sqlalchemy/engines.py:325}}
Jun 19 01:01:38.645691 np0000003212 nova-scheduler[95963]: DEBUG oslo_db.sqlalchemy.engines [None req-226daf49-341e-4d67-a5aa-ceda39cb260a None None] MySQL server mode set to STRICT_TRANS_TABLES,STRICT_ALL_TABLES,NO_ZERO_IN_DATE,NO_ZERO_DATE,ERROR_FOR_DIVISION_BY_ZERO,TRADITIONAL,NO_ENGINE_SUBSTITUTION {{(pid=95963) _check_effective_sql_mode /opt/stack/data/venv/lib/python3.12/site-packages/oslo_db/sqlalchemy/engines.py:325}}
Jun 19 01:01:38.649697 np0000003212 nova-scheduler[95961]: DEBUG oslo_db.sqlalchemy.engines [None req-5536528c-016b-4de6-be31-eb9eb1b32ece None None] MySQL server mode set to STRICT_TRANS_TABLES,STRICT_ALL_TABLES,NO_ZERO_IN_DATE,NO_ZERO_DATE,ERROR_FOR_DIVISION_BY_ZERO,TRADITIONAL,NO_ENGINE_SUBSTITUTION {{(pid=95961) _check_effective_sql_mode /opt/stack/data/venv/lib/python3.12/site-packages/oslo_db/sqlalchemy/engines.py:325}}
Jun 19 01:01:38.652401 np0000003212 nova-scheduler[95942]: DEBUG dbcounter [-] [95942] Writer thread running {{(pid=95942) stat_writer /opt/stack/data/venv/lib/python3.12/site-packages/dbcounter.py:102}}
Jun 19 01:01:38.655576 np0000003212 nova-scheduler[95963]: DEBUG dbcounter [-] [95963] Writer thread running {{(pid=95963) stat_writer /opt/stack/data/venv/lib/python3.12/site-packages/dbcounter.py:102}}
Jun 19 01:01:38.661723 np0000003212 nova-scheduler[95961]: DEBUG dbcounter [-] [95961] Writer thread running {{(pid=95961) stat_writer /opt/stack/data/venv/lib/python3.12/site-packages/dbcounter.py:102}}
Jun 19 01:01:38.670022 np0000003212 nova-scheduler[95942]: DEBUG nova.service [None req-1c700d68-a473-4e29-a653-f0401cb2c224 None None] Creating RPC server for service: nova-scheduler on topic: scheduler {{(pid=95942) start /opt/stack/nova/nova/service.py:196}}
Jun 19 01:01:38.673890 np0000003212 nova-scheduler[95963]: DEBUG nova.service [None req-226daf49-341e-4d67-a5aa-ceda39cb260a None None] Creating RPC server for service: nova-scheduler on topic: scheduler {{(pid=95963) start /opt/stack/nova/nova/service.py:196}}
Jun 19 01:01:38.680572 np0000003212 nova-scheduler[95961]: DEBUG nova.service [None req-5536528c-016b-4de6-be31-eb9eb1b32ece None None] Creating RPC server for service: nova-scheduler on topic: scheduler {{(pid=95961) start /opt/stack/nova/nova/service.py:196}}
Jun 19 01:01:38.700125 np0000003212 nova-scheduler[95942]: DEBUG nova.service [None req-1c700d68-a473-4e29-a653-f0401cb2c224 None None] Join ServiceGroup membership for this service scheduler {{(pid=95942) start /opt/stack/nova/nova/service.py:222}}
Jun 19 01:01:38.700125 np0000003212 nova-scheduler[95942]: DEBUG nova.servicegroup.drivers.db [None req-1c700d68-a473-4e29-a653-f0401cb2c224 None None] DB_Driver: join new ServiceGroup member np0000003212 to the scheduler group, service = {{(pid=95942) join /opt/stack/nova/nova/servicegroup/drivers/db.py:44}}
Jun 19 01:01:38.702157 np0000003212 nova-scheduler[95961]: DEBUG nova.service [None req-5536528c-016b-4de6-be31-eb9eb1b32ece None None] Join ServiceGroup membership for this service scheduler {{(pid=95961) start /opt/stack/nova/nova/service.py:222}}
Jun 19 01:01:38.702339 np0000003212 nova-scheduler[95961]: DEBUG nova.servicegroup.drivers.db [None req-5536528c-016b-4de6-be31-eb9eb1b32ece None None] DB_Driver: join new ServiceGroup member np0000003212 to the scheduler group, service = {{(pid=95961) join /opt/stack/nova/nova/servicegroup/drivers/db.py:44}}
Jun 19 01:01:38.703536 np0000003212 nova-scheduler[95963]: DEBUG nova.service [None req-226daf49-341e-4d67-a5aa-ceda39cb260a None None] Join ServiceGroup membership for this service scheduler {{(pid=95963) start /opt/stack/nova/nova/service.py:222}}
Jun 19 01:01:38.703732 np0000003212 nova-scheduler[95963]: DEBUG nova.servicegroup.drivers.db [None req-226daf49-341e-4d67-a5aa-ceda39cb260a None None] DB_Driver: join new ServiceGroup member np0000003212 to the scheduler group, service = {{(pid=95963) join /opt/stack/nova/nova/servicegroup/drivers/db.py:44}}
Jun 19 01:01:43.713666 np0000003212 nova-scheduler[95942]: DEBUG oslo.service.backend._threading.loopingcall [-] Fixed interval looping call 'nova.servicegroup.drivers.db.DbDriver._report_state' sleeping for 119.99 seconds {{(pid=95942) _run_loop /opt/stack/data/venv/lib/python3.12/site-packages/oslo_service/backend/_threading/loopingcall.py:125}}
Jun 19 01:01:43.714414 np0000003212 nova-scheduler[95961]: DEBUG oslo.service.backend._threading.loopingcall [-] Fixed interval looping call 'nova.servicegroup.drivers.db.DbDriver._report_state' sleeping for 119.99 seconds {{(pid=95961) _run_loop /opt/stack/data/venv/lib/python3.12/site-packages/oslo_service/backend/_threading/loopingcall.py:125}}
Jun 19 01:01:43.716260 np0000003212 nova-scheduler[95963]: DEBUG oslo.service.backend._threading.loopingcall [-] Fixed interval looping call 'nova.servicegroup.drivers.db.DbDriver._report_state' sleeping for 119.99 seconds {{(pid=95963) _run_loop /opt/stack/data/venv/lib/python3.12/site-packages/oslo_service/backend/_threading/loopingcall.py:125}}
Jun 19 01:01:47.201916 np0000003212 nova-scheduler[94641]: DEBUG dbcounter [-] [94641] Writing DB stats nova_api:SELECT=3 {{(pid=94641) stat_writer /opt/stack/data/venv/lib/python3.12/site-packages/dbcounter.py:115}}
Jun 19 01:01:47.333395 np0000003212 nova-scheduler[94641]: DEBUG dbcounter [-] [94641] Writing DB stats nova_cell0:SELECT=1 {{(pid=94641) stat_writer /opt/stack/data/venv/lib/python3.12/site-packages/dbcounter.py:115}}
Jun 19 01:01:47.337711 np0000003212 nova-scheduler[94641]: DEBUG dbcounter [-] [94641] Writing DB stats nova_cell1:SELECT=1 {{(pid=94641) stat_writer /opt/stack/data/venv/lib/python3.12/site-packages/dbcounter.py:115}}
Jun 19 01:01:53.709643 np0000003212 nova-scheduler[95942]: DEBUG dbcounter [-] [95942] Writing DB stats nova_cell0:SELECT=4,nova_cell0:INSERT=1,nova_cell0:UPDATE=1 {{(pid=95942) stat_writer /opt/stack/data/venv/lib/python3.12/site-packages/dbcounter.py:115}}
Jun 19 01:01:53.713296 np0000003212 nova-scheduler[95961]: DEBUG dbcounter [-] [95961] Writing DB stats nova_cell0:SELECT=5,nova_cell0:INSERT=1,nova_cell0:UPDATE=1 {{(pid=95961) stat_writer /opt/stack/data/venv/lib/python3.12/site-packages/dbcounter.py:115}}
Jun 19 01:01:53.714545 np0000003212 nova-scheduler[95963]: DEBUG dbcounter [-] [95963] Writing DB stats nova_cell0:SELECT=5,nova_cell0:INSERT=1,nova_cell0:UPDATE=1 {{(pid=95963) stat_writer /opt/stack/data/venv/lib/python3.12/site-packages/dbcounter.py:115}}
Jun 19 01:02:00.704802 np0000003212 nova-scheduler[95961]: DEBUG oslo.service.backend._threading.loopingcall [None req-f27b15a2-6536-4062-a593-afb00db8856f None None] Dynamic interval looping call 'nova.service.Service.periodic_tasks' sleeping for 60.00 seconds {{(pid=95961) _run_loop /opt/stack/data/venv/lib/python3.12/site-packages/oslo_service/backend/_threading/loopingcall.py:125}}
Jun 19 01:02:10.701999 np0000003212 nova-scheduler[95942]: DEBUG oslo.service.backend._threading.loopingcall [None req-32f91319-4ba1-42d9-bdcc-87fdc46df09a None None] Dynamic interval looping call 'nova.service.Service.periodic_tasks' sleeping for 60.00 seconds {{(pid=95942) _run_loop /opt/stack/data/venv/lib/python3.12/site-packages/oslo_service/backend/_threading/loopingcall.py:125}}
Jun 19 01:02:37.706013 np0000003212 nova-scheduler[95963]: DEBUG oslo.service.backend._threading.loopingcall [None req-133c0e6e-0023-46f8-8d9a-8b7ef1786a97 None None] Dynamic interval looping call 'nova.service.Service.periodic_tasks' sleeping for 60.00 seconds {{(pid=95963) _run_loop /opt/stack/data/venv/lib/python3.12/site-packages/oslo_service/backend/_threading/loopingcall.py:125}}
Jun 19 01:03:00.705292 np0000003212 nova-scheduler[95961]: DEBUG oslo.service.backend._threading.loopingcall [None req-f27b15a2-6536-4062-a593-afb00db8856f None None] Dynamic interval looping call 'nova.service.Service.periodic_tasks' sleeping for 60.00 seconds {{(pid=95961) _run_loop /opt/stack/data/venv/lib/python3.12/site-packages/oslo_service/backend/_threading/loopingcall.py:125}}
Jun 19 01:03:10.702575 np0000003212 nova-scheduler[95942]: DEBUG oslo.service.backend._threading.loopingcall [None req-32f91319-4ba1-42d9-bdcc-87fdc46df09a None None] Dynamic interval looping call 'nova.service.Service.periodic_tasks' sleeping for 60.00 seconds {{(pid=95942) _run_loop /opt/stack/data/venv/lib/python3.12/site-packages/oslo_service/backend/_threading/loopingcall.py:125}}
Jun 19 01:03:37.706589 np0000003212 nova-scheduler[95963]: DEBUG oslo.service.backend._threading.loopingcall [None req-133c0e6e-0023-46f8-8d9a-8b7ef1786a97 None None] Dynamic interval looping call 'nova.service.Service.periodic_tasks' sleeping for 60.00 seconds {{(pid=95963) _run_loop /opt/stack/data/venv/lib/python3.12/site-packages/oslo_service/backend/_threading/loopingcall.py:125}}
Jun 19 01:03:43.712015 np0000003212 nova-scheduler[95942]: DEBUG oslo.service.backend._threading.loopingcall [-] Fixed interval looping call 'nova.servicegroup.drivers.db.DbDriver._report_state' sleeping for 119.99 seconds {{(pid=95942) _run_loop /opt/stack/data/venv/lib/python3.12/site-packages/oslo_service/backend/_threading/loopingcall.py:125}}
Jun 19 01:03:43.712599 np0000003212 nova-scheduler[95961]: DEBUG oslo.service.backend._threading.loopingcall [-] Fixed interval looping call 'nova.servicegroup.drivers.db.DbDriver._report_state' sleeping for 119.99 seconds {{(pid=95961) _run_loop /opt/stack/data/venv/lib/python3.12/site-packages/oslo_service/backend/_threading/loopingcall.py:125}}
Jun 19 01:03:43.713454 np0000003212 nova-scheduler[95963]: DEBUG oslo.service.backend._threading.loopingcall [-] Fixed interval looping call 'nova.servicegroup.drivers.db.DbDriver._report_state' sleeping for 119.99 seconds {{(pid=95963) _run_loop /opt/stack/data/venv/lib/python3.12/site-packages/oslo_service/backend/_threading/loopingcall.py:125}}
Jun 19 01:03:53.707459 np0000003212 nova-scheduler[95942]: DEBUG dbcounter [-] [95942] Writing DB stats nova_cell0:SELECT=1,nova_cell0:UPDATE=1 {{(pid=95942) stat_writer /opt/stack/data/venv/lib/python3.12/site-packages/dbcounter.py:115}}
Jun 19 01:03:53.707970 np0000003212 nova-scheduler[95961]: DEBUG dbcounter [-] [95961] Writing DB stats nova_cell0:SELECT=1,nova_cell0:UPDATE=1 {{(pid=95961) stat_writer /opt/stack/data/venv/lib/python3.12/site-packages/dbcounter.py:115}}
Jun 19 01:03:53.709819 np0000003212 nova-scheduler[95963]: DEBUG dbcounter [-] [95963] Writing DB stats nova_cell0:SELECT=1,nova_cell0:UPDATE=1 {{(pid=95963) stat_writer /opt/stack/data/venv/lib/python3.12/site-packages/dbcounter.py:115}}
Jun 19 01:04:00.705712 np0000003212 nova-scheduler[95961]: DEBUG oslo.service.backend._threading.loopingcall [None req-f27b15a2-6536-4062-a593-afb00db8856f None None] Dynamic interval looping call 'nova.service.Service.periodic_tasks' sleeping for 60.00 seconds {{(pid=95961) _run_loop /opt/stack/data/venv/lib/python3.12/site-packages/oslo_service/backend/_threading/loopingcall.py:125}}
Jun 19 01:04:08.938475 np0000003212 nova-scheduler[95942]: DEBUG nova.scheduler.manager [None req-eef20d55-133f-43d8-acc7-fc6f7325abae tempest-ServerBootFromVolumeStableRescueTest-1557769613 tempest-ServerBootFromVolumeStableRescueTest-1557769613-project-member] Starting to schedule for instances: ['f69b1c96-6bed-484a-9db6-8b96857a845f'] {{(pid=95942) select_destinations /opt/stack/nova/nova/scheduler/manager.py:210}}
Jun 19 01:04:08.939112 np0000003212 nova-scheduler[95942]: DEBUG nova.scheduler.request_filter [None req-eef20d55-133f-43d8-acc7-fc6f7325abae tempest-ServerBootFromVolumeStableRescueTest-1557769613 tempest-ServerBootFromVolumeStableRescueTest-1557769613-project-member] compute_status_filter request filter added forbidden trait COMPUTE_STATUS_DISABLED {{(pid=95942) compute_status_filter /opt/stack/nova/nova/scheduler/request_filter.py:253}}
Jun 19 01:04:08.939677 np0000003212 nova-scheduler[95942]: DEBUG nova.scheduler.request_filter [None req-eef20d55-133f-43d8-acc7-fc6f7325abae tempest-ServerBootFromVolumeStableRescueTest-1557769613 tempest-ServerBootFromVolumeStableRescueTest-1557769613-project-member] Request filter 'compute_status_filter' took 0.0 seconds {{(pid=95942) wrapper /opt/stack/nova/nova/scheduler/request_filter.py:46}}
Jun 19 01:04:08.940201 np0000003212 nova-scheduler[95942]: DEBUG nova.scheduler.request_filter [None req-eef20d55-133f-43d8-acc7-fc6f7325abae tempest-ServerBootFromVolumeStableRescueTest-1557769613 tempest-ServerBootFromVolumeStableRescueTest-1557769613-project-member] Request filter 'accelerators_filter' took 0.0 seconds {{(pid=95942) wrapper /opt/stack/nova/nova/scheduler/request_filter.py:46}}
Jun 19 01:04:08.940663 np0000003212 nova-scheduler[95942]: DEBUG nova.scheduler.request_filter [None req-eef20d55-133f-43d8-acc7-fc6f7325abae tempest-ServerBootFromVolumeStableRescueTest-1557769613 tempest-ServerBootFromVolumeStableRescueTest-1557769613-project-member] Request filter 'packed_virtqueue_filter' took 0.0 seconds {{(pid=95942) wrapper /opt/stack/nova/nova/scheduler/request_filter.py:46}}
Jun 19 01:04:08.941241 np0000003212 nova-scheduler[95942]: DEBUG nova.scheduler.request_filter [None req-eef20d55-133f-43d8-acc7-fc6f7325abae tempest-ServerBootFromVolumeStableRescueTest-1557769613 tempest-ServerBootFromVolumeStableRescueTest-1557769613-project-member] Request filter 'remote_managed_ports_filter' took 0.0 seconds {{(pid=95942) wrapper /opt/stack/nova/nova/scheduler/request_filter.py:46}}
Jun 19 01:04:08.941431 np0000003212 nova-scheduler[95942]: DEBUG nova.scheduler.request_filter [None req-eef20d55-133f-43d8-acc7-fc6f7325abae tempest-ServerBootFromVolumeStableRescueTest-1557769613 tempest-ServerBootFromVolumeStableRescueTest-1557769613-project-member] ephemeral_encryption_filter skipped {{(pid=95942) ephemeral_encryption_filter /opt/stack/nova/nova/scheduler/request_filter.py:426}}
Jun 19 01:04:08.941611 np0000003212 nova-scheduler[95942]: DEBUG nova.scheduler.request_filter [None req-eef20d55-133f-43d8-acc7-fc6f7325abae tempest-ServerBootFromVolumeStableRescueTest-1557769613 tempest-ServerBootFromVolumeStableRescueTest-1557769613-project-member] virtio_sound_filter skipped {{(pid=95942) virtio_sound_filter /opt/stack/nova/nova/scheduler/request_filter.py:460}}
Jun 19 01:04:08.941772 np0000003212 nova-scheduler[95942]: DEBUG nova.scheduler.request_filter [None req-eef20d55-133f-43d8-acc7-fc6f7325abae tempest-ServerBootFromVolumeStableRescueTest-1557769613 tempest-ServerBootFromVolumeStableRescueTest-1557769613-project-member] tpm_secret_security_filter skipped {{(pid=95942) tpm_secret_security_filter /opt/stack/nova/nova/scheduler/request_filter.py:477}}
Jun 19 01:04:09.459694 np0000003212 nova-scheduler[95942]: INFO nova.utils [None req-eef20d55-133f-43d8-acc7-fc6f7325abae tempest-ServerBootFromVolumeStableRescueTest-1557769613 tempest-ServerBootFromVolumeStableRescueTest-1557769613-project-member] The cell worker thread pool ForkProcess-1.cell_worker is initialized
Jun 19 01:04:09.460430 np0000003212 nova-scheduler[95942]: DEBUG oslo_concurrency.lockutils [None req-eef20d55-133f-43d8-acc7-fc6f7325abae tempest-ServerBootFromVolumeStableRescueTest-1557769613 tempest-ServerBootFromVolumeStableRescueTest-1557769613-project-member] Acquiring lock "5dc57db7-0100-41fa-9c8b-08f8c8e36dda" by "nova.context.set_target_cell..get_or_set_cached_cell_and_set_connections" {{(pid=95942) inner /opt/stack/data/venv/lib/python3.12/site-packages/oslo_concurrency/lockutils.py:511}}
Jun 19 01:04:09.460430 np0000003212 nova-scheduler[95942]: DEBUG oslo_concurrency.lockutils [None req-eef20d55-133f-43d8-acc7-fc6f7325abae tempest-ServerBootFromVolumeStableRescueTest-1557769613 tempest-ServerBootFromVolumeStableRescueTest-1557769613-project-member] Lock "5dc57db7-0100-41fa-9c8b-08f8c8e36dda" acquired by "nova.context.set_target_cell..get_or_set_cached_cell_and_set_connections" :: waited 0.000s {{(pid=95942) inner /opt/stack/data/venv/lib/python3.12/site-packages/oslo_concurrency/lockutils.py:524}}
Jun 19 01:04:09.461665 np0000003212 nova-scheduler[95942]: DEBUG oslo_concurrency.lockutils [None req-eef20d55-133f-43d8-acc7-fc6f7325abae tempest-ServerBootFromVolumeStableRescueTest-1557769613 tempest-ServerBootFromVolumeStableRescueTest-1557769613-project-member] Lock "5dc57db7-0100-41fa-9c8b-08f8c8e36dda" "released" by "nova.context.set_target_cell..get_or_set_cached_cell_and_set_connections" :: held 0.001s {{(pid=95942) inner /opt/stack/data/venv/lib/python3.12/site-packages/oslo_concurrency/lockutils.py:543}}
Jun 19 01:04:09.466867 np0000003212 nova-scheduler[95942]: INFO dbcounter [None req-eef20d55-133f-43d8-acc7-fc6f7325abae tempest-ServerBootFromVolumeStableRescueTest-1557769613 tempest-ServerBootFromVolumeStableRescueTest-1557769613-project-member] Registered counter for database nova_cell1
Jun 19 01:04:09.519507 np0000003212 nova-scheduler[95942]: DEBUG oslo_db.sqlalchemy.engines [None req-eef20d55-133f-43d8-acc7-fc6f7325abae tempest-ServerBootFromVolumeStableRescueTest-1557769613 tempest-ServerBootFromVolumeStableRescueTest-1557769613-project-member] MySQL server mode set to STRICT_TRANS_TABLES,STRICT_ALL_TABLES,NO_ZERO_IN_DATE,NO_ZERO_DATE,ERROR_FOR_DIVISION_BY_ZERO,TRADITIONAL,NO_ENGINE_SUBSTITUTION {{(pid=95942) _check_effective_sql_mode /opt/stack/data/venv/lib/python3.12/site-packages/oslo_db/sqlalchemy/engines.py:325}}
Jun 19 01:04:09.526284 np0000003212 nova-scheduler[95942]: DEBUG dbcounter [-] [95942] Writer thread running {{(pid=95942) stat_writer /opt/stack/data/venv/lib/python3.12/site-packages/dbcounter.py:102}}
Jun 19 01:04:09.538728 np0000003212 nova-scheduler[95942]: DEBUG oslo_db.sqlalchemy.engines [None req-eef20d55-133f-43d8-acc7-fc6f7325abae tempest-ServerBootFromVolumeStableRescueTest-1557769613 tempest-ServerBootFromVolumeStableRescueTest-1557769613-project-member] Parent process 94641 forked (95942) with an open database connection, which is being discarded and recreated. {{(pid=95942) checkout /opt/stack/data/venv/lib/python3.12/site-packages/oslo_db/sqlalchemy/engines.py:402}}
Jun 19 01:04:09.574159 np0000003212 nova-scheduler[95942]: DEBUG dbcounter [-] [95942] Writer thread running {{(pid=95942) stat_writer /opt/stack/data/venv/lib/python3.12/site-packages/dbcounter.py:102}}
Jun 19 01:04:09.576770 np0000003212 nova-scheduler[95942]: DEBUG oslo_concurrency.lockutils [None req-eef20d55-133f-43d8-acc7-fc6f7325abae tempest-ServerBootFromVolumeStableRescueTest-1557769613 tempest-ServerBootFromVolumeStableRescueTest-1557769613-project-member] Acquiring lock "5dc57db7-0100-41fa-9c8b-08f8c8e36dda" by "nova.context.set_target_cell..get_or_set_cached_cell_and_set_connections" {{(pid=95942) inner /opt/stack/data/venv/lib/python3.12/site-packages/oslo_concurrency/lockutils.py:511}}
Jun 19 01:04:09.577051 np0000003212 nova-scheduler[95942]: DEBUG oslo_concurrency.lockutils [None req-eef20d55-133f-43d8-acc7-fc6f7325abae tempest-ServerBootFromVolumeStableRescueTest-1557769613 tempest-ServerBootFromVolumeStableRescueTest-1557769613-project-member] Lock "5dc57db7-0100-41fa-9c8b-08f8c8e36dda" acquired by "nova.context.set_target_cell..get_or_set_cached_cell_and_set_connections" :: waited 0.000s {{(pid=95942) inner /opt/stack/data/venv/lib/python3.12/site-packages/oslo_concurrency/lockutils.py:524}}
Jun 19 01:04:09.577285 np0000003212 nova-scheduler[95942]: DEBUG oslo_concurrency.lockutils [None req-eef20d55-133f-43d8-acc7-fc6f7325abae tempest-ServerBootFromVolumeStableRescueTest-1557769613 tempest-ServerBootFromVolumeStableRescueTest-1557769613-project-member] Lock "5dc57db7-0100-41fa-9c8b-08f8c8e36dda" "released" by "nova.context.set_target_cell..get_or_set_cached_cell_and_set_connections" :: held 0.000s {{(pid=95942) inner /opt/stack/data/venv/lib/python3.12/site-packages/oslo_concurrency/lockutils.py:543}}
Jun 19 01:04:09.580037 np0000003212 nova-scheduler[95942]: DEBUG oslo_concurrency.lockutils [None req-eef20d55-133f-43d8-acc7-fc6f7325abae tempest-ServerBootFromVolumeStableRescueTest-1557769613 tempest-ServerBootFromVolumeStableRescueTest-1557769613-project-member] Acquiring lock "('np0000003212', 'np0000003212')" by "nova.scheduler.host_manager.HostState.update.._locked_update" {{(pid=95942) inner /opt/stack/data/venv/lib/python3.12/site-packages/oslo_concurrency/lockutils.py:511}}
Jun 19 01:04:09.580226 np0000003212 nova-scheduler[95942]: DEBUG oslo_concurrency.lockutils [None req-eef20d55-133f-43d8-acc7-fc6f7325abae tempest-ServerBootFromVolumeStableRescueTest-1557769613 tempest-ServerBootFromVolumeStableRescueTest-1557769613-project-member] Lock "('np0000003212', 'np0000003212')" acquired by "nova.scheduler.host_manager.HostState.update.._locked_update" :: waited 0.000s {{(pid=95942) inner /opt/stack/data/venv/lib/python3.12/site-packages/oslo_concurrency/lockutils.py:524}}
Jun 19 01:04:09.581302 np0000003212 nova-scheduler[95942]: DEBUG nova.scheduler.host_manager [None req-eef20d55-133f-43d8-acc7-fc6f7325abae tempest-ServerBootFromVolumeStableRescueTest-1557769613 tempest-ServerBootFromVolumeStableRescueTest-1557769613-project-member] Update host state from compute node: ComputeNode(cpu_allocation_ratio=4.0,cpu_info='{"arch": "x86_64", "model": "EPYC-Milan", "vendor": "AMD", "topology": {"cells": 1, "sockets": 12, "cores": 1, "threads": 1}, "maxphysaddr": {"mode": "emulate", "bits": 40}, "features": ["mtrr", "smep", "cmp_legacy", "pause-filter", "ssse3", "mce", "pge", "popcnt", "sse4.2", "fsgsbase", "3dnowprefetch", "arat", "rdctl-no", "lfence-always-serializing", "lm", "no-nested-data-bp", "xsave", "clflush", "ssbd", "cmov", "misalignsse", "xsavec", "fma", "pdpe1gb", "aes", "fsrm", "svm", "x2apic", "arch-capabilities", "bmi1", "stibp-always-on", "rdseed", "stibp", "vgif", "movbe", "clflushopt", "wbnoinvd", "sse4a", "spec-ctrl", "amd-ssbd", "bmi2", "cx8", "adx", "pni", "tsc-scale", "pschange-mc-no", "rdrand", "fxsr", "clzero", "fpu", "invpcid", "pse36", "vme", "avx", "xgetbv1", "cr8legacy", "xsaveopt", "npt", "apic", "pclmuldq", "vpclmulqdq", "lbrv", "pku", "ibpb", "null-sel-clr-base", "syscall", "osvw", "xsaves", "erms", "tsc-deadline", "fxsr_opt", "cx16", "sep", "skip-l1dfl-vmentry", "xsaveerptr", "ibrs", "amd-psfd", "rdpid", "sha-ni", "nrip-save", "mds-no", "vaes", "pse", "abm", "v-vmsave-vmload", "de", "tsc_adjust", "pcid", "svme-addr-chk", "msr", "sse", "hypervisor", "tsc", "f16c", "umip", "flushbyasid", "amd-stibp", "sse4.1", "vmcb-clean", "pat", "rdtscp", "pae", "gds-no", "clwb", "avx2", "nx", "sse2", "lahf_lm", "mmxext", "smap", "virt-ssbd", "mca", "perfctr_core", "mmx", "pfthreshold", "topoext"]}',created_at=2026-06-19T01:02:03Z,current_workload=0,deleted=False,deleted_at=None,disk_allocation_ratio=1.0,disk_available_least=74,free_disk_gb=95,free_ram_mb=23518,host='np0000003212',host_ip=10.4.3.151,hypervisor_hostname='np0000003212',hypervisor_type='QEMU',hypervisor_version=8002002,id=1,local_gb=95,local_gb_used=0,mapped=1,memory_mb=24030,memory_mb_used=512,metrics='[]',numa_topology='{"nova_object.name": "NUMATopology", "nova_object.namespace": "nova", "nova_object.version": "1.2", "nova_object.data": {"cells": [{"nova_object.name": "NUMACell", "nova_object.namespace": "nova", "nova_object.version": "1.5", "nova_object.data": {"id": 0, "cpuset": [0, 1, 2, 3, 4, 5, 6, 7, 8, 9, 10, 11], "pcpuset": [0, 1, 2, 3, 4, 5, 6, 7, 8, 9, 10, 11], "memory": 24030, "cpu_usage": 0, "memory_usage": 0, "pinned_cpus": [], "siblings": [[6], [2], [5], [11], [8], [4], [1], [7], [10], [0], [3], [9]], "mempages": [{"nova_object.name": "NUMAPagesTopology", "nova_object.namespace": "nova", "nova_object.version": "1.1", "nova_object.data": {"size_kb": 4, "total": 6151798, "used": 0, "reserved": 0}, "nova_object.changes": ["total", "reserved", "size_kb", "used"]}, {"nova_object.name": "NUMAPagesTopology", "nova_object.namespace": "nova", "nova_object.version": "1.1", "nova_object.data": {"size_kb": 2048, "total": 0, "used": 0, "reserved": 0}, "nova_object.changes": ["total", "reserved", "size_kb", "used"]}, {"nova_object.name": "NUMAPagesTopology", "nova_object.namespace": "nova", "nova_object.version": "1.1", "nova_object.data": {"size_kb": 1048576, "total": 0, "used": 0, "reserved": 0}, "nova_object.changes": ["total", "reserved", "size_kb", "used"]}], "network_metadata": {"nova_object.name": "NetworkMetadata", "nova_object.namespace": "nova", "nova_object.version": "1.0", "nova_object.data": {"physnets": [], "tunneled": false}, "nova_object.changes": ["physnets", "tunneled"]}, "socket": null}, "nova_object.changes": ["cpu_usage", "siblings", "pinned_cpus", "memory", "id", "socket", "network_metadata", "pcpuset", "memory_usage", "cpuset", "mempages"]}]}, "nova_object.changes": ["cells"]}',pci_device_pools=PciDevicePoolList,ram_allocation_ratio=1.0,running_vms=0,service_id=3,stats={failed_builds='0',uptime=' 01:03:49 up 24 min, 2 users, load average: 2.27, 1.71, 0.92
Jun 19 01:04:09.581302 np0000003212 nova-scheduler[95942]: '},supported_hv_specs=[HVSpec,HVSpec,HVSpec,HVSpec,HVSpec,HVSpec,HVSpec,HVSpec,HVSpec,HVSpec,HVSpec,HVSpec,HVSpec,HVSpec,HVSpec,HVSpec,HVSpec,HVSpec,HVSpec,HVSpec,HVSpec,HVSpec,HVSpec,HVSpec,HVSpec],updated_at=2026-06-19T01:03:51Z,uuid=faad0c0d-3bf8-4f94-9d5f-ef12e01c5caf,vcpus=12,vcpus_used=0) {{(pid=95942) _locked_update /opt/stack/nova/nova/scheduler/host_manager.py:168}}
Jun 19 01:04:09.582485 np0000003212 nova-scheduler[95942]: DEBUG nova.scheduler.host_manager [None req-eef20d55-133f-43d8-acc7-fc6f7325abae tempest-ServerBootFromVolumeStableRescueTest-1557769613 tempest-ServerBootFromVolumeStableRescueTest-1557769613-project-member] Update host state with aggregates: [] {{(pid=95942) _locked_update /opt/stack/nova/nova/scheduler/host_manager.py:171}}
Jun 19 01:04:09.582485 np0000003212 nova-scheduler[95942]: DEBUG nova.scheduler.host_manager [None req-eef20d55-133f-43d8-acc7-fc6f7325abae tempest-ServerBootFromVolumeStableRescueTest-1557769613 tempest-ServerBootFromVolumeStableRescueTest-1557769613-project-member] Update host state with service dict: {'id': 3, 'uuid': 'bcbb0b33-8c0b-4abd-a655-78d55421c1bf', 'host': 'np0000003212', 'binary': 'nova-compute', 'topic': 'compute', 'report_count': 1, 'disabled': False, 'disabled_reason': None, 'last_seen_up': datetime.datetime(2026, 6, 19, 1, 2, 12, tzinfo=datetime.timezone.utc), 'forced_down': False, 'version': 72, 'created_at': datetime.datetime(2026, 6, 19, 1, 2, 2, tzinfo=datetime.timezone.utc), 'updated_at': datetime.datetime(2026, 6, 19, 1, 2, 12, tzinfo=datetime.timezone.utc), 'deleted_at': None, 'deleted': False} {{(pid=95942) _locked_update /opt/stack/nova/nova/scheduler/host_manager.py:174}}
Jun 19 01:04:09.582485 np0000003212 nova-scheduler[95942]: DEBUG nova.scheduler.host_manager [None req-eef20d55-133f-43d8-acc7-fc6f7325abae tempest-ServerBootFromVolumeStableRescueTest-1557769613 tempest-ServerBootFromVolumeStableRescueTest-1557769613-project-member] Update host state with instances: [] {{(pid=95942) _locked_update /opt/stack/nova/nova/scheduler/host_manager.py:177}}
Jun 19 01:04:09.582485 np0000003212 nova-scheduler[95942]: DEBUG oslo_concurrency.lockutils [None req-eef20d55-133f-43d8-acc7-fc6f7325abae tempest-ServerBootFromVolumeStableRescueTest-1557769613 tempest-ServerBootFromVolumeStableRescueTest-1557769613-project-member] Lock "('np0000003212', 'np0000003212')" "released" by "nova.scheduler.host_manager.HostState.update.._locked_update" :: held 0.002s {{(pid=95942) inner /opt/stack/data/venv/lib/python3.12/site-packages/oslo_concurrency/lockutils.py:543}}
Jun 19 01:04:09.582807 np0000003212 nova-scheduler[95942]: DEBUG nova.filters [None req-eef20d55-133f-43d8-acc7-fc6f7325abae tempest-ServerBootFromVolumeStableRescueTest-1557769613 tempest-ServerBootFromVolumeStableRescueTest-1557769613-project-member] Starting with 1 host(s) {{(pid=95942) get_filtered_objects /opt/stack/nova/nova/filters.py:70}}
Jun 19 01:04:09.583030 np0000003212 nova-scheduler[95942]: DEBUG nova.filters [None req-eef20d55-133f-43d8-acc7-fc6f7325abae tempest-ServerBootFromVolumeStableRescueTest-1557769613 tempest-ServerBootFromVolumeStableRescueTest-1557769613-project-member] Filter ComputeFilter returned 1 host(s) {{(pid=95942) get_filtered_objects /opt/stack/nova/nova/filters.py:102}}
Jun 19 01:04:09.583213 np0000003212 nova-scheduler[95942]: DEBUG nova.filters [None req-eef20d55-133f-43d8-acc7-fc6f7325abae tempest-ServerBootFromVolumeStableRescueTest-1557769613 tempest-ServerBootFromVolumeStableRescueTest-1557769613-project-member] Filter ComputeCapabilitiesFilter returned 1 host(s) {{(pid=95942) get_filtered_objects /opt/stack/nova/nova/filters.py:102}}
Jun 19 01:04:09.583444 np0000003212 nova-scheduler[95942]: DEBUG nova.filters [None req-eef20d55-133f-43d8-acc7-fc6f7325abae tempest-ServerBootFromVolumeStableRescueTest-1557769613 tempest-ServerBootFromVolumeStableRescueTest-1557769613-project-member] Filter ImagePropertiesFilter returned 1 host(s) {{(pid=95942) get_filtered_objects /opt/stack/nova/nova/filters.py:102}}
Jun 19 01:04:09.583581 np0000003212 nova-scheduler[95942]: DEBUG nova.filters [None req-eef20d55-133f-43d8-acc7-fc6f7325abae tempest-ServerBootFromVolumeStableRescueTest-1557769613 tempest-ServerBootFromVolumeStableRescueTest-1557769613-project-member] Filter ServerGroupAntiAffinityFilter returned 1 host(s) {{(pid=95942) get_filtered_objects /opt/stack/nova/nova/filters.py:102}}
Jun 19 01:04:09.583730 np0000003212 nova-scheduler[95942]: DEBUG nova.filters [None req-eef20d55-133f-43d8-acc7-fc6f7325abae tempest-ServerBootFromVolumeStableRescueTest-1557769613 tempest-ServerBootFromVolumeStableRescueTest-1557769613-project-member] Filter ServerGroupAffinityFilter returned 1 host(s) {{(pid=95942) get_filtered_objects /opt/stack/nova/nova/filters.py:102}}
Jun 19 01:04:09.583876 np0000003212 nova-scheduler[95942]: DEBUG nova.filters [None req-eef20d55-133f-43d8-acc7-fc6f7325abae tempest-ServerBootFromVolumeStableRescueTest-1557769613 tempest-ServerBootFromVolumeStableRescueTest-1557769613-project-member] Filter SameHostFilter returned 1 host(s) {{(pid=95942) get_filtered_objects /opt/stack/nova/nova/filters.py:102}}
Jun 19 01:04:09.584026 np0000003212 nova-scheduler[95942]: DEBUG nova.filters [None req-eef20d55-133f-43d8-acc7-fc6f7325abae tempest-ServerBootFromVolumeStableRescueTest-1557769613 tempest-ServerBootFromVolumeStableRescueTest-1557769613-project-member] Filter DifferentHostFilter returned 1 host(s) {{(pid=95942) get_filtered_objects /opt/stack/nova/nova/filters.py:102}}
Jun 19 01:04:09.584199 np0000003212 nova-scheduler[95942]: DEBUG nova.scheduler.manager [None req-eef20d55-133f-43d8-acc7-fc6f7325abae tempest-ServerBootFromVolumeStableRescueTest-1557769613 tempest-ServerBootFromVolumeStableRescueTest-1557769613-project-member] Filtered [(np0000003212, np0000003212) ram: 23518MB disk: 75776MB io_ops: 0 instances: 0, allocation_candidates: 1] {{(pid=95942) _get_sorted_hosts /opt/stack/nova/nova/scheduler/manager.py:743}}
Jun 19 01:04:09.584426 np0000003212 nova-scheduler[95942]: DEBUG nova.scheduler.manager [None req-eef20d55-133f-43d8-acc7-fc6f7325abae tempest-ServerBootFromVolumeStableRescueTest-1557769613 tempest-ServerBootFromVolumeStableRescueTest-1557769613-project-member] Weighed [WeighedHost [host: (np0000003212, np0000003212) ram: 23518MB disk: 75776MB io_ops: 0 instances: 0, allocation_candidates: 1, weight: 0.0]] {{(pid=95942) _get_sorted_hosts /opt/stack/nova/nova/scheduler/manager.py:765}}
Jun 19 01:04:09.584636 np0000003212 nova-scheduler[95942]: DEBUG nova.scheduler.utils [None req-eef20d55-133f-43d8-acc7-fc6f7325abae tempest-ServerBootFromVolumeStableRescueTest-1557769613 tempest-ServerBootFromVolumeStableRescueTest-1557769613-project-member] Attempting to claim resources in the placement API for instance f69b1c96-6bed-484a-9db6-8b96857a845f {{(pid=95942) claim_resources /opt/stack/nova/nova/scheduler/utils.py:1345}}
Jun 19 01:04:09.736346 np0000003212 nova-scheduler[95942]: DEBUG nova.scheduler.manager [None req-eef20d55-133f-43d8-acc7-fc6f7325abae tempest-ServerBootFromVolumeStableRescueTest-1557769613 tempest-ServerBootFromVolumeStableRescueTest-1557769613-project-member] [instance: f69b1c96-6bed-484a-9db6-8b96857a845f] Selected host: (np0000003212, np0000003212) ram: 23518MB disk: 75776MB io_ops: 0 instances: 0, allocation_candidates: 1 {{(pid=95942) _consume_selected_host /opt/stack/nova/nova/scheduler/manager.py:625}}
Jun 19 01:04:09.736613 np0000003212 nova-scheduler[95942]: DEBUG oslo_concurrency.lockutils [None req-eef20d55-133f-43d8-acc7-fc6f7325abae tempest-ServerBootFromVolumeStableRescueTest-1557769613 tempest-ServerBootFromVolumeStableRescueTest-1557769613-project-member] Acquiring lock "('np0000003212', 'np0000003212')" by "nova.scheduler.host_manager.HostState.consume_from_request.._locked" {{(pid=95942) inner /opt/stack/data/venv/lib/python3.12/site-packages/oslo_concurrency/lockutils.py:511}}
Jun 19 01:04:09.736824 np0000003212 nova-scheduler[95942]: DEBUG oslo_concurrency.lockutils [None req-eef20d55-133f-43d8-acc7-fc6f7325abae tempest-ServerBootFromVolumeStableRescueTest-1557769613 tempest-ServerBootFromVolumeStableRescueTest-1557769613-project-member] Lock "('np0000003212', 'np0000003212')" acquired by "nova.scheduler.host_manager.HostState.consume_from_request.._locked" :: waited 0.000s {{(pid=95942) inner /opt/stack/data/venv/lib/python3.12/site-packages/oslo_concurrency/lockutils.py:524}}
Jun 19 01:04:09.736871 np0000003212 nova-scheduler[95942]: DEBUG oslo_concurrency.lockutils [None req-eef20d55-133f-43d8-acc7-fc6f7325abae tempest-ServerBootFromVolumeStableRescueTest-1557769613 tempest-ServerBootFromVolumeStableRescueTest-1557769613-project-member] Lock "('np0000003212', 'np0000003212')" "released" by "nova.scheduler.host_manager.HostState.consume_from_request.._locked" :: held 0.000s {{(pid=95942) inner /opt/stack/data/venv/lib/python3.12/site-packages/oslo_concurrency/lockutils.py:543}}
Jun 19 01:04:10.704005 np0000003212 nova-scheduler[95942]: DEBUG oslo.service.backend._threading.loopingcall [None req-32f91319-4ba1-42d9-bdcc-87fdc46df09a None None] Dynamic interval looping call 'nova.service.Service.periodic_tasks' sleeping for 60.00 seconds {{(pid=95942) _run_loop /opt/stack/data/venv/lib/python3.12/site-packages/oslo_service/backend/_threading/loopingcall.py:125}}
Jun 19 01:04:19.575149 np0000003212 nova-scheduler[95942]: DEBUG dbcounter [-] [95942] Writing DB stats nova_api:SELECT=1 {{(pid=95942) stat_writer /opt/stack/data/venv/lib/python3.12/site-packages/dbcounter.py:115}}
Jun 19 01:04:19.579241 np0000003212 nova-scheduler[95942]: DEBUG dbcounter [-] [95942] Writing DB stats nova_cell1:SELECT=3 {{(pid=95942) stat_writer /opt/stack/data/venv/lib/python3.12/site-packages/dbcounter.py:115}}
Jun 19 01:04:23.717896 np0000003212 nova-scheduler[95961]: DEBUG nova.scheduler.manager [None req-6f881098-3eff-409c-ace7-af59c3c47d7e tempest-TaggedAttachmentsTest-233444931 tempest-TaggedAttachmentsTest-233444931-project-member] Starting to schedule for instances: ['3f29c63d-bd2a-4359-82a7-64d88a2abe79'] {{(pid=95961) select_destinations /opt/stack/nova/nova/scheduler/manager.py:210}}
Jun 19 01:04:23.718396 np0000003212 nova-scheduler[95961]: DEBUG nova.scheduler.request_filter [None req-6f881098-3eff-409c-ace7-af59c3c47d7e tempest-TaggedAttachmentsTest-233444931 tempest-TaggedAttachmentsTest-233444931-project-member] compute_status_filter request filter added forbidden trait COMPUTE_STATUS_DISABLED {{(pid=95961) compute_status_filter /opt/stack/nova/nova/scheduler/request_filter.py:253}}
Jun 19 01:04:23.718518 np0000003212 nova-scheduler[95961]: DEBUG nova.scheduler.request_filter [None req-6f881098-3eff-409c-ace7-af59c3c47d7e tempest-TaggedAttachmentsTest-233444931 tempest-TaggedAttachmentsTest-233444931-project-member] Request filter 'compute_status_filter' took 0.0 seconds {{(pid=95961) wrapper /opt/stack/nova/nova/scheduler/request_filter.py:46}}
Jun 19 01:04:23.718739 np0000003212 nova-scheduler[95961]: DEBUG nova.scheduler.request_filter [None req-6f881098-3eff-409c-ace7-af59c3c47d7e tempest-TaggedAttachmentsTest-233444931 tempest-TaggedAttachmentsTest-233444931-project-member] Request filter 'accelerators_filter' took 0.0 seconds {{(pid=95961) wrapper /opt/stack/nova/nova/scheduler/request_filter.py:46}}
Jun 19 01:04:23.718903 np0000003212 nova-scheduler[95961]: DEBUG nova.scheduler.request_filter [None req-6f881098-3eff-409c-ace7-af59c3c47d7e tempest-TaggedAttachmentsTest-233444931 tempest-TaggedAttachmentsTest-233444931-project-member] Request filter 'packed_virtqueue_filter' took 0.0 seconds {{(pid=95961) wrapper /opt/stack/nova/nova/scheduler/request_filter.py:46}}
Jun 19 01:04:23.719271 np0000003212 nova-scheduler[95961]: DEBUG nova.scheduler.request_filter [None req-6f881098-3eff-409c-ace7-af59c3c47d7e tempest-TaggedAttachmentsTest-233444931 tempest-TaggedAttachmentsTest-233444931-project-member] Request filter 'remote_managed_ports_filter' took 0.0 seconds {{(pid=95961) wrapper /opt/stack/nova/nova/scheduler/request_filter.py:46}}
Jun 19 01:04:23.719443 np0000003212 nova-scheduler[95961]: DEBUG nova.scheduler.request_filter [None req-6f881098-3eff-409c-ace7-af59c3c47d7e tempest-TaggedAttachmentsTest-233444931 tempest-TaggedAttachmentsTest-233444931-project-member] ephemeral_encryption_filter skipped {{(pid=95961) ephemeral_encryption_filter /opt/stack/nova/nova/scheduler/request_filter.py:426}}
Jun 19 01:04:23.719626 np0000003212 nova-scheduler[95961]: DEBUG nova.scheduler.request_filter [None req-6f881098-3eff-409c-ace7-af59c3c47d7e tempest-TaggedAttachmentsTest-233444931 tempest-TaggedAttachmentsTest-233444931-project-member] virtio_sound_filter skipped {{(pid=95961) virtio_sound_filter /opt/stack/nova/nova/scheduler/request_filter.py:460}}
Jun 19 01:04:23.719804 np0000003212 nova-scheduler[95961]: DEBUG nova.scheduler.request_filter [None req-6f881098-3eff-409c-ace7-af59c3c47d7e tempest-TaggedAttachmentsTest-233444931 tempest-TaggedAttachmentsTest-233444931-project-member] tpm_secret_security_filter skipped {{(pid=95961) tpm_secret_security_filter /opt/stack/nova/nova/scheduler/request_filter.py:477}}
Jun 19 01:04:23.808501 np0000003212 nova-scheduler[95961]: INFO nova.utils [None req-6f881098-3eff-409c-ace7-af59c3c47d7e tempest-TaggedAttachmentsTest-233444931 tempest-TaggedAttachmentsTest-233444931-project-member] The cell worker thread pool ForkProcess-2.cell_worker is initialized
Jun 19 01:04:23.808895 np0000003212 nova-scheduler[95961]: DEBUG oslo_concurrency.lockutils [None req-6f881098-3eff-409c-ace7-af59c3c47d7e tempest-TaggedAttachmentsTest-233444931 tempest-TaggedAttachmentsTest-233444931-project-member] Acquiring lock "5dc57db7-0100-41fa-9c8b-08f8c8e36dda" by "nova.context.set_target_cell..get_or_set_cached_cell_and_set_connections" {{(pid=95961) inner /opt/stack/data/venv/lib/python3.12/site-packages/oslo_concurrency/lockutils.py:511}}
Jun 19 01:04:23.809060 np0000003212 nova-scheduler[95961]: DEBUG oslo_concurrency.lockutils [None req-6f881098-3eff-409c-ace7-af59c3c47d7e tempest-TaggedAttachmentsTest-233444931 tempest-TaggedAttachmentsTest-233444931-project-member] Lock "5dc57db7-0100-41fa-9c8b-08f8c8e36dda" acquired by "nova.context.set_target_cell..get_or_set_cached_cell_and_set_connections" :: waited 0.000s {{(pid=95961) inner /opt/stack/data/venv/lib/python3.12/site-packages/oslo_concurrency/lockutils.py:524}}
Jun 19 01:04:23.810346 np0000003212 nova-scheduler[95961]: DEBUG oslo_concurrency.lockutils [None req-6f881098-3eff-409c-ace7-af59c3c47d7e tempest-TaggedAttachmentsTest-233444931 tempest-TaggedAttachmentsTest-233444931-project-member] Lock "5dc57db7-0100-41fa-9c8b-08f8c8e36dda" "released" by "nova.context.set_target_cell..get_or_set_cached_cell_and_set_connections" :: held 0.001s {{(pid=95961) inner /opt/stack/data/venv/lib/python3.12/site-packages/oslo_concurrency/lockutils.py:543}}
Jun 19 01:04:23.812428 np0000003212 nova-scheduler[95961]: INFO dbcounter [None req-6f881098-3eff-409c-ace7-af59c3c47d7e tempest-TaggedAttachmentsTest-233444931 tempest-TaggedAttachmentsTest-233444931-project-member] Registered counter for database nova_cell1
Jun 19 01:04:23.858064 np0000003212 nova-scheduler[95961]: DEBUG oslo_db.sqlalchemy.engines [None req-6f881098-3eff-409c-ace7-af59c3c47d7e tempest-TaggedAttachmentsTest-233444931 tempest-TaggedAttachmentsTest-233444931-project-member] MySQL server mode set to STRICT_TRANS_TABLES,STRICT_ALL_TABLES,NO_ZERO_IN_DATE,NO_ZERO_DATE,ERROR_FOR_DIVISION_BY_ZERO,TRADITIONAL,NO_ENGINE_SUBSTITUTION {{(pid=95961) _check_effective_sql_mode /opt/stack/data/venv/lib/python3.12/site-packages/oslo_db/sqlalchemy/engines.py:325}}
Jun 19 01:04:23.862795 np0000003212 nova-scheduler[95961]: DEBUG dbcounter [-] [95961] Writer thread running {{(pid=95961) stat_writer /opt/stack/data/venv/lib/python3.12/site-packages/dbcounter.py:102}}
Jun 19 01:04:23.921020 np0000003212 nova-scheduler[95961]: DEBUG dbcounter [-] [95961] Writer thread running {{(pid=95961) stat_writer /opt/stack/data/venv/lib/python3.12/site-packages/dbcounter.py:102}}
Jun 19 01:04:23.923907 np0000003212 nova-scheduler[95961]: DEBUG oslo_concurrency.lockutils [None req-6f881098-3eff-409c-ace7-af59c3c47d7e tempest-TaggedAttachmentsTest-233444931 tempest-TaggedAttachmentsTest-233444931-project-member] Acquiring lock "5dc57db7-0100-41fa-9c8b-08f8c8e36dda" by "nova.context.set_target_cell..get_or_set_cached_cell_and_set_connections" {{(pid=95961) inner /opt/stack/data/venv/lib/python3.12/site-packages/oslo_concurrency/lockutils.py:511}}
Jun 19 01:04:23.924087 np0000003212 nova-scheduler[95961]: DEBUG oslo_concurrency.lockutils [None req-6f881098-3eff-409c-ace7-af59c3c47d7e tempest-TaggedAttachmentsTest-233444931 tempest-TaggedAttachmentsTest-233444931-project-member] Lock "5dc57db7-0100-41fa-9c8b-08f8c8e36dda" acquired by "nova.context.set_target_cell..get_or_set_cached_cell_and_set_connections" :: waited 0.000s {{(pid=95961) inner /opt/stack/data/venv/lib/python3.12/site-packages/oslo_concurrency/lockutils.py:524}}
