May 25 16:17:52.497910 np0000001382 devstack@g-api.service[102140]: DEBUG glance.api.middleware.version_negotiation [None req-8390e895-d0d6-467d-9f8f-e4d1dbb8631d tempest-VolumesActionsTest-1554101446 tempest-VolumesActionsTest-1554101446-project-member] new path /v2/images/d1d49d9c-bdb1-41f2-b5d7-88e2f5c033eb {{(pid=102140) process_request /opt/stack/glance/glance/api/middleware/version_negotiation.py:70}}
May 25 16:17:52.507870 np0000001382 devstack@g-api.service[102138]: DEBUG glance.api.middleware.version_negotiation [None req-a1cdd76c-95d1-4dda-9dd8-2da49a11dcc4 tempest-AttachVolumeShelveTestJSON-1456063943 tempest-AttachVolumeShelveTestJSON-1456063943-project-member] Determining version of request: GET /v2/schemas/image Accept: */* {{(pid=102138) process_request /opt/stack/glance/glance/api/middleware/version_negotiation.py:44}}
May 25 16:17:52.508026 np0000001382 devstack@g-api.service[102138]: DEBUG glance.api.middleware.version_negotiation [None req-a1cdd76c-95d1-4dda-9dd8-2da49a11dcc4 tempest-AttachVolumeShelveTestJSON-1456063943 tempest-AttachVolumeShelveTestJSON-1456063943-project-member] Using url versioning {{(pid=102138) process_request /opt/stack/glance/glance/api/middleware/version_negotiation.py:57}}
May 25 16:17:52.508144 np0000001382 devstack@g-api.service[102138]: DEBUG glance.api.middleware.version_negotiation [None req-a1cdd76c-95d1-4dda-9dd8-2da49a11dcc4 tempest-AttachVolumeShelveTestJSON-1456063943 tempest-AttachVolumeShelveTestJSON-1456063943-project-member] Matched version: v2 {{(pid=102138) process_request /opt/stack/glance/glance/api/middleware/version_negotiation.py:69}}
May 25 16:17:52.508264 np0000001382 devstack@g-api.service[102138]: DEBUG glance.api.middleware.version_negotiation [None req-a1cdd76c-95d1-4dda-9dd8-2da49a11dcc4 tempest-AttachVolumeShelveTestJSON-1456063943 tempest-AttachVolumeShelveTestJSON-1456063943-project-member] new path /v2/schemas/image {{(pid=102138) process_request /opt/stack/glance/glance/api/middleware/version_negotiation.py:70}}
May 25 16:17:52.509974 np0000001382 devstack@g-api.service[102140]: [pid: 102140|app: 0|req: 113/334] 127.0.0.1 () {40 vars in 838 bytes} [Mon May 25 16:17:52 2026] GET /v2/images/d1d49d9c-bdb1-41f2-b5d7-88e2f5c033eb => generated 650 bytes in 12 msecs (HTTP/1.1 200) 4 headers in 157 bytes (1 switches on core 0)
May 25 16:17:52.510895 np0000001382 devstack@g-api.service[102138]: [pid: 102138|app: 0|req: 112/335] 127.0.0.1 () {44 vars in 1055 bytes} [Mon May 25 16:17:52 2026] GET /v2/schemas/image => generated 6083 bytes in 3 msecs (HTTP/1.1 200) 4 headers in 158 bytes (1 switches on core 0)
May 25 16:17:52.968429 np0000001382 devstack@g-api.service[102139]: DEBUG glance.location [None req-d08ea358-8452-4660-9902-124719e6b7e2 tempest-VolumesActionsTest-1554101446 tempest-VolumesActionsTest-1554101446-project-member] Enabling in-flight format inspection for raw {{(pid=102139) set_data /opt/stack/glance/glance/location.py:616}}
May 25 16:17:52.969914 np0000001382 devstack@g-api.service[102139]: DEBUG glance_store.backend [None req-d08ea358-8452-4660-9902-124719e6b7e2 tempest-VolumesActionsTest-1554101446 tempest-VolumesActionsTest-1554101446-project-member] Attempting to import store swift {{(pid=102139) _load_store /opt/stack/data/venv/lib/python3.12/site-packages/glance_store/backend.py:215}}
May 25 16:17:52.970657 np0000001382 devstack@g-api.service[102139]: DEBUG glance_store.capabilities [None req-d08ea358-8452-4660-9902-124719e6b7e2 tempest-VolumesActionsTest-1554101446 tempest-VolumesActionsTest-1554101446-project-member] Store glance_store._drivers.swift.store.SingleTenantStore doesn't support updating dynamic storage capabilities. Please overwrite 'update_capabilities' method of the store to implement updating logics if needed. {{(pid=102139) update_capabilities /opt/stack/data/venv/lib/python3.12/site-packages/glance_store/capabilities.py:91}}
May 25 16:17:52.970784 np0000001382 devstack@g-api.service[102139]: DEBUG glance_store.driver [None req-d08ea358-8452-4660-9902-124719e6b7e2 tempest-VolumesActionsTest-1554101446 tempest-VolumesActionsTest-1554101446-project-member] Late loading location class glance_store._drivers.swift.store.StoreLocation {{(pid=102139) get_store_location_class /opt/stack/data/venv/lib/python3.12/site-packages/glance_store/driver.py:134}}
May 25 16:17:52.970952 np0000001382 devstack@g-api.service[102139]: DEBUG glance_store.location [None req-d08ea358-8452-4660-9902-124719e6b7e2 tempest-VolumesActionsTest-1554101446 tempest-VolumesActionsTest-1554101446-project-member] Registering scheme swift+https with {'store': , 'location_class': , 'store_entry': 'swift'} {{(pid=102139) register_scheme_map /opt/stack/data/venv/lib/python3.12/site-packages/glance_store/location.py:146}}
May 25 16:17:52.970952 np0000001382 devstack@g-api.service[102139]: DEBUG glance_store.location [None req-d08ea358-8452-4660-9902-124719e6b7e2 tempest-VolumesActionsTest-1554101446 tempest-VolumesActionsTest-1554101446-project-member] Registering scheme swift+https with {'store': , 'location_class': , 'store_entry': 'swift'} {{(pid=102139) register_scheme_map /opt/stack/data/venv/lib/python3.12/site-packages/glance_store/location.py:146}}
May 25 16:17:52.971096 np0000001382 devstack@g-api.service[102139]: DEBUG glance_store.location [None req-d08ea358-8452-4660-9902-124719e6b7e2 tempest-VolumesActionsTest-1554101446 tempest-VolumesActionsTest-1554101446-project-member] Registering scheme swift with {'store': , 'location_class': , 'store_entry': 'swift'} {{(pid=102139) register_scheme_map /opt/stack/data/venv/lib/python3.12/site-packages/glance_store/location.py:146}}
May 25 16:17:52.971096 np0000001382 devstack@g-api.service[102139]: DEBUG glance_store.location [None req-d08ea358-8452-4660-9902-124719e6b7e2 tempest-VolumesActionsTest-1554101446 tempest-VolumesActionsTest-1554101446-project-member] Registering scheme swift+https with {'store': , 'location_class': , 'store_entry': 'swift'} {{(pid=102139) register_scheme_map /opt/stack/data/venv/lib/python3.12/site-packages/glance_store/location.py:146}}
May 25 16:17:52.971201 np0000001382 devstack@g-api.service[102139]: DEBUG glance_store.location [None req-d08ea358-8452-4660-9902-124719e6b7e2 tempest-VolumesActionsTest-1554101446 tempest-VolumesActionsTest-1554101446-project-member] Registering scheme swift with {'store': , 'location_class': , 'store_entry': 'swift'} {{(pid=102139) register_scheme_map /opt/stack/data/venv/lib/python3.12/site-packages/glance_store/location.py:146}}
May 25 16:17:52.971806 np0000001382 devstack@g-api.service[102139]: DEBUG glance_store.location [None req-d08ea358-8452-4660-9902-124719e6b7e2 tempest-VolumesActionsTest-1554101446 tempest-VolumesActionsTest-1554101446-project-member] Registering scheme swift+http with {'store': , 'location_class': , 'store_entry': 'swift'} {{(pid=102139) register_scheme_map /opt/stack/data/venv/lib/python3.12/site-packages/glance_store/location.py:146}}
May 25 16:17:52.971806 np0000001382 devstack@g-api.service[102139]: DEBUG glance_store.location [None req-d08ea358-8452-4660-9902-124719e6b7e2 tempest-VolumesActionsTest-1554101446 tempest-VolumesActionsTest-1554101446-project-member] Registering scheme swift+https with {'store': , 'location_class': , 'store_entry': 'swift'} {{(pid=102139) register_scheme_map /opt/stack/data/venv/lib/python3.12/site-packages/glance_store/location.py:146}}
May 25 16:17:52.972144 np0000001382 devstack@g-api.service[102139]: DEBUG glance_store.location [None req-d08ea358-8452-4660-9902-124719e6b7e2 tempest-VolumesActionsTest-1554101446 tempest-VolumesActionsTest-1554101446-project-member] Registering scheme swift with {'store': , 'location_class': , 'store_entry': 'swift'} {{(pid=102139) register_scheme_map /opt/stack/data/venv/lib/python3.12/site-packages/glance_store/location.py:146}}
May 25 16:17:52.972209 np0000001382 devstack@g-api.service[102139]: DEBUG glance_store.location [None req-d08ea358-8452-4660-9902-124719e6b7e2 tempest-VolumesActionsTest-1554101446 tempest-VolumesActionsTest-1554101446-project-member] Registering scheme swift+http with {'store': , 'location_class': , 'store_entry': 'swift'} {{(pid=102139) register_scheme_map /opt/stack/data/venv/lib/python3.12/site-packages/glance_store/location.py:146}}
May 25 16:17:52.972348 np0000001382 devstack@g-api.service[102139]: DEBUG glance_store.location [None req-d08ea358-8452-4660-9902-124719e6b7e2 tempest-VolumesActionsTest-1554101446 tempest-VolumesActionsTest-1554101446-project-member] Registering scheme swift+config with {'store': , 'location_class': , 'store_entry': 'swift'} {{(pid=102139) register_scheme_map /opt/stack/data/venv/lib/python3.12/site-packages/glance_store/location.py:146}}
May 25 16:17:53.143801 np0000001382 devstack@g-api.service[102139]: DEBUG swiftclient [None req-d08ea358-8452-4660-9902-124719e6b7e2 tempest-VolumesActionsTest-1554101446 tempest-VolumesActionsTest-1554101446-project-member] REQ: curl -i https://10.4.3.203:8080/v1/AUTH_e66837cdcb8f49e988e264fa57defbe7/glance -I -H "X-Auth-Token: gAAAAABqFHYxdcAZ..." {{(pid=102139) http_log /opt/stack/data/venv/lib/python3.12/site-packages/swiftclient/client.py:160}}
May 25 16:17:53.143961 np0000001382 devstack@g-api.service[102139]: DEBUG swiftclient [None req-d08ea358-8452-4660-9902-124719e6b7e2 tempest-VolumesActionsTest-1554101446 tempest-VolumesActionsTest-1554101446-project-member] RESP STATUS: 204 No Content {{(pid=102139) http_log /opt/stack/data/venv/lib/python3.12/site-packages/swiftclient/client.py:161}}
May 25 16:17:53.144117 np0000001382 devstack@g-api.service[102139]: DEBUG swiftclient [None req-d08ea358-8452-4660-9902-124719e6b7e2 tempest-VolumesActionsTest-1554101446 tempest-VolumesActionsTest-1554101446-project-member] RESP HEADERS: {'Date': 'Mon, 25 May 2026 16:17:53 GMT', 'Server': 'Apache/2.4.58 (Ubuntu)', 'Content-Type': 'text/plain; charset=utf-8', 'X-Container-Object-Count': '7', 'X-Container-Bytes-Used': '111411200', 'X-Timestamp': '1779725441.45348', 'Last-Modified': 'Mon, 25 May 2026 16:10:42 GMT', 'Accept-Ranges': 'bytes', 'X-Storage-Policy': 'Policy-0', 'X-Container-Sharding': 'False', 'Vary': 'Accept', 'X-Trans-Id': 'txfe9a8b0ed285432296b83-006a147631', 'X-Openstack-Request-Id': 'txfe9a8b0ed285432296b83-006a147631', 'Connection': 'close'} {{(pid=102139) http_log /opt/stack/data/venv/lib/python3.12/site-packages/swiftclient/client.py:162}}
May 25 16:17:53.144315 np0000001382 devstack@g-api.service[102139]: DEBUG glance_store._drivers.swift.store [None req-d08ea358-8452-4660-9902-124719e6b7e2 tempest-VolumesActionsTest-1554101446 tempest-VolumesActionsTest-1554101446-project-member] Adding image object 'd1d49d9c-bdb1-41f2-b5d7-88e2f5c033eb' to Swift {{(pid=102139) add /opt/stack/data/venv/lib/python3.12/site-packages/glance_store/_drivers/swift/store.py:970}}
May 25 16:17:53.144510 np0000001382 devstack@g-api.service[102139]: DEBUG glance_store._drivers.swift.store [None req-d08ea358-8452-4660-9902-124719e6b7e2 tempest-VolumesActionsTest-1554101446 tempest-VolumesActionsTest-1554101446-project-member] Cannot determine image size because it is either not provided in the request or chunked-transfer encoding is used. Adding image as a segmented object to Swift. {{(pid=102139) add /opt/stack/data/venv/lib/python3.12/site-packages/glance_store/_drivers/swift/store.py:994}}
May 25 16:17:53.149927 np0000001382 devstack@g-api.service[102139]: DEBUG oslo_utils.imageutils.format_inspector [None req-d08ea358-8452-4660-9902-124719e6b7e2 tempest-VolumesActionsTest-1554101446 tempest-VolumesActionsTest-1554101446-project-member] Format inspector for vmdk does not match, excluding from consideration (Signature KDMV not found: b'\x00\x00\x00\x00') {{(pid=102139) _process_chunk /opt/stack/data/venv/lib/python3.12/site-packages/oslo_utils/imageutils/format_inspector.py:1538}}
May 25 16:17:53.152448 np0000001382 devstack@g-api.service[102139]: DEBUG oslo_utils.imageutils.format_inspector [None req-d08ea358-8452-4660-9902-124719e6b7e2 tempest-VolumesActionsTest-1554101446 tempest-VolumesActionsTest-1554101446-project-member] Format inspector for vhdx does not match, excluding from consideration (Region signature not found at 30000) {{(pid=102139) _process_chunk /opt/stack/data/venv/lib/python3.12/site-packages/oslo_utils/imageutils/format_inspector.py:1538}}
May 25 16:17:53.522095 np0000001382 devstack@g-api.service[102140]: DEBUG glance.api.middleware.version_negotiation [None req-d301db3c-4edb-4abc-9445-22a4bea17436 tempest-VolumesActionsTest-1554101446 tempest-VolumesActionsTest-1554101446-project-member] Determining version of request: GET /v2/images/d1d49d9c-bdb1-41f2-b5d7-88e2f5c033eb Accept: application/json {{(pid=102140) process_request /opt/stack/glance/glance/api/middleware/version_negotiation.py:44}}
May 25 16:17:53.524470 np0000001382 devstack@g-api.service[102140]: DEBUG glance.api.middleware.version_negotiation [None req-d301db3c-4edb-4abc-9445-22a4bea17436 tempest-VolumesActionsTest-1554101446 tempest-VolumesActionsTest-1554101446-project-member] Using url versioning {{(pid=102140) process_request /opt/stack/glance/glance/api/middleware/version_negotiation.py:57}}
May 25 16:17:53.524470 np0000001382 devstack@g-api.service[102140]: DEBUG glance.api.middleware.version_negotiation [None req-d301db3c-4edb-4abc-9445-22a4bea17436 tempest-VolumesActionsTest-1554101446 tempest-VolumesActionsTest-1554101446-project-member] Matched version: v2 {{(pid=102140) process_request /opt/stack/glance/glance/api/middleware/version_negotiation.py:69}}
May 25 16:17:53.524470 np0000001382 devstack@g-api.service[102140]: DEBUG glance.api.middleware.version_negotiation [None req-d301db3c-4edb-4abc-9445-22a4bea17436 tempest-VolumesActionsTest-1554101446 tempest-VolumesActionsTest-1554101446-project-member] new path /v2/images/d1d49d9c-bdb1-41f2-b5d7-88e2f5c033eb {{(pid=102140) process_request /opt/stack/glance/glance/api/middleware/version_negotiation.py:70}}
May 25 16:17:53.539890 np0000001382 devstack@g-api.service[102140]: [pid: 102140|app: 0|req: 114/336] 127.0.0.1 () {40 vars in 838 bytes} [Mon May 25 16:17:53 2026] GET /v2/images/d1d49d9c-bdb1-41f2-b5d7-88e2f5c033eb => generated 650 bytes in 18 msecs (HTTP/1.1 200) 4 headers in 157 bytes (1 switches on core 0)
May 25 16:17:54.421417 np0000001382 devstack@g-api.service[102138]: DEBUG glance.api.middleware.version_negotiation [None req-a1cdd76c-95d1-4dda-9dd8-2da49a11dcc4 tempest-AttachVolumeShelveTestJSON-1456063943 tempest-AttachVolumeShelveTestJSON-1456063943-project-member] Determining version of request: GET /v2/images/02e64629-3b15-4c30-a0f2-a92dd992b758 Accept: */* {{(pid=102138) process_request /opt/stack/glance/glance/api/middleware/version_negotiation.py:44}}
May 25 16:17:54.421842 np0000001382 devstack@g-api.service[102138]: DEBUG glance.api.middleware.version_negotiation [None req-a1cdd76c-95d1-4dda-9dd8-2da49a11dcc4 tempest-AttachVolumeShelveTestJSON-1456063943 tempest-AttachVolumeShelveTestJSON-1456063943-project-member] Using url versioning {{(pid=102138) process_request /opt/stack/glance/glance/api/middleware/version_negotiation.py:57}}
May 25 16:17:54.421842 np0000001382 devstack@g-api.service[102138]: DEBUG glance.api.middleware.version_negotiation [None req-a1cdd76c-95d1-4dda-9dd8-2da49a11dcc4 tempest-AttachVolumeShelveTestJSON-1456063943 tempest-AttachVolumeShelveTestJSON-1456063943-project-member] Matched version: v2 {{(pid=102138) process_request /opt/stack/glance/glance/api/middleware/version_negotiation.py:69}}
May 25 16:17:54.421842 np0000001382 devstack@g-api.service[102138]: DEBUG glance.api.middleware.version_negotiation [None req-a1cdd76c-95d1-4dda-9dd8-2da49a11dcc4 tempest-AttachVolumeShelveTestJSON-1456063943 tempest-AttachVolumeShelveTestJSON-1456063943-project-member] new path /v2/images/02e64629-3b15-4c30-a0f2-a92dd992b758 {{(pid=102138) process_request /opt/stack/glance/glance/api/middleware/version_negotiation.py:70}}
May 25 16:17:54.441959 np0000001382 devstack@g-api.service[102138]: [pid: 102138|app: 0|req: 113/337] 127.0.0.1 () {44 vars in 1115 bytes} [Mon May 25 16:17:54 2026] GET /v2/images/02e64629-3b15-4c30-a0f2-a92dd992b758 => generated 1044 bytes in 19 msecs (HTTP/1.1 200) 4 headers in 158 bytes (1 switches on core 0)
May 25 16:17:54.482660 np0000001382 devstack@g-api.service[102140]: DEBUG glance.api.middleware.version_negotiation [None req-fe486125-1dc8-4cdb-9476-fd08b35c5aec tempest-VolumesActionsTest-1554101446 tempest-VolumesActionsTest-1554101446-project-member] Determining version of request: GET /v2/schemas/image Accept: */* {{(pid=102140) process_request /opt/stack/glance/glance/api/middleware/version_negotiation.py:44}}
May 25 16:17:54.483666 np0000001382 devstack@g-api.service[102140]: DEBUG glance.api.middleware.version_negotiation [None req-fe486125-1dc8-4cdb-9476-fd08b35c5aec tempest-VolumesActionsTest-1554101446 tempest-VolumesActionsTest-1554101446-project-member] Using url versioning {{(pid=102140) process_request /opt/stack/glance/glance/api/middleware/version_negotiation.py:57}}
May 25 16:17:54.483666 np0000001382 devstack@g-api.service[102140]: DEBUG glance.api.middleware.version_negotiation [None req-fe486125-1dc8-4cdb-9476-fd08b35c5aec tempest-VolumesActionsTest-1554101446 tempest-VolumesActionsTest-1554101446-project-member] Matched version: v2 {{(pid=102140) process_request /opt/stack/glance/glance/api/middleware/version_negotiation.py:69}}
May 25 16:17:54.483666 np0000001382 devstack@g-api.service[102140]: DEBUG glance.api.middleware.version_negotiation [None req-fe486125-1dc8-4cdb-9476-fd08b35c5aec tempest-VolumesActionsTest-1554101446 tempest-VolumesActionsTest-1554101446-project-member] new path /v2/schemas/image {{(pid=102140) process_request /opt/stack/glance/glance/api/middleware/version_negotiation.py:70}}
May 25 16:17:54.489094 np0000001382 devstack@g-api.service[102140]: [pid: 102140|app: 0|req: 115/338] 127.0.0.1 () {44 vars in 1055 bytes} [Mon May 25 16:17:54 2026] GET /v2/schemas/image => generated 6083 bytes in 6 msecs (HTTP/1.1 200) 4 headers in 158 bytes (1 switches on core 0)
May 25 16:17:54.549358 np0000001382 devstack@g-api.service[102138]: DEBUG glance.api.middleware.version_negotiation [None req-1b904fee-da7e-402d-b1d3-8f2a5acc41d8 tempest-ServerActionsTestOtherA-604529086 tempest-ServerActionsTestOtherA-604529086-project-member] Determining version of request: GET /v2/images/d1d49d9c-bdb1-41f2-b5d7-88e2f5c033eb Accept: application/json {{(pid=102138) process_request /opt/stack/glance/glance/api/middleware/version_negotiation.py:44}}
May 25 16:17:54.549695 np0000001382 devstack@g-api.service[102138]: DEBUG glance.api.middleware.version_negotiation [None req-1b904fee-da7e-402d-b1d3-8f2a5acc41d8 tempest-ServerActionsTestOtherA-604529086 tempest-ServerActionsTestOtherA-604529086-project-member] Using url versioning {{(pid=102138) process_request /opt/stack/glance/glance/api/middleware/version_negotiation.py:57}}
May 25 16:17:54.549771 np0000001382 devstack@g-api.service[102138]: DEBUG glance.api.middleware.version_negotiation [None req-1b904fee-da7e-402d-b1d3-8f2a5acc41d8 tempest-ServerActionsTestOtherA-604529086 tempest-ServerActionsTestOtherA-604529086-project-member] Matched version: v2 {{(pid=102138) process_request /opt/stack/glance/glance/api/middleware/version_negotiation.py:69}}
May 25 16:17:54.549844 np0000001382 devstack@g-api.service[102138]: DEBUG glance.api.middleware.version_negotiation [None req-1b904fee-da7e-402d-b1d3-8f2a5acc41d8 tempest-ServerActionsTestOtherA-604529086 tempest-ServerActionsTestOtherA-604529086-project-member] new path /v2/images/d1d49d9c-bdb1-41f2-b5d7-88e2f5c033eb {{(pid=102138) process_request /opt/stack/glance/glance/api/middleware/version_negotiation.py:70}}
May 25 16:17:54.559819 np0000001382 devstack@g-api.service[102138]: [pid: 102138|app: 0|req: 114/339] 127.0.0.1 () {40 vars in 838 bytes} [Mon May 25 16:17:54 2026] GET /v2/images/d1d49d9c-bdb1-41f2-b5d7-88e2f5c033eb => generated 650 bytes in 10 msecs (HTTP/1.1 200) 4 headers in 157 bytes (1 switches on core 0)
May 25 16:17:55.196090 np0000001382 devstack@g-api.service[102139]: DEBUG swiftclient [None req-d08ea358-8452-4660-9902-124719e6b7e2 tempest-VolumesActionsTest-1554101446 tempest-VolumesActionsTest-1554101446-project-member] REQ: curl -i https://10.4.3.203:8080/v1/AUTH_e66837cdcb8f49e988e264fa57defbe7/glance/d1d49d9c-bdb1-41f2-b5d7-88e2f5c033eb-00001 -X PUT -H "X-Auth-Token: gAAAAABqFHYxdcAZ..." {{(pid=102139) http_log /opt/stack/data/venv/lib/python3.12/site-packages/swiftclient/client.py:160}}
May 25 16:17:55.196090 np0000001382 devstack@g-api.service[102139]: DEBUG swiftclient [None req-d08ea358-8452-4660-9902-124719e6b7e2 tempest-VolumesActionsTest-1554101446 tempest-VolumesActionsTest-1554101446-project-member] RESP STATUS: 201 Created {{(pid=102139) http_log /opt/stack/data/venv/lib/python3.12/site-packages/swiftclient/client.py:161}}
May 25 16:17:55.196090 np0000001382 devstack@g-api.service[102139]: DEBUG swiftclient [None req-d08ea358-8452-4660-9902-124719e6b7e2 tempest-VolumesActionsTest-1554101446 tempest-VolumesActionsTest-1554101446-project-member] RESP HEADERS: {'Date': 'Mon, 25 May 2026 16:17:55 GMT', 'Server': 'Apache/2.4.58 (Ubuntu)', 'Content-Type': 'text/html; charset=UTF-8', 'Content-Length': '0', 'Etag': 'eda9a9889837ac4bc81d6387d92c1bec', 'Last-Modified': 'Mon, 25 May 2026 16:17:54 GMT', 'X-Trans-Id': 'tx8dbf0b180cf44ce597c09-006a147631', 'X-Openstack-Request-Id': 'tx8dbf0b180cf44ce597c09-006a147631', 'Connection': 'close'} {{(pid=102139) http_log /opt/stack/data/venv/lib/python3.12/site-packages/swiftclient/client.py:162}}
May 25 16:17:55.196673 np0000001382 devstack@g-api.service[102139]: DEBUG glance_store._drivers.swift.store [None req-d08ea358-8452-4660-9902-124719e6b7e2 tempest-VolumesActionsTest-1554101446 tempest-VolumesActionsTest-1554101446-project-member] Wrote chunk d1d49d9c-bdb1-41f2-b5d7-88e2f5c033eb-00001 (1/?) of length 204800000 to Swift returning MD5 of content: eda9a9889837ac4bc81d6387d92c1bec {{(pid=102139) add /opt/stack/data/venv/lib/python3.12/site-packages/glance_store/_drivers/swift/store.py:1059}}
May 25 16:17:55.572521 np0000001382 devstack@g-api.service[102140]: DEBUG glance.api.middleware.version_negotiation [None req-1b904fee-da7e-402d-b1d3-8f2a5acc41d8 tempest-ServerActionsTestOtherA-604529086 tempest-ServerActionsTestOtherA-604529086-project-member] Determining version of request: GET /v2/images/d1d49d9c-bdb1-41f2-b5d7-88e2f5c033eb Accept: application/json {{(pid=102140) process_request /opt/stack/glance/glance/api/middleware/version_negotiation.py:44}}
May 25 16:17:55.573854 np0000001382 devstack@g-api.service[102140]: DEBUG glance.api.middleware.version_negotiation [None req-1b904fee-da7e-402d-b1d3-8f2a5acc41d8 tempest-ServerActionsTestOtherA-604529086 tempest-ServerActionsTestOtherA-604529086-project-member] Using url versioning {{(pid=102140) process_request /opt/stack/glance/glance/api/middleware/version_negotiation.py:57}}
May 25 16:17:55.573854 np0000001382 devstack@g-api.service[102140]: DEBUG glance.api.middleware.version_negotiation [None req-1b904fee-da7e-402d-b1d3-8f2a5acc41d8 tempest-ServerActionsTestOtherA-604529086 tempest-ServerActionsTestOtherA-604529086-project-member] Matched version: v2 {{(pid=102140) process_request /opt/stack/glance/glance/api/middleware/version_negotiation.py:69}}
May 25 16:17:55.573854 np0000001382 devstack@g-api.service[102140]: DEBUG glance.api.middleware.version_negotiation [None req-1b904fee-da7e-402d-b1d3-8f2a5acc41d8 tempest-ServerActionsTestOtherA-604529086 tempest-ServerActionsTestOtherA-604529086-project-member] new path /v2/images/d1d49d9c-bdb1-41f2-b5d7-88e2f5c033eb {{(pid=102140) process_request /opt/stack/glance/glance/api/middleware/version_negotiation.py:70}}
May 25 16:17:55.598995 np0000001382 devstack@g-api.service[102140]: [pid: 102140|app: 0|req: 116/340] 127.0.0.1 () {40 vars in 838 bytes} [Mon May 25 16:17:55 2026] GET /v2/images/d1d49d9c-bdb1-41f2-b5d7-88e2f5c033eb => generated 650 bytes in 28 msecs (HTTP/1.1 200) 4 headers in 157 bytes (1 switches on core 0)
May 25 16:17:56.612610 np0000001382 devstack@g-api.service[102138]: DEBUG glance.api.middleware.version_negotiation [None req-7b690e5b-fff0-472a-b76d-a0f45712ae98 tempest-VolumesActionsTest-1554101446 tempest-VolumesActionsTest-1554101446-project-member] Determining version of request: GET /v2/images/d1d49d9c-bdb1-41f2-b5d7-88e2f5c033eb Accept: application/json {{(pid=102138) process_request /opt/stack/glance/glance/api/middleware/version_negotiation.py:44}}
May 25 16:17:56.612610 np0000001382 devstack@g-api.service[102138]: DEBUG glance.api.middleware.version_negotiation [None req-7b690e5b-fff0-472a-b76d-a0f45712ae98 tempest-VolumesActionsTest-1554101446 tempest-VolumesActionsTest-1554101446-project-member] Using url versioning {{(pid=102138) process_request /opt/stack/glance/glance/api/middleware/version_negotiation.py:57}}
May 25 16:17:56.613128 np0000001382 devstack@g-api.service[102138]: DEBUG glance.api.middleware.version_negotiation [None req-7b690e5b-fff0-472a-b76d-a0f45712ae98 tempest-VolumesActionsTest-1554101446 tempest-VolumesActionsTest-1554101446-project-member] Matched version: v2 {{(pid=102138) process_request /opt/stack/glance/glance/api/middleware/version_negotiation.py:69}}
May 25 16:17:56.613128 np0000001382 devstack@g-api.service[102138]: DEBUG glance.api.middleware.version_negotiation [None req-7b690e5b-fff0-472a-b76d-a0f45712ae98 tempest-VolumesActionsTest-1554101446 tempest-VolumesActionsTest-1554101446-project-member] new path /v2/images/d1d49d9c-bdb1-41f2-b5d7-88e2f5c033eb {{(pid=102138) process_request /opt/stack/glance/glance/api/middleware/version_negotiation.py:70}}
May 25 16:17:56.625176 np0000001382 devstack@g-api.service[102138]: [pid: 102138|app: 0|req: 115/341] 127.0.0.1 () {40 vars in 838 bytes} [Mon May 25 16:17:56 2026] GET /v2/images/d1d49d9c-bdb1-41f2-b5d7-88e2f5c033eb => generated 650 bytes in 12 msecs (HTTP/1.1 200) 4 headers in 157 bytes (1 switches on core 0)
May 25 16:17:57.285838 np0000001382 devstack@g-api.service[102139]: DEBUG swiftclient [None req-d08ea358-8452-4660-9902-124719e6b7e2 tempest-VolumesActionsTest-1554101446 tempest-VolumesActionsTest-1554101446-project-member] REQ: curl -i https://10.4.3.203:8080/v1/AUTH_e66837cdcb8f49e988e264fa57defbe7/glance/d1d49d9c-bdb1-41f2-b5d7-88e2f5c033eb-00002 -X PUT -H "X-Auth-Token: gAAAAABqFHYxdcAZ..." {{(pid=102139) http_log /opt/stack/data/venv/lib/python3.12/site-packages/swiftclient/client.py:160}}
May 25 16:17:57.285838 np0000001382 devstack@g-api.service[102139]: DEBUG swiftclient [None req-d08ea358-8452-4660-9902-124719e6b7e2 tempest-VolumesActionsTest-1554101446 tempest-VolumesActionsTest-1554101446-project-member] RESP STATUS: 201 Created {{(pid=102139) http_log /opt/stack/data/venv/lib/python3.12/site-packages/swiftclient/client.py:161}}
May 25 16:17:57.285838 np0000001382 devstack@g-api.service[102139]: DEBUG swiftclient [None req-d08ea358-8452-4660-9902-124719e6b7e2 tempest-VolumesActionsTest-1554101446 tempest-VolumesActionsTest-1554101446-project-member] RESP HEADERS: {'Date': 'Mon, 25 May 2026 16:17:57 GMT', 'Server': 'Apache/2.4.58 (Ubuntu)', 'Content-Type': 'text/html; charset=UTF-8', 'Content-Length': '0', 'Etag': 'eda9a9889837ac4bc81d6387d92c1bec', 'Last-Modified': 'Mon, 25 May 2026 16:17:56 GMT', 'X-Trans-Id': 'txefbd9530b8974a19a38e7-006a147633', 'X-Openstack-Request-Id': 'txefbd9530b8974a19a38e7-006a147633', 'Connection': 'close'} {{(pid=102139) http_log /opt/stack/data/venv/lib/python3.12/site-packages/swiftclient/client.py:162}}
May 25 16:17:57.285838 np0000001382 devstack@g-api.service[102139]: DEBUG glance_store._drivers.swift.store [None req-d08ea358-8452-4660-9902-124719e6b7e2 tempest-VolumesActionsTest-1554101446 tempest-VolumesActionsTest-1554101446-project-member] Wrote chunk d1d49d9c-bdb1-41f2-b5d7-88e2f5c033eb-00002 (2/?) of length 204800000 to Swift returning MD5 of content: eda9a9889837ac4bc81d6387d92c1bec {{(pid=102139) add /opt/stack/data/venv/lib/python3.12/site-packages/glance_store/_drivers/swift/store.py:1059}}
May 25 16:17:57.635257 np0000001382 devstack@g-api.service[102140]: DEBUG glance.api.middleware.version_negotiation [None req-9eb6cc47-1767-4503-a1a7-783010ce5492 tempest-VolumesActionsTest-1554101446 tempest-VolumesActionsTest-1554101446-project-member] Determining version of request: GET /v2/images/d1d49d9c-bdb1-41f2-b5d7-88e2f5c033eb Accept: application/json {{(pid=102140) process_request /opt/stack/glance/glance/api/middleware/version_negotiation.py:44}}
May 25 16:17:57.635932 np0000001382 devstack@g-api.service[102140]: DEBUG glance.api.middleware.version_negotiation [None req-9eb6cc47-1767-4503-a1a7-783010ce5492 tempest-VolumesActionsTest-1554101446 tempest-VolumesActionsTest-1554101446-project-member] Using url versioning {{(pid=102140) process_request /opt/stack/glance/glance/api/middleware/version_negotiation.py:57}}
May 25 16:17:57.635932 np0000001382 devstack@g-api.service[102140]: DEBUG glance.api.middleware.version_negotiation [None req-9eb6cc47-1767-4503-a1a7-783010ce5492 tempest-VolumesActionsTest-1554101446 tempest-VolumesActionsTest-1554101446-project-member] Matched version: v2 {{(pid=102140) process_request /opt/stack/glance/glance/api/middleware/version_negotiation.py:69}}
May 25 16:17:57.635932 np0000001382 devstack@g-api.service[102140]: DEBUG glance.api.middleware.version_negotiation [None req-9eb6cc47-1767-4503-a1a7-783010ce5492 tempest-VolumesActionsTest-1554101446 tempest-VolumesActionsTest-1554101446-project-member] new path /v2/images/d1d49d9c-bdb1-41f2-b5d7-88e2f5c033eb {{(pid=102140) process_request /opt/stack/glance/glance/api/middleware/version_negotiation.py:70}}
May 25 16:17:57.655338 np0000001382 devstack@g-api.service[102140]: [pid: 102140|app: 0|req: 117/342] 127.0.0.1 () {40 vars in 838 bytes} [Mon May 25 16:17:57 2026] GET /v2/images/d1d49d9c-bdb1-41f2-b5d7-88e2f5c033eb => generated 650 bytes in 23 msecs (HTTP/1.1 200) 4 headers in 157 bytes (1 switches on core 0)
May 25 16:17:58.248278 np0000001382 devstack@g-api.service[102138]: DEBUG glance.api.middleware.version_negotiation [None req-787cb13b-d1ed-4e0b-9b78-0d206d977dcb tempest-VolumesActionsTest-1554101446 tempest-VolumesActionsTest-1554101446-project-member] Determining version of request: GET /v2/images/02e64629-3b15-4c30-a0f2-a92dd992b758 Accept: */* {{(pid=102138) process_request /opt/stack/glance/glance/api/middleware/version_negotiation.py:44}}
May 25 16:17:58.248741 np0000001382 devstack@g-api.service[102138]: DEBUG glance.api.middleware.version_negotiation [None req-787cb13b-d1ed-4e0b-9b78-0d206d977dcb tempest-VolumesActionsTest-1554101446 tempest-VolumesActionsTest-1554101446-project-member] Using url versioning {{(pid=102138) process_request /opt/stack/glance/glance/api/middleware/version_negotiation.py:57}}
May 25 16:17:58.248741 np0000001382 devstack@g-api.service[102138]: DEBUG glance.api.middleware.version_negotiation [None req-787cb13b-d1ed-4e0b-9b78-0d206d977dcb tempest-VolumesActionsTest-1554101446 tempest-VolumesActionsTest-1554101446-project-member] Matched version: v2 {{(pid=102138) process_request /opt/stack/glance/glance/api/middleware/version_negotiation.py:69}}
May 25 16:17:58.248741 np0000001382 devstack@g-api.service[102138]: DEBUG glance.api.middleware.version_negotiation [None req-787cb13b-d1ed-4e0b-9b78-0d206d977dcb tempest-VolumesActionsTest-1554101446 tempest-VolumesActionsTest-1554101446-project-member] new path /v2/images/02e64629-3b15-4c30-a0f2-a92dd992b758 {{(pid=102138) process_request /opt/stack/glance/glance/api/middleware/version_negotiation.py:70}}
May 25 16:17:58.478714 np0000001382 devstack@g-api.service[102138]: [pid: 102138|app: 0|req: 116/343] 127.0.0.1 () {44 vars in 1115 bytes} [Mon May 25 16:17:58 2026] GET /v2/images/02e64629-3b15-4c30-a0f2-a92dd992b758 => generated 1044 bytes in 229 msecs (HTTP/1.1 200) 4 headers in 158 bytes (1 switches on core 0)
May 25 16:17:58.537422 np0000001382 devstack@g-api.service[102140]: DEBUG glance.api.middleware.version_negotiation [None req-f394a9b3-325e-4044-8eb2-87dfe8d886c8 tempest-VolumesActionsTest-1554101446 tempest-VolumesActionsTest-1554101446-project-member] Determining version of request: GET /v2/schemas/image Accept: */* {{(pid=102140) process_request /opt/stack/glance/glance/api/middleware/version_negotiation.py:44}}
May 25 16:17:58.537685 np0000001382 devstack@g-api.service[102140]: DEBUG glance.api.middleware.version_negotiation [None req-f394a9b3-325e-4044-8eb2-87dfe8d886c8 tempest-VolumesActionsTest-1554101446 tempest-VolumesActionsTest-1554101446-project-member] Using url versioning {{(pid=102140) process_request /opt/stack/glance/glance/api/middleware/version_negotiation.py:57}}
May 25 16:17:58.537887 np0000001382 devstack@g-api.service[102140]: DEBUG glance.api.middleware.version_negotiation [None req-f394a9b3-325e-4044-8eb2-87dfe8d886c8 tempest-VolumesActionsTest-1554101446 tempest-VolumesActionsTest-1554101446-project-member] Matched version: v2 {{(pid=102140) process_request /opt/stack/glance/glance/api/middleware/version_negotiation.py:69}}
May 25 16:17:58.538073 np0000001382 devstack@g-api.service[102140]: DEBUG glance.api.middleware.version_negotiation [None req-f394a9b3-325e-4044-8eb2-87dfe8d886c8 tempest-VolumesActionsTest-1554101446 tempest-VolumesActionsTest-1554101446-project-member] new path /v2/schemas/image {{(pid=102140) process_request /opt/stack/glance/glance/api/middleware/version_negotiation.py:70}}
May 25 16:17:58.544389 np0000001382 devstack@g-api.service[102140]: [pid: 102140|app: 0|req: 118/344] 127.0.0.1 () {44 vars in 1055 bytes} [Mon May 25 16:17:58 2026] GET /v2/schemas/image => generated 6083 bytes in 7 msecs (HTTP/1.1 200) 4 headers in 158 bytes (1 switches on core 0)
May 25 16:17:58.665953 np0000001382 devstack@g-api.service[102138]: DEBUG glance.api.middleware.version_negotiation [None req-d3c91bc9-a49d-46e9-ab5f-bfa1b801fd18 tempest-AttachVolumeMultiAttachTest-1007435748 tempest-AttachVolumeMultiAttachTest-1007435748-project-member] Determining version of request: GET /v2/images/d1d49d9c-bdb1-41f2-b5d7-88e2f5c033eb Accept: application/json {{(pid=102138) process_request /opt/stack/glance/glance/api/middleware/version_negotiation.py:44}}
May 25 16:17:58.666157 np0000001382 devstack@g-api.service[102138]: DEBUG glance.api.middleware.version_negotiation [None req-d3c91bc9-a49d-46e9-ab5f-bfa1b801fd18 tempest-AttachVolumeMultiAttachTest-1007435748 tempest-AttachVolumeMultiAttachTest-1007435748-project-member] Using url versioning {{(pid=102138) process_request /opt/stack/glance/glance/api/middleware/version_negotiation.py:57}}
May 25 16:17:58.666213 np0000001382 devstack@g-api.service[102138]: DEBUG glance.api.middleware.version_negotiation [None req-d3c91bc9-a49d-46e9-ab5f-bfa1b801fd18 tempest-AttachVolumeMultiAttachTest-1007435748 tempest-AttachVolumeMultiAttachTest-1007435748-project-member] Matched version: v2 {{(pid=102138) process_request /opt/stack/glance/glance/api/middleware/version_negotiation.py:69}}
May 25 16:17:58.666338 np0000001382 devstack@g-api.service[102138]: DEBUG glance.api.middleware.version_negotiation [None req-d3c91bc9-a49d-46e9-ab5f-bfa1b801fd18 tempest-AttachVolumeMultiAttachTest-1007435748 tempest-AttachVolumeMultiAttachTest-1007435748-project-member] new path /v2/images/d1d49d9c-bdb1-41f2-b5d7-88e2f5c033eb {{(pid=102138) process_request /opt/stack/glance/glance/api/middleware/version_negotiation.py:70}}
May 25 16:17:58.696138 np0000001382 devstack@g-api.service[102138]: [pid: 102138|app: 0|req: 117/345] 127.0.0.1 () {40 vars in 838 bytes} [Mon May 25 16:17:58 2026] GET /v2/images/d1d49d9c-bdb1-41f2-b5d7-88e2f5c033eb => generated 650 bytes in 31 msecs (HTTP/1.1 200) 4 headers in 157 bytes (1 switches on core 0)
May 25 16:17:59.710142 np0000001382 devstack@g-api.service[102140]: DEBUG glance.api.middleware.version_negotiation [None req-d3c91bc9-a49d-46e9-ab5f-bfa1b801fd18 tempest-AttachVolumeMultiAttachTest-1007435748 tempest-AttachVolumeMultiAttachTest-1007435748-project-member] Determining version of request: GET /v2/images/d1d49d9c-bdb1-41f2-b5d7-88e2f5c033eb Accept: application/json {{(pid=102140) process_request /opt/stack/glance/glance/api/middleware/version_negotiation.py:44}}
May 25 16:17:59.710444 np0000001382 devstack@g-api.service[102140]: DEBUG glance.api.middleware.version_negotiation [None req-d3c91bc9-a49d-46e9-ab5f-bfa1b801fd18 tempest-AttachVolumeMultiAttachTest-1007435748 tempest-AttachVolumeMultiAttachTest-1007435748-project-member] Using url versioning {{(pid=102140) process_request /opt/stack/glance/glance/api/middleware/version_negotiation.py:57}}
May 25 16:17:59.712737 np0000001382 devstack@g-api.service[102140]: DEBUG glance.api.middleware.version_negotiation [None req-d3c91bc9-a49d-46e9-ab5f-bfa1b801fd18 tempest-AttachVolumeMultiAttachTest-1007435748 tempest-AttachVolumeMultiAttachTest-1007435748-project-member] Matched version: v2 {{(pid=102140) process_request /opt/stack/glance/glance/api/middleware/version_negotiation.py:69}}
May 25 16:17:59.712737 np0000001382 devstack@g-api.service[102140]: DEBUG glance.api.middleware.version_negotiation [None req-d3c91bc9-a49d-46e9-ab5f-bfa1b801fd18 tempest-AttachVolumeMultiAttachTest-1007435748 tempest-AttachVolumeMultiAttachTest-1007435748-project-member] new path /v2/images/d1d49d9c-bdb1-41f2-b5d7-88e2f5c033eb {{(pid=102140) process_request /opt/stack/glance/glance/api/middleware/version_negotiation.py:70}}
May 25 16:17:59.722398 np0000001382 devstack@g-api.service[102140]: [pid: 102140|app: 0|req: 119/346] 127.0.0.1 () {40 vars in 838 bytes} [Mon May 25 16:17:59 2026] GET /v2/images/d1d49d9c-bdb1-41f2-b5d7-88e2f5c033eb => generated 650 bytes in 12 msecs (HTTP/1.1 200) 4 headers in 157 bytes (1 switches on core 0)
May 25 16:17:59.848697 np0000001382 devstack@g-api.service[102139]: DEBUG swiftclient [None req-d08ea358-8452-4660-9902-124719e6b7e2 tempest-VolumesActionsTest-1554101446 tempest-VolumesActionsTest-1554101446-project-member] REQ: curl -i https://10.4.3.203:8080/v1/AUTH_e66837cdcb8f49e988e264fa57defbe7/glance/d1d49d9c-bdb1-41f2-b5d7-88e2f5c033eb-00003 -X PUT -H "X-Auth-Token: gAAAAABqFHYxdcAZ..." {{(pid=102139) http_log /opt/stack/data/venv/lib/python3.12/site-packages/swiftclient/client.py:160}}
May 25 16:17:59.849040 np0000001382 devstack@g-api.service[102139]: DEBUG swiftclient [None req-d08ea358-8452-4660-9902-124719e6b7e2 tempest-VolumesActionsTest-1554101446 tempest-VolumesActionsTest-1554101446-project-member] RESP STATUS: 201 Created {{(pid=102139) http_log /opt/stack/data/venv/lib/python3.12/site-packages/swiftclient/client.py:161}}
May 25 16:17:59.849040 np0000001382 devstack@g-api.service[102139]: DEBUG swiftclient [None req-d08ea358-8452-4660-9902-124719e6b7e2 tempest-VolumesActionsTest-1554101446 tempest-VolumesActionsTest-1554101446-project-member] RESP HEADERS: {'Date': 'Mon, 25 May 2026 16:17:59 GMT', 'Server': 'Apache/2.4.58 (Ubuntu)', 'Content-Type': 'text/html; charset=UTF-8', 'Content-Length': '0', 'Etag': 'eda9a9889837ac4bc81d6387d92c1bec', 'Last-Modified': 'Mon, 25 May 2026 16:17:58 GMT', 'X-Trans-Id': 'tx666c989954254b54bb5b8-006a147635', 'X-Openstack-Request-Id': 'tx666c989954254b54bb5b8-006a147635', 'Connection': 'close'} {{(pid=102139) http_log /opt/stack/data/venv/lib/python3.12/site-packages/swiftclient/client.py:162}}
May 25 16:17:59.849040 np0000001382 devstack@g-api.service[102139]: DEBUG glance_store._drivers.swift.store [None req-d08ea358-8452-4660-9902-124719e6b7e2 tempest-VolumesActionsTest-1554101446 tempest-VolumesActionsTest-1554101446-project-member] Wrote chunk d1d49d9c-bdb1-41f2-b5d7-88e2f5c033eb-00003 (3/?) of length 204800000 to Swift returning MD5 of content: eda9a9889837ac4bc81d6387d92c1bec {{(pid=102139) add /opt/stack/data/venv/lib/python3.12/site-packages/glance_store/_drivers/swift/store.py:1059}}
May 25 16:18:00.734439 np0000001382 devstack@g-api.service[102138]: DEBUG glance.api.middleware.version_negotiation [None req-f675eb2c-8872-412d-9312-e09c9fb2925e tempest-VolumesActionsTest-1554101446 tempest-VolumesActionsTest-1554101446-project-member] Determining version of request: GET /v2/images/d1d49d9c-bdb1-41f2-b5d7-88e2f5c033eb Accept: application/json {{(pid=102138) process_request /opt/stack/glance/glance/api/middleware/version_negotiation.py:44}}
May 25 16:18:00.734869 np0000001382 devstack@g-api.service[102138]: DEBUG glance.api.middleware.version_negotiation [None req-f675eb2c-8872-412d-9312-e09c9fb2925e tempest-VolumesActionsTest-1554101446 tempest-VolumesActionsTest-1554101446-project-member] Using url versioning {{(pid=102138) process_request /opt/stack/glance/glance/api/middleware/version_negotiation.py:57}}
May 25 16:18:00.734869 np0000001382 devstack@g-api.service[102138]: DEBUG glance.api.middleware.version_negotiation [None req-f675eb2c-8872-412d-9312-e09c9fb2925e tempest-VolumesActionsTest-1554101446 tempest-VolumesActionsTest-1554101446-project-member] Matched version: v2 {{(pid=102138) process_request /opt/stack/glance/glance/api/middleware/version_negotiation.py:69}}
May 25 16:18:00.734869 np0000001382 devstack@g-api.service[102138]: DEBUG glance.api.middleware.version_negotiation [None req-f675eb2c-8872-412d-9312-e09c9fb2925e tempest-VolumesActionsTest-1554101446 tempest-VolumesActionsTest-1554101446-project-member] new path /v2/images/d1d49d9c-bdb1-41f2-b5d7-88e2f5c033eb {{(pid=102138) process_request /opt/stack/glance/glance/api/middleware/version_negotiation.py:70}}
May 25 16:18:00.747711 np0000001382 devstack@g-api.service[102138]: [pid: 102138|app: 0|req: 118/347] 127.0.0.1 () {40 vars in 838 bytes} [Mon May 25 16:18:00 2026] GET /v2/images/d1d49d9c-bdb1-41f2-b5d7-88e2f5c033eb => generated 650 bytes in 13 msecs (HTTP/1.1 200) 4 headers in 157 bytes (1 switches on core 0)
May 25 16:18:01.759867 np0000001382 devstack@g-api.service[102140]: DEBUG glance.api.middleware.version_negotiation [None req-3df14c90-55b9-4152-b3f7-815db3dcd121 tempest-VolumesActionsTest-1554101446 tempest-VolumesActionsTest-1554101446-project-member] Determining version of request: GET /v2/images/d1d49d9c-bdb1-41f2-b5d7-88e2f5c033eb Accept: application/json {{(pid=102140) process_request /opt/stack/glance/glance/api/middleware/version_negotiation.py:44}}
May 25 16:18:01.760355 np0000001382 devstack@g-api.service[102140]: DEBUG glance.api.middleware.version_negotiation [None req-3df14c90-55b9-4152-b3f7-815db3dcd121 tempest-VolumesActionsTest-1554101446 tempest-VolumesActionsTest-1554101446-project-member] Using url versioning {{(pid=102140) process_request /opt/stack/glance/glance/api/middleware/version_negotiation.py:57}}
May 25 16:18:01.760355 np0000001382 devstack@g-api.service[102140]: DEBUG glance.api.middleware.version_negotiation [None req-3df14c90-55b9-4152-b3f7-815db3dcd121 tempest-VolumesActionsTest-1554101446 tempest-VolumesActionsTest-1554101446-project-member] Matched version: v2 {{(pid=102140) process_request /opt/stack/glance/glance/api/middleware/version_negotiation.py:69}}
May 25 16:18:01.760355 np0000001382 devstack@g-api.service[102140]: DEBUG glance.api.middleware.version_negotiation [None req-3df14c90-55b9-4152-b3f7-815db3dcd121 tempest-VolumesActionsTest-1554101446 tempest-VolumesActionsTest-1554101446-project-member] new path /v2/images/d1d49d9c-bdb1-41f2-b5d7-88e2f5c033eb {{(pid=102140) process_request /opt/stack/glance/glance/api/middleware/version_negotiation.py:70}}
May 25 16:18:01.792762 np0000001382 devstack@g-api.service[102140]: [pid: 102140|app: 0|req: 120/348] 127.0.0.1 () {40 vars in 838 bytes} [Mon May 25 16:18:01 2026] GET /v2/images/d1d49d9c-bdb1-41f2-b5d7-88e2f5c033eb => generated 650 bytes in 33 msecs (HTTP/1.1 200) 4 headers in 157 bytes (1 switches on core 0)
May 25 16:18:02.446200 np0000001382 devstack@g-api.service[102139]: DEBUG swiftclient [None req-d08ea358-8452-4660-9902-124719e6b7e2 tempest-VolumesActionsTest-1554101446 tempest-VolumesActionsTest-1554101446-project-member] REQ: curl -i https://10.4.3.203:8080/v1/AUTH_e66837cdcb8f49e988e264fa57defbe7/glance/d1d49d9c-bdb1-41f2-b5d7-88e2f5c033eb-00004 -X PUT -H "X-Auth-Token: gAAAAABqFHYxdcAZ..." {{(pid=102139) http_log /opt/stack/data/venv/lib/python3.12/site-packages/swiftclient/client.py:160}}
May 25 16:18:02.446572 np0000001382 devstack@g-api.service[102139]: DEBUG swiftclient [None req-d08ea358-8452-4660-9902-124719e6b7e2 tempest-VolumesActionsTest-1554101446 tempest-VolumesActionsTest-1554101446-project-member] RESP STATUS: 201 Created {{(pid=102139) http_log /opt/stack/data/venv/lib/python3.12/site-packages/swiftclient/client.py:161}}
May 25 16:18:02.446572 np0000001382 devstack@g-api.service[102139]: DEBUG swiftclient [None req-d08ea358-8452-4660-9902-124719e6b7e2 tempest-VolumesActionsTest-1554101446 tempest-VolumesActionsTest-1554101446-project-member] RESP HEADERS: {'Date': 'Mon, 25 May 2026 16:18:02 GMT', 'Server': 'Apache/2.4.58 (Ubuntu)', 'Content-Type': 'text/html; charset=UTF-8', 'Content-Length': '0', 'Etag': 'eda9a9889837ac4bc81d6387d92c1bec', 'Last-Modified': 'Mon, 25 May 2026 16:18:00 GMT', 'X-Trans-Id': 'tx342d020964374b58a0527-006a147637', 'X-Openstack-Request-Id': 'tx342d020964374b58a0527-006a147637', 'Connection': 'close'} {{(pid=102139) http_log /opt/stack/data/venv/lib/python3.12/site-packages/swiftclient/client.py:162}}
May 25 16:18:02.447263 np0000001382 devstack@g-api.service[102139]: DEBUG glance_store._drivers.swift.store [None req-d08ea358-8452-4660-9902-124719e6b7e2 tempest-VolumesActionsTest-1554101446 tempest-VolumesActionsTest-1554101446-project-member] Wrote chunk d1d49d9c-bdb1-41f2-b5d7-88e2f5c033eb-00004 (4/?) of length 204800000 to Swift returning MD5 of content: eda9a9889837ac4bc81d6387d92c1bec {{(pid=102139) add /opt/stack/data/venv/lib/python3.12/site-packages/glance_store/_drivers/swift/store.py:1059}}
May 25 16:18:02.810381 np0000001382 devstack@g-api.service[102138]: DEBUG glance.api.middleware.version_negotiation [None req-0bacf132-7e80-4a6d-83ed-94c31feab4e2 tempest-VolumesActionsTest-1554101446 tempest-VolumesActionsTest-1554101446-project-member] Determining version of request: GET /v2/images/d1d49d9c-bdb1-41f2-b5d7-88e2f5c033eb Accept: application/json {{(pid=102138) process_request /opt/stack/glance/glance/api/middleware/version_negotiation.py:44}}
May 25 16:18:02.810868 np0000001382 devstack@g-api.service[102138]: DEBUG glance.api.middleware.version_negotiation [None req-0bacf132-7e80-4a6d-83ed-94c31feab4e2 tempest-VolumesActionsTest-1554101446 tempest-VolumesActionsTest-1554101446-project-member] Using url versioning {{(pid=102138) process_request /opt/stack/glance/glance/api/middleware/version_negotiation.py:57}}
May 25 16:18:02.810868 np0000001382 devstack@g-api.service[102138]: DEBUG glance.api.middleware.version_negotiation [None req-0bacf132-7e80-4a6d-83ed-94c31feab4e2 tempest-VolumesActionsTest-1554101446 tempest-VolumesActionsTest-1554101446-project-member] Matched version: v2 {{(pid=102138) process_request /opt/stack/glance/glance/api/middleware/version_negotiation.py:69}}
May 25 16:18:02.810868 np0000001382 devstack@g-api.service[102138]: DEBUG glance.api.middleware.version_negotiation [None req-0bacf132-7e80-4a6d-83ed-94c31feab4e2 tempest-VolumesActionsTest-1554101446 tempest-VolumesActionsTest-1554101446-project-member] new path /v2/images/d1d49d9c-bdb1-41f2-b5d7-88e2f5c033eb {{(pid=102138) process_request /opt/stack/glance/glance/api/middleware/version_negotiation.py:70}}
May 25 16:18:02.835505 np0000001382 devstack@g-api.service[102138]: [pid: 102138|app: 0|req: 119/349] 127.0.0.1 () {40 vars in 838 bytes} [Mon May 25 16:18:02 2026] GET /v2/images/d1d49d9c-bdb1-41f2-b5d7-88e2f5c033eb => generated 650 bytes in 25 msecs (HTTP/1.1 200) 4 headers in 157 bytes (1 switches on core 0)
May 25 16:18:02.969401 np0000001382 devstack@g-api.service[102139]: DEBUG dbcounter [-] [102139] Writing DB stats glance:SELECT=16,glance:INSERT=1,glance:UPDATE=1 {{(pid=102139) stat_writer /opt/stack/data/venv/lib/python3.12/site-packages/dbcounter.py:115}}
May 25 16:18:02.995478 np0000001382 devstack@g-api.service[102140]: DEBUG glance.api.middleware.version_negotiation [None req-03ae4446-ccf7-43d5-b308-f98a5ba13b39 tempest-VolumesActionsTest-1554101446 tempest-VolumesActionsTest-1554101446-project-member] Determining version of request: PATCH /v2/images/07c6eddb-6c6d-49c2-9deb-cb7ab5aaf16b Accept: {{(pid=102140) process_request /opt/stack/glance/glance/api/middleware/version_negotiation.py:44}}
May 25 16:18:02.995478 np0000001382 devstack@g-api.service[102140]: DEBUG glance.api.middleware.version_negotiation [None req-03ae4446-ccf7-43d5-b308-f98a5ba13b39 tempest-VolumesActionsTest-1554101446 tempest-VolumesActionsTest-1554101446-project-member] Using url versioning {{(pid=102140) process_request /opt/stack/glance/glance/api/middleware/version_negotiation.py:57}}
May 25 16:18:02.995796 np0000001382 devstack@g-api.service[102140]: DEBUG glance.api.middleware.version_negotiation [None req-03ae4446-ccf7-43d5-b308-f98a5ba13b39 tempest-VolumesActionsTest-1554101446 tempest-VolumesActionsTest-1554101446-project-member] Matched version: v2 {{(pid=102140) process_request /opt/stack/glance/glance/api/middleware/version_negotiation.py:69}}
May 25 16:18:02.995796 np0000001382 devstack@g-api.service[102140]: DEBUG glance.api.middleware.version_negotiation [None req-03ae4446-ccf7-43d5-b308-f98a5ba13b39 tempest-VolumesActionsTest-1554101446 tempest-VolumesActionsTest-1554101446-project-member] new path /v2/images/07c6eddb-6c6d-49c2-9deb-cb7ab5aaf16b {{(pid=102140) process_request /opt/stack/glance/glance/api/middleware/version_negotiation.py:70}}
