Aug 14 06:04:31.546549 np0000007331 nova-conductor[99171]: DEBUG cotyledon.oslo_config_glue [-] workarounds.disable_libvirt_livesnapshot = False {{(pid=99171) log_opt_values /opt/stack/data/venv/lib/python3.12/site-packages/oslo_config/cfg.py:3560}}
Aug 14 06:04:31.546549 np0000007331 nova-conductor[99171]: DEBUG cotyledon.oslo_config_glue [-] workarounds.disable_rootwrap = False {{(pid=99171) log_opt_values /opt/stack/data/venv/lib/python3.12/site-packages/oslo_config/cfg.py:3560}}
Aug 14 06:04:31.546549 np0000007331 nova-conductor[99171]: DEBUG cotyledon.oslo_config_glue [-] workarounds.enable_numa_live_migration = False {{(pid=99171) log_opt_values /opt/stack/data/venv/lib/python3.12/site-packages/oslo_config/cfg.py:3560}}
Aug 14 06:04:31.546549 np0000007331 nova-conductor[99171]: DEBUG cotyledon.oslo_config_glue [-] workarounds.enable_qemu_monitor_announce_self = False {{(pid=99171) log_opt_values /opt/stack/data/venv/lib/python3.12/site-packages/oslo_config/cfg.py:3560}}
Aug 14 06:04:31.546549 np0000007331 nova-conductor[99171]: DEBUG cotyledon.oslo_config_glue [-] workarounds.ensure_libvirt_rbd_instance_dir_cleanup = False {{(pid=99171) log_opt_values /opt/stack/data/venv/lib/python3.12/site-packages/oslo_config/cfg.py:3560}}
Aug 14 06:04:31.546897 np0000007331 nova-conductor[99171]: DEBUG cotyledon.oslo_config_glue [-] workarounds.handle_virt_lifecycle_events = True {{(pid=99171) log_opt_values /opt/stack/data/venv/lib/python3.12/site-packages/oslo_config/cfg.py:3560}}
Aug 14 06:04:31.546897 np0000007331 nova-conductor[99171]: DEBUG cotyledon.oslo_config_glue [-] workarounds.libvirt_disable_apic = False {{(pid=99171) log_opt_values /opt/stack/data/venv/lib/python3.12/site-packages/oslo_config/cfg.py:3560}}
Aug 14 06:04:31.546897 np0000007331 nova-conductor[99171]: DEBUG cotyledon.oslo_config_glue [-] workarounds.never_download_image_if_on_rbd = False {{(pid=99171) log_opt_values /opt/stack/data/venv/lib/python3.12/site-packages/oslo_config/cfg.py:3560}}
Aug 14 06:04:31.546897 np0000007331 nova-conductor[99171]: DEBUG cotyledon.oslo_config_glue [-] workarounds.qemu_monitor_announce_self_count = 3 {{(pid=99171) log_opt_values /opt/stack/data/venv/lib/python3.12/site-packages/oslo_config/cfg.py:3560}}
Aug 14 06:04:31.546897 np0000007331 nova-conductor[99171]: DEBUG cotyledon.oslo_config_glue [-] workarounds.qemu_monitor_announce_self_interval = 1 {{(pid=99171) log_opt_values /opt/stack/data/venv/lib/python3.12/site-packages/oslo_config/cfg.py:3560}}
Aug 14 06:04:31.546897 np0000007331 nova-conductor[99171]: DEBUG cotyledon.oslo_config_glue [-] workarounds.reserve_disk_resource_for_image_cache = False {{(pid=99171) log_opt_values /opt/stack/data/venv/lib/python3.12/site-packages/oslo_config/cfg.py:3560}}
Aug 14 06:04:31.546897 np0000007331 nova-conductor[99171]: DEBUG cotyledon.oslo_config_glue [-] workarounds.skip_cpu_compare_at_startup = False {{(pid=99171) log_opt_values /opt/stack/data/venv/lib/python3.12/site-packages/oslo_config/cfg.py:3560}}
Aug 14 06:04:31.546897 np0000007331 nova-conductor[99171]: DEBUG cotyledon.oslo_config_glue [-] workarounds.skip_cpu_compare_on_dest = False {{(pid=99171) log_opt_values /opt/stack/data/venv/lib/python3.12/site-packages/oslo_config/cfg.py:3560}}
Aug 14 06:04:31.546897 np0000007331 nova-conductor[99171]: DEBUG cotyledon.oslo_config_glue [-] workarounds.skip_hypervisor_version_check_on_lm = False {{(pid=99171) log_opt_values /opt/stack/data/venv/lib/python3.12/site-packages/oslo_config/cfg.py:3560}}
Aug 14 06:04:31.547213 np0000007331 nova-conductor[99171]: DEBUG cotyledon.oslo_config_glue [-] workarounds.skip_reserve_in_use_ironic_nodes = False {{(pid=99171) log_opt_values /opt/stack/data/venv/lib/python3.12/site-packages/oslo_config/cfg.py:3560}}
Aug 14 06:04:31.547213 np0000007331 nova-conductor[99171]: DEBUG cotyledon.oslo_config_glue [-] workarounds.unified_limits_count_pcpu_as_vcpu = False {{(pid=99171) log_opt_values /opt/stack/data/venv/lib/python3.12/site-packages/oslo_config/cfg.py:3560}}
Aug 14 06:04:31.547213 np0000007331 nova-conductor[99171]: DEBUG cotyledon.oslo_config_glue [-] workarounds.wait_for_vif_plugged_event_during_hard_reboot = [] {{(pid=99171) log_opt_values /opt/stack/data/venv/lib/python3.12/site-packages/oslo_config/cfg.py:3560}}
Aug 14 06:04:31.547213 np0000007331 nova-conductor[99171]: DEBUG cotyledon.oslo_config_glue [-] wsgi.api_paste_config = /etc/nova/api-paste.ini {{(pid=99171) log_opt_values /opt/stack/data/venv/lib/python3.12/site-packages/oslo_config/cfg.py:3560}}
Aug 14 06:04:31.547213 np0000007331 nova-conductor[99171]: DEBUG cotyledon.oslo_config_glue [-] wsgi.secure_proxy_ssl_header = None {{(pid=99171) log_opt_values /opt/stack/data/venv/lib/python3.12/site-packages/oslo_config/cfg.py:3560}}
Aug 14 06:04:31.547213 np0000007331 nova-conductor[99171]: DEBUG cotyledon.oslo_config_glue [-] zvm.ca_file = None {{(pid=99171) log_opt_values /opt/stack/data/venv/lib/python3.12/site-packages/oslo_config/cfg.py:3560}}
Aug 14 06:04:31.547213 np0000007331 nova-conductor[99171]: DEBUG cotyledon.oslo_config_glue [-] zvm.cloud_connector_url = None {{(pid=99171) log_opt_values /opt/stack/data/venv/lib/python3.12/site-packages/oslo_config/cfg.py:3560}}
Aug 14 06:04:31.547213 np0000007331 nova-conductor[99171]: DEBUG cotyledon.oslo_config_glue [-] zvm.image_tmp_path = /opt/stack/data/nova/images {{(pid=99171) log_opt_values /opt/stack/data/venv/lib/python3.12/site-packages/oslo_config/cfg.py:3560}}
Aug 14 06:04:31.547213 np0000007331 nova-conductor[99171]: DEBUG cotyledon.oslo_config_glue [-] zvm.reachable_timeout = 300 {{(pid=99171) log_opt_values /opt/stack/data/venv/lib/python3.12/site-packages/oslo_config/cfg.py:3560}}
Aug 14 06:04:31.547493 np0000007331 nova-conductor[99171]: DEBUG cotyledon.oslo_config_glue [-] oslo_versionedobjects.fatal_exception_format_errors = False {{(pid=99171) log_opt_values /opt/stack/data/venv/lib/python3.12/site-packages/oslo_config/cfg.py:3560}}
Aug 14 06:04:31.547493 np0000007331 nova-conductor[99171]: DEBUG cotyledon.oslo_config_glue [-] oslo_middleware.http_basic_auth_user_file = /etc/htpasswd {{(pid=99171) log_opt_values /opt/stack/data/venv/lib/python3.12/site-packages/oslo_config/cfg.py:3560}}
Aug 14 06:04:31.547493 np0000007331 nova-conductor[99171]: DEBUG cotyledon.oslo_config_glue [-] profiler.connection_string = messaging:// {{(pid=99171) log_opt_values /opt/stack/data/venv/lib/python3.12/site-packages/oslo_config/cfg.py:3560}}
Aug 14 06:04:31.547493 np0000007331 nova-conductor[99171]: DEBUG cotyledon.oslo_config_glue [-] profiler.enabled = False {{(pid=99171) log_opt_values /opt/stack/data/venv/lib/python3.12/site-packages/oslo_config/cfg.py:3560}}
Aug 14 06:04:31.547493 np0000007331 nova-conductor[99171]: DEBUG cotyledon.oslo_config_glue [-] profiler.es_doc_type = notification {{(pid=99171) log_opt_values /opt/stack/data/venv/lib/python3.12/site-packages/oslo_config/cfg.py:3560}}
Aug 14 06:04:31.547493 np0000007331 nova-conductor[99171]: DEBUG cotyledon.oslo_config_glue [-] profiler.es_scroll_size = 10000 {{(pid=99171) log_opt_values /opt/stack/data/venv/lib/python3.12/site-packages/oslo_config/cfg.py:3560}}
Aug 14 06:04:31.547493 np0000007331 nova-conductor[99171]: DEBUG cotyledon.oslo_config_glue [-] profiler.es_scroll_time = 2m {{(pid=99171) log_opt_values /opt/stack/data/venv/lib/python3.12/site-packages/oslo_config/cfg.py:3560}}
Aug 14 06:04:31.547493 np0000007331 nova-conductor[99171]: DEBUG cotyledon.oslo_config_glue [-] profiler.filter_error_trace = False {{(pid=99171) log_opt_values /opt/stack/data/venv/lib/python3.12/site-packages/oslo_config/cfg.py:3560}}
Aug 14 06:04:31.547493 np0000007331 nova-conductor[99171]: DEBUG cotyledon.oslo_config_glue [-] profiler.hmac_keys = **** {{(pid=99171) log_opt_values /opt/stack/data/venv/lib/python3.12/site-packages/oslo_config/cfg.py:3560}}
Aug 14 06:04:31.547839 np0000007331 nova-conductor[99171]: DEBUG cotyledon.oslo_config_glue [-] profiler.sentinel_service_name = mymaster {{(pid=99171) log_opt_values /opt/stack/data/venv/lib/python3.12/site-packages/oslo_config/cfg.py:3560}}
Aug 14 06:04:31.547839 np0000007331 nova-conductor[99171]: DEBUG cotyledon.oslo_config_glue [-] profiler.socket_timeout = 0.1 {{(pid=99171) log_opt_values /opt/stack/data/venv/lib/python3.12/site-packages/oslo_config/cfg.py:3560}}
Aug 14 06:04:31.547839 np0000007331 nova-conductor[99171]: DEBUG cotyledon.oslo_config_glue [-] profiler.trace_requests = False {{(pid=99171) log_opt_values /opt/stack/data/venv/lib/python3.12/site-packages/oslo_config/cfg.py:3560}}
Aug 14 06:04:31.547839 np0000007331 nova-conductor[99171]: DEBUG cotyledon.oslo_config_glue [-] profiler.trace_sqlalchemy = False {{(pid=99171) log_opt_values /opt/stack/data/venv/lib/python3.12/site-packages/oslo_config/cfg.py:3560}}
Aug 14 06:04:31.547839 np0000007331 nova-conductor[99171]: DEBUG cotyledon.oslo_config_glue [-] profiler_jaeger.process_tags = {} {{(pid=99171) log_opt_values /opt/stack/data/venv/lib/python3.12/site-packages/oslo_config/cfg.py:3560}}
Aug 14 06:04:31.547839 np0000007331 nova-conductor[99171]: DEBUG cotyledon.oslo_config_glue [-] profiler_jaeger.service_name_prefix = None {{(pid=99171) log_opt_values /opt/stack/data/venv/lib/python3.12/site-packages/oslo_config/cfg.py:3560}}
Aug 14 06:04:31.547839 np0000007331 nova-conductor[99171]: DEBUG cotyledon.oslo_config_glue [-] profiler_otlp.service_name_prefix = None {{(pid=99171) log_opt_values /opt/stack/data/venv/lib/python3.12/site-packages/oslo_config/cfg.py:3560}}
Aug 14 06:04:31.547839 np0000007331 nova-conductor[99171]: DEBUG cotyledon.oslo_config_glue [-] oslo_messaging_rabbit.amqp_auto_delete = False {{(pid=99171) log_opt_values /opt/stack/data/venv/lib/python3.12/site-packages/oslo_config/cfg.py:3560}}
Aug 14 06:04:31.547839 np0000007331 nova-conductor[99171]: DEBUG cotyledon.oslo_config_glue [-] oslo_messaging_rabbit.amqp_durable_queues = False {{(pid=99171) log_opt_values /opt/stack/data/venv/lib/python3.12/site-packages/oslo_config/cfg.py:3560}}
Aug 14 06:04:31.548161 np0000007331 nova-conductor[99171]: DEBUG cotyledon.oslo_config_glue [-] oslo_messaging_rabbit.conn_pool_min_size = 2 {{(pid=99171) log_opt_values /opt/stack/data/venv/lib/python3.12/site-packages/oslo_config/cfg.py:3560}}
Aug 14 06:04:31.548161 np0000007331 nova-conductor[99171]: DEBUG cotyledon.oslo_config_glue [-] oslo_messaging_rabbit.conn_pool_ttl = 1200 {{(pid=99171) log_opt_values /opt/stack/data/venv/lib/python3.12/site-packages/oslo_config/cfg.py:3560}}
Aug 14 06:04:31.548161 np0000007331 nova-conductor[99171]: DEBUG cotyledon.oslo_config_glue [-] oslo_messaging_rabbit.direct_mandatory_flag = True {{(pid=99171) log_opt_values /opt/stack/data/venv/lib/python3.12/site-packages/oslo_config/cfg.py:3560}}
Aug 14 06:04:31.548161 np0000007331 nova-conductor[99171]: DEBUG cotyledon.oslo_config_glue [-] oslo_messaging_rabbit.enable_cancel_on_failover = False {{(pid=99171) log_opt_values /opt/stack/data/venv/lib/python3.12/site-packages/oslo_config/cfg.py:3560}}
Aug 14 06:04:31.548161 np0000007331 nova-conductor[99171]: DEBUG cotyledon.oslo_config_glue [-] oslo_messaging_rabbit.heartbeat_rate = 3 {{(pid=99171) log_opt_values /opt/stack/data/venv/lib/python3.12/site-packages/oslo_config/cfg.py:3560}}
Aug 14 06:04:31.548161 np0000007331 nova-conductor[99171]: DEBUG cotyledon.oslo_config_glue [-] oslo_messaging_rabbit.heartbeat_timeout_threshold = 60 {{(pid=99171) log_opt_values /opt/stack/data/venv/lib/python3.12/site-packages/oslo_config/cfg.py:3560}}
Aug 14 06:04:31.548161 np0000007331 nova-conductor[99171]: DEBUG cotyledon.oslo_config_glue [-] oslo_messaging_rabbit.hostname = np0000007331 {{(pid=99171) log_opt_values /opt/stack/data/venv/lib/python3.12/site-packages/oslo_config/cfg.py:3560}}
Aug 14 06:04:31.548161 np0000007331 nova-conductor[99171]: DEBUG cotyledon.oslo_config_glue [-] oslo_messaging_rabbit.kombu_compression = None {{(pid=99171) log_opt_values /opt/stack/data/venv/lib/python3.12/site-packages/oslo_config/cfg.py:3560}}
Aug 14 06:04:31.548161 np0000007331 nova-conductor[99171]: DEBUG cotyledon.oslo_config_glue [-] oslo_messaging_rabbit.kombu_failover_strategy = round-robin {{(pid=99171) log_opt_values /opt/stack/data/venv/lib/python3.12/site-packages/oslo_config/cfg.py:3560}}
Aug 14 06:04:31.549362 np0000007331 nova-conductor[99171]: DEBUG cotyledon.oslo_config_glue [-] oslo_messaging_rabbit.kombu_missing_consumer_retry_timeout = 60 {{(pid=99171) log_opt_values /opt/stack/data/venv/lib/python3.12/site-packages/oslo_config/cfg.py:3560}}
Aug 14 06:04:31.549362 np0000007331 nova-conductor[99171]: DEBUG cotyledon.oslo_config_glue [-] oslo_messaging_rabbit.kombu_reconnect_delay = 1.0 {{(pid=99171) log_opt_values /opt/stack/data/venv/lib/python3.12/site-packages/oslo_config/cfg.py:3560}}
Aug 14 06:04:31.549362 np0000007331 nova-conductor[99171]: DEBUG cotyledon.oslo_config_glue [-] oslo_messaging_rabbit.kombu_reconnect_splay = 0.0 {{(pid=99171) log_opt_values /opt/stack/data/venv/lib/python3.12/site-packages/oslo_config/cfg.py:3560}}
Aug 14 06:04:31.549362 np0000007331 nova-conductor[99171]: DEBUG cotyledon.oslo_config_glue [-] oslo_messaging_rabbit.processname = nova-conductor {{(pid=99171) log_opt_values /opt/stack/data/venv/lib/python3.12/site-packages/oslo_config/cfg.py:3560}}
Aug 14 06:04:31.549362 np0000007331 nova-conductor[99171]: DEBUG cotyledon.oslo_config_glue [-] oslo_messaging_rabbit.rabbit_ha_queues = False {{(pid=99171) log_opt_values /opt/stack/data/venv/lib/python3.12/site-packages/oslo_config/cfg.py:3560}}
Aug 14 06:04:31.549362 np0000007331 nova-conductor[99171]: DEBUG cotyledon.oslo_config_glue [-] oslo_messaging_rabbit.rabbit_interval_max = 30 {{(pid=99171) log_opt_values /opt/stack/data/venv/lib/python3.12/site-packages/oslo_config/cfg.py:3560}}
Aug 14 06:04:31.549362 np0000007331 nova-conductor[99171]: DEBUG cotyledon.oslo_config_glue [-] oslo_messaging_rabbit.rabbit_login_method = AMQPLAIN {{(pid=99171) log_opt_values /opt/stack/data/venv/lib/python3.12/site-packages/oslo_config/cfg.py:3560}}
Aug 14 06:04:31.549362 np0000007331 nova-conductor[99171]: DEBUG cotyledon.oslo_config_glue [-] oslo_messaging_rabbit.rabbit_qos_prefetch_count = 0 {{(pid=99171) log_opt_values /opt/stack/data/venv/lib/python3.12/site-packages/oslo_config/cfg.py:3560}}
Aug 14 06:04:31.549362 np0000007331 nova-conductor[99171]: DEBUG cotyledon.oslo_config_glue [-] oslo_messaging_rabbit.rabbit_quorum_delivery_limit = 0 {{(pid=99171) log_opt_values /opt/stack/data/venv/lib/python3.12/site-packages/oslo_config/cfg.py:3560}}
Aug 14 06:04:31.549716 np0000007331 nova-conductor[99171]: DEBUG cotyledon.oslo_config_glue [-] oslo_messaging_rabbit.rabbit_quorum_max_memory_bytes = 0 {{(pid=99171) log_opt_values /opt/stack/data/venv/lib/python3.12/site-packages/oslo_config/cfg.py:3560}}
Aug 14 06:04:31.549716 np0000007331 nova-conductor[99171]: DEBUG cotyledon.oslo_config_glue [-] oslo_messaging_rabbit.rabbit_quorum_max_memory_length = 0 {{(pid=99171) log_opt_values /opt/stack/data/venv/lib/python3.12/site-packages/oslo_config/cfg.py:3560}}
Aug 14 06:04:31.549790 np0000007331 nova-conductor[99167]: INFO dbcounter [None req-a93badd8-5854-40cf-88ab-204490d6f519 None None] Registered counter for database nova_cell0
Aug 14 06:04:31.549861 np0000007331 nova-conductor[99171]: DEBUG cotyledon.oslo_config_glue [-] oslo_messaging_rabbit.rabbit_quorum_queue = False {{(pid=99171) log_opt_values /opt/stack/data/venv/lib/python3.12/site-packages/oslo_config/cfg.py:3560}}
Aug 14 06:04:31.549861 np0000007331 nova-conductor[99171]: DEBUG cotyledon.oslo_config_glue [-] oslo_messaging_rabbit.rabbit_retry_backoff = 2 {{(pid=99171) log_opt_values /opt/stack/data/venv/lib/python3.12/site-packages/oslo_config/cfg.py:3560}}
Aug 14 06:04:31.549861 np0000007331 nova-conductor[99171]: DEBUG cotyledon.oslo_config_glue [-] oslo_messaging_rabbit.rabbit_retry_interval = 1 {{(pid=99171) log_opt_values /opt/stack/data/venv/lib/python3.12/site-packages/oslo_config/cfg.py:3560}}
Aug 14 06:04:31.549861 np0000007331 nova-conductor[99171]: DEBUG cotyledon.oslo_config_glue [-] oslo_messaging_rabbit.rabbit_stream_fanout = False {{(pid=99171) log_opt_values /opt/stack/data/venv/lib/python3.12/site-packages/oslo_config/cfg.py:3560}}
Aug 14 06:04:31.549861 np0000007331 nova-conductor[99171]: DEBUG cotyledon.oslo_config_glue [-] oslo_messaging_rabbit.rabbit_transient_queues_ttl = 1800 {{(pid=99171) log_opt_values /opt/stack/data/venv/lib/python3.12/site-packages/oslo_config/cfg.py:3560}}
Aug 14 06:04:31.549861 np0000007331 nova-conductor[99171]: DEBUG cotyledon.oslo_config_glue [-] oslo_messaging_rabbit.rabbit_transient_quorum_queue = False {{(pid=99171) log_opt_values /opt/stack/data/venv/lib/python3.12/site-packages/oslo_config/cfg.py:3560}}
Aug 14 06:04:31.549861 np0000007331 nova-conductor[99171]: DEBUG cotyledon.oslo_config_glue [-] oslo_messaging_rabbit.rpc_conn_pool_size = 30 {{(pid=99171) log_opt_values /opt/stack/data/venv/lib/python3.12/site-packages/oslo_config/cfg.py:3560}}
Aug 14 06:04:31.549861 np0000007331 nova-conductor[99171]: DEBUG cotyledon.oslo_config_glue [-] oslo_messaging_rabbit.ssl = False {{(pid=99171) log_opt_values /opt/stack/data/venv/lib/python3.12/site-packages/oslo_config/cfg.py:3560}}
Aug 14 06:04:31.549861 np0000007331 nova-conductor[99171]: DEBUG cotyledon.oslo_config_glue [-] oslo_messaging_rabbit.ssl_ca_file = {{(pid=99171) log_opt_values /opt/stack/data/venv/lib/python3.12/site-packages/oslo_config/cfg.py:3560}}
Aug 14 06:04:31.550167 np0000007331 nova-conductor[99171]: DEBUG cotyledon.oslo_config_glue [-] oslo_messaging_rabbit.ssl_cert_file = {{(pid=99171) log_opt_values /opt/stack/data/venv/lib/python3.12/site-packages/oslo_config/cfg.py:3560}}
Aug 14 06:04:31.550167 np0000007331 nova-conductor[99171]: DEBUG cotyledon.oslo_config_glue [-] oslo_messaging_rabbit.ssl_enforce_fips_mode = False {{(pid=99171) log_opt_values /opt/stack/data/venv/lib/python3.12/site-packages/oslo_config/cfg.py:3560}}
Aug 14 06:04:31.550167 np0000007331 nova-conductor[99171]: DEBUG cotyledon.oslo_config_glue [-] oslo_messaging_rabbit.ssl_enforce_hostname_verification = True {{(pid=99171) log_opt_values /opt/stack/data/venv/lib/python3.12/site-packages/oslo_config/cfg.py:3560}}
Aug 14 06:04:31.550167 np0000007331 nova-conductor[99171]: DEBUG cotyledon.oslo_config_glue [-] oslo_messaging_rabbit.ssl_key_file = {{(pid=99171) log_opt_values /opt/stack/data/venv/lib/python3.12/site-packages/oslo_config/cfg.py:3560}}
Aug 14 06:04:31.550167 np0000007331 nova-conductor[99171]: DEBUG cotyledon.oslo_config_glue [-] oslo_messaging_rabbit.ssl_version = {{(pid=99171) log_opt_values /opt/stack/data/venv/lib/python3.12/site-packages/oslo_config/cfg.py:3560}}
Aug 14 06:04:31.550167 np0000007331 nova-conductor[99171]: DEBUG cotyledon.oslo_config_glue [-] oslo_messaging_rabbit.use_queue_manager = False {{(pid=99171) log_opt_values /opt/stack/data/venv/lib/python3.12/site-packages/oslo_config/cfg.py:3560}}
Aug 14 06:04:31.550167 np0000007331 nova-conductor[99171]: DEBUG cotyledon.oslo_config_glue [-] oslo_messaging_notifications.driver = ['messagingv2'] {{(pid=99171) log_opt_values /opt/stack/data/venv/lib/python3.12/site-packages/oslo_config/cfg.py:3560}}
Aug 14 06:04:31.550167 np0000007331 nova-conductor[99171]: DEBUG cotyledon.oslo_config_glue [-] oslo_messaging_notifications.retry = -1 {{(pid=99171) log_opt_values /opt/stack/data/venv/lib/python3.12/site-packages/oslo_config/cfg.py:3560}}
Aug 14 06:04:31.550167 np0000007331 nova-conductor[99171]: DEBUG cotyledon.oslo_config_glue [-] oslo_messaging_notifications.topics = ['notifications'] {{(pid=99171) log_opt_values /opt/stack/data/venv/lib/python3.12/site-packages/oslo_config/cfg.py:3560}}
Aug 14 06:04:31.550455 np0000007331 nova-conductor[99171]: DEBUG cotyledon.oslo_config_glue [-] oslo_messaging_notifications.transport_url = **** {{(pid=99171) log_opt_values /opt/stack/data/venv/lib/python3.12/site-packages/oslo_config/cfg.py:3560}}
Aug 14 06:04:31.550455 np0000007331 nova-conductor[99171]: DEBUG cotyledon.oslo_config_glue [-] oslo_limit.auth_section = None {{(pid=99171) log_opt_values /opt/stack/data/venv/lib/python3.12/site-packages/oslo_config/cfg.py:3560}}
Aug 14 06:04:31.550455 np0000007331 nova-conductor[99171]: DEBUG cotyledon.oslo_config_glue [-] oslo_limit.auth_type = None {{(pid=99171) log_opt_values /opt/stack/data/venv/lib/python3.12/site-packages/oslo_config/cfg.py:3560}}
Aug 14 06:04:31.550455 np0000007331 nova-conductor[99171]: DEBUG cotyledon.oslo_config_glue [-] oslo_limit.cafile = None {{(pid=99171) log_opt_values /opt/stack/data/venv/lib/python3.12/site-packages/oslo_config/cfg.py:3560}}
Aug 14 06:04:31.550455 np0000007331 nova-conductor[99171]: DEBUG cotyledon.oslo_config_glue [-] oslo_limit.certfile = None {{(pid=99171) log_opt_values /opt/stack/data/venv/lib/python3.12/site-packages/oslo_config/cfg.py:3560}}
Aug 14 06:04:31.550455 np0000007331 nova-conductor[99171]: DEBUG cotyledon.oslo_config_glue [-] oslo_limit.collect_timing = False {{(pid=99171) log_opt_values /opt/stack/data/venv/lib/python3.12/site-packages/oslo_config/cfg.py:3560}}
Aug 14 06:04:31.550455 np0000007331 nova-conductor[99171]: DEBUG cotyledon.oslo_config_glue [-] oslo_limit.connect_retries = None {{(pid=99171) log_opt_values /opt/stack/data/venv/lib/python3.12/site-packages/oslo_config/cfg.py:3560}}
Aug 14 06:04:31.550455 np0000007331 nova-conductor[99171]: DEBUG cotyledon.oslo_config_glue [-] oslo_limit.connect_retry_delay = None {{(pid=99171) log_opt_values /opt/stack/data/venv/lib/python3.12/site-packages/oslo_config/cfg.py:3560}}
Aug 14 06:04:31.550455 np0000007331 nova-conductor[99171]: DEBUG cotyledon.oslo_config_glue [-] oslo_limit.endpoint_id = None {{(pid=99171) log_opt_values /opt/stack/data/venv/lib/python3.12/site-packages/oslo_config/cfg.py:3560}}
Aug 14 06:04:31.550745 np0000007331 nova-conductor[99171]: DEBUG cotyledon.oslo_config_glue [-] oslo_limit.endpoint_interface = public {{(pid=99171) log_opt_values /opt/stack/data/venv/lib/python3.12/site-packages/oslo_config/cfg.py:3560}}
Aug 14 06:04:31.550745 np0000007331 nova-conductor[99171]: DEBUG cotyledon.oslo_config_glue [-] oslo_limit.endpoint_override = None {{(pid=99171) log_opt_values /opt/stack/data/venv/lib/python3.12/site-packages/oslo_config/cfg.py:3560}}
Aug 14 06:04:31.550745 np0000007331 nova-conductor[99171]: DEBUG cotyledon.oslo_config_glue [-] oslo_limit.endpoint_region_name = None {{(pid=99171) log_opt_values /opt/stack/data/venv/lib/python3.12/site-packages/oslo_config/cfg.py:3560}}
Aug 14 06:04:31.550745 np0000007331 nova-conductor[99171]: DEBUG cotyledon.oslo_config_glue [-] oslo_limit.endpoint_service_name = None {{(pid=99171) log_opt_values /opt/stack/data/venv/lib/python3.12/site-packages/oslo_config/cfg.py:3560}}
Aug 14 06:04:31.550745 np0000007331 nova-conductor[99171]: DEBUG cotyledon.oslo_config_glue [-] oslo_limit.endpoint_service_type = None {{(pid=99171) log_opt_values /opt/stack/data/venv/lib/python3.12/site-packages/oslo_config/cfg.py:3560}}
Aug 14 06:04:31.550745 np0000007331 nova-conductor[99171]: DEBUG cotyledon.oslo_config_glue [-] oslo_limit.insecure = False {{(pid=99171) log_opt_values /opt/stack/data/venv/lib/python3.12/site-packages/oslo_config/cfg.py:3560}}
Aug 14 06:04:31.550745 np0000007331 nova-conductor[99171]: DEBUG cotyledon.oslo_config_glue [-] oslo_limit.keyfile = None {{(pid=99171) log_opt_values /opt/stack/data/venv/lib/python3.12/site-packages/oslo_config/cfg.py:3560}}
Aug 14 06:04:31.550745 np0000007331 nova-conductor[99171]: DEBUG cotyledon.oslo_config_glue [-] oslo_limit.max_version = None {{(pid=99171) log_opt_values /opt/stack/data/venv/lib/python3.12/site-packages/oslo_config/cfg.py:3560}}
Aug 14 06:04:31.550745 np0000007331 nova-conductor[99171]: DEBUG cotyledon.oslo_config_glue [-] oslo_limit.min_version = None {{(pid=99171) log_opt_values /opt/stack/data/venv/lib/python3.12/site-packages/oslo_config/cfg.py:3560}}
Aug 14 06:04:31.551027 np0000007331 nova-conductor[99171]: DEBUG cotyledon.oslo_config_glue [-] oslo_limit.region_name = None {{(pid=99171) log_opt_values /opt/stack/data/venv/lib/python3.12/site-packages/oslo_config/cfg.py:3560}}
Aug 14 06:04:31.551027 np0000007331 nova-conductor[99171]: DEBUG cotyledon.oslo_config_glue [-] oslo_limit.retriable_status_codes = None {{(pid=99171) log_opt_values /opt/stack/data/venv/lib/python3.12/site-packages/oslo_config/cfg.py:3560}}
Aug 14 06:04:31.551027 np0000007331 nova-conductor[99171]: DEBUG cotyledon.oslo_config_glue [-] oslo_limit.service_name = None {{(pid=99171) log_opt_values /opt/stack/data/venv/lib/python3.12/site-packages/oslo_config/cfg.py:3560}}
Aug 14 06:04:31.551027 np0000007331 nova-conductor[99171]: DEBUG cotyledon.oslo_config_glue [-] oslo_limit.service_type = None {{(pid=99171) log_opt_values /opt/stack/data/venv/lib/python3.12/site-packages/oslo_config/cfg.py:3560}}
Aug 14 06:04:31.551027 np0000007331 nova-conductor[99171]: DEBUG cotyledon.oslo_config_glue [-] oslo_limit.split_loggers = False {{(pid=99171) log_opt_values /opt/stack/data/venv/lib/python3.12/site-packages/oslo_config/cfg.py:3560}}
Aug 14 06:04:31.551027 np0000007331 nova-conductor[99171]: DEBUG cotyledon.oslo_config_glue [-] oslo_limit.status_code_retries = None {{(pid=99171) log_opt_values /opt/stack/data/venv/lib/python3.12/site-packages/oslo_config/cfg.py:3560}}
Aug 14 06:04:31.551027 np0000007331 nova-conductor[99171]: DEBUG cotyledon.oslo_config_glue [-] oslo_limit.status_code_retry_delay = None {{(pid=99171) log_opt_values /opt/stack/data/venv/lib/python3.12/site-packages/oslo_config/cfg.py:3560}}
Aug 14 06:04:31.551027 np0000007331 nova-conductor[99171]: DEBUG cotyledon.oslo_config_glue [-] oslo_limit.timeout = None {{(pid=99171) log_opt_values /opt/stack/data/venv/lib/python3.12/site-packages/oslo_config/cfg.py:3560}}
Aug 14 06:04:31.551027 np0000007331 nova-conductor[99171]: DEBUG cotyledon.oslo_config_glue [-] oslo_limit.valid_interfaces = None {{(pid=99171) log_opt_values /opt/stack/data/venv/lib/python3.12/site-packages/oslo_config/cfg.py:3560}}
Aug 14 06:04:31.551304 np0000007331 nova-conductor[99171]: DEBUG cotyledon.oslo_config_glue [-] oslo_limit.version = None {{(pid=99171) log_opt_values /opt/stack/data/venv/lib/python3.12/site-packages/oslo_config/cfg.py:3560}}
Aug 14 06:04:31.551304 np0000007331 nova-conductor[99171]: DEBUG cotyledon.oslo_config_glue [-] oslo_reports.file_event_handler = None {{(pid=99171) log_opt_values /opt/stack/data/venv/lib/python3.12/site-packages/oslo_config/cfg.py:3560}}
Aug 14 06:04:31.551304 np0000007331 nova-conductor[99171]: DEBUG cotyledon.oslo_config_glue [-] oslo_reports.file_event_handler_interval = 1 {{(pid=99171) log_opt_values /opt/stack/data/venv/lib/python3.12/site-packages/oslo_config/cfg.py:3560}}
Aug 14 06:04:31.551304 np0000007331 nova-conductor[99171]: DEBUG cotyledon.oslo_config_glue [-] oslo_reports.log_dir = None {{(pid=99171) log_opt_values /opt/stack/data/venv/lib/python3.12/site-packages/oslo_config/cfg.py:3560}}
Aug 14 06:04:31.551304 np0000007331 nova-conductor[99171]: DEBUG cotyledon.oslo_config_glue [-] ******************************************************************************** {{(pid=99171) log_opt_values /opt/stack/data/venv/lib/python3.12/site-packages/oslo_config/cfg.py:3567}}
Aug 14 06:04:31.551304 np0000007331 nova-conductor[99171]: DEBUG cotyledon._service_worker [-] Run service ServiceWrapper(3) [99171] {{(pid=99171) wait_forever /opt/stack/data/venv/lib/python3.12/site-packages/cotyledon/_service_worker.py:218}}
Aug 14 06:04:31.551304 np0000007331 nova-conductor[99171]: INFO nova.service [-] Starting conductor node (version 33.1.0)
Aug 14 06:04:31.551563 np0000007331 nova-conductor[99150]: DEBUG oslo_db.sqlalchemy.engines [None req-6f07482f-f88c-4e92-884d-1d90a94c22f6 None None] MySQL server mode set to STRICT_TRANS_TABLES,STRICT_ALL_TABLES,NO_ZERO_IN_DATE,NO_ZERO_DATE,ERROR_FOR_DIVISION_BY_ZERO,TRADITIONAL,NO_ENGINE_SUBSTITUTION {{(pid=99150) _check_effective_sql_mode /opt/stack/data/venv/lib/python3.12/site-packages/oslo_db/sqlalchemy/engines.py:325}}
Aug 14 06:04:31.551612 np0000007331 nova-conductor[99171]: INFO dbcounter [None req-e9b7529e-0346-48f8-874d-ee8f0fdcffb6 None None] Registered counter for database nova_cell0
Aug 14 06:04:31.551654 np0000007331 nova-conductor[99150]: DEBUG dbcounter [-] [99150] Writer thread running {{(pid=99150) stat_writer /opt/stack/data/venv/lib/python3.12/site-packages/dbcounter.py:102}}
Aug 14 06:04:31.553064 np0000007331 nova-conductor[99150]: DEBUG nova.service [None req-6f07482f-f88c-4e92-884d-1d90a94c22f6 None None] Creating RPC server for service: nova-conductor on topic: conductor {{(pid=99150) start /opt/stack/nova/nova/service.py:196}}
Aug 14 06:04:31.555674 np0000007331 nova-conductor[99160]: DEBUG oslo_db.sqlalchemy.engines [None req-d0c04d14-4c11-4db6-88cf-271cb75e8104 None None] MySQL server mode set to STRICT_TRANS_TABLES,STRICT_ALL_TABLES,NO_ZERO_IN_DATE,NO_ZERO_DATE,ERROR_FOR_DIVISION_BY_ZERO,TRADITIONAL,NO_ENGINE_SUBSTITUTION {{(pid=99160) _check_effective_sql_mode /opt/stack/data/venv/lib/python3.12/site-packages/oslo_db/sqlalchemy/engines.py:325}}
Aug 14 06:04:31.566168 np0000007331 nova-conductor[99160]: DEBUG dbcounter [-] [99160] Writer thread running {{(pid=99160) stat_writer /opt/stack/data/venv/lib/python3.12/site-packages/dbcounter.py:102}}
Aug 14 06:04:31.569188 np0000007331 nova-conductor[99160]: DEBUG nova.service [None req-d0c04d14-4c11-4db6-88cf-271cb75e8104 None None] Creating RPC server for service: nova-conductor on topic: conductor {{(pid=99160) start /opt/stack/nova/nova/service.py:196}}
Aug 14 06:04:31.574122 np0000007331 nova-conductor[99167]: DEBUG oslo_db.sqlalchemy.engines [None req-a93badd8-5854-40cf-88ab-204490d6f519 None None] MySQL server mode set to STRICT_TRANS_TABLES,STRICT_ALL_TABLES,NO_ZERO_IN_DATE,NO_ZERO_DATE,ERROR_FOR_DIVISION_BY_ZERO,TRADITIONAL,NO_ENGINE_SUBSTITUTION {{(pid=99167) _check_effective_sql_mode /opt/stack/data/venv/lib/python3.12/site-packages/oslo_db/sqlalchemy/engines.py:325}}
Aug 14 06:04:31.586695 np0000007331 nova-conductor[99150]: DEBUG nova.service [None req-6f07482f-f88c-4e92-884d-1d90a94c22f6 None None] Join ServiceGroup membership for this service conductor {{(pid=99150) start /opt/stack/nova/nova/service.py:222}}
Aug 14 06:04:31.587255 np0000007331 nova-conductor[99150]: DEBUG nova.servicegroup.drivers.db [None req-6f07482f-f88c-4e92-884d-1d90a94c22f6 None None] DB_Driver: join new ServiceGroup member np0000007331 to the conductor group, service = {{(pid=99150) join /opt/stack/nova/nova/servicegroup/drivers/db.py:44}}
Aug 14 06:04:31.587382 np0000007331 nova-conductor[99167]: DEBUG dbcounter [-] [99167] Writer thread running {{(pid=99167) stat_writer /opt/stack/data/venv/lib/python3.12/site-packages/dbcounter.py:102}}
Aug 14 06:04:31.588142 np0000007331 nova-conductor[99160]: DEBUG nova.service [None req-d0c04d14-4c11-4db6-88cf-271cb75e8104 None None] Join ServiceGroup membership for this service conductor {{(pid=99160) start /opt/stack/nova/nova/service.py:222}}
Aug 14 06:04:31.588378 np0000007331 nova-conductor[99160]: DEBUG nova.servicegroup.drivers.db [None req-d0c04d14-4c11-4db6-88cf-271cb75e8104 None None] DB_Driver: join new ServiceGroup member np0000007331 to the conductor group, service = {{(pid=99160) join /opt/stack/nova/nova/servicegroup/drivers/db.py:44}}
Aug 14 06:04:31.591090 np0000007331 nova-conductor[99167]: DEBUG nova.service [None req-a93badd8-5854-40cf-88ab-204490d6f519 None None] Creating RPC server for service: nova-conductor on topic: conductor {{(pid=99167) start /opt/stack/nova/nova/service.py:196}}
Aug 14 06:04:31.598082 np0000007331 nova-conductor[99171]: DEBUG oslo_db.sqlalchemy.engines [None req-e9b7529e-0346-48f8-874d-ee8f0fdcffb6 None None] MySQL server mode set to STRICT_TRANS_TABLES,STRICT_ALL_TABLES,NO_ZERO_IN_DATE,NO_ZERO_DATE,ERROR_FOR_DIVISION_BY_ZERO,TRADITIONAL,NO_ENGINE_SUBSTITUTION {{(pid=99171) _check_effective_sql_mode /opt/stack/data/venv/lib/python3.12/site-packages/oslo_db/sqlalchemy/engines.py:325}}
Aug 14 06:04:31.615710 np0000007331 nova-conductor[99171]: DEBUG dbcounter [-] [99171] Writer thread running {{(pid=99171) stat_writer /opt/stack/data/venv/lib/python3.12/site-packages/dbcounter.py:102}}
Aug 14 06:04:31.619411 np0000007331 nova-conductor[99167]: DEBUG nova.service [None req-a93badd8-5854-40cf-88ab-204490d6f519 None None] Join ServiceGroup membership for this service conductor {{(pid=99167) start /opt/stack/nova/nova/service.py:222}}
Aug 14 06:04:31.619715 np0000007331 nova-conductor[99167]: DEBUG nova.servicegroup.drivers.db [None req-a93badd8-5854-40cf-88ab-204490d6f519 None None] DB_Driver: join new ServiceGroup member np0000007331 to the conductor group, service = {{(pid=99167) join /opt/stack/nova/nova/servicegroup/drivers/db.py:44}}
Aug 14 06:04:31.619852 np0000007331 nova-conductor[99171]: DEBUG nova.service [None req-e9b7529e-0346-48f8-874d-ee8f0fdcffb6 None None] Creating RPC server for service: nova-conductor on topic: conductor {{(pid=99171) start /opt/stack/nova/nova/service.py:196}}
Aug 14 06:04:31.638156 np0000007331 nova-conductor[99171]: DEBUG nova.service [None req-e9b7529e-0346-48f8-874d-ee8f0fdcffb6 None None] Join ServiceGroup membership for this service conductor {{(pid=99171) start /opt/stack/nova/nova/service.py:222}}
Aug 14 06:04:31.638375 np0000007331 nova-conductor[99171]: DEBUG nova.servicegroup.drivers.db [None req-e9b7529e-0346-48f8-874d-ee8f0fdcffb6 None None] DB_Driver: join new ServiceGroup member np0000007331 to the conductor group, service = {{(pid=99171) join /opt/stack/nova/nova/servicegroup/drivers/db.py:44}}
Aug 14 06:04:36.601322 np0000007331 nova-conductor[99150]: DEBUG oslo.service.backend._threading.loopingcall [-] Fixed interval looping call 'nova.servicegroup.drivers.db.DbDriver._report_state' sleeping for 119.99 seconds {{(pid=99150) _run_loop /opt/stack/data/venv/lib/python3.12/site-packages/oslo_service/backend/_threading/loopingcall.py:125}}
Aug 14 06:04:36.601997 np0000007331 nova-conductor[99160]: DEBUG oslo.service.backend._threading.loopingcall [-] Fixed interval looping call 'nova.servicegroup.drivers.db.DbDriver._report_state' sleeping for 119.99 seconds {{(pid=99160) _run_loop /opt/stack/data/venv/lib/python3.12/site-packages/oslo_service/backend/_threading/loopingcall.py:125}}
Aug 14 06:04:36.635492 np0000007331 nova-conductor[99167]: DEBUG oslo.service.backend._threading.loopingcall [-] Fixed interval looping call 'nova.servicegroup.drivers.db.DbDriver._report_state' sleeping for 119.99 seconds {{(pid=99167) _run_loop /opt/stack/data/venv/lib/python3.12/site-packages/oslo_service/backend/_threading/loopingcall.py:125}}
Aug 14 06:04:36.649287 np0000007331 nova-conductor[99171]: DEBUG oslo.service.backend._threading.loopingcall [-] Fixed interval looping call 'nova.servicegroup.drivers.db.DbDriver._report_state' sleeping for 119.99 seconds {{(pid=99171) _run_loop /opt/stack/data/venv/lib/python3.12/site-packages/oslo_service/backend/_threading/loopingcall.py:125}}
Aug 14 06:04:39.640636 np0000007331 nova-conductor[99171]: DEBUG oslo.service.backend._threading.loopingcall [None req-1254d53f-e1db-4271-93da-1d2b6c21b303 None None] Dynamic interval looping call 'nova.service.Service.periodic_tasks' sleeping for 60.00 seconds {{(pid=99171) _run_loop /opt/stack/data/venv/lib/python3.12/site-packages/oslo_service/backend/_threading/loopingcall.py:125}}
Aug 14 06:04:40.120724 np0000007331 nova-conductor[97719]: DEBUG dbcounter [-] [97719] Writing DB stats nova_api:SELECT=1 {{(pid=97719) stat_writer /opt/stack/data/venv/lib/python3.12/site-packages/dbcounter.py:115}}
Aug 14 06:04:40.239999 np0000007331 nova-conductor[97719]: DEBUG dbcounter [-] [97719] Writing DB stats nova_cell1:SELECT=1 {{(pid=97719) stat_writer /opt/stack/data/venv/lib/python3.12/site-packages/dbcounter.py:115}}
Aug 14 06:04:40.243533 np0000007331 nova-conductor[97719]: DEBUG dbcounter [-] [97719] Writing DB stats nova_cell0:SELECT=1 {{(pid=97719) stat_writer /opt/stack/data/venv/lib/python3.12/site-packages/dbcounter.py:115}}
Aug 14 06:04:46.597831 np0000007331 nova-conductor[99150]: DEBUG dbcounter [-] [99150] Writing DB stats nova_cell0:SELECT=4,nova_cell0:INSERT=1,nova_cell0:UPDATE=1 {{(pid=99150) stat_writer /opt/stack/data/venv/lib/python3.12/site-packages/dbcounter.py:115}}
Aug 14 06:04:46.599900 np0000007331 nova-conductor[99160]: DEBUG dbcounter [-] [99160] Writing DB stats nova_cell0:SELECT=3,nova_cell0:UPDATE=1 {{(pid=99160) stat_writer /opt/stack/data/venv/lib/python3.12/site-packages/dbcounter.py:115}}
Aug 14 06:04:46.633677 np0000007331 nova-conductor[99167]: DEBUG dbcounter [-] [99167] Writing DB stats nova_cell0:SELECT=3 {{(pid=99167) stat_writer /opt/stack/data/venv/lib/python3.12/site-packages/dbcounter.py:115}}
Aug 14 06:04:46.646270 np0000007331 nova-conductor[99171]: DEBUG dbcounter [-] [99171] Writing DB stats nova_cell0:SELECT=3 {{(pid=99171) stat_writer /opt/stack/data/venv/lib/python3.12/site-packages/dbcounter.py:115}}
Aug 14 06:04:50.590251 np0000007331 nova-conductor[99160]: DEBUG oslo.service.backend._threading.loopingcall [None req-c420cc9e-9e70-4920-9467-3fb98c28a59b None None] Dynamic interval looping call 'nova.service.Service.periodic_tasks' sleeping for 60.00 seconds {{(pid=99160) _run_loop /opt/stack/data/venv/lib/python3.12/site-packages/oslo_service/backend/_threading/loopingcall.py:125}}
Aug 14 06:05:04.621728 np0000007331 nova-conductor[99167]: DEBUG oslo.service.backend._threading.loopingcall [None req-8787b903-3f3c-4568-9d69-be754c687f15 None None] Dynamic interval looping call 'nova.service.Service.periodic_tasks' sleeping for 60.00 seconds {{(pid=99167) _run_loop /opt/stack/data/venv/lib/python3.12/site-packages/oslo_service/backend/_threading/loopingcall.py:125}}
Aug 14 06:05:25.589645 np0000007331 nova-conductor[99150]: DEBUG oslo.service.backend._threading.loopingcall [None req-33bd9075-d2c4-46d3-bc1d-f966dad362ca None None] Dynamic interval looping call 'nova.service.Service.periodic_tasks' sleeping for 60.00 seconds {{(pid=99150) _run_loop /opt/stack/data/venv/lib/python3.12/site-packages/oslo_service/backend/_threading/loopingcall.py:125}}
Aug 14 06:05:39.641224 np0000007331 nova-conductor[99171]: DEBUG oslo.service.backend._threading.loopingcall [None req-1254d53f-e1db-4271-93da-1d2b6c21b303 None None] Dynamic interval looping call 'nova.service.Service.periodic_tasks' sleeping for 60.00 seconds {{(pid=99171) _run_loop /opt/stack/data/venv/lib/python3.12/site-packages/oslo_service/backend/_threading/loopingcall.py:125}}
Aug 14 06:05:50.590942 np0000007331 nova-conductor[99160]: DEBUG oslo.service.backend._threading.loopingcall [None req-c420cc9e-9e70-4920-9467-3fb98c28a59b None None] Dynamic interval looping call 'nova.service.Service.periodic_tasks' sleeping for 60.00 seconds {{(pid=99160) _run_loop /opt/stack/data/venv/lib/python3.12/site-packages/oslo_service/backend/_threading/loopingcall.py:125}}
Aug 14 06:06:04.622309 np0000007331 nova-conductor[99167]: DEBUG oslo.service.backend._threading.loopingcall [None req-8787b903-3f3c-4568-9d69-be754c687f15 None None] Dynamic interval looping call 'nova.service.Service.periodic_tasks' sleeping for 60.00 seconds {{(pid=99167) _run_loop /opt/stack/data/venv/lib/python3.12/site-packages/oslo_service/backend/_threading/loopingcall.py:125}}
Aug 14 06:06:25.590221 np0000007331 nova-conductor[99150]: DEBUG oslo.service.backend._threading.loopingcall [None req-33bd9075-d2c4-46d3-bc1d-f966dad362ca None None] Dynamic interval looping call 'nova.service.Service.periodic_tasks' sleeping for 60.00 seconds {{(pid=99150) _run_loop /opt/stack/data/venv/lib/python3.12/site-packages/oslo_service/backend/_threading/loopingcall.py:125}}
Aug 14 06:06:36.597890 np0000007331 nova-conductor[99150]: DEBUG oslo.service.backend._threading.loopingcall [-] Fixed interval looping call 'nova.servicegroup.drivers.db.DbDriver._report_state' sleeping for 119.99 seconds {{(pid=99150) _run_loop /opt/stack/data/venv/lib/python3.12/site-packages/oslo_service/backend/_threading/loopingcall.py:125}}
Aug 14 06:06:36.598372 np0000007331 nova-conductor[99160]: DEBUG oslo.service.backend._threading.loopingcall [-] Fixed interval looping call 'nova.servicegroup.drivers.db.DbDriver._report_state' sleeping for 119.99 seconds {{(pid=99160) _run_loop /opt/stack/data/venv/lib/python3.12/site-packages/oslo_service/backend/_threading/loopingcall.py:125}}
Aug 14 06:06:36.629649 np0000007331 nova-conductor[99167]: DEBUG oslo.service.backend._threading.loopingcall [-] Fixed interval looping call 'nova.servicegroup.drivers.db.DbDriver._report_state' sleeping for 120.00 seconds {{(pid=99167) _run_loop /opt/stack/data/venv/lib/python3.12/site-packages/oslo_service/backend/_threading/loopingcall.py:125}}
Aug 14 06:06:36.648142 np0000007331 nova-conductor[99171]: DEBUG oslo.service.backend._threading.loopingcall [-] Fixed interval looping call 'nova.servicegroup.drivers.db.DbDriver._report_state' sleeping for 119.99 seconds {{(pid=99171) _run_loop /opt/stack/data/venv/lib/python3.12/site-packages/oslo_service/backend/_threading/loopingcall.py:125}}
Aug 14 06:06:39.641778 np0000007331 nova-conductor[99171]: DEBUG oslo.service.backend._threading.loopingcall [None req-1254d53f-e1db-4271-93da-1d2b6c21b303 None None] Dynamic interval looping call 'nova.service.Service.periodic_tasks' sleeping for 60.00 seconds {{(pid=99171) _run_loop /opt/stack/data/venv/lib/python3.12/site-packages/oslo_service/backend/_threading/loopingcall.py:125}}
Aug 14 06:06:46.594931 np0000007331 nova-conductor[99150]: DEBUG dbcounter [-] [99150] Writing DB stats nova_cell0:SELECT=1,nova_cell0:UPDATE=1 {{(pid=99150) stat_writer /opt/stack/data/venv/lib/python3.12/site-packages/dbcounter.py:115}}
Aug 14 06:06:46.595726 np0000007331 nova-conductor[99160]: DEBUG dbcounter [-] [99160] Writing DB stats nova_cell0:SELECT=1,nova_cell0:UPDATE=1 {{(pid=99160) stat_writer /opt/stack/data/venv/lib/python3.12/site-packages/dbcounter.py:115}}
Aug 14 06:06:46.627873 np0000007331 nova-conductor[99167]: DEBUG dbcounter [-] [99167] Writing DB stats nova_cell0:SELECT=1 {{(pid=99167) stat_writer /opt/stack/data/venv/lib/python3.12/site-packages/dbcounter.py:115}}
Aug 14 06:06:46.646657 np0000007331 nova-conductor[99171]: DEBUG dbcounter [-] [99171] Writing DB stats nova_cell0:SELECT=1 {{(pid=99171) stat_writer /opt/stack/data/venv/lib/python3.12/site-packages/dbcounter.py:115}}
Aug 14 06:06:50.591559 np0000007331 nova-conductor[99160]: DEBUG oslo.service.backend._threading.loopingcall [None req-c420cc9e-9e70-4920-9467-3fb98c28a59b None None] Dynamic interval looping call 'nova.service.Service.periodic_tasks' sleeping for 60.00 seconds {{(pid=99160) _run_loop /opt/stack/data/venv/lib/python3.12/site-packages/oslo_service/backend/_threading/loopingcall.py:125}}
Aug 14 06:07:04.624067 np0000007331 nova-conductor[99167]: DEBUG oslo.service.backend._threading.loopingcall [None req-8787b903-3f3c-4568-9d69-be754c687f15 None None] Dynamic interval looping call 'nova.service.Service.periodic_tasks' sleeping for 60.00 seconds {{(pid=99167) _run_loop /opt/stack/data/venv/lib/python3.12/site-packages/oslo_service/backend/_threading/loopingcall.py:125}}
Aug 14 06:07:05.242610 np0000007331 nova-conductor[99150]: DEBUG oslo_db.sqlalchemy.engines [None req-8a8defdf-e482-4528-b318-6e866f36cf12 tempest-ServerBootFromVolumeStableRescueTest-1944834764 tempest-ServerBootFromVolumeStableRescueTest-1944834764-project-member] Parent process 97719 forked (99150) with an open database connection, which is being discarded and recreated. {{(pid=99150) checkout /opt/stack/data/venv/lib/python3.12/site-packages/oslo_db/sqlalchemy/engines.py:402}}
Aug 14 06:07:05.292466 np0000007331 nova-conductor[99150]: DEBUG dbcounter [-] [99150] Writer thread running {{(pid=99150) stat_writer /opt/stack/data/venv/lib/python3.12/site-packages/dbcounter.py:102}}
Aug 14 06:07:06.382035 np0000007331 nova-conductor[99150]: DEBUG nova.conductor.manager [None req-8a8defdf-e482-4528-b318-6e866f36cf12 tempest-ServerBootFromVolumeStableRescueTest-1944834764 tempest-ServerBootFromVolumeStableRescueTest-1944834764-project-member] Took 1.08 seconds to select destinations for 1 instance(s). {{(pid=99150) _schedule_instances /opt/stack/nova/nova/conductor/manager.py:968}}
Aug 14 06:07:06.420309 np0000007331 nova-conductor[99150]: DEBUG oslo_concurrency.lockutils [None req-8a8defdf-e482-4528-b318-6e866f36cf12 tempest-ServerBootFromVolumeStableRescueTest-1944834764 tempest-ServerBootFromVolumeStableRescueTest-1944834764-project-member] Acquiring lock "d9c328e7-b481-4ecc-80b9-88d556904607" by "nova.context.set_target_cell..get_or_set_cached_cell_and_set_connections" {{(pid=99150) inner /opt/stack/data/venv/lib/python3.12/site-packages/oslo_concurrency/lockutils.py:512}}
Aug 14 06:07:06.420654 np0000007331 nova-conductor[99150]: DEBUG oslo_concurrency.lockutils [None req-8a8defdf-e482-4528-b318-6e866f36cf12 tempest-ServerBootFromVolumeStableRescueTest-1944834764 tempest-ServerBootFromVolumeStableRescueTest-1944834764-project-member] Lock "d9c328e7-b481-4ecc-80b9-88d556904607" acquired by "nova.context.set_target_cell..get_or_set_cached_cell_and_set_connections" :: waited 0.003s {{(pid=99150) inner /opt/stack/data/venv/lib/python3.12/site-packages/oslo_concurrency/lockutils.py:525}}
Aug 14 06:07:06.423377 np0000007331 nova-conductor[99150]: DEBUG oslo_concurrency.lockutils [None req-8a8defdf-e482-4528-b318-6e866f36cf12 tempest-ServerBootFromVolumeStableRescueTest-1944834764 tempest-ServerBootFromVolumeStableRescueTest-1944834764-project-member] Lock "d9c328e7-b481-4ecc-80b9-88d556904607" "released" by "nova.context.set_target_cell..get_or_set_cached_cell_and_set_connections" :: held 0.002s {{(pid=99150) inner /opt/stack/data/venv/lib/python3.12/site-packages/oslo_concurrency/lockutils.py:544}}
Aug 14 06:07:06.424943 np0000007331 nova-conductor[99150]: INFO dbcounter [None req-8a8defdf-e482-4528-b318-6e866f36cf12 tempest-ServerBootFromVolumeStableRescueTest-1944834764 tempest-ServerBootFromVolumeStableRescueTest-1944834764-project-member] Registered counter for database nova_cell1
Aug 14 06:07:06.479516 np0000007331 nova-conductor[99150]: DEBUG oslo_db.sqlalchemy.engines [None req-8a8defdf-e482-4528-b318-6e866f36cf12 tempest-ServerBootFromVolumeStableRescueTest-1944834764 tempest-ServerBootFromVolumeStableRescueTest-1944834764-project-member] MySQL server mode set to STRICT_TRANS_TABLES,STRICT_ALL_TABLES,NO_ZERO_IN_DATE,NO_ZERO_DATE,ERROR_FOR_DIVISION_BY_ZERO,TRADITIONAL,NO_ENGINE_SUBSTITUTION {{(pid=99150) _check_effective_sql_mode /opt/stack/data/venv/lib/python3.12/site-packages/oslo_db/sqlalchemy/engines.py:325}}
Aug 14 06:07:06.487588 np0000007331 nova-conductor[99150]: DEBUG dbcounter [-] [99150] Writer thread running {{(pid=99150) stat_writer /opt/stack/data/venv/lib/python3.12/site-packages/dbcounter.py:102}}
Aug 14 06:07:06.596981 np0000007331 nova-conductor[99150]: INFO nova.utils [None req-8a8defdf-e482-4528-b318-6e866f36cf12 tempest-ServerBootFromVolumeStableRescueTest-1944834764 tempest-ServerBootFromVolumeStableRescueTest-1944834764-project-member] The cell worker thread pool ForkProcess-1.cell_worker is initialized
Aug 14 06:07:06.597448 np0000007331 nova-conductor[99150]: DEBUG oslo_concurrency.lockutils [None req-8a8defdf-e482-4528-b318-6e866f36cf12 tempest-ServerBootFromVolumeStableRescueTest-1944834764 tempest-ServerBootFromVolumeStableRescueTest-1944834764-project-member] Acquiring lock "00000000-0000-0000-0000-000000000000" by "nova.context.set_target_cell..get_or_set_cached_cell_and_set_connections" {{(pid=99150) inner /opt/stack/data/venv/lib/python3.12/site-packages/oslo_concurrency/lockutils.py:512}}
Aug 14 06:07:06.598055 np0000007331 nova-conductor[99150]: DEBUG oslo_concurrency.lockutils [None req-8a8defdf-e482-4528-b318-6e866f36cf12 tempest-ServerBootFromVolumeStableRescueTest-1944834764 tempest-ServerBootFromVolumeStableRescueTest-1944834764-project-member] Lock "00000000-0000-0000-0000-000000000000" acquired by "nova.context.set_target_cell..get_or_set_cached_cell_and_set_connections" :: waited 0.000s {{(pid=99150) inner /opt/stack/data/venv/lib/python3.12/site-packages/oslo_concurrency/lockutils.py:525}}
Aug 14 06:07:06.598169 np0000007331 nova-conductor[99150]: DEBUG oslo_concurrency.lockutils [None req-8a8defdf-e482-4528-b318-6e866f36cf12 tempest-ServerBootFromVolumeStableRescueTest-1944834764 tempest-ServerBootFromVolumeStableRescueTest-1944834764-project-member] Lock "00000000-0000-0000-0000-000000000000" "released" by "nova.context.set_target_cell..get_or_set_cached_cell_and_set_connections" :: held 0.000s {{(pid=99150) inner /opt/stack/data/venv/lib/python3.12/site-packages/oslo_concurrency/lockutils.py:544}}
Aug 14 06:07:06.598992 np0000007331 nova-conductor[99150]: DEBUG oslo_concurrency.lockutils [None req-8a8defdf-e482-4528-b318-6e866f36cf12 tempest-ServerBootFromVolumeStableRescueTest-1944834764 tempest-ServerBootFromVolumeStableRescueTest-1944834764-project-member] Acquiring lock "d9c328e7-b481-4ecc-80b9-88d556904607" by "nova.context.set_target_cell..get_or_set_cached_cell_and_set_connections" {{(pid=99150) inner /opt/stack/data/venv/lib/python3.12/site-packages/oslo_concurrency/lockutils.py:512}}
Aug 14 06:07:06.600872 np0000007331 nova-conductor[99150]: DEBUG oslo_concurrency.lockutils [None req-8a8defdf-e482-4528-b318-6e866f36cf12 tempest-ServerBootFromVolumeStableRescueTest-1944834764 tempest-ServerBootFromVolumeStableRescueTest-1944834764-project-member] Lock "d9c328e7-b481-4ecc-80b9-88d556904607" acquired by "nova.context.set_target_cell..get_or_set_cached_cell_and_set_connections" :: waited 0.002s {{(pid=99150) inner /opt/stack/data/venv/lib/python3.12/site-packages/oslo_concurrency/lockutils.py:525}}
