Jun 10 21:10:41.382283 np0000002549 devstack@g-api.service[102293]: DEBUG glance_store._drivers.swift.store [None req-4ebe6630-00b5-424c-bd71-2853049df8fe tempest-VolumesActionsTest-1151801377 tempest-VolumesActionsTest-1151801377-project-member] Adding image object 'c87eae3e-bd20-4e0d-a179-65e670060fa5' to Swift {{(pid=102293) add /opt/stack/data/venv/lib/python3.12/site-packages/glance_store/_drivers/swift/store.py:970}}
Jun 10 21:10:41.382364 np0000002549 devstack@g-api.service[102293]: DEBUG glance_store._drivers.swift.store [None req-4ebe6630-00b5-424c-bd71-2853049df8fe tempest-VolumesActionsTest-1151801377 tempest-VolumesActionsTest-1151801377-project-member] Cannot determine image size because it is either not provided in the request or chunked-transfer encoding is used. Adding image as a segmented object to Swift. {{(pid=102293) add /opt/stack/data/venv/lib/python3.12/site-packages/glance_store/_drivers/swift/store.py:994}}
Jun 10 21:10:41.387858 np0000002549 devstack@g-api.service[102293]: DEBUG oslo_utils.imageutils.format_inspector [None req-4ebe6630-00b5-424c-bd71-2853049df8fe tempest-VolumesActionsTest-1151801377 tempest-VolumesActionsTest-1151801377-project-member] Format inspector for vmdk does not match, excluding from consideration (Signature KDMV not found: b'\x00\x00\x00\x00') {{(pid=102293) _process_chunk /opt/stack/data/venv/lib/python3.12/site-packages/oslo_utils/imageutils/format_inspector.py:1758}}
Jun 10 21:10:41.389958 np0000002549 devstack@g-api.service[102293]: DEBUG oslo_utils.imageutils.format_inspector [None req-4ebe6630-00b5-424c-bd71-2853049df8fe tempest-VolumesActionsTest-1151801377 tempest-VolumesActionsTest-1151801377-project-member] Format inspector for vhdx does not match, excluding from consideration (Region signature not found at 30000) {{(pid=102293) _process_chunk /opt/stack/data/venv/lib/python3.12/site-packages/oslo_utils/imageutils/format_inspector.py:1758}}
Jun 10 21:10:41.878663 np0000002549 devstack@g-api.service[102292]: DEBUG glance.api.middleware.version_negotiation [None req-7c2021e2-01f4-473f-97b0-1f345ef9e141 tempest-VolumesActionsTest-1151801377 tempest-VolumesActionsTest-1151801377-project-member] Determining version of request: GET /v2/images/c87eae3e-bd20-4e0d-a179-65e670060fa5 Accept: application/json {{(pid=102292) process_request /opt/stack/glance/glance/api/middleware/version_negotiation.py:44}}
Jun 10 21:10:41.879056 np0000002549 devstack@g-api.service[102292]: DEBUG glance.api.middleware.version_negotiation [None req-7c2021e2-01f4-473f-97b0-1f345ef9e141 tempest-VolumesActionsTest-1151801377 tempest-VolumesActionsTest-1151801377-project-member] Using url versioning {{(pid=102292) process_request /opt/stack/glance/glance/api/middleware/version_negotiation.py:57}}
Jun 10 21:10:41.879056 np0000002549 devstack@g-api.service[102292]: DEBUG glance.api.middleware.version_negotiation [None req-7c2021e2-01f4-473f-97b0-1f345ef9e141 tempest-VolumesActionsTest-1151801377 tempest-VolumesActionsTest-1151801377-project-member] Matched version: v2 {{(pid=102292) process_request /opt/stack/glance/glance/api/middleware/version_negotiation.py:69}}
Jun 10 21:10:41.879056 np0000002549 devstack@g-api.service[102292]: DEBUG glance.api.middleware.version_negotiation [None req-7c2021e2-01f4-473f-97b0-1f345ef9e141 tempest-VolumesActionsTest-1151801377 tempest-VolumesActionsTest-1151801377-project-member] new path /v2/images/c87eae3e-bd20-4e0d-a179-65e670060fa5 {{(pid=102292) process_request /opt/stack/glance/glance/api/middleware/version_negotiation.py:70}}
Jun 10 21:10:41.891242 np0000002549 devstack@g-api.service[102292]: [pid: 102292|app: 0|req: 83/250] 127.0.0.1 () {40 vars in 834 bytes} [Wed Jun 10 21:10:41 2026] GET /v2/images/c87eae3e-bd20-4e0d-a179-65e670060fa5 => generated 650 bytes in 12 msecs (HTTP/1.1 200) 4 headers in 157 bytes (1 switches on core 0)
Jun 10 21:10:42.910855 np0000002549 devstack@g-api.service[102294]: DEBUG glance.api.middleware.version_negotiation [None req-eec119e3-be51-48e4-811c-7840ac4cc207 tempest-VolumesActionsTest-1151801377 tempest-VolumesActionsTest-1151801377-project-member] Determining version of request: GET /v2/images/c87eae3e-bd20-4e0d-a179-65e670060fa5 Accept: application/json {{(pid=102294) process_request /opt/stack/glance/glance/api/middleware/version_negotiation.py:44}}
Jun 10 21:10:42.910855 np0000002549 devstack@g-api.service[102294]: DEBUG glance.api.middleware.version_negotiation [None req-eec119e3-be51-48e4-811c-7840ac4cc207 tempest-VolumesActionsTest-1151801377 tempest-VolumesActionsTest-1151801377-project-member] Using url versioning {{(pid=102294) process_request /opt/stack/glance/glance/api/middleware/version_negotiation.py:57}}
Jun 10 21:10:42.913346 np0000002549 devstack@g-api.service[102294]: DEBUG glance.api.middleware.version_negotiation [None req-eec119e3-be51-48e4-811c-7840ac4cc207 tempest-VolumesActionsTest-1151801377 tempest-VolumesActionsTest-1151801377-project-member] Matched version: v2 {{(pid=102294) process_request /opt/stack/glance/glance/api/middleware/version_negotiation.py:69}}
Jun 10 21:10:42.913346 np0000002549 devstack@g-api.service[102294]: DEBUG glance.api.middleware.version_negotiation [None req-eec119e3-be51-48e4-811c-7840ac4cc207 tempest-VolumesActionsTest-1151801377 tempest-VolumesActionsTest-1151801377-project-member] new path /v2/images/c87eae3e-bd20-4e0d-a179-65e670060fa5 {{(pid=102294) process_request /opt/stack/glance/glance/api/middleware/version_negotiation.py:70}}
Jun 10 21:10:42.928036 np0000002549 devstack@g-api.service[102294]: [pid: 102294|app: 0|req: 86/251] 127.0.0.1 () {40 vars in 834 bytes} [Wed Jun 10 21:10:42 2026] GET /v2/images/c87eae3e-bd20-4e0d-a179-65e670060fa5 => generated 650 bytes in 17 msecs (HTTP/1.1 200) 4 headers in 157 bytes (1 switches on core 0)
Jun 10 21:10:43.938062 np0000002549 devstack@g-api.service[102292]: DEBUG glance.api.middleware.version_negotiation [None req-fcf7349f-5e2e-4c84-b827-a64b11bb819f tempest-VolumesActionsTest-1151801377 tempest-VolumesActionsTest-1151801377-project-member] Determining version of request: GET /v2/images/c87eae3e-bd20-4e0d-a179-65e670060fa5 Accept: application/json {{(pid=102292) process_request /opt/stack/glance/glance/api/middleware/version_negotiation.py:44}}
Jun 10 21:10:43.938424 np0000002549 devstack@g-api.service[102292]: DEBUG glance.api.middleware.version_negotiation [None req-fcf7349f-5e2e-4c84-b827-a64b11bb819f tempest-VolumesActionsTest-1151801377 tempest-VolumesActionsTest-1151801377-project-member] Using url versioning {{(pid=102292) process_request /opt/stack/glance/glance/api/middleware/version_negotiation.py:57}}
Jun 10 21:10:43.938523 np0000002549 devstack@g-api.service[102292]: DEBUG glance.api.middleware.version_negotiation [None req-fcf7349f-5e2e-4c84-b827-a64b11bb819f tempest-VolumesActionsTest-1151801377 tempest-VolumesActionsTest-1151801377-project-member] Matched version: v2 {{(pid=102292) process_request /opt/stack/glance/glance/api/middleware/version_negotiation.py:69}}
Jun 10 21:10:43.938684 np0000002549 devstack@g-api.service[102292]: DEBUG glance.api.middleware.version_negotiation [None req-fcf7349f-5e2e-4c84-b827-a64b11bb819f tempest-VolumesActionsTest-1151801377 tempest-VolumesActionsTest-1151801377-project-member] new path /v2/images/c87eae3e-bd20-4e0d-a179-65e670060fa5 {{(pid=102292) process_request /opt/stack/glance/glance/api/middleware/version_negotiation.py:70}}
Jun 10 21:10:43.950171 np0000002549 devstack@g-api.service[102292]: [pid: 102292|app: 0|req: 84/252] 127.0.0.1 () {40 vars in 834 bytes} [Wed Jun 10 21:10:43 2026] GET /v2/images/c87eae3e-bd20-4e0d-a179-65e670060fa5 => generated 650 bytes in 12 msecs (HTTP/1.1 200) 4 headers in 157 bytes (1 switches on core 0)
Jun 10 21:10:44.317977 np0000002549 devstack@g-api.service[102293]: DEBUG swiftclient [None req-4ebe6630-00b5-424c-bd71-2853049df8fe tempest-VolumesActionsTest-1151801377 tempest-VolumesActionsTest-1151801377-project-member] REQ: curl -i https://10.4.3.65:8080/v1/AUTH_8159c0d883f14acfa9678745b5b149ee/glance/c87eae3e-bd20-4e0d-a179-65e670060fa5-00001 -X PUT -H "X-Auth-Token: gAAAAABqKdLRQKRS..." {{(pid=102293) http_log /opt/stack/data/venv/lib/python3.12/site-packages/swiftclient/client.py:160}}
Jun 10 21:10:44.318231 np0000002549 devstack@g-api.service[102293]: DEBUG swiftclient [None req-4ebe6630-00b5-424c-bd71-2853049df8fe tempest-VolumesActionsTest-1151801377 tempest-VolumesActionsTest-1151801377-project-member] RESP STATUS: 201 Created {{(pid=102293) http_log /opt/stack/data/venv/lib/python3.12/site-packages/swiftclient/client.py:161}}
Jun 10 21:10:44.318231 np0000002549 devstack@g-api.service[102293]: DEBUG swiftclient [None req-4ebe6630-00b5-424c-bd71-2853049df8fe tempest-VolumesActionsTest-1151801377 tempest-VolumesActionsTest-1151801377-project-member] RESP HEADERS: {'Date': 'Wed, 10 Jun 2026 21:10:44 GMT', 'Server': 'Apache/2.4.58 (Ubuntu)', 'Content-Type': 'text/html; charset=UTF-8', 'Content-Length': '0', 'Etag': 'eda9a9889837ac4bc81d6387d92c1bec', 'Last-Modified': 'Wed, 10 Jun 2026 21:10:42 GMT', 'X-Trans-Id': 'tx53ae8e2a952b48b8995d4-006a29d2d1', 'X-Openstack-Request-Id': 'tx53ae8e2a952b48b8995d4-006a29d2d1', 'Connection': 'close'} {{(pid=102293) http_log /opt/stack/data/venv/lib/python3.12/site-packages/swiftclient/client.py:162}}
Jun 10 21:10:44.318349 np0000002549 devstack@g-api.service[102293]: DEBUG glance_store._drivers.swift.store [None req-4ebe6630-00b5-424c-bd71-2853049df8fe tempest-VolumesActionsTest-1151801377 tempest-VolumesActionsTest-1151801377-project-member] Wrote chunk c87eae3e-bd20-4e0d-a179-65e670060fa5-00001 (1/?) of length 204800000 to Swift returning MD5 of content: eda9a9889837ac4bc81d6387d92c1bec {{(pid=102293) add /opt/stack/data/venv/lib/python3.12/site-packages/glance_store/_drivers/swift/store.py:1059}}
Jun 10 21:10:44.960131 np0000002549 devstack@g-api.service[102294]: DEBUG glance.api.middleware.version_negotiation [None req-601e07b0-e266-403d-a249-a98cf3b019ad tempest-VolumesActionsTest-1151801377 tempest-VolumesActionsTest-1151801377-project-member] Determining version of request: GET /v2/images/c87eae3e-bd20-4e0d-a179-65e670060fa5 Accept: application/json {{(pid=102294) process_request /opt/stack/glance/glance/api/middleware/version_negotiation.py:44}}
Jun 10 21:10:44.960131 np0000002549 devstack@g-api.service[102294]: DEBUG glance.api.middleware.version_negotiation [None req-601e07b0-e266-403d-a249-a98cf3b019ad tempest-VolumesActionsTest-1151801377 tempest-VolumesActionsTest-1151801377-project-member] Using url versioning {{(pid=102294) process_request /opt/stack/glance/glance/api/middleware/version_negotiation.py:57}}
Jun 10 21:10:44.960131 np0000002549 devstack@g-api.service[102294]: DEBUG glance.api.middleware.version_negotiation [None req-601e07b0-e266-403d-a249-a98cf3b019ad tempest-VolumesActionsTest-1151801377 tempest-VolumesActionsTest-1151801377-project-member] Matched version: v2 {{(pid=102294) process_request /opt/stack/glance/glance/api/middleware/version_negotiation.py:69}}
Jun 10 21:10:44.960131 np0000002549 devstack@g-api.service[102294]: DEBUG glance.api.middleware.version_negotiation [None req-601e07b0-e266-403d-a249-a98cf3b019ad tempest-VolumesActionsTest-1151801377 tempest-VolumesActionsTest-1151801377-project-member] new path /v2/images/c87eae3e-bd20-4e0d-a179-65e670060fa5 {{(pid=102294) process_request /opt/stack/glance/glance/api/middleware/version_negotiation.py:70}}
Jun 10 21:10:44.978027 np0000002549 devstack@g-api.service[102294]: [pid: 102294|app: 0|req: 87/253] 127.0.0.1 () {40 vars in 834 bytes} [Wed Jun 10 21:10:44 2026] GET /v2/images/c87eae3e-bd20-4e0d-a179-65e670060fa5 => generated 650 bytes in 17 msecs (HTTP/1.1 200) 4 headers in 157 bytes (1 switches on core 0)
Jun 10 21:10:45.103002 np0000002549 devstack@g-api.service[102292]: DEBUG glance.api.middleware.version_negotiation [None req-6c7c353f-65b4-4283-aa1f-39c6eeb5b837 tempest-VolumesActionsTest-1151801377 tempest-VolumesActionsTest-1151801377-project-member] Determining version of request: GET /v2/images/d147a18c-2dc2-4ba1-b033-c6b179a977f6 Accept: */* {{(pid=102292) process_request /opt/stack/glance/glance/api/middleware/version_negotiation.py:44}}
Jun 10 21:10:45.103401 np0000002549 devstack@g-api.service[102292]: DEBUG glance.api.middleware.version_negotiation [None req-6c7c353f-65b4-4283-aa1f-39c6eeb5b837 tempest-VolumesActionsTest-1151801377 tempest-VolumesActionsTest-1151801377-project-member] Using url versioning {{(pid=102292) process_request /opt/stack/glance/glance/api/middleware/version_negotiation.py:57}}
Jun 10 21:10:45.103401 np0000002549 devstack@g-api.service[102292]: DEBUG glance.api.middleware.version_negotiation [None req-6c7c353f-65b4-4283-aa1f-39c6eeb5b837 tempest-VolumesActionsTest-1151801377 tempest-VolumesActionsTest-1151801377-project-member] Matched version: v2 {{(pid=102292) process_request /opt/stack/glance/glance/api/middleware/version_negotiation.py:69}}
Jun 10 21:10:45.103493 np0000002549 devstack@g-api.service[102292]: DEBUG glance.api.middleware.version_negotiation [None req-6c7c353f-65b4-4283-aa1f-39c6eeb5b837 tempest-VolumesActionsTest-1151801377 tempest-VolumesActionsTest-1151801377-project-member] new path /v2/images/d147a18c-2dc2-4ba1-b033-c6b179a977f6 {{(pid=102292) process_request /opt/stack/glance/glance/api/middleware/version_negotiation.py:70}}
Jun 10 21:10:45.119227 np0000002549 devstack@g-api.service[102292]: [pid: 102292|app: 0|req: 85/254] 127.0.0.1 () {44 vars in 1111 bytes} [Wed Jun 10 21:10:45 2026] GET /v2/images/d147a18c-2dc2-4ba1-b033-c6b179a977f6 => generated 1044 bytes in 15 msecs (HTTP/1.1 200) 4 headers in 158 bytes (1 switches on core 0)
Jun 10 21:10:45.158917 np0000002549 devstack@g-api.service[102294]: DEBUG glance.api.middleware.version_negotiation [None req-306ea749-bd72-466e-b3b7-24c39a3c3f6d tempest-VolumesActionsTest-1151801377 tempest-VolumesActionsTest-1151801377-project-member] Determining version of request: GET /v2/schemas/image Accept: */* {{(pid=102294) process_request /opt/stack/glance/glance/api/middleware/version_negotiation.py:44}}
Jun 10 21:10:45.159094 np0000002549 devstack@g-api.service[102294]: DEBUG glance.api.middleware.version_negotiation [None req-306ea749-bd72-466e-b3b7-24c39a3c3f6d tempest-VolumesActionsTest-1151801377 tempest-VolumesActionsTest-1151801377-project-member] Using url versioning {{(pid=102294) process_request /opt/stack/glance/glance/api/middleware/version_negotiation.py:57}}
Jun 10 21:10:45.159268 np0000002549 devstack@g-api.service[102294]: DEBUG glance.api.middleware.version_negotiation [None req-306ea749-bd72-466e-b3b7-24c39a3c3f6d tempest-VolumesActionsTest-1151801377 tempest-VolumesActionsTest-1151801377-project-member] Matched version: v2 {{(pid=102294) process_request /opt/stack/glance/glance/api/middleware/version_negotiation.py:69}}
Jun 10 21:10:45.159430 np0000002549 devstack@g-api.service[102294]: DEBUG glance.api.middleware.version_negotiation [None req-306ea749-bd72-466e-b3b7-24c39a3c3f6d tempest-VolumesActionsTest-1151801377 tempest-VolumesActionsTest-1151801377-project-member] new path /v2/schemas/image {{(pid=102294) process_request /opt/stack/glance/glance/api/middleware/version_negotiation.py:70}}
Jun 10 21:10:45.162134 np0000002549 devstack@g-api.service[102294]: [pid: 102294|app: 0|req: 88/255] 127.0.0.1 () {44 vars in 1051 bytes} [Wed Jun 10 21:10:45 2026] GET /v2/schemas/image => generated 6083 bytes in 3 msecs (HTTP/1.1 200) 4 headers in 158 bytes (1 switches on core 0)
Jun 10 21:10:45.991880 np0000002549 devstack@g-api.service[102292]: DEBUG glance.api.middleware.version_negotiation [None req-111787c6-8851-4361-9891-235ef9e089e0 tempest-ServerBootFromVolumeStableRescueTest-1011958166 tempest-ServerBootFromVolumeStableRescueTest-1011958166-project-member] Determining version of request: GET /v2/images/c87eae3e-bd20-4e0d-a179-65e670060fa5 Accept: application/json {{(pid=102292) process_request /opt/stack/glance/glance/api/middleware/version_negotiation.py:44}}
Jun 10 21:10:45.991880 np0000002549 devstack@g-api.service[102292]: DEBUG glance.api.middleware.version_negotiation [None req-111787c6-8851-4361-9891-235ef9e089e0 tempest-ServerBootFromVolumeStableRescueTest-1011958166 tempest-ServerBootFromVolumeStableRescueTest-1011958166-project-member] Using url versioning {{(pid=102292) process_request /opt/stack/glance/glance/api/middleware/version_negotiation.py:57}}
Jun 10 21:10:45.991880 np0000002549 devstack@g-api.service[102292]: DEBUG glance.api.middleware.version_negotiation [None req-111787c6-8851-4361-9891-235ef9e089e0 tempest-ServerBootFromVolumeStableRescueTest-1011958166 tempest-ServerBootFromVolumeStableRescueTest-1011958166-project-member] Matched version: v2 {{(pid=102292) process_request /opt/stack/glance/glance/api/middleware/version_negotiation.py:69}}
Jun 10 21:10:45.991880 np0000002549 devstack@g-api.service[102292]: DEBUG glance.api.middleware.version_negotiation [None req-111787c6-8851-4361-9891-235ef9e089e0 tempest-ServerBootFromVolumeStableRescueTest-1011958166 tempest-ServerBootFromVolumeStableRescueTest-1011958166-project-member] new path /v2/images/c87eae3e-bd20-4e0d-a179-65e670060fa5 {{(pid=102292) process_request /opt/stack/glance/glance/api/middleware/version_negotiation.py:70}}
Jun 10 21:10:46.002197 np0000002549 devstack@g-api.service[102292]: [pid: 102292|app: 0|req: 86/256] 127.0.0.1 () {40 vars in 834 bytes} [Wed Jun 10 21:10:45 2026] GET /v2/images/c87eae3e-bd20-4e0d-a179-65e670060fa5 => generated 650 bytes in 12 msecs (HTTP/1.1 200) 4 headers in 157 bytes (1 switches on core 0)
Jun 10 21:10:46.381224 np0000002549 devstack@g-api.service[102293]: DEBUG swiftclient [None req-4ebe6630-00b5-424c-bd71-2853049df8fe tempest-VolumesActionsTest-1151801377 tempest-VolumesActionsTest-1151801377-project-member] REQ: curl -i https://10.4.3.65:8080/v1/AUTH_8159c0d883f14acfa9678745b5b149ee/glance/c87eae3e-bd20-4e0d-a179-65e670060fa5-00002 -X PUT -H "X-Auth-Token: gAAAAABqKdLRQKRS..." {{(pid=102293) http_log /opt/stack/data/venv/lib/python3.12/site-packages/swiftclient/client.py:160}}
Jun 10 21:10:46.381507 np0000002549 devstack@g-api.service[102293]: DEBUG swiftclient [None req-4ebe6630-00b5-424c-bd71-2853049df8fe tempest-VolumesActionsTest-1151801377 tempest-VolumesActionsTest-1151801377-project-member] RESP STATUS: 201 Created {{(pid=102293) http_log /opt/stack/data/venv/lib/python3.12/site-packages/swiftclient/client.py:161}}
Jun 10 21:10:46.381507 np0000002549 devstack@g-api.service[102293]: DEBUG swiftclient [None req-4ebe6630-00b5-424c-bd71-2853049df8fe tempest-VolumesActionsTest-1151801377 tempest-VolumesActionsTest-1151801377-project-member] RESP HEADERS: {'Date': 'Wed, 10 Jun 2026 21:10:46 GMT', 'Server': 'Apache/2.4.58 (Ubuntu)', 'Content-Type': 'text/html; charset=UTF-8', 'Content-Length': '0', 'Etag': 'eda9a9889837ac4bc81d6387d92c1bec', 'Last-Modified': 'Wed, 10 Jun 2026 21:10:45 GMT', 'X-Trans-Id': 'txfabdae064cac4c5884297-006a29d2d4', 'X-Openstack-Request-Id': 'txfabdae064cac4c5884297-006a29d2d4', 'Connection': 'close'} {{(pid=102293) http_log /opt/stack/data/venv/lib/python3.12/site-packages/swiftclient/client.py:162}}
Jun 10 21:10:46.381507 np0000002549 devstack@g-api.service[102293]: DEBUG glance_store._drivers.swift.store [None req-4ebe6630-00b5-424c-bd71-2853049df8fe tempest-VolumesActionsTest-1151801377 tempest-VolumesActionsTest-1151801377-project-member] Wrote chunk c87eae3e-bd20-4e0d-a179-65e670060fa5-00002 (2/?) of length 204800000 to Swift returning MD5 of content: eda9a9889837ac4bc81d6387d92c1bec {{(pid=102293) add /opt/stack/data/venv/lib/python3.12/site-packages/glance_store/_drivers/swift/store.py:1059}}
Jun 10 21:10:47.012424 np0000002549 devstack@g-api.service[102294]: DEBUG glance.api.middleware.version_negotiation [None req-111787c6-8851-4361-9891-235ef9e089e0 tempest-ServerBootFromVolumeStableRescueTest-1011958166 tempest-ServerBootFromVolumeStableRescueTest-1011958166-project-member] Determining version of request: GET /v2/images/c87eae3e-bd20-4e0d-a179-65e670060fa5 Accept: application/json {{(pid=102294) process_request /opt/stack/glance/glance/api/middleware/version_negotiation.py:44}}
Jun 10 21:10:47.012823 np0000002549 devstack@g-api.service[102294]: DEBUG glance.api.middleware.version_negotiation [None req-111787c6-8851-4361-9891-235ef9e089e0 tempest-ServerBootFromVolumeStableRescueTest-1011958166 tempest-ServerBootFromVolumeStableRescueTest-1011958166-project-member] Using url versioning {{(pid=102294) process_request /opt/stack/glance/glance/api/middleware/version_negotiation.py:57}}
Jun 10 21:10:47.012823 np0000002549 devstack@g-api.service[102294]: DEBUG glance.api.middleware.version_negotiation [None req-111787c6-8851-4361-9891-235ef9e089e0 tempest-ServerBootFromVolumeStableRescueTest-1011958166 tempest-ServerBootFromVolumeStableRescueTest-1011958166-project-member] Matched version: v2 {{(pid=102294) process_request /opt/stack/glance/glance/api/middleware/version_negotiation.py:69}}
Jun 10 21:10:47.013172 np0000002549 devstack@g-api.service[102294]: DEBUG glance.api.middleware.version_negotiation [None req-111787c6-8851-4361-9891-235ef9e089e0 tempest-ServerBootFromVolumeStableRescueTest-1011958166 tempest-ServerBootFromVolumeStableRescueTest-1011958166-project-member] new path /v2/images/c87eae3e-bd20-4e0d-a179-65e670060fa5 {{(pid=102294) process_request /opt/stack/glance/glance/api/middleware/version_negotiation.py:70}}
Jun 10 21:10:47.033704 np0000002549 devstack@g-api.service[102294]: [pid: 102294|app: 0|req: 89/257] 127.0.0.1 () {40 vars in 834 bytes} [Wed Jun 10 21:10:47 2026] GET /v2/images/c87eae3e-bd20-4e0d-a179-65e670060fa5 => generated 650 bytes in 21 msecs (HTTP/1.1 200) 4 headers in 157 bytes (1 switches on core 0)
Jun 10 21:10:48.044220 np0000002549 devstack@g-api.service[102292]: DEBUG glance.api.middleware.version_negotiation [None req-cf877e41-bc31-49fa-b70c-d54f0ad22aa0 tempest-VolumesActionsTest-1151801377 tempest-VolumesActionsTest-1151801377-project-member] Determining version of request: GET /v2/images/c87eae3e-bd20-4e0d-a179-65e670060fa5 Accept: application/json {{(pid=102292) process_request /opt/stack/glance/glance/api/middleware/version_negotiation.py:44}}
Jun 10 21:10:48.044595 np0000002549 devstack@g-api.service[102292]: DEBUG glance.api.middleware.version_negotiation [None req-cf877e41-bc31-49fa-b70c-d54f0ad22aa0 tempest-VolumesActionsTest-1151801377 tempest-VolumesActionsTest-1151801377-project-member] Using url versioning {{(pid=102292) process_request /opt/stack/glance/glance/api/middleware/version_negotiation.py:57}}
Jun 10 21:10:48.044595 np0000002549 devstack@g-api.service[102292]: DEBUG glance.api.middleware.version_negotiation [None req-cf877e41-bc31-49fa-b70c-d54f0ad22aa0 tempest-VolumesActionsTest-1151801377 tempest-VolumesActionsTest-1151801377-project-member] Matched version: v2 {{(pid=102292) process_request /opt/stack/glance/glance/api/middleware/version_negotiation.py:69}}
Jun 10 21:10:48.044984 np0000002549 devstack@g-api.service[102292]: DEBUG glance.api.middleware.version_negotiation [None req-cf877e41-bc31-49fa-b70c-d54f0ad22aa0 tempest-VolumesActionsTest-1151801377 tempest-VolumesActionsTest-1151801377-project-member] new path /v2/images/c87eae3e-bd20-4e0d-a179-65e670060fa5 {{(pid=102292) process_request /opt/stack/glance/glance/api/middleware/version_negotiation.py:70}}
Jun 10 21:10:48.056153 np0000002549 devstack@g-api.service[102292]: [pid: 102292|app: 0|req: 87/258] 127.0.0.1 () {40 vars in 834 bytes} [Wed Jun 10 21:10:48 2026] GET /v2/images/c87eae3e-bd20-4e0d-a179-65e670060fa5 => generated 650 bytes in 12 msecs (HTTP/1.1 200) 4 headers in 157 bytes (1 switches on core 0)
Jun 10 21:10:48.430780 np0000002549 devstack@g-api.service[102293]: DEBUG swiftclient [None req-4ebe6630-00b5-424c-bd71-2853049df8fe tempest-VolumesActionsTest-1151801377 tempest-VolumesActionsTest-1151801377-project-member] REQ: curl -i https://10.4.3.65:8080/v1/AUTH_8159c0d883f14acfa9678745b5b149ee/glance/c87eae3e-bd20-4e0d-a179-65e670060fa5-00003 -X PUT -H "X-Auth-Token: gAAAAABqKdLRQKRS..." {{(pid=102293) http_log /opt/stack/data/venv/lib/python3.12/site-packages/swiftclient/client.py:160}}
Jun 10 21:10:48.431052 np0000002549 devstack@g-api.service[102293]: DEBUG swiftclient [None req-4ebe6630-00b5-424c-bd71-2853049df8fe tempest-VolumesActionsTest-1151801377 tempest-VolumesActionsTest-1151801377-project-member] RESP STATUS: 201 Created {{(pid=102293) http_log /opt/stack/data/venv/lib/python3.12/site-packages/swiftclient/client.py:161}}
Jun 10 21:10:48.431193 np0000002549 devstack@g-api.service[102293]: DEBUG swiftclient [None req-4ebe6630-00b5-424c-bd71-2853049df8fe tempest-VolumesActionsTest-1151801377 tempest-VolumesActionsTest-1151801377-project-member] RESP HEADERS: {'Date': 'Wed, 10 Jun 2026 21:10:48 GMT', 'Server': 'Apache/2.4.58 (Ubuntu)', 'Content-Type': 'text/html; charset=UTF-8', 'Content-Length': '0', 'Etag': 'eda9a9889837ac4bc81d6387d92c1bec', 'Last-Modified': 'Wed, 10 Jun 2026 21:10:47 GMT', 'X-Trans-Id': 'tx5b3bdb93a42e4570b0f1d-006a29d2d6', 'X-Openstack-Request-Id': 'tx5b3bdb93a42e4570b0f1d-006a29d2d6', 'Connection': 'close'} {{(pid=102293) http_log /opt/stack/data/venv/lib/python3.12/site-packages/swiftclient/client.py:162}}
Jun 10 21:10:48.431332 np0000002549 devstack@g-api.service[102293]: DEBUG glance_store._drivers.swift.store [None req-4ebe6630-00b5-424c-bd71-2853049df8fe tempest-VolumesActionsTest-1151801377 tempest-VolumesActionsTest-1151801377-project-member] Wrote chunk c87eae3e-bd20-4e0d-a179-65e670060fa5-00003 (3/?) of length 204800000 to Swift returning MD5 of content: eda9a9889837ac4bc81d6387d92c1bec {{(pid=102293) add /opt/stack/data/venv/lib/python3.12/site-packages/glance_store/_drivers/swift/store.py:1059}}
Jun 10 21:10:49.063793 np0000002549 devstack@g-api.service[102294]: DEBUG glance.api.middleware.version_negotiation [None req-b145dc45-0c4e-480f-beee-e15be0ec36d3 tempest-VolumesActionsTest-1151801377 tempest-VolumesActionsTest-1151801377-project-member] Determining version of request: GET /v2/images/c87eae3e-bd20-4e0d-a179-65e670060fa5 Accept: application/json {{(pid=102294) process_request /opt/stack/glance/glance/api/middleware/version_negotiation.py:44}}
Jun 10 21:10:49.064202 np0000002549 devstack@g-api.service[102294]: DEBUG glance.api.middleware.version_negotiation [None req-b145dc45-0c4e-480f-beee-e15be0ec36d3 tempest-VolumesActionsTest-1151801377 tempest-VolumesActionsTest-1151801377-project-member] Using url versioning {{(pid=102294) process_request /opt/stack/glance/glance/api/middleware/version_negotiation.py:57}}
Jun 10 21:10:49.064202 np0000002549 devstack@g-api.service[102294]: DEBUG glance.api.middleware.version_negotiation [None req-b145dc45-0c4e-480f-beee-e15be0ec36d3 tempest-VolumesActionsTest-1151801377 tempest-VolumesActionsTest-1151801377-project-member] Matched version: v2 {{(pid=102294) process_request /opt/stack/glance/glance/api/middleware/version_negotiation.py:69}}
Jun 10 21:10:49.064329 np0000002549 devstack@g-api.service[102294]: DEBUG glance.api.middleware.version_negotiation [None req-b145dc45-0c4e-480f-beee-e15be0ec36d3 tempest-VolumesActionsTest-1151801377 tempest-VolumesActionsTest-1151801377-project-member] new path /v2/images/c87eae3e-bd20-4e0d-a179-65e670060fa5 {{(pid=102294) process_request /opt/stack/glance/glance/api/middleware/version_negotiation.py:70}}
Jun 10 21:10:49.075571 np0000002549 devstack@g-api.service[102294]: [pid: 102294|app: 0|req: 90/259] 127.0.0.1 () {40 vars in 834 bytes} [Wed Jun 10 21:10:49 2026] GET /v2/images/c87eae3e-bd20-4e0d-a179-65e670060fa5 => generated 650 bytes in 11 msecs (HTTP/1.1 200) 4 headers in 157 bytes (1 switches on core 0)
Jun 10 21:10:50.087216 np0000002549 devstack@g-api.service[102292]: DEBUG glance.api.middleware.version_negotiation [None req-8d6b63e7-46be-4fce-82c7-f8f72b61c3a9 tempest-VolumesActionsTest-1151801377 tempest-VolumesActionsTest-1151801377-project-member] Determining version of request: GET /v2/images/c87eae3e-bd20-4e0d-a179-65e670060fa5 Accept: application/json {{(pid=102292) process_request /opt/stack/glance/glance/api/middleware/version_negotiation.py:44}}
Jun 10 21:10:50.087647 np0000002549 devstack@g-api.service[102292]: DEBUG glance.api.middleware.version_negotiation [None req-8d6b63e7-46be-4fce-82c7-f8f72b61c3a9 tempest-VolumesActionsTest-1151801377 tempest-VolumesActionsTest-1151801377-project-member] Using url versioning {{(pid=102292) process_request /opt/stack/glance/glance/api/middleware/version_negotiation.py:57}}
Jun 10 21:10:50.087647 np0000002549 devstack@g-api.service[102292]: DEBUG glance.api.middleware.version_negotiation [None req-8d6b63e7-46be-4fce-82c7-f8f72b61c3a9 tempest-VolumesActionsTest-1151801377 tempest-VolumesActionsTest-1151801377-project-member] Matched version: v2 {{(pid=102292) process_request /opt/stack/glance/glance/api/middleware/version_negotiation.py:69}}
Jun 10 21:10:50.087765 np0000002549 devstack@g-api.service[102292]: DEBUG glance.api.middleware.version_negotiation [None req-8d6b63e7-46be-4fce-82c7-f8f72b61c3a9 tempest-VolumesActionsTest-1151801377 tempest-VolumesActionsTest-1151801377-project-member] new path /v2/images/c87eae3e-bd20-4e0d-a179-65e670060fa5 {{(pid=102292) process_request /opt/stack/glance/glance/api/middleware/version_negotiation.py:70}}
Jun 10 21:10:50.104661 np0000002549 devstack@g-api.service[102292]: [pid: 102292|app: 0|req: 88/260] 127.0.0.1 () {40 vars in 834 bytes} [Wed Jun 10 21:10:50 2026] GET /v2/images/c87eae3e-bd20-4e0d-a179-65e670060fa5 => generated 650 bytes in 17 msecs (HTTP/1.1 200) 4 headers in 157 bytes (1 switches on core 0)
Jun 10 21:10:50.652199 np0000002549 devstack@g-api.service[102293]: DEBUG swiftclient [None req-4ebe6630-00b5-424c-bd71-2853049df8fe tempest-VolumesActionsTest-1151801377 tempest-VolumesActionsTest-1151801377-project-member] REQ: curl -i https://10.4.3.65:8080/v1/AUTH_8159c0d883f14acfa9678745b5b149ee/glance/c87eae3e-bd20-4e0d-a179-65e670060fa5-00004 -X PUT -H "X-Auth-Token: gAAAAABqKdLRQKRS..." {{(pid=102293) http_log /opt/stack/data/venv/lib/python3.12/site-packages/swiftclient/client.py:160}}
Jun 10 21:10:50.652421 np0000002549 devstack@g-api.service[102293]: DEBUG swiftclient [None req-4ebe6630-00b5-424c-bd71-2853049df8fe tempest-VolumesActionsTest-1151801377 tempest-VolumesActionsTest-1151801377-project-member] RESP STATUS: 201 Created {{(pid=102293) http_log /opt/stack/data/venv/lib/python3.12/site-packages/swiftclient/client.py:161}}
Jun 10 21:10:50.652478 np0000002549 devstack@g-api.service[102293]: DEBUG swiftclient [None req-4ebe6630-00b5-424c-bd71-2853049df8fe tempest-VolumesActionsTest-1151801377 tempest-VolumesActionsTest-1151801377-project-member] RESP HEADERS: {'Date': 'Wed, 10 Jun 2026 21:10:50 GMT', 'Server': 'Apache/2.4.58 (Ubuntu)', 'Content-Type': 'text/html; charset=UTF-8', 'Content-Length': '0', 'Etag': 'eda9a9889837ac4bc81d6387d92c1bec', 'Last-Modified': 'Wed, 10 Jun 2026 21:10:49 GMT', 'X-Trans-Id': 'tx081a676c86674b3caf87d-006a29d2d8', 'X-Openstack-Request-Id': 'tx081a676c86674b3caf87d-006a29d2d8', 'Connection': 'close'} {{(pid=102293) http_log /opt/stack/data/venv/lib/python3.12/site-packages/swiftclient/client.py:162}}
Jun 10 21:10:50.652624 np0000002549 devstack@g-api.service[102293]: DEBUG glance_store._drivers.swift.store [None req-4ebe6630-00b5-424c-bd71-2853049df8fe tempest-VolumesActionsTest-1151801377 tempest-VolumesActionsTest-1151801377-project-member] Wrote chunk c87eae3e-bd20-4e0d-a179-65e670060fa5-00004 (4/?) of length 204800000 to Swift returning MD5 of content: eda9a9889837ac4bc81d6387d92c1bec {{(pid=102293) add /opt/stack/data/venv/lib/python3.12/site-packages/glance_store/_drivers/swift/store.py:1059}}
Jun 10 21:10:51.117208 np0000002549 devstack@g-api.service[102294]: DEBUG glance.api.middleware.version_negotiation [None req-454b7ab0-809e-4093-b7fa-304d25b29f49 tempest-VolumesActionsTest-1151801377 tempest-VolumesActionsTest-1151801377-project-member] Determining version of request: GET /v2/images/c87eae3e-bd20-4e0d-a179-65e670060fa5 Accept: application/json {{(pid=102294) process_request /opt/stack/glance/glance/api/middleware/version_negotiation.py:44}}
Jun 10 21:10:51.117588 np0000002549 devstack@g-api.service[102294]: DEBUG glance.api.middleware.version_negotiation [None req-454b7ab0-809e-4093-b7fa-304d25b29f49 tempest-VolumesActionsTest-1151801377 tempest-VolumesActionsTest-1151801377-project-member] Using url versioning {{(pid=102294) process_request /opt/stack/glance/glance/api/middleware/version_negotiation.py:57}}
Jun 10 21:10:51.117684 np0000002549 devstack@g-api.service[102294]: DEBUG glance.api.middleware.version_negotiation [None req-454b7ab0-809e-4093-b7fa-304d25b29f49 tempest-VolumesActionsTest-1151801377 tempest-VolumesActionsTest-1151801377-project-member] Matched version: v2 {{(pid=102294) process_request /opt/stack/glance/glance/api/middleware/version_negotiation.py:69}}
Jun 10 21:10:51.117811 np0000002549 devstack@g-api.service[102294]: DEBUG glance.api.middleware.version_negotiation [None req-454b7ab0-809e-4093-b7fa-304d25b29f49 tempest-VolumesActionsTest-1151801377 tempest-VolumesActionsTest-1151801377-project-member] new path /v2/images/c87eae3e-bd20-4e0d-a179-65e670060fa5 {{(pid=102294) process_request /opt/stack/glance/glance/api/middleware/version_negotiation.py:70}}
Jun 10 21:10:51.134271 np0000002549 devstack@g-api.service[102294]: [pid: 102294|app: 0|req: 91/261] 127.0.0.1 () {40 vars in 834 bytes} [Wed Jun 10 21:10:51 2026] GET /v2/images/c87eae3e-bd20-4e0d-a179-65e670060fa5 => generated 650 bytes in 17 msecs (HTTP/1.1 200) 4 headers in 157 bytes (1 switches on core 0)
Jun 10 21:10:51.283350 np0000002549 devstack@g-api.service[102293]: DEBUG dbcounter [-] [102293] Writing DB stats glance:SELECT=31,glance:UPDATE=3,glance:INSERT=2 {{(pid=102293) stat_writer /opt/stack/data/venv/lib/python3.12/site-packages/dbcounter.py:115}}
Jun 10 21:10:51.434571 np0000002549 devstack@g-api.service[102292]: DEBUG glance.api.middleware.version_negotiation [None req-d081a975-ca2e-40ce-990b-436d1d9e68ca tempest-VolumesActionsTest-1151801377 tempest-VolumesActionsTest-1151801377-project-member] Determining version of request: GET /v2/images/d147a18c-2dc2-4ba1-b033-c6b179a977f6 Accept: */* {{(pid=102292) process_request /opt/stack/glance/glance/api/middleware/version_negotiation.py:44}}
Jun 10 21:10:51.435024 np0000002549 devstack@g-api.service[102292]: DEBUG glance.api.middleware.version_negotiation [None req-d081a975-ca2e-40ce-990b-436d1d9e68ca tempest-VolumesActionsTest-1151801377 tempest-VolumesActionsTest-1151801377-project-member] Using url versioning {{(pid=102292) process_request /opt/stack/glance/glance/api/middleware/version_negotiation.py:57}}
Jun 10 21:10:51.435024 np0000002549 devstack@g-api.service[102292]: DEBUG glance.api.middleware.version_negotiation [None req-d081a975-ca2e-40ce-990b-436d1d9e68ca tempest-VolumesActionsTest-1151801377 tempest-VolumesActionsTest-1151801377-project-member] Matched version: v2 {{(pid=102292) process_request /opt/stack/glance/glance/api/middleware/version_negotiation.py:69}}
Jun 10 21:10:51.435024 np0000002549 devstack@g-api.service[102292]: DEBUG glance.api.middleware.version_negotiation [None req-d081a975-ca2e-40ce-990b-436d1d9e68ca tempest-VolumesActionsTest-1151801377 tempest-VolumesActionsTest-1151801377-project-member] new path /v2/images/d147a18c-2dc2-4ba1-b033-c6b179a977f6 {{(pid=102292) process_request /opt/stack/glance/glance/api/middleware/version_negotiation.py:70}}
Jun 10 21:10:51.451496 np0000002549 devstack@g-api.service[102292]: [pid: 102292|app: 0|req: 89/262] 127.0.0.1 () {44 vars in 1111 bytes} [Wed Jun 10 21:10:51 2026] GET /v2/images/d147a18c-2dc2-4ba1-b033-c6b179a977f6 => generated 1044 bytes in 17 msecs (HTTP/1.1 200) 4 headers in 158 bytes (1 switches on core 0)
Jun 10 21:10:51.499338 np0000002549 devstack@g-api.service[102294]: DEBUG glance.api.middleware.version_negotiation [None req-068c6f20-310c-485f-bd2c-e8939f137bc7 tempest-VolumesActionsTest-1151801377 tempest-VolumesActionsTest-1151801377-project-member] Determining version of request: GET /v2/schemas/image Accept: */* {{(pid=102294) process_request /opt/stack/glance/glance/api/middleware/version_negotiation.py:44}}
Jun 10 21:10:51.500722 np0000002549 devstack@g-api.service[102294]: DEBUG glance.api.middleware.version_negotiation [None req-068c6f20-310c-485f-bd2c-e8939f137bc7 tempest-VolumesActionsTest-1151801377 tempest-VolumesActionsTest-1151801377-project-member] Using url versioning {{(pid=102294) process_request /opt/stack/glance/glance/api/middleware/version_negotiation.py:57}}
Jun 10 21:10:51.500722 np0000002549 devstack@g-api.service[102294]: DEBUG glance.api.middleware.version_negotiation [None req-068c6f20-310c-485f-bd2c-e8939f137bc7 tempest-VolumesActionsTest-1151801377 tempest-VolumesActionsTest-1151801377-project-member] Matched version: v2 {{(pid=102294) process_request /opt/stack/glance/glance/api/middleware/version_negotiation.py:69}}
Jun 10 21:10:51.500722 np0000002549 devstack@g-api.service[102294]: DEBUG glance.api.middleware.version_negotiation [None req-068c6f20-310c-485f-bd2c-e8939f137bc7 tempest-VolumesActionsTest-1151801377 tempest-VolumesActionsTest-1151801377-project-member] new path /v2/schemas/image {{(pid=102294) process_request /opt/stack/glance/glance/api/middleware/version_negotiation.py:70}}
Jun 10 21:10:51.507160 np0000002549 devstack@g-api.service[102294]: [pid: 102294|app: 0|req: 92/263] 127.0.0.1 () {44 vars in 1051 bytes} [Wed Jun 10 21:10:51 2026] GET /v2/schemas/image => generated 6083 bytes in 8 msecs (HTTP/1.1 200) 4 headers in 158 bytes (1 switches on core 0)
Jun 10 21:10:52.143385 np0000002549 devstack@g-api.service[102292]: DEBUG glance.api.middleware.version_negotiation [None req-cc71c855-0e23-43d1-96f8-42a8247b7749 tempest-AttachVolumeNegativeTest-447192831 tempest-AttachVolumeNegativeTest-447192831-project-member] Determining version of request: GET /v2/images/c87eae3e-bd20-4e0d-a179-65e670060fa5 Accept: application/json {{(pid=102292) process_request /opt/stack/glance/glance/api/middleware/version_negotiation.py:44}}
Jun 10 21:10:52.144541 np0000002549 devstack@g-api.service[102292]: DEBUG glance.api.middleware.version_negotiation [None req-cc71c855-0e23-43d1-96f8-42a8247b7749 tempest-AttachVolumeNegativeTest-447192831 tempest-AttachVolumeNegativeTest-447192831-project-member] Using url versioning {{(pid=102292) process_request /opt/stack/glance/glance/api/middleware/version_negotiation.py:57}}
Jun 10 21:10:52.144541 np0000002549 devstack@g-api.service[102292]: DEBUG glance.api.middleware.version_negotiation [None req-cc71c855-0e23-43d1-96f8-42a8247b7749 tempest-AttachVolumeNegativeTest-447192831 tempest-AttachVolumeNegativeTest-447192831-project-member] Matched version: v2 {{(pid=102292) process_request /opt/stack/glance/glance/api/middleware/version_negotiation.py:69}}
Jun 10 21:10:52.144541 np0000002549 devstack@g-api.service[102292]: DEBUG glance.api.middleware.version_negotiation [None req-cc71c855-0e23-43d1-96f8-42a8247b7749 tempest-AttachVolumeNegativeTest-447192831 tempest-AttachVolumeNegativeTest-447192831-project-member] new path /v2/images/c87eae3e-bd20-4e0d-a179-65e670060fa5 {{(pid=102292) process_request /opt/stack/glance/glance/api/middleware/version_negotiation.py:70}}
Jun 10 21:10:52.158924 np0000002549 devstack@g-api.service[102292]: [pid: 102292|app: 0|req: 90/264] 127.0.0.1 () {40 vars in 834 bytes} [Wed Jun 10 21:10:52 2026] GET /v2/images/c87eae3e-bd20-4e0d-a179-65e670060fa5 => generated 650 bytes in 16 msecs (HTTP/1.1 200) 4 headers in 157 bytes (1 switches on core 0)
Jun 10 21:10:52.825434 np0000002549 devstack@g-api.service[102293]: DEBUG swiftclient [None req-4ebe6630-00b5-424c-bd71-2853049df8fe tempest-VolumesActionsTest-1151801377 tempest-VolumesActionsTest-1151801377-project-member] REQ: curl -i https://10.4.3.65:8080/v1/AUTH_8159c0d883f14acfa9678745b5b149ee/glance/c87eae3e-bd20-4e0d-a179-65e670060fa5-00005 -X PUT -H "X-Auth-Token: gAAAAABqKdLRQKRS..." {{(pid=102293) http_log /opt/stack/data/venv/lib/python3.12/site-packages/swiftclient/client.py:160}}
Jun 10 21:10:52.825753 np0000002549 devstack@g-api.service[102293]: DEBUG swiftclient [None req-4ebe6630-00b5-424c-bd71-2853049df8fe tempest-VolumesActionsTest-1151801377 tempest-VolumesActionsTest-1151801377-project-member] RESP STATUS: 201 Created {{(pid=102293) http_log /opt/stack/data/venv/lib/python3.12/site-packages/swiftclient/client.py:161}}
Jun 10 21:10:52.825854 np0000002549 devstack@g-api.service[102293]: DEBUG swiftclient [None req-4ebe6630-00b5-424c-bd71-2853049df8fe tempest-VolumesActionsTest-1151801377 tempest-VolumesActionsTest-1151801377-project-member] RESP HEADERS: {'Date': 'Wed, 10 Jun 2026 21:10:52 GMT', 'Server': 'Apache/2.4.58 (Ubuntu)', 'Content-Type': 'text/html; charset=UTF-8', 'Content-Length': '0', 'Etag': 'eda9a9889837ac4bc81d6387d92c1bec', 'Last-Modified': 'Wed, 10 Jun 2026 21:10:51 GMT', 'X-Trans-Id': 'tx7ce4d66549974d1f9bfa9-006a29d2da', 'X-Openstack-Request-Id': 'tx7ce4d66549974d1f9bfa9-006a29d2da', 'Connection': 'close'} {{(pid=102293) http_log /opt/stack/data/venv/lib/python3.12/site-packages/swiftclient/client.py:162}}
Jun 10 21:10:52.826023 np0000002549 devstack@g-api.service[102293]: DEBUG glance_store._drivers.swift.store [None req-4ebe6630-00b5-424c-bd71-2853049df8fe tempest-VolumesActionsTest-1151801377 tempest-VolumesActionsTest-1151801377-project-member] Wrote chunk c87eae3e-bd20-4e0d-a179-65e670060fa5-00005 (5/?) of length 204800000 to Swift returning MD5 of content: eda9a9889837ac4bc81d6387d92c1bec {{(pid=102293) add /opt/stack/data/venv/lib/python3.12/site-packages/glance_store/_drivers/swift/store.py:1059}}
Jun 10 21:10:53.168248 np0000002549 devstack@g-api.service[102294]: DEBUG glance.api.middleware.version_negotiation [None req-cc71c855-0e23-43d1-96f8-42a8247b7749 tempest-AttachVolumeNegativeTest-447192831 tempest-AttachVolumeNegativeTest-447192831-project-member] Determining version of request: GET /v2/images/c87eae3e-bd20-4e0d-a179-65e670060fa5 Accept: application/json {{(pid=102294) process_request /opt/stack/glance/glance/api/middleware/version_negotiation.py:44}}
Jun 10 21:10:53.168633 np0000002549 devstack@g-api.service[102294]: DEBUG glance.api.middleware.version_negotiation [None req-cc71c855-0e23-43d1-96f8-42a8247b7749 tempest-AttachVolumeNegativeTest-447192831 tempest-AttachVolumeNegativeTest-447192831-project-member] Using url versioning {{(pid=102294) process_request /opt/stack/glance/glance/api/middleware/version_negotiation.py:57}}
Jun 10 21:10:53.168633 np0000002549 devstack@g-api.service[102294]: DEBUG glance.api.middleware.version_negotiation [None req-cc71c855-0e23-43d1-96f8-42a8247b7749 tempest-AttachVolumeNegativeTest-447192831 tempest-AttachVolumeNegativeTest-447192831-project-member] Matched version: v2 {{(pid=102294) process_request /opt/stack/glance/glance/api/middleware/version_negotiation.py:69}}
Jun 10 21:10:53.168883 np0000002549 devstack@g-api.service[102294]: DEBUG glance.api.middleware.version_negotiation [None req-cc71c855-0e23-43d1-96f8-42a8247b7749 tempest-AttachVolumeNegativeTest-447192831 tempest-AttachVolumeNegativeTest-447192831-project-member] new path /v2/images/c87eae3e-bd20-4e0d-a179-65e670060fa5 {{(pid=102294) process_request /opt/stack/glance/glance/api/middleware/version_negotiation.py:70}}
Jun 10 21:10:53.179799 np0000002549 devstack@g-api.service[102294]: [pid: 102294|app: 0|req: 93/265] 127.0.0.1 () {40 vars in 834 bytes} [Wed Jun 10 21:10:53 2026] GET /v2/images/c87eae3e-bd20-4e0d-a179-65e670060fa5 => generated 650 bytes in 11 msecs (HTTP/1.1 200) 4 headers in 157 bytes (1 switches on core 0)
Jun 10 21:10:53.357965 np0000002549 devstack@g-api.service[102293]: DEBUG swiftclient [None req-4ebe6630-00b5-424c-bd71-2853049df8fe tempest-VolumesActionsTest-1151801377 tempest-VolumesActionsTest-1151801377-project-member] REQ: curl -i https://10.4.3.65:8080/v1/AUTH_8159c0d883f14acfa9678745b5b149ee/glance/c87eae3e-bd20-4e0d-a179-65e670060fa5-00006 -X PUT -H "X-Auth-Token: gAAAAABqKdLRQKRS..." {{(pid=102293) http_log /opt/stack/data/venv/lib/python3.12/site-packages/swiftclient/client.py:160}}
Jun 10 21:10:53.358075 np0000002549 devstack@g-api.service[102293]: DEBUG swiftclient [None req-4ebe6630-00b5-424c-bd71-2853049df8fe tempest-VolumesActionsTest-1151801377 tempest-VolumesActionsTest-1151801377-project-member] RESP STATUS: 201 Created {{(pid=102293) http_log /opt/stack/data/venv/lib/python3.12/site-packages/swiftclient/client.py:161}}
Jun 10 21:10:53.358383 np0000002549 devstack@g-api.service[102293]: DEBUG swiftclient [None req-4ebe6630-00b5-424c-bd71-2853049df8fe tempest-VolumesActionsTest-1151801377 tempest-VolumesActionsTest-1151801377-project-member] RESP HEADERS: {'Date': 'Wed, 10 Jun 2026 21:10:53 GMT', 'Server': 'Apache/2.4.58 (Ubuntu)', 'Content-Type': 'text/html; charset=UTF-8', 'Content-Length': '0', 'Etag': '708761f3b8777ec77058e63da08eeeb6', 'Last-Modified': 'Wed, 10 Jun 2026 21:10:53 GMT', 'X-Trans-Id': 'txf0665d13a17d44c3a7162-006a29d2dc', 'X-Openstack-Request-Id': 'txf0665d13a17d44c3a7162-006a29d2dc', 'Connection': 'close'} {{(pid=102293) http_log /opt/stack/data/venv/lib/python3.12/site-packages/swiftclient/client.py:162}}
Jun 10 21:10:53.358383 np0000002549 devstack@g-api.service[102293]: DEBUG glance_store._drivers.swift.store [None req-4ebe6630-00b5-424c-bd71-2853049df8fe tempest-VolumesActionsTest-1151801377 tempest-VolumesActionsTest-1151801377-project-member] Wrote chunk c87eae3e-bd20-4e0d-a179-65e670060fa5-00006 (6/?) of length 49741824 to Swift returning MD5 of content: 708761f3b8777ec77058e63da08eeeb6 {{(pid=102293) add /opt/stack/data/venv/lib/python3.12/site-packages/glance_store/_drivers/swift/store.py:1059}}
Jun 10 21:10:53.358695 np0000002549 devstack@g-api.service[102293]: DEBUG glance_store._drivers.swift.store [None req-4ebe6630-00b5-424c-bd71-2853049df8fe tempest-VolumesActionsTest-1151801377 tempest-VolumesActionsTest-1151801377-project-member] Not writing zero-length chunk. {{(pid=102293) add /opt/stack/data/venv/lib/python3.12/site-packages/glance_store/_drivers/swift/store.py:1028}}
Jun 10 21:10:53.379704 np0000002549 devstack@g-api.service[102293]: DEBUG swiftclient [None req-4ebe6630-00b5-424c-bd71-2853049df8fe tempest-VolumesActionsTest-1151801377 tempest-VolumesActionsTest-1151801377-project-member] REQ: curl -i https://10.4.3.65:8080/v1/AUTH_8159c0d883f14acfa9678745b5b149ee/glance/c87eae3e-bd20-4e0d-a179-65e670060fa5 -X PUT -H "X-Object-Manifest: glance/c87eae3e-bd20-4e0d-a179-65e670060fa5-" -H "X-Auth-Token: gAAAAABqKdLRQKRS..." -H "Content-Length: 0" {{(pid=102293) http_log /opt/stack/data/venv/lib/python3.12/site-packages/swiftclient/client.py:160}}
Jun 10 21:10:53.379834 np0000002549 devstack@g-api.service[102293]: DEBUG swiftclient [None req-4ebe6630-00b5-424c-bd71-2853049df8fe tempest-VolumesActionsTest-1151801377 tempest-VolumesActionsTest-1151801377-project-member] RESP STATUS: 201 Created {{(pid=102293) http_log /opt/stack/data/venv/lib/python3.12/site-packages/swiftclient/client.py:161}}
Jun 10 21:10:53.380015 np0000002549 devstack@g-api.service[102293]: DEBUG swiftclient [None req-4ebe6630-00b5-424c-bd71-2853049df8fe tempest-VolumesActionsTest-1151801377 tempest-VolumesActionsTest-1151801377-project-member] RESP HEADERS: {'Date': 'Wed, 10 Jun 2026 21:10:53 GMT', 'Server': 'Apache/2.4.58 (Ubuntu)', 'Content-Type': 'text/html; charset=UTF-8', 'Content-Length': '0', 'Etag': 'd41d8cd98f00b204e9800998ecf8427e', 'Last-Modified': 'Wed, 10 Jun 2026 21:10:54 GMT', 'X-Trans-Id': 'tx04594b6347f64042b97ec-006a29d2dd', 'X-Openstack-Request-Id': 'tx04594b6347f64042b97ec-006a29d2dd', 'Connection': 'close'} {{(pid=102293) http_log /opt/stack/data/venv/lib/python3.12/site-packages/swiftclient/client.py:162}}
Jun 10 21:10:53.380587 np0000002549 devstack@g-api.service[102293]: INFO glance.location [None req-4ebe6630-00b5-424c-bd71-2853049df8fe tempest-VolumesActionsTest-1151801377 tempest-VolumesActionsTest-1151801377-project-member] Image format matched and virtual size computed: 1073741824
Jun 10 21:10:53.410300 np0000002549 devstack@g-api.service[102293]: DEBUG glance_store.backend [None req-4ebe6630-00b5-424c-bd71-2853049df8fe tempest-VolumesActionsTest-1151801377 tempest-VolumesActionsTest-1151801377-project-member] Attempting to import store swift {{(pid=102293) _load_store /opt/stack/data/venv/lib/python3.12/site-packages/glance_store/backend.py:215}}
Jun 10 21:10:53.412171 np0000002549 devstack@g-api.service[102293]: DEBUG glance_store.capabilities [None req-4ebe6630-00b5-424c-bd71-2853049df8fe tempest-VolumesActionsTest-1151801377 tempest-VolumesActionsTest-1151801377-project-member] Store glance_store._drivers.swift.store.SingleTenantStore doesn't support updating dynamic storage capabilities. Please overwrite 'update_capabilities' method of the store to implement updating logics if needed. {{(pid=102293) update_capabilities /opt/stack/data/venv/lib/python3.12/site-packages/glance_store/capabilities.py:91}}
Jun 10 21:10:53.412306 np0000002549 devstack@g-api.service[102293]: DEBUG glance_store.driver [None req-4ebe6630-00b5-424c-bd71-2853049df8fe tempest-VolumesActionsTest-1151801377 tempest-VolumesActionsTest-1151801377-project-member] Late loading location class glance_store._drivers.swift.store.StoreLocation {{(pid=102293) get_store_location_class /opt/stack/data/venv/lib/python3.12/site-packages/glance_store/driver.py:134}}
Jun 10 21:10:53.412443 np0000002549 devstack@g-api.service[102293]: DEBUG glance_store.location [None req-4ebe6630-00b5-424c-bd71-2853049df8fe tempest-VolumesActionsTest-1151801377 tempest-VolumesActionsTest-1151801377-project-member] Registering scheme swift+https with {'store': , 'location_class': , 'store_entry': 'swift'} {{(pid=102293) register_scheme_map /opt/stack/data/venv/lib/python3.12/site-packages/glance_store/location.py:146}}
