Jun 10 21:04:10.898918 np0000002549 systemd[1]: Starting devstack@n-api-meta.service - Devstack devstack@n-api-meta.service...
Jun 10 21:04:10.904158 np0000002549 devstack@n-api-meta.service[95332]: [uWSGI] getting INI configuration from /etc/nova/nova-metadata-uwsgi.ini
Jun 10 21:04:10.906632 np0000002549 devstack@n-api-meta.service[95332]: *** Starting uWSGI 2.0.24-debian (64bit) on [Wed Jun 10 21:04:10 2026] ***
Jun 10 21:04:10.906632 np0000002549 devstack@n-api-meta.service[95332]: compiled with version: 13.2.0 on 17 April 2024 16:23:48
Jun 10 21:04:10.906632 np0000002549 devstack@n-api-meta.service[95332]: os: Linux-6.8.0-100-generic #100-Ubuntu SMP PREEMPT_DYNAMIC Tue Jan 13 16:40:06 UTC 2026
Jun 10 21:04:10.906632 np0000002549 devstack@n-api-meta.service[95332]: nodename: np0000002549
Jun 10 21:04:10.906632 np0000002549 devstack@n-api-meta.service[95332]: machine: x86_64
Jun 10 21:04:10.906632 np0000002549 devstack@n-api-meta.service[95332]: clock source: unix
Jun 10 21:04:10.906632 np0000002549 devstack@n-api-meta.service[95332]: pcre jit disabled
Jun 10 21:04:10.906632 np0000002549 devstack@n-api-meta.service[95332]: detected number of CPU cores: 12
Jun 10 21:04:10.906632 np0000002549 devstack@n-api-meta.service[95332]: current working directory: /
Jun 10 21:04:10.906632 np0000002549 devstack@n-api-meta.service[95332]: detected binary path: /usr/bin/uwsgi-core
Jun 10 21:04:10.906632 np0000002549 devstack@n-api-meta.service[95332]: your processes number limit is 95969
Jun 10 21:04:10.906632 np0000002549 devstack@n-api-meta.service[95332]: your memory page size is 4096 bytes
Jun 10 21:04:10.906632 np0000002549 devstack@n-api-meta.service[95332]: detected max file descriptor number: 2048
Jun 10 21:04:10.906632 np0000002549 devstack@n-api-meta.service[95332]: lock engine: pthread robust mutexes
Jun 10 21:04:10.907025 np0000002549 devstack@n-api-meta.service[95332]: thunder lock: enabled
Jun 10 21:04:10.907025 np0000002549 devstack@n-api-meta.service[95332]: uWSGI http bound on 0.0.0.0:8775 fd 5
Jun 10 21:04:10.907091 np0000002549 devstack@n-api-meta.service[95332]: uwsgi socket 0 bound to TCP address 127.0.0.1:43243 (port auto-assigned) fd 4
Jun 10 21:04:10.907091 np0000002549 devstack@n-api-meta.service[95332]: Python version: 3.12.3 (main, Mar 23 2026, 19:04:32) [GCC 13.3.0]
Jun 10 21:04:10.907091 np0000002549 devstack@n-api-meta.service[95332]: PEP 405 virtualenv detected: /opt/stack/data/venv
Jun 10 21:04:10.907091 np0000002549 devstack@n-api-meta.service[95332]: Set PythonHome to /opt/stack/data/venv
Jun 10 21:04:10.940119 np0000002549 devstack@n-api-meta.service[95332]: Python main interpreter initialized at 0x78fe48ea3668
Jun 10 21:04:10.940119 np0000002549 devstack@n-api-meta.service[95332]: python threads support enabled
Jun 10 21:04:10.940119 np0000002549 devstack@n-api-meta.service[95332]: your server socket listen backlog is limited to 100 connections
Jun 10 21:04:10.940119 np0000002549 devstack@n-api-meta.service[95332]: your mercy for graceful operations on workers is 80 seconds
Jun 10 21:04:10.940545 np0000002549 devstack@n-api-meta.service[95332]: mapped 537436 bytes (524 KB) for 3 cores
Jun 10 21:04:10.940663 np0000002549 devstack@n-api-meta.service[95332]: *** Operational MODE: preforking ***
Jun 10 21:04:10.940860 np0000002549 devstack@n-api-meta.service[95332]: *** uWSGI is running in multiple interpreter mode ***
Jun 10 21:04:10.940860 np0000002549 devstack@n-api-meta.service[95332]: spawned uWSGI master process (pid: 95332)
Jun 10 21:04:10.941001 np0000002549 systemd[1]: Started devstack@n-api-meta.service - Devstack devstack@n-api-meta.service.
Jun 10 21:04:10.941384 np0000002549 devstack@n-api-meta.service[95332]: spawned uWSGI worker 1 (pid: 95333, cores: 1)
Jun 10 21:04:10.942216 np0000002549 devstack@n-api-meta.service[95332]: spawned uWSGI worker 2 (pid: 95334, cores: 1)
Jun 10 21:04:10.942363 np0000002549 devstack@n-api-meta.service[95332]: spawned uWSGI worker 3 (pid: 95335, cores: 1)
Jun 10 21:04:10.942789 np0000002549 devstack@n-api-meta.service[95332]: spawned uWSGI http 1 (pid: 95336)
Jun 10 21:04:10.942789 np0000002549 devstack@n-api-meta.service[95332]: running "unix_signal:15 gracefully_kill_them_all" (master-start)...
Jun 10 21:04:12.653926 np0000002549 devstack@n-api-meta.service[95334]: INFO dbcounter [None req-b6916b61-84ed-4ac6-b73e-65826f6dcc72 None None] Registered counter for database nova_api
Jun 10 21:04:12.689585 np0000002549 devstack@n-api-meta.service[95333]: INFO dbcounter [None req-2fb07703-8ddd-4503-8a35-ea2d438dc126 None None] Registered counter for database nova_api
Jun 10 21:04:12.691058 np0000002549 devstack@n-api-meta.service[95335]: INFO dbcounter [None req-a2b5e534-28e3-4427-b9c4-b06b0b5a80bb None None] Registered counter for database nova_api
Jun 10 21:04:12.699691 np0000002549 devstack@n-api-meta.service[95334]: DEBUG oslo_db.sqlalchemy.engines [None req-b6916b61-84ed-4ac6-b73e-65826f6dcc72 None None] MySQL server mode set to STRICT_TRANS_TABLES,STRICT_ALL_TABLES,NO_ZERO_IN_DATE,NO_ZERO_DATE,ERROR_FOR_DIVISION_BY_ZERO,TRADITIONAL,NO_ENGINE_SUBSTITUTION {{(pid=95334) _check_effective_sql_mode /opt/stack/data/venv/lib/python3.12/site-packages/oslo_db/sqlalchemy/engines.py:325}}
Jun 10 21:04:12.733934 np0000002549 devstack@n-api-meta.service[95333]: DEBUG oslo_db.sqlalchemy.engines [None req-2fb07703-8ddd-4503-8a35-ea2d438dc126 None None] MySQL server mode set to STRICT_TRANS_TABLES,STRICT_ALL_TABLES,NO_ZERO_IN_DATE,NO_ZERO_DATE,ERROR_FOR_DIVISION_BY_ZERO,TRADITIONAL,NO_ENGINE_SUBSTITUTION {{(pid=95333) _check_effective_sql_mode /opt/stack/data/venv/lib/python3.12/site-packages/oslo_db/sqlalchemy/engines.py:325}}
Jun 10 21:04:12.738449 np0000002549 devstack@n-api-meta.service[95334]: DEBUG dbcounter [-] [95334] Writer thread running {{(pid=95334) stat_writer /opt/stack/data/venv/lib/python3.12/site-packages/dbcounter.py:102}}
Jun 10 21:04:12.740385 np0000002549 devstack@n-api-meta.service[95335]: DEBUG oslo_db.sqlalchemy.engines [None req-a2b5e534-28e3-4427-b9c4-b06b0b5a80bb None None] MySQL server mode set to STRICT_TRANS_TABLES,STRICT_ALL_TABLES,NO_ZERO_IN_DATE,NO_ZERO_DATE,ERROR_FOR_DIVISION_BY_ZERO,TRADITIONAL,NO_ENGINE_SUBSTITUTION {{(pid=95335) _check_effective_sql_mode /opt/stack/data/venv/lib/python3.12/site-packages/oslo_db/sqlalchemy/engines.py:325}}
Jun 10 21:04:12.741769 np0000002549 devstack@n-api-meta.service[95334]: DEBUG nova.context [None req-b6916b61-84ed-4ac6-b73e-65826f6dcc72 None None] Found 2 cells: 00000000-0000-0000-0000-000000000000(cell0),0d01bb29-c49c-4301-aabb-b5b370e0e009(cell1) {{(pid=95334) load_cells /opt/stack/nova/nova/context.py:509}}
Jun 10 21:04:12.742048 np0000002549 devstack@n-api-meta.service[95334]: INFO nova.utils [None req-b6916b61-84ed-4ac6-b73e-65826f6dcc72 None None] The cell worker thread pool MainProcess.cell_worker is initialized
Jun 10 21:04:12.744228 np0000002549 devstack@n-api-meta.service[95334]: DEBUG oslo_concurrency.lockutils [None req-b6916b61-84ed-4ac6-b73e-65826f6dcc72 None None] Acquiring lock "00000000-0000-0000-0000-000000000000" by "nova.context.set_target_cell..get_or_set_cached_cell_and_set_connections" {{(pid=95334) inner /opt/stack/data/venv/lib/python3.12/site-packages/oslo_concurrency/lockutils.py:511}}
Jun 10 21:04:12.744417 np0000002549 devstack@n-api-meta.service[95334]: DEBUG oslo_concurrency.lockutils [None req-b6916b61-84ed-4ac6-b73e-65826f6dcc72 None None] Lock "00000000-0000-0000-0000-000000000000" acquired by "nova.context.set_target_cell..get_or_set_cached_cell_and_set_connections" :: waited 0.000s {{(pid=95334) inner /opt/stack/data/venv/lib/python3.12/site-packages/oslo_concurrency/lockutils.py:524}}
Jun 10 21:04:12.744909 np0000002549 devstack@n-api-meta.service[95334]: DEBUG oslo_concurrency.lockutils [None req-b6916b61-84ed-4ac6-b73e-65826f6dcc72 None None] Lock "00000000-0000-0000-0000-000000000000" "released" by "nova.context.set_target_cell..get_or_set_cached_cell_and_set_connections" :: held 0.000s {{(pid=95334) inner /opt/stack/data/venv/lib/python3.12/site-packages/oslo_concurrency/lockutils.py:543}}
Jun 10 21:04:12.745590 np0000002549 devstack@n-api-meta.service[95334]: DEBUG oslo_concurrency.lockutils [None req-b6916b61-84ed-4ac6-b73e-65826f6dcc72 None None] Acquiring lock "0d01bb29-c49c-4301-aabb-b5b370e0e009" by "nova.context.set_target_cell..get_or_set_cached_cell_and_set_connections" {{(pid=95334) inner /opt/stack/data/venv/lib/python3.12/site-packages/oslo_concurrency/lockutils.py:511}}
Jun 10 21:04:12.747302 np0000002549 devstack@n-api-meta.service[95334]: DEBUG oslo_concurrency.lockutils [None req-b6916b61-84ed-4ac6-b73e-65826f6dcc72 None None] Lock "0d01bb29-c49c-4301-aabb-b5b370e0e009" acquired by "nova.context.set_target_cell..get_or_set_cached_cell_and_set_connections" :: waited 0.002s {{(pid=95334) inner /opt/stack/data/venv/lib/python3.12/site-packages/oslo_concurrency/lockutils.py:524}}
Jun 10 21:04:12.748529 np0000002549 devstack@n-api-meta.service[95334]: INFO dbcounter [None req-b6916b61-84ed-4ac6-b73e-65826f6dcc72 None None] Registered counter for database nova_cell0
Jun 10 21:04:12.750342 np0000002549 devstack@n-api-meta.service[95334]: DEBUG oslo_concurrency.lockutils [None req-b6916b61-84ed-4ac6-b73e-65826f6dcc72 None None] Lock "0d01bb29-c49c-4301-aabb-b5b370e0e009" "released" by "nova.context.set_target_cell..get_or_set_cached_cell_and_set_connections" :: held 0.001s {{(pid=95334) inner /opt/stack/data/venv/lib/python3.12/site-packages/oslo_concurrency/lockutils.py:543}}
Jun 10 21:04:12.752417 np0000002549 devstack@n-api-meta.service[95334]: INFO dbcounter [None req-b6916b61-84ed-4ac6-b73e-65826f6dcc72 None None] Registered counter for database nova_cell1
Jun 10 21:04:12.764055 np0000002549 devstack@n-api-meta.service[95333]: DEBUG dbcounter [-] [95333] Writer thread running {{(pid=95333) stat_writer /opt/stack/data/venv/lib/python3.12/site-packages/dbcounter.py:102}}
Jun 10 21:04:12.769571 np0000002549 devstack@n-api-meta.service[95333]: DEBUG nova.context [None req-2fb07703-8ddd-4503-8a35-ea2d438dc126 None None] Found 2 cells: 00000000-0000-0000-0000-000000000000(cell0),0d01bb29-c49c-4301-aabb-b5b370e0e009(cell1) {{(pid=95333) load_cells /opt/stack/nova/nova/context.py:509}}
Jun 10 21:04:12.769571 np0000002549 devstack@n-api-meta.service[95333]: INFO nova.utils [None req-2fb07703-8ddd-4503-8a35-ea2d438dc126 None None] The cell worker thread pool MainProcess.cell_worker is initialized
Jun 10 21:04:12.770849 np0000002549 devstack@n-api-meta.service[95333]: DEBUG oslo_concurrency.lockutils [None req-2fb07703-8ddd-4503-8a35-ea2d438dc126 None None] Acquiring lock "00000000-0000-0000-0000-000000000000" by "nova.context.set_target_cell..get_or_set_cached_cell_and_set_connections" {{(pid=95333) inner /opt/stack/data/venv/lib/python3.12/site-packages/oslo_concurrency/lockutils.py:511}}
Jun 10 21:04:12.771005 np0000002549 devstack@n-api-meta.service[95333]: DEBUG oslo_concurrency.lockutils [None req-2fb07703-8ddd-4503-8a35-ea2d438dc126 None None] Lock "00000000-0000-0000-0000-000000000000" acquired by "nova.context.set_target_cell..get_or_set_cached_cell_and_set_connections" :: waited 0.000s {{(pid=95333) inner /opt/stack/data/venv/lib/python3.12/site-packages/oslo_concurrency/lockutils.py:524}}
Jun 10 21:04:12.771332 np0000002549 devstack@n-api-meta.service[95333]: DEBUG oslo_concurrency.lockutils [None req-2fb07703-8ddd-4503-8a35-ea2d438dc126 None None] Lock "00000000-0000-0000-0000-000000000000" "released" by "nova.context.set_target_cell..get_or_set_cached_cell_and_set_connections" :: held 0.000s {{(pid=95333) inner /opt/stack/data/venv/lib/python3.12/site-packages/oslo_concurrency/lockutils.py:543}}
Jun 10 21:04:12.772057 np0000002549 devstack@n-api-meta.service[95333]: DEBUG oslo_concurrency.lockutils [None req-2fb07703-8ddd-4503-8a35-ea2d438dc126 None None] Acquiring lock "0d01bb29-c49c-4301-aabb-b5b370e0e009" by "nova.context.set_target_cell..get_or_set_cached_cell_and_set_connections" {{(pid=95333) inner /opt/stack/data/venv/lib/python3.12/site-packages/oslo_concurrency/lockutils.py:511}}
Jun 10 21:04:12.772195 np0000002549 devstack@n-api-meta.service[95333]: DEBUG oslo_concurrency.lockutils [None req-2fb07703-8ddd-4503-8a35-ea2d438dc126 None None] Lock "0d01bb29-c49c-4301-aabb-b5b370e0e009" acquired by "nova.context.set_target_cell..get_or_set_cached_cell_and_set_connections" :: waited 0.000s {{(pid=95333) inner /opt/stack/data/venv/lib/python3.12/site-packages/oslo_concurrency/lockutils.py:524}}
Jun 10 21:04:12.772976 np0000002549 devstack@n-api-meta.service[95333]: DEBUG oslo_concurrency.lockutils [None req-2fb07703-8ddd-4503-8a35-ea2d438dc126 None None] Lock "0d01bb29-c49c-4301-aabb-b5b370e0e009" "released" by "nova.context.set_target_cell..get_or_set_cached_cell_and_set_connections" :: held 0.001s {{(pid=95333) inner /opt/stack/data/venv/lib/python3.12/site-packages/oslo_concurrency/lockutils.py:543}}
Jun 10 21:04:12.775419 np0000002549 devstack@n-api-meta.service[95333]: INFO dbcounter [None req-2fb07703-8ddd-4503-8a35-ea2d438dc126 None None] Registered counter for database nova_cell0
Jun 10 21:04:12.777888 np0000002549 devstack@n-api-meta.service[95335]: DEBUG dbcounter [-] [95335] Writer thread running {{(pid=95335) stat_writer /opt/stack/data/venv/lib/python3.12/site-packages/dbcounter.py:102}}
Jun 10 21:04:12.778819 np0000002549 devstack@n-api-meta.service[95333]: INFO dbcounter [None req-2fb07703-8ddd-4503-8a35-ea2d438dc126 None None] Registered counter for database nova_cell1
Jun 10 21:04:12.779005 np0000002549 devstack@n-api-meta.service[95335]: DEBUG nova.context [None req-a2b5e534-28e3-4427-b9c4-b06b0b5a80bb None None] Found 2 cells: 00000000-0000-0000-0000-000000000000(cell0),0d01bb29-c49c-4301-aabb-b5b370e0e009(cell1) {{(pid=95335) load_cells /opt/stack/nova/nova/context.py:509}}
Jun 10 21:04:12.779234 np0000002549 devstack@n-api-meta.service[95335]: INFO nova.utils [None req-a2b5e534-28e3-4427-b9c4-b06b0b5a80bb None None] The cell worker thread pool MainProcess.cell_worker is initialized
Jun 10 21:04:12.782580 np0000002549 devstack@n-api-meta.service[95335]: DEBUG oslo_concurrency.lockutils [None req-a2b5e534-28e3-4427-b9c4-b06b0b5a80bb None None] Acquiring lock "00000000-0000-0000-0000-000000000000" by "nova.context.set_target_cell..get_or_set_cached_cell_and_set_connections" {{(pid=95335) inner /opt/stack/data/venv/lib/python3.12/site-packages/oslo_concurrency/lockutils.py:511}}
Jun 10 21:04:12.782580 np0000002549 devstack@n-api-meta.service[95335]: DEBUG oslo_concurrency.lockutils [None req-a2b5e534-28e3-4427-b9c4-b06b0b5a80bb None None] Lock "00000000-0000-0000-0000-000000000000" acquired by "nova.context.set_target_cell..get_or_set_cached_cell_and_set_connections" :: waited 0.000s {{(pid=95335) inner /opt/stack/data/venv/lib/python3.12/site-packages/oslo_concurrency/lockutils.py:524}}
Jun 10 21:04:12.782580 np0000002549 devstack@n-api-meta.service[95335]: DEBUG oslo_concurrency.lockutils [None req-a2b5e534-28e3-4427-b9c4-b06b0b5a80bb None None] Lock "00000000-0000-0000-0000-000000000000" "released" by "nova.context.set_target_cell..get_or_set_cached_cell_and_set_connections" :: held 0.000s {{(pid=95335) inner /opt/stack/data/venv/lib/python3.12/site-packages/oslo_concurrency/lockutils.py:543}}
Jun 10 21:04:12.782580 np0000002549 devstack@n-api-meta.service[95335]: DEBUG oslo_concurrency.lockutils [None req-a2b5e534-28e3-4427-b9c4-b06b0b5a80bb None None] Acquiring lock "0d01bb29-c49c-4301-aabb-b5b370e0e009" by "nova.context.set_target_cell..get_or_set_cached_cell_and_set_connections" {{(pid=95335) inner /opt/stack/data/venv/lib/python3.12/site-packages/oslo_concurrency/lockutils.py:511}}
Jun 10 21:04:12.782580 np0000002549 devstack@n-api-meta.service[95335]: DEBUG oslo_concurrency.lockutils [None req-a2b5e534-28e3-4427-b9c4-b06b0b5a80bb None None] Lock "0d01bb29-c49c-4301-aabb-b5b370e0e009" acquired by "nova.context.set_target_cell..get_or_set_cached_cell_and_set_connections" :: waited 0.000s {{(pid=95335) inner /opt/stack/data/venv/lib/python3.12/site-packages/oslo_concurrency/lockutils.py:524}}
Jun 10 21:04:12.783082 np0000002549 devstack@n-api-meta.service[95335]: DEBUG oslo_concurrency.lockutils [None req-a2b5e534-28e3-4427-b9c4-b06b0b5a80bb None None] Lock "0d01bb29-c49c-4301-aabb-b5b370e0e009" "released" by "nova.context.set_target_cell..get_or_set_cached_cell_and_set_connections" :: held 0.001s {{(pid=95335) inner /opt/stack/data/venv/lib/python3.12/site-packages/oslo_concurrency/lockutils.py:543}}
Jun 10 21:04:12.785749 np0000002549 devstack@n-api-meta.service[95335]: INFO dbcounter [None req-a2b5e534-28e3-4427-b9c4-b06b0b5a80bb None None] Registered counter for database nova_cell0
Jun 10 21:04:12.789226 np0000002549 devstack@n-api-meta.service[95335]: INFO dbcounter [None req-a2b5e534-28e3-4427-b9c4-b06b0b5a80bb None None] Registered counter for database nova_cell1
Jun 10 21:04:12.808908 np0000002549 devstack@n-api-meta.service[95334]: DEBUG oslo_db.sqlalchemy.engines [None req-b6916b61-84ed-4ac6-b73e-65826f6dcc72 None None] MySQL server mode set to STRICT_TRANS_TABLES,STRICT_ALL_TABLES,NO_ZERO_IN_DATE,NO_ZERO_DATE,ERROR_FOR_DIVISION_BY_ZERO,TRADITIONAL,NO_ENGINE_SUBSTITUTION {{(pid=95334) _check_effective_sql_mode /opt/stack/data/venv/lib/python3.12/site-packages/oslo_db/sqlalchemy/engines.py:325}}
Jun 10 21:04:12.813150 np0000002549 devstack@n-api-meta.service[95334]: DEBUG oslo_db.sqlalchemy.engines [None req-b6916b61-84ed-4ac6-b73e-65826f6dcc72 None None] MySQL server mode set to STRICT_TRANS_TABLES,STRICT_ALL_TABLES,NO_ZERO_IN_DATE,NO_ZERO_DATE,ERROR_FOR_DIVISION_BY_ZERO,TRADITIONAL,NO_ENGINE_SUBSTITUTION {{(pid=95334) _check_effective_sql_mode /opt/stack/data/venv/lib/python3.12/site-packages/oslo_db/sqlalchemy/engines.py:325}}
Jun 10 21:04:12.834358 np0000002549 devstack@n-api-meta.service[95333]: DEBUG oslo_db.sqlalchemy.engines [None req-2fb07703-8ddd-4503-8a35-ea2d438dc126 None None] MySQL server mode set to STRICT_TRANS_TABLES,STRICT_ALL_TABLES,NO_ZERO_IN_DATE,NO_ZERO_DATE,ERROR_FOR_DIVISION_BY_ZERO,TRADITIONAL,NO_ENGINE_SUBSTITUTION {{(pid=95333) _check_effective_sql_mode /opt/stack/data/venv/lib/python3.12/site-packages/oslo_db/sqlalchemy/engines.py:325}}
Jun 10 21:04:12.844624 np0000002549 devstack@n-api-meta.service[95335]: DEBUG oslo_db.sqlalchemy.engines [None req-a2b5e534-28e3-4427-b9c4-b06b0b5a80bb None None] MySQL server mode set to STRICT_TRANS_TABLES,STRICT_ALL_TABLES,NO_ZERO_IN_DATE,NO_ZERO_DATE,ERROR_FOR_DIVISION_BY_ZERO,TRADITIONAL,NO_ENGINE_SUBSTITUTION {{(pid=95335) _check_effective_sql_mode /opt/stack/data/venv/lib/python3.12/site-packages/oslo_db/sqlalchemy/engines.py:325}}
Jun 10 21:04:12.848806 np0000002549 devstack@n-api-meta.service[95335]: DEBUG oslo_db.sqlalchemy.engines [None req-a2b5e534-28e3-4427-b9c4-b06b0b5a80bb None None] MySQL server mode set to STRICT_TRANS_TABLES,STRICT_ALL_TABLES,NO_ZERO_IN_DATE,NO_ZERO_DATE,ERROR_FOR_DIVISION_BY_ZERO,TRADITIONAL,NO_ENGINE_SUBSTITUTION {{(pid=95335) _check_effective_sql_mode /opt/stack/data/venv/lib/python3.12/site-packages/oslo_db/sqlalchemy/engines.py:325}}
Jun 10 21:04:12.902453 np0000002549 devstack@n-api-meta.service[95334]: DEBUG dbcounter [-] [95334] Writer thread running {{(pid=95334) stat_writer /opt/stack/data/venv/lib/python3.12/site-packages/dbcounter.py:102}}
Jun 10 21:04:12.905973 np0000002549 devstack@n-api-meta.service[95334]: DEBUG dbcounter [-] [95334] Writer thread running {{(pid=95334) stat_writer /opt/stack/data/venv/lib/python3.12/site-packages/dbcounter.py:102}}
Jun 10 21:04:12.908824 np0000002549 devstack@n-api-meta.service[95334]: INFO dbcounter [None req-b6916b61-84ed-4ac6-b73e-65826f6dcc72 None None] Registered counter for database nova_cell0
Jun 10 21:04:12.945790 np0000002549 devstack@n-api-meta.service[95333]: DEBUG oslo_db.sqlalchemy.engines [None req-2fb07703-8ddd-4503-8a35-ea2d438dc126 None None] MySQL server mode set to STRICT_TRANS_TABLES,STRICT_ALL_TABLES,NO_ZERO_IN_DATE,NO_ZERO_DATE,ERROR_FOR_DIVISION_BY_ZERO,TRADITIONAL,NO_ENGINE_SUBSTITUTION {{(pid=95333) _check_effective_sql_mode /opt/stack/data/venv/lib/python3.12/site-packages/oslo_db/sqlalchemy/engines.py:325}}
Jun 10 21:04:12.947193 np0000002549 devstack@n-api-meta.service[95333]: DEBUG dbcounter [-] [95333] Writer thread running {{(pid=95333) stat_writer /opt/stack/data/venv/lib/python3.12/site-packages/dbcounter.py:102}}
Jun 10 21:04:12.951813 np0000002549 devstack@n-api-meta.service[95335]: DEBUG dbcounter [-] [95335] Writer thread running {{(pid=95335) stat_writer /opt/stack/data/venv/lib/python3.12/site-packages/dbcounter.py:102}}
Jun 10 21:04:12.954196 np0000002549 devstack@n-api-meta.service[95334]: DEBUG oslo_db.sqlalchemy.engines [None req-b6916b61-84ed-4ac6-b73e-65826f6dcc72 None None] MySQL server mode set to STRICT_TRANS_TABLES,STRICT_ALL_TABLES,NO_ZERO_IN_DATE,NO_ZERO_DATE,ERROR_FOR_DIVISION_BY_ZERO,TRADITIONAL,NO_ENGINE_SUBSTITUTION {{(pid=95334) _check_effective_sql_mode /opt/stack/data/venv/lib/python3.12/site-packages/oslo_db/sqlalchemy/engines.py:325}}
Jun 10 21:04:12.956053 np0000002549 devstack@n-api-meta.service[95335]: DEBUG dbcounter [-] [95335] Writer thread running {{(pid=95335) stat_writer /opt/stack/data/venv/lib/python3.12/site-packages/dbcounter.py:102}}
Jun 10 21:04:12.959865 np0000002549 devstack@n-api-meta.service[95333]: DEBUG dbcounter [-] [95333] Writer thread running {{(pid=95333) stat_writer /opt/stack/data/venv/lib/python3.12/site-packages/dbcounter.py:102}}
Jun 10 21:04:12.959996 np0000002549 devstack@n-api-meta.service[95335]: INFO dbcounter [None req-a2b5e534-28e3-4427-b9c4-b06b0b5a80bb None None] Registered counter for database nova_cell0
Jun 10 21:04:12.962585 np0000002549 devstack@n-api-meta.service[95334]: DEBUG dbcounter [-] [95334] Writer thread running {{(pid=95334) stat_writer /opt/stack/data/venv/lib/python3.12/site-packages/dbcounter.py:102}}
Jun 10 21:04:12.962847 np0000002549 devstack@n-api-meta.service[95333]: INFO dbcounter [None req-2fb07703-8ddd-4503-8a35-ea2d438dc126 None None] Registered counter for database nova_cell0
Jun 10 21:04:12.998014 np0000002549 devstack@n-api-meta.service[95335]: DEBUG oslo_db.sqlalchemy.engines [None req-a2b5e534-28e3-4427-b9c4-b06b0b5a80bb None None] MySQL server mode set to STRICT_TRANS_TABLES,STRICT_ALL_TABLES,NO_ZERO_IN_DATE,NO_ZERO_DATE,ERROR_FOR_DIVISION_BY_ZERO,TRADITIONAL,NO_ENGINE_SUBSTITUTION {{(pid=95335) _check_effective_sql_mode /opt/stack/data/venv/lib/python3.12/site-packages/oslo_db/sqlalchemy/engines.py:325}}
Jun 10 21:04:12.999999 np0000002549 devstack@n-api-meta.service[95333]: DEBUG oslo_db.sqlalchemy.engines [None req-2fb07703-8ddd-4503-8a35-ea2d438dc126 None None] MySQL server mode set to STRICT_TRANS_TABLES,STRICT_ALL_TABLES,NO_ZERO_IN_DATE,NO_ZERO_DATE,ERROR_FOR_DIVISION_BY_ZERO,TRADITIONAL,NO_ENGINE_SUBSTITUTION {{(pid=95333) _check_effective_sql_mode /opt/stack/data/venv/lib/python3.12/site-packages/oslo_db/sqlalchemy/engines.py:325}}
Jun 10 21:04:13.003032 np0000002549 devstack@n-api-meta.service[95334]: WARNING nova.api.metadata.handler [None req-b6916b61-84ed-4ac6-b73e-65826f6dcc72 None None] metadata_proxy_shared_secret is not configured, the metadata information returned by the proxy cannot be trusted
Jun 10 21:04:13.005484 np0000002549 devstack@n-api-meta.service[95334]: DEBUG nova.api.openstack.wsgi_app [None req-b6916b61-84ed-4ac6-b73e-65826f6dcc72 None None] ******************************************************************************** {{(pid=95334) log_opt_values /opt/stack/data/venv/lib/python3.12/site-packages/oslo_config/cfg.py:3229}}
Jun 10 21:04:13.005657 np0000002549 devstack@n-api-meta.service[95334]: DEBUG nova.api.openstack.wsgi_app [None req-b6916b61-84ed-4ac6-b73e-65826f6dcc72 None None] Configuration options gathered from: {{(pid=95334) log_opt_values /opt/stack/data/venv/lib/python3.12/site-packages/oslo_config/cfg.py:3230}}
Jun 10 21:04:13.005818 np0000002549 devstack@n-api-meta.service[95334]: DEBUG nova.api.openstack.wsgi_app [None req-b6916b61-84ed-4ac6-b73e-65826f6dcc72 None None] command line args: [] {{(pid=95334) log_opt_values /opt/stack/data/venv/lib/python3.12/site-packages/oslo_config/cfg.py:3231}}
Jun 10 21:04:13.006011 np0000002549 devstack@n-api-meta.service[95334]: DEBUG nova.api.openstack.wsgi_app [None req-b6916b61-84ed-4ac6-b73e-65826f6dcc72 None None] config files: ['/etc/nova/api-paste.ini', '/etc/nova/nova.conf'] {{(pid=95334) log_opt_values /opt/stack/data/venv/lib/python3.12/site-packages/oslo_config/cfg.py:3232}}
Jun 10 21:04:13.006158 np0000002549 devstack@n-api-meta.service[95334]: DEBUG nova.api.openstack.wsgi_app [None req-b6916b61-84ed-4ac6-b73e-65826f6dcc72 None None] ================================================================================ {{(pid=95334) log_opt_values /opt/stack/data/venv/lib/python3.12/site-packages/oslo_config/cfg.py:3237}}
Jun 10 21:04:13.007751 np0000002549 devstack@n-api-meta.service[95334]: DEBUG nova.api.openstack.wsgi_app [None req-b6916b61-84ed-4ac6-b73e-65826f6dcc72 None None] allow_resize_to_same_host = True {{(pid=95334) log_opt_values /opt/stack/data/venv/lib/python3.12/site-packages/oslo_config/cfg.py:3245}}
Jun 10 21:04:13.007751 np0000002549 devstack@n-api-meta.service[95334]: DEBUG nova.api.openstack.wsgi_app [None req-b6916b61-84ed-4ac6-b73e-65826f6dcc72 None None] arq_binding_timeout = 300 {{(pid=95334) log_opt_values /opt/stack/data/venv/lib/python3.12/site-packages/oslo_config/cfg.py:3245}}
Jun 10 21:04:13.007751 np0000002549 devstack@n-api-meta.service[95334]: DEBUG nova.api.openstack.wsgi_app [None req-b6916b61-84ed-4ac6-b73e-65826f6dcc72 None None] block_device_allocate_retries = 60 {{(pid=95334) log_opt_values /opt/stack/data/venv/lib/python3.12/site-packages/oslo_config/cfg.py:3245}}
Jun 10 21:04:13.007751 np0000002549 devstack@n-api-meta.service[95334]: DEBUG nova.api.openstack.wsgi_app [None req-b6916b61-84ed-4ac6-b73e-65826f6dcc72 None None] block_device_allocate_retries_interval = 3 {{(pid=95334) log_opt_values /opt/stack/data/venv/lib/python3.12/site-packages/oslo_config/cfg.py:3245}}
Jun 10 21:04:13.007926 np0000002549 devstack@n-api-meta.service[95335]: DEBUG dbcounter [-] [95335] Writer thread running {{(pid=95335) stat_writer /opt/stack/data/venv/lib/python3.12/site-packages/dbcounter.py:102}}
Jun 10 21:04:13.007980 np0000002549 devstack@n-api-meta.service[95334]: DEBUG nova.api.openstack.wsgi_app [None req-b6916b61-84ed-4ac6-b73e-65826f6dcc72 None None] cell_worker_thread_pool_size = 5 {{(pid=95334) log_opt_values /opt/stack/data/venv/lib/python3.12/site-packages/oslo_config/cfg.py:3245}}
Jun 10 21:04:13.007980 np0000002549 devstack@n-api-meta.service[95334]: DEBUG nova.api.openstack.wsgi_app [None req-b6916b61-84ed-4ac6-b73e-65826f6dcc72 None None] cert = self.pem {{(pid=95334) log_opt_values /opt/stack/data/venv/lib/python3.12/site-packages/oslo_config/cfg.py:3245}}
Jun 10 21:04:13.007980 np0000002549 devstack@n-api-meta.service[95334]: DEBUG nova.api.openstack.wsgi_app [None req-b6916b61-84ed-4ac6-b73e-65826f6dcc72 None None] compute_driver = libvirt.LibvirtDriver {{(pid=95334) log_opt_values /opt/stack/data/venv/lib/python3.12/site-packages/oslo_config/cfg.py:3245}}
Jun 10 21:04:13.007980 np0000002549 devstack@n-api-meta.service[95334]: DEBUG nova.api.openstack.wsgi_app [None req-b6916b61-84ed-4ac6-b73e-65826f6dcc72 None None] compute_monitors = [] {{(pid=95334) log_opt_values /opt/stack/data/venv/lib/python3.12/site-packages/oslo_config/cfg.py:3245}}
Jun 10 21:04:13.007980 np0000002549 devstack@n-api-meta.service[95334]: DEBUG nova.api.openstack.wsgi_app [None req-b6916b61-84ed-4ac6-b73e-65826f6dcc72 None None] config_dir = [] {{(pid=95334) log_opt_values /opt/stack/data/venv/lib/python3.12/site-packages/oslo_config/cfg.py:3245}}
Jun 10 21:04:13.008217 np0000002549 devstack@n-api-meta.service[95334]: DEBUG nova.api.openstack.wsgi_app [None req-b6916b61-84ed-4ac6-b73e-65826f6dcc72 None None] config_drive_format = iso9660 {{(pid=95334) log_opt_values /opt/stack/data/venv/lib/python3.12/site-packages/oslo_config/cfg.py:3245}}
Jun 10 21:04:13.008217 np0000002549 devstack@n-api-meta.service[95334]: DEBUG nova.api.openstack.wsgi_app [None req-b6916b61-84ed-4ac6-b73e-65826f6dcc72 None None] config_file = ['/etc/nova/api-paste.ini', '/etc/nova/nova.conf'] {{(pid=95334) log_opt_values /opt/stack/data/venv/lib/python3.12/site-packages/oslo_config/cfg.py:3245}}
Jun 10 21:04:13.008378 np0000002549 devstack@n-api-meta.service[95334]: DEBUG nova.api.openstack.wsgi_app [None req-b6916b61-84ed-4ac6-b73e-65826f6dcc72 None None] config_source = [] {{(pid=95334) log_opt_values /opt/stack/data/venv/lib/python3.12/site-packages/oslo_config/cfg.py:3245}}
Jun 10 21:04:13.008604 np0000002549 devstack@n-api-meta.service[95334]: DEBUG nova.api.openstack.wsgi_app [None req-b6916b61-84ed-4ac6-b73e-65826f6dcc72 None None] console_host = np0000002549 {{(pid=95334) log_opt_values /opt/stack/data/venv/lib/python3.12/site-packages/oslo_config/cfg.py:3245}}
Jun 10 21:04:13.008674 np0000002549 devstack@n-api-meta.service[95333]: DEBUG dbcounter [-] [95333] Writer thread running {{(pid=95333) stat_writer /opt/stack/data/venv/lib/python3.12/site-packages/dbcounter.py:102}}
Jun 10 21:04:13.008809 np0000002549 devstack@n-api-meta.service[95334]: DEBUG nova.api.openstack.wsgi_app [None req-b6916b61-84ed-4ac6-b73e-65826f6dcc72 None None] control_exchange = nova {{(pid=95334) log_opt_values /opt/stack/data/venv/lib/python3.12/site-packages/oslo_config/cfg.py:3245}}
Jun 10 21:04:13.009001 np0000002549 devstack@n-api-meta.service[95334]: DEBUG nova.api.openstack.wsgi_app [None req-b6916b61-84ed-4ac6-b73e-65826f6dcc72 None None] cpu_allocation_ratio = None {{(pid=95334) log_opt_values /opt/stack/data/venv/lib/python3.12/site-packages/oslo_config/cfg.py:3245}}
Jun 10 21:04:13.009192 np0000002549 devstack@n-api-meta.service[95334]: DEBUG nova.api.openstack.wsgi_app [None req-b6916b61-84ed-4ac6-b73e-65826f6dcc72 None None] daemon = False {{(pid=95334) log_opt_values /opt/stack/data/venv/lib/python3.12/site-packages/oslo_config/cfg.py:3245}}
Jun 10 21:04:13.009377 np0000002549 devstack@n-api-meta.service[95334]: DEBUG nova.api.openstack.wsgi_app [None req-b6916b61-84ed-4ac6-b73e-65826f6dcc72 None None] debug = True {{(pid=95334) log_opt_values /opt/stack/data/venv/lib/python3.12/site-packages/oslo_config/cfg.py:3245}}
Jun 10 21:04:13.009579 np0000002549 devstack@n-api-meta.service[95334]: DEBUG nova.api.openstack.wsgi_app [None req-b6916b61-84ed-4ac6-b73e-65826f6dcc72 None None] default_access_ip_network_name = None {{(pid=95334) log_opt_values /opt/stack/data/venv/lib/python3.12/site-packages/oslo_config/cfg.py:3245}}
Jun 10 21:04:13.009763 np0000002549 devstack@n-api-meta.service[95334]: DEBUG nova.api.openstack.wsgi_app [None req-b6916b61-84ed-4ac6-b73e-65826f6dcc72 None None] default_availability_zone = nova {{(pid=95334) log_opt_values /opt/stack/data/venv/lib/python3.12/site-packages/oslo_config/cfg.py:3245}}
Jun 10 21:04:13.009940 np0000002549 devstack@n-api-meta.service[95334]: DEBUG nova.api.openstack.wsgi_app [None req-b6916b61-84ed-4ac6-b73e-65826f6dcc72 None None] default_ephemeral_format = ext4 {{(pid=95334) log_opt_values /opt/stack/data/venv/lib/python3.12/site-packages/oslo_config/cfg.py:3245}}
Jun 10 21:04:13.010120 np0000002549 devstack@n-api-meta.service[95334]: DEBUG nova.api.openstack.wsgi_app [None req-b6916b61-84ed-4ac6-b73e-65826f6dcc72 None None] default_green_pool_size = 1000 {{(pid=95334) log_opt_values /opt/stack/data/venv/lib/python3.12/site-packages/oslo_config/cfg.py:3245}}
Jun 10 21:04:13.010402 np0000002549 devstack@n-api-meta.service[95334]: DEBUG nova.api.openstack.wsgi_app [None req-b6916b61-84ed-4ac6-b73e-65826f6dcc72 None None] default_log_levels = ['amqp=WARN', 'boto=WARN', 'sqlalchemy=WARN', 'suds=INFO', 'oslo.messaging=INFO', 'oslo_messaging=INFO', 'iso8601=WARN', 'requests.packages.urllib3.connectionpool=WARN', 'urllib3.connectionpool=WARN', 'websocket=WARN', 'requests.packages.urllib3.util.retry=WARN', 'urllib3.util.retry=WARN', 'keystonemiddleware=WARN', 'routes.middleware=WARN', 'stevedore=WARN', 'taskflow=WARN', 'keystoneauth=WARN', 'oslo.cache=INFO', 'oslo_policy=INFO', 'dogpile.core.dogpile=INFO', 'glanceclient=WARN', 'oslo.privsep.daemon=INFO'] {{(pid=95334) log_opt_values /opt/stack/data/venv/lib/python3.12/site-packages/oslo_config/cfg.py:3245}}
Jun 10 21:04:13.010612 np0000002549 devstack@n-api-meta.service[95334]: DEBUG nova.api.openstack.wsgi_app [None req-b6916b61-84ed-4ac6-b73e-65826f6dcc72 None None] default_schedule_zone = None {{(pid=95334) log_opt_values /opt/stack/data/venv/lib/python3.12/site-packages/oslo_config/cfg.py:3245}}
Jun 10 21:04:13.010797 np0000002549 devstack@n-api-meta.service[95334]: DEBUG nova.api.openstack.wsgi_app [None req-b6916b61-84ed-4ac6-b73e-65826f6dcc72 None None] default_thread_pool_size = 10 {{(pid=95334) log_opt_values /opt/stack/data/venv/lib/python3.12/site-packages/oslo_config/cfg.py:3245}}
Jun 10 21:04:13.010962 np0000002549 devstack@n-api-meta.service[95334]: DEBUG nova.api.openstack.wsgi_app [None req-b6916b61-84ed-4ac6-b73e-65826f6dcc72 None None] disk_allocation_ratio = None {{(pid=95334) log_opt_values /opt/stack/data/venv/lib/python3.12/site-packages/oslo_config/cfg.py:3245}}
Jun 10 21:04:13.011130 np0000002549 devstack@n-api-meta.service[95334]: DEBUG nova.api.openstack.wsgi_app [None req-b6916b61-84ed-4ac6-b73e-65826f6dcc72 None None] enable_new_services = True {{(pid=95334) log_opt_values /opt/stack/data/venv/lib/python3.12/site-packages/oslo_config/cfg.py:3245}}
Jun 10 21:04:13.011295 np0000002549 devstack@n-api-meta.service[95334]: DEBUG nova.api.openstack.wsgi_app [None req-b6916b61-84ed-4ac6-b73e-65826f6dcc72 None None] flat_injected = False {{(pid=95334) log_opt_values /opt/stack/data/venv/lib/python3.12/site-packages/oslo_config/cfg.py:3245}}
Jun 10 21:04:13.011496 np0000002549 devstack@n-api-meta.service[95334]: DEBUG nova.api.openstack.wsgi_app [None req-b6916b61-84ed-4ac6-b73e-65826f6dcc72 None None] force_config_drive = True {{(pid=95334) log_opt_values /opt/stack/data/venv/lib/python3.12/site-packages/oslo_config/cfg.py:3245}}
Jun 10 21:04:13.011682 np0000002549 devstack@n-api-meta.service[95334]: DEBUG nova.api.openstack.wsgi_app [None req-b6916b61-84ed-4ac6-b73e-65826f6dcc72 None None] force_raw_images = True {{(pid=95334) log_opt_values /opt/stack/data/venv/lib/python3.12/site-packages/oslo_config/cfg.py:3245}}
Jun 10 21:04:13.011861 np0000002549 devstack@n-api-meta.service[95334]: DEBUG nova.api.openstack.wsgi_app [None req-b6916b61-84ed-4ac6-b73e-65826f6dcc72 None None] graceful_shutdown_timeout = 5 {{(pid=95334) log_opt_values /opt/stack/data/venv/lib/python3.12/site-packages/oslo_config/cfg.py:3245}}
Jun 10 21:04:13.012028 np0000002549 devstack@n-api-meta.service[95334]: DEBUG nova.api.openstack.wsgi_app [None req-b6916b61-84ed-4ac6-b73e-65826f6dcc72 None None] heal_instance_info_cache_interval = -1 {{(pid=95334) log_opt_values /opt/stack/data/venv/lib/python3.12/site-packages/oslo_config/cfg.py:3245}}
Jun 10 21:04:13.012254 np0000002549 devstack@n-api-meta.service[95334]: DEBUG nova.api.openstack.wsgi_app [None req-b6916b61-84ed-4ac6-b73e-65826f6dcc72 None None] host = np0000002549 {{(pid=95334) log_opt_values /opt/stack/data/venv/lib/python3.12/site-packages/oslo_config/cfg.py:3245}}
Jun 10 21:04:13.012436 np0000002549 devstack@n-api-meta.service[95334]: DEBUG nova.api.openstack.wsgi_app [None req-b6916b61-84ed-4ac6-b73e-65826f6dcc72 None None] initial_cpu_allocation_ratio = 4.0 {{(pid=95334) log_opt_values /opt/stack/data/venv/lib/python3.12/site-packages/oslo_config/cfg.py:3245}}
Jun 10 21:04:13.012645 np0000002549 devstack@n-api-meta.service[95334]: DEBUG nova.api.openstack.wsgi_app [None req-b6916b61-84ed-4ac6-b73e-65826f6dcc72 None None] initial_disk_allocation_ratio = 1.0 {{(pid=95334) log_opt_values /opt/stack/data/venv/lib/python3.12/site-packages/oslo_config/cfg.py:3245}}
Jun 10 21:04:13.012815 np0000002549 devstack@n-api-meta.service[95334]: DEBUG nova.api.openstack.wsgi_app [None req-b6916b61-84ed-4ac6-b73e-65826f6dcc72 None None] initial_ram_allocation_ratio = 1.0 {{(pid=95334) log_opt_values /opt/stack/data/venv/lib/python3.12/site-packages/oslo_config/cfg.py:3245}}
Jun 10 21:04:13.013408 np0000002549 devstack@n-api-meta.service[95334]: DEBUG nova.api.openstack.wsgi_app [None req-b6916b61-84ed-4ac6-b73e-65826f6dcc72 None None] injected_network_template = /opt/stack/nova/nova/virt/interfaces.template {{(pid=95334) log_opt_values /opt/stack/data/venv/lib/python3.12/site-packages/oslo_config/cfg.py:3245}}
Jun 10 21:04:13.013408 np0000002549 devstack@n-api-meta.service[95334]: DEBUG nova.api.openstack.wsgi_app [None req-b6916b61-84ed-4ac6-b73e-65826f6dcc72 None None] instance_build_timeout = 0 {{(pid=95334) log_opt_values /opt/stack/data/venv/lib/python3.12/site-packages/oslo_config/cfg.py:3245}}
Jun 10 21:04:13.013408 np0000002549 devstack@n-api-meta.service[95334]: DEBUG nova.api.openstack.wsgi_app [None req-b6916b61-84ed-4ac6-b73e-65826f6dcc72 None None] instance_delete_interval = 300 {{(pid=95334) log_opt_values /opt/stack/data/venv/lib/python3.12/site-packages/oslo_config/cfg.py:3245}}
Jun 10 21:04:13.013605 np0000002549 devstack@n-api-meta.service[95334]: DEBUG nova.api.openstack.wsgi_app [None req-b6916b61-84ed-4ac6-b73e-65826f6dcc72 None None] instance_format = [instance: %(uuid)s] {{(pid=95334) log_opt_values /opt/stack/data/venv/lib/python3.12/site-packages/oslo_config/cfg.py:3245}}
Jun 10 21:04:13.013787 np0000002549 devstack@n-api-meta.service[95334]: DEBUG nova.api.openstack.wsgi_app [None req-b6916b61-84ed-4ac6-b73e-65826f6dcc72 None None] instance_name_template = instance-%08x {{(pid=95334) log_opt_values /opt/stack/data/venv/lib/python3.12/site-packages/oslo_config/cfg.py:3245}}
Jun 10 21:04:13.013955 np0000002549 devstack@n-api-meta.service[95334]: DEBUG nova.api.openstack.wsgi_app [None req-b6916b61-84ed-4ac6-b73e-65826f6dcc72 None None] instance_usage_audit = False {{(pid=95334) log_opt_values /opt/stack/data/venv/lib/python3.12/site-packages/oslo_config/cfg.py:3245}}
Jun 10 21:04:13.014139 np0000002549 devstack@n-api-meta.service[95334]: DEBUG nova.api.openstack.wsgi_app [None req-b6916b61-84ed-4ac6-b73e-65826f6dcc72 None None] instance_usage_audit_period = month {{(pid=95334) log_opt_values /opt/stack/data/venv/lib/python3.12/site-packages/oslo_config/cfg.py:3245}}
Jun 10 21:04:13.014324 np0000002549 devstack@n-api-meta.service[95334]: DEBUG nova.api.openstack.wsgi_app [None req-b6916b61-84ed-4ac6-b73e-65826f6dcc72 None None] instance_uuid_format = [instance: %(uuid)s] {{(pid=95334) log_opt_values /opt/stack/data/venv/lib/python3.12/site-packages/oslo_config/cfg.py:3245}}
Jun 10 21:04:13.014512 np0000002549 devstack@n-api-meta.service[95334]: DEBUG nova.api.openstack.wsgi_app [None req-b6916b61-84ed-4ac6-b73e-65826f6dcc72 None None] instances_path = /opt/stack/data/nova/instances {{(pid=95334) log_opt_values /opt/stack/data/venv/lib/python3.12/site-packages/oslo_config/cfg.py:3245}}
Jun 10 21:04:13.014728 np0000002549 devstack@n-api-meta.service[95334]: DEBUG nova.api.openstack.wsgi_app [None req-b6916b61-84ed-4ac6-b73e-65826f6dcc72 None None] internal_service_availability_zone = internal {{(pid=95334) log_opt_values /opt/stack/data/venv/lib/python3.12/site-packages/oslo_config/cfg.py:3245}}
Jun 10 21:04:13.014899 np0000002549 devstack@n-api-meta.service[95334]: DEBUG nova.api.openstack.wsgi_app [None req-b6916b61-84ed-4ac6-b73e-65826f6dcc72 None None] key = None {{(pid=95334) log_opt_values /opt/stack/data/venv/lib/python3.12/site-packages/oslo_config/cfg.py:3245}}
Jun 10 21:04:13.015068 np0000002549 devstack@n-api-meta.service[95334]: DEBUG nova.api.openstack.wsgi_app [None req-b6916b61-84ed-4ac6-b73e-65826f6dcc72 None None] live_migration_retry_count = 30 {{(pid=95334) log_opt_values /opt/stack/data/venv/lib/python3.12/site-packages/oslo_config/cfg.py:3245}}
Jun 10 21:04:13.015244 np0000002549 devstack@n-api-meta.service[95334]: DEBUG nova.api.openstack.wsgi_app [None req-b6916b61-84ed-4ac6-b73e-65826f6dcc72 None None] log_color = False {{(pid=95334) log_opt_values /opt/stack/data/venv/lib/python3.12/site-packages/oslo_config/cfg.py:3245}}
Jun 10 21:04:13.015417 np0000002549 devstack@n-api-meta.service[95334]: DEBUG nova.api.openstack.wsgi_app [None req-b6916b61-84ed-4ac6-b73e-65826f6dcc72 None None] log_config_append = None {{(pid=95334) log_opt_values /opt/stack/data/venv/lib/python3.12/site-packages/oslo_config/cfg.py:3245}}
Jun 10 21:04:13.015625 np0000002549 devstack@n-api-meta.service[95334]: DEBUG nova.api.openstack.wsgi_app [None req-b6916b61-84ed-4ac6-b73e-65826f6dcc72 None None] log_date_format = %Y-%m-%d %H:%M:%S {{(pid=95334) log_opt_values /opt/stack/data/venv/lib/python3.12/site-packages/oslo_config/cfg.py:3245}}
Jun 10 21:04:13.015800 np0000002549 devstack@n-api-meta.service[95334]: DEBUG nova.api.openstack.wsgi_app [None req-b6916b61-84ed-4ac6-b73e-65826f6dcc72 None None] log_dir = None {{(pid=95334) log_opt_values /opt/stack/data/venv/lib/python3.12/site-packages/oslo_config/cfg.py:3245}}
Jun 10 21:04:13.015968 np0000002549 devstack@n-api-meta.service[95334]: DEBUG nova.api.openstack.wsgi_app [None req-b6916b61-84ed-4ac6-b73e-65826f6dcc72 None None] log_file = None {{(pid=95334) log_opt_values /opt/stack/data/venv/lib/python3.12/site-packages/oslo_config/cfg.py:3245}}
Jun 10 21:04:13.016107 np0000002549 devstack@n-api-meta.service[95334]: DEBUG nova.api.openstack.wsgi_app [None req-b6916b61-84ed-4ac6-b73e-65826f6dcc72 None None] log_options = True {{(pid=95334) log_opt_values /opt/stack/data/venv/lib/python3.12/site-packages/oslo_config/cfg.py:3245}}
Jun 10 21:04:13.016418 np0000002549 devstack@n-api-meta.service[95334]: DEBUG nova.api.openstack.wsgi_app [None req-b6916b61-84ed-4ac6-b73e-65826f6dcc72 None None] log_rotate_interval = 1 {{(pid=95334) log_opt_values /opt/stack/data/venv/lib/python3.12/site-packages/oslo_config/cfg.py:3245}}
Jun 10 21:04:13.016489 np0000002549 devstack@n-api-meta.service[95334]: DEBUG nova.api.openstack.wsgi_app [None req-b6916b61-84ed-4ac6-b73e-65826f6dcc72 None None] log_rotate_interval_type = days {{(pid=95334) log_opt_values /opt/stack/data/venv/lib/python3.12/site-packages/oslo_config/cfg.py:3245}}
Jun 10 21:04:13.017172 np0000002549 devstack@n-api-meta.service[95334]: DEBUG nova.api.openstack.wsgi_app [None req-b6916b61-84ed-4ac6-b73e-65826f6dcc72 None None] log_rotation_type = none {{(pid=95334) log_opt_values /opt/stack/data/venv/lib/python3.12/site-packages/oslo_config/cfg.py:3245}}
Jun 10 21:04:13.017172 np0000002549 devstack@n-api-meta.service[95334]: DEBUG nova.api.openstack.wsgi_app [None req-b6916b61-84ed-4ac6-b73e-65826f6dcc72 None None] logging_context_format_string = %(color)s%(levelname)s %(name)s [%(global_request_id)s %(request_id)s %(project_name)s %(user_name)s%(color)s] %(instance)s%(color)s%(message)s {{(pid=95334) log_opt_values /opt/stack/data/venv/lib/python3.12/site-packages/oslo_config/cfg.py:3245}}
Jun 10 21:04:13.017172 np0000002549 devstack@n-api-meta.service[95334]: DEBUG nova.api.openstack.wsgi_app [None req-b6916b61-84ed-4ac6-b73e-65826f6dcc72 None None] logging_debug_format_suffix = {{(pid=%(process)d) %(funcName)s %(pathname)s:%(lineno)d}} {{(pid=95334) log_opt_values /opt/stack/data/venv/lib/python3.12/site-packages/oslo_config/cfg.py:3245}}
Jun 10 21:04:13.017172 np0000002549 devstack@n-api-meta.service[95334]: DEBUG nova.api.openstack.wsgi_app [None req-b6916b61-84ed-4ac6-b73e-65826f6dcc72 None None] logging_default_format_string = %(color)s%(levelname)s %(name)s [-%(color)s] %(instance)s%(color)s%(message)s {{(pid=95334) log_opt_values /opt/stack/data/venv/lib/python3.12/site-packages/oslo_config/cfg.py:3245}}
Jun 10 21:04:13.017372 np0000002549 devstack@n-api-meta.service[95334]: DEBUG nova.api.openstack.wsgi_app [None req-b6916b61-84ed-4ac6-b73e-65826f6dcc72 None None] logging_exception_prefix = ERROR %(name)s %(instance)s {{(pid=95334) log_opt_values /opt/stack/data/venv/lib/python3.12/site-packages/oslo_config/cfg.py:3245}}
Jun 10 21:04:13.017514 np0000002549 devstack@n-api-meta.service[95334]: DEBUG nova.api.openstack.wsgi_app [None req-b6916b61-84ed-4ac6-b73e-65826f6dcc72 None None] logging_user_identity_format = %(user)s %(project)s %(domain)s %(system_scope)s %(user_domain)s %(project_domain)s {{(pid=95334) log_opt_values /opt/stack/data/venv/lib/python3.12/site-packages/oslo_config/cfg.py:3245}}
Jun 10 21:04:13.017714 np0000002549 devstack@n-api-meta.service[95334]: DEBUG nova.api.openstack.wsgi_app [None req-b6916b61-84ed-4ac6-b73e-65826f6dcc72 None None] long_rpc_timeout = 1800 {{(pid=95334) log_opt_values /opt/stack/data/venv/lib/python3.12/site-packages/oslo_config/cfg.py:3245}}
Jun 10 21:04:13.017892 np0000002549 devstack@n-api-meta.service[95334]: DEBUG nova.api.openstack.wsgi_app [None req-b6916b61-84ed-4ac6-b73e-65826f6dcc72 None None] manager_shutdown_timeout = 160 {{(pid=95334) log_opt_values /opt/stack/data/venv/lib/python3.12/site-packages/oslo_config/cfg.py:3245}}
Jun 10 21:04:13.018066 np0000002549 devstack@n-api-meta.service[95334]: DEBUG nova.api.openstack.wsgi_app [None req-b6916b61-84ed-4ac6-b73e-65826f6dcc72 None None] max_concurrent_builds = 10 {{(pid=95334) log_opt_values /opt/stack/data/venv/lib/python3.12/site-packages/oslo_config/cfg.py:3245}}
Jun 10 21:04:13.018236 np0000002549 devstack@n-api-meta.service[95334]: DEBUG nova.api.openstack.wsgi_app [None req-b6916b61-84ed-4ac6-b73e-65826f6dcc72 None None] max_concurrent_live_migrations = 1 {{(pid=95334) log_opt_values /opt/stack/data/venv/lib/python3.12/site-packages/oslo_config/cfg.py:3245}}
Jun 10 21:04:13.018398 np0000002549 devstack@n-api-meta.service[95334]: DEBUG nova.api.openstack.wsgi_app [None req-b6916b61-84ed-4ac6-b73e-65826f6dcc72 None None] max_concurrent_snapshots = 5 {{(pid=95334) log_opt_values /opt/stack/data/venv/lib/python3.12/site-packages/oslo_config/cfg.py:3245}}
Jun 10 21:04:13.018587 np0000002549 devstack@n-api-meta.service[95334]: DEBUG nova.api.openstack.wsgi_app [None req-b6916b61-84ed-4ac6-b73e-65826f6dcc72 None None] max_local_block_devices = 3 {{(pid=95334) log_opt_values /opt/stack/data/venv/lib/python3.12/site-packages/oslo_config/cfg.py:3245}}
Jun 10 21:04:13.018755 np0000002549 devstack@n-api-meta.service[95334]: DEBUG nova.api.openstack.wsgi_app [None req-b6916b61-84ed-4ac6-b73e-65826f6dcc72 None None] max_logfile_count = 30 {{(pid=95334) log_opt_values /opt/stack/data/venv/lib/python3.12/site-packages/oslo_config/cfg.py:3245}}
Jun 10 21:04:13.018919 np0000002549 devstack@n-api-meta.service[95334]: DEBUG nova.api.openstack.wsgi_app [None req-b6916b61-84ed-4ac6-b73e-65826f6dcc72 None None] max_logfile_size_mb = 200 {{(pid=95334) log_opt_values /opt/stack/data/venv/lib/python3.12/site-packages/oslo_config/cfg.py:3245}}
Jun 10 21:04:13.019080 np0000002549 devstack@n-api-meta.service[95334]: DEBUG nova.api.openstack.wsgi_app [None req-b6916b61-84ed-4ac6-b73e-65826f6dcc72 None None] maximum_instance_delete_attempts = 5 {{(pid=95334) log_opt_values /opt/stack/data/venv/lib/python3.12/site-packages/oslo_config/cfg.py:3245}}
Jun 10 21:04:13.019243 np0000002549 devstack@n-api-meta.service[95334]: DEBUG nova.api.openstack.wsgi_app [None req-b6916b61-84ed-4ac6-b73e-65826f6dcc72 None None] migrate_max_retries = -1 {{(pid=95334) log_opt_values /opt/stack/data/venv/lib/python3.12/site-packages/oslo_config/cfg.py:3245}}
Jun 10 21:04:13.019417 np0000002549 devstack@n-api-meta.service[95334]: DEBUG nova.api.openstack.wsgi_app [None req-b6916b61-84ed-4ac6-b73e-65826f6dcc72 None None] mkisofs_cmd = genisoimage {{(pid=95334) log_opt_values /opt/stack/data/venv/lib/python3.12/site-packages/oslo_config/cfg.py:3245}}
Jun 10 21:04:13.019681 np0000002549 devstack@n-api-meta.service[95334]: DEBUG nova.api.openstack.wsgi_app [None req-b6916b61-84ed-4ac6-b73e-65826f6dcc72 None None] my_block_storage_ip = 10.4.3.65 {{(pid=95334) log_opt_values /opt/stack/data/venv/lib/python3.12/site-packages/oslo_config/cfg.py:3245}}
Jun 10 21:04:13.019825 np0000002549 devstack@n-api-meta.service[95334]: DEBUG nova.api.openstack.wsgi_app [None req-b6916b61-84ed-4ac6-b73e-65826f6dcc72 None None] my_ip = 10.4.3.65 {{(pid=95334) log_opt_values /opt/stack/data/venv/lib/python3.12/site-packages/oslo_config/cfg.py:3245}}
Jun 10 21:04:13.020040 np0000002549 devstack@n-api-meta.service[95334]: DEBUG nova.api.openstack.wsgi_app [None req-b6916b61-84ed-4ac6-b73e-65826f6dcc72 None None] my_shared_fs_storage_ip = 10.4.3.65 {{(pid=95334) log_opt_values /opt/stack/data/venv/lib/python3.12/site-packages/oslo_config/cfg.py:3245}}
Jun 10 21:04:13.020207 np0000002549 devstack@n-api-meta.service[95334]: DEBUG nova.api.openstack.wsgi_app [None req-b6916b61-84ed-4ac6-b73e-65826f6dcc72 None None] network_allocate_retries = 0 {{(pid=95334) log_opt_values /opt/stack/data/venv/lib/python3.12/site-packages/oslo_config/cfg.py:3245}}
Jun 10 21:04:13.021157 np0000002549 devstack@n-api-meta.service[95334]: DEBUG nova.api.openstack.wsgi_app [None req-b6916b61-84ed-4ac6-b73e-65826f6dcc72 None None] non_inheritable_image_properties = ['cache_in_nova', 'bittorrent'] {{(pid=95334) log_opt_values /opt/stack/data/venv/lib/python3.12/site-packages/oslo_config/cfg.py:3245}}
Jun 10 21:04:13.021157 np0000002549 devstack@n-api-meta.service[95334]: DEBUG nova.api.openstack.wsgi_app [None req-b6916b61-84ed-4ac6-b73e-65826f6dcc72 None None] osapi_compute_unique_server_name_scope = {{(pid=95334) log_opt_values /opt/stack/data/venv/lib/python3.12/site-packages/oslo_config/cfg.py:3245}}
Jun 10 21:04:13.021157 np0000002549 devstack@n-api-meta.service[95334]: DEBUG nova.api.openstack.wsgi_app [None req-b6916b61-84ed-4ac6-b73e-65826f6dcc72 None None] password_length = 12 {{(pid=95334) log_opt_values /opt/stack/data/venv/lib/python3.12/site-packages/oslo_config/cfg.py:3245}}
