Jul 06 08:29:22.065280 np0000004625 devstack@c-api.service[96716]: DEBUG cinder.api.openstack.wsgi [req-8bbb915e-ea78-4030-b360-d9c25741ff48 req-08c54ba6-f488-458b-b800-82fa2612eaad tempest-AttachSCSIVolumeTestJSON-1479105082 tempest-AttachSCSIVolumeTestJSON-1479105082-project-member] Calling method 'version_select' {{(pid=96716) _process_stack /opt/stack/cinder/cinder/api/openstack/wsgi.py:878}}
Jul 06 08:29:22.075725 np0000004625 devstack@c-api.service[96716]: /opt/stack/data/venv/lib/python3.12/site-packages/oslo_context/context.py:102: DeprecationWarning: Policy enforcement is depending on the value of is_admin. This key is deprecated. Please update your policy file to use the standard policy values.
Jul 06 08:29:22.075725 np0000004625 devstack@c-api.service[96716]: warnings.warn(
Jul 06 08:29:22.496592 np0000004625 devstack@c-api.service[96720]: DEBUG cinder.api.middleware.request_id [None req-a4f4f3bf-7c25-44a5-a3e0-1263df13c98f None None] RequestId filter calling following filter/app {{(pid=96720) _context_setter /opt/stack/cinder/cinder/api/middleware/request_id.py:62}}
Jul 06 08:29:22.498473 np0000004625 devstack@c-api.service[96720]: INFO cinder.api.openstack.wsgi [None req-a4f4f3bf-7c25-44a5-a3e0-1263df13c98f tempest-GroupSnapshotsV319Test-278690331 tempest-GroupSnapshotsV319Test-278690331-project-member] GET https://10.4.3.180/volume/v3/volumes/08d94ce8-cd54-4a01-8e70-3352ad2d1792
Jul 06 08:29:22.498686 np0000004625 devstack@c-api.service[96720]: DEBUG cinder.api.openstack.wsgi [None req-a4f4f3bf-7c25-44a5-a3e0-1263df13c98f tempest-GroupSnapshotsV319Test-278690331 tempest-GroupSnapshotsV319Test-278690331-project-member] Empty body provided in request {{(pid=96720) get_body /opt/stack/cinder/cinder/api/openstack/wsgi.py:725}}
Jul 06 08:29:22.498865 np0000004625 devstack@c-api.service[96720]: DEBUG cinder.api.openstack.wsgi [None req-a4f4f3bf-7c25-44a5-a3e0-1263df13c98f tempest-GroupSnapshotsV319Test-278690331 tempest-GroupSnapshotsV319Test-278690331-project-member] Calling method 'show' {{(pid=96720) _process_stack /opt/stack/cinder/cinder/api/openstack/wsgi.py:878}}
Jul 06 08:29:22.506219 np0000004625 devstack@c-api.service[96720]: INFO cinder.api.openstack.wsgi [None req-a4f4f3bf-7c25-44a5-a3e0-1263df13c98f tempest-GroupSnapshotsV319Test-278690331 tempest-GroupSnapshotsV319Test-278690331-project-member] https://10.4.3.180/volume/v3/volumes/08d94ce8-cd54-4a01-8e70-3352ad2d1792 returned with HTTP 404
Jul 06 08:29:22.506899 np0000004625 devstack@c-api.service[96720]: [pid: 96720|app: 0|req: 53/162] 10.4.3.180 () {68 vars in 1389 bytes} [Mon Jul 6 08:29:22 2026] GET /volume/v3/volumes/08d94ce8-cd54-4a01-8e70-3352ad2d1792 => generated 109 bytes in 11 msecs (HTTP/1.1 404) 7 headers in 293 bytes (1 switches on core 0)
Jul 06 08:29:22.513558 np0000004625 devstack@c-api.service[96719]: DEBUG cinder.api.middleware.request_id [None req-5f303685-85a2-4900-bd6e-94f5f42fca2d None None] RequestId filter calling following filter/app {{(pid=96719) _context_setter /opt/stack/cinder/cinder/api/middleware/request_id.py:62}}
Jul 06 08:29:22.516132 np0000004625 devstack@c-api.service[96720]: DEBUG cinder.api.middleware.request_id [None req-da6f9a8a-2f29-4081-9c8a-780944905910 None None] RequestId filter calling following filter/app {{(pid=96720) _context_setter /opt/stack/cinder/cinder/api/middleware/request_id.py:62}}
Jul 06 08:29:22.517922 np0000004625 devstack@c-api.service[96719]: INFO cinder.api.openstack.wsgi [None req-5f303685-85a2-4900-bd6e-94f5f42fca2d tempest-AttachSCSIVolumeTestJSON-1479105082 tempest-AttachSCSIVolumeTestJSON-1479105082-project-reader] GET https://10.4.3.180/volume/v3/volumes/29cfe29d-180c-4c59-bbcf-b018d0aa6907
Jul 06 08:29:22.517922 np0000004625 devstack@c-api.service[96719]: DEBUG cinder.api.openstack.wsgi [None req-5f303685-85a2-4900-bd6e-94f5f42fca2d tempest-AttachSCSIVolumeTestJSON-1479105082 tempest-AttachSCSIVolumeTestJSON-1479105082-project-reader] Empty body provided in request {{(pid=96719) get_body /opt/stack/cinder/cinder/api/openstack/wsgi.py:725}}
Jul 06 08:29:22.518531 np0000004625 devstack@c-api.service[96719]: DEBUG cinder.api.openstack.wsgi [None req-5f303685-85a2-4900-bd6e-94f5f42fca2d tempest-AttachSCSIVolumeTestJSON-1479105082 tempest-AttachSCSIVolumeTestJSON-1479105082-project-reader] Calling method 'show' {{(pid=96719) _process_stack /opt/stack/cinder/cinder/api/openstack/wsgi.py:878}}
Jul 06 08:29:22.518678 np0000004625 devstack@c-api.service[96720]: INFO cinder.api.openstack.wsgi [None req-da6f9a8a-2f29-4081-9c8a-780944905910 tempest-GroupSnapshotsV319Test-278690331 tempest-GroupSnapshotsV319Test-278690331-project-member] GET https://10.4.3.180/volume/v3/groups/32680768-8883-46c3-8db1-f29a1e04062e
Jul 06 08:29:22.518678 np0000004625 devstack@c-api.service[96720]: DEBUG cinder.api.openstack.wsgi [None req-da6f9a8a-2f29-4081-9c8a-780944905910 tempest-GroupSnapshotsV319Test-278690331 tempest-GroupSnapshotsV319Test-278690331-project-member] Empty body provided in request {{(pid=96720) get_body /opt/stack/cinder/cinder/api/openstack/wsgi.py:725}}
Jul 06 08:29:22.519225 np0000004625 devstack@c-api.service[96720]: DEBUG cinder.api.openstack.wsgi [None req-da6f9a8a-2f29-4081-9c8a-780944905910 tempest-GroupSnapshotsV319Test-278690331 tempest-GroupSnapshotsV319Test-278690331-project-member] Calling method 'version_select' {{(pid=96720) _process_stack /opt/stack/cinder/cinder/api/openstack/wsgi.py:878}}
Jul 06 08:29:22.519225 np0000004625 devstack@c-api.service[96720]: DEBUG cinder.api.v3.groups [None req-da6f9a8a-2f29-4081-9c8a-780944905910 tempest-GroupSnapshotsV319Test-278690331 tempest-GroupSnapshotsV319Test-278690331-project-member] show called for member 32680768-8883-46c3-8db1-f29a1e04062e {{(pid=96720) show /opt/stack/cinder/cinder/api/v3/groups.py:58}}
Jul 06 08:29:22.526549 np0000004625 devstack@c-api.service[96720]: INFO cinder.api.openstack.wsgi [None req-da6f9a8a-2f29-4081-9c8a-780944905910 tempest-GroupSnapshotsV319Test-278690331 tempest-GroupSnapshotsV319Test-278690331-project-member] https://10.4.3.180/volume/v3/groups/32680768-8883-46c3-8db1-f29a1e04062e returned with HTTP 404
Jul 06 08:29:22.527038 np0000004625 devstack@c-api.service[96720]: [pid: 96720|app: 0|req: 54/163] 10.4.3.180 () {68 vars in 1386 bytes} [Mon Jul 6 08:29:22 2026] GET /volume/v3/groups/32680768-8883-46c3-8db1-f29a1e04062e => generated 108 bytes in 11 msecs (HTTP/1.1 404) 7 headers in 293 bytes (1 switches on core 0)
Jul 06 08:29:22.537008 np0000004625 devstack@c-api.service[96720]: DEBUG cinder.api.middleware.request_id [None req-07adb09c-3632-4cb8-96e0-32fe8b29de23 None None] RequestId filter calling following filter/app {{(pid=96720) _context_setter /opt/stack/cinder/cinder/api/middleware/request_id.py:62}}
Jul 06 08:29:22.539258 np0000004625 devstack@c-api.service[96720]: INFO cinder.api.openstack.wsgi [None req-07adb09c-3632-4cb8-96e0-32fe8b29de23 tempest-GroupSnapshotsV319Test-2056308690 tempest-GroupSnapshotsV319Test-2056308690-project-admin] DELETE https://10.4.3.180/volume/v3/group_types/4d5c804a-a411-4b96-a733-2e09bcdb3974
Jul 06 08:29:22.539553 np0000004625 devstack@c-api.service[96719]: /opt/stack/data/venv/lib/python3.12/site-packages/oslo_context/context.py:102: DeprecationWarning: Policy enforcement is depending on the value of is_admin. This key is deprecated. Please update your policy file to use the standard policy values.
Jul 06 08:29:22.539553 np0000004625 devstack@c-api.service[96719]: warnings.warn(
Jul 06 08:29:22.539638 np0000004625 devstack@c-api.service[96720]: DEBUG cinder.api.openstack.wsgi [None req-07adb09c-3632-4cb8-96e0-32fe8b29de23 tempest-GroupSnapshotsV319Test-2056308690 tempest-GroupSnapshotsV319Test-2056308690-project-admin] Empty body provided in request {{(pid=96720) get_body /opt/stack/cinder/cinder/api/openstack/wsgi.py:725}}
Jul 06 08:29:22.539808 np0000004625 devstack@c-api.service[96720]: DEBUG cinder.api.openstack.wsgi [None req-07adb09c-3632-4cb8-96e0-32fe8b29de23 tempest-GroupSnapshotsV319Test-2056308690 tempest-GroupSnapshotsV319Test-2056308690-project-admin] Calling method 'version_select' {{(pid=96720) _process_stack /opt/stack/cinder/cinder/api/openstack/wsgi.py:878}}
Jul 06 08:29:22.543856 np0000004625 devstack@c-api.service[96719]: INFO cinder.volume.api [None req-5f303685-85a2-4900-bd6e-94f5f42fca2d tempest-AttachSCSIVolumeTestJSON-1479105082 tempest-AttachSCSIVolumeTestJSON-1479105082-project-reader] Volume info retrieved successfully.
Jul 06 08:29:22.550393 np0000004625 devstack@c-api.service[96719]: INFO cinder.api.openstack.wsgi [None req-5f303685-85a2-4900-bd6e-94f5f42fca2d tempest-AttachSCSIVolumeTestJSON-1479105082 tempest-AttachSCSIVolumeTestJSON-1479105082-project-reader] https://10.4.3.180/volume/v3/volumes/29cfe29d-180c-4c59-bbcf-b018d0aa6907 returned with HTTP 200
Jul 06 08:29:22.550998 np0000004625 devstack@c-api.service[96719]: [pid: 96719|app: 0|req: 54/164] 10.4.3.180 () {66 vars in 1348 bytes} [Mon Jul 6 08:29:22 2026] GET /volume/v3/volumes/29cfe29d-180c-4c59-bbcf-b018d0aa6907 => generated 1142 bytes in 39 msecs (HTTP/1.1 200) 7 headers in 286 bytes (1 switches on core 0)
Jul 06 08:29:22.566552 np0000004625 devstack@c-api.service[96720]: INFO cinder.api.openstack.wsgi [None req-07adb09c-3632-4cb8-96e0-32fe8b29de23 tempest-GroupSnapshotsV319Test-2056308690 tempest-GroupSnapshotsV319Test-2056308690-project-admin] https://10.4.3.180/volume/v3/group_types/4d5c804a-a411-4b96-a733-2e09bcdb3974 returned with HTTP 202
Jul 06 08:29:22.567052 np0000004625 devstack@c-api.service[96720]: [pid: 96720|app: 0|req: 55/165] 10.4.3.180 () {68 vars in 1404 bytes} [Mon Jul 6 08:29:22 2026] DELETE /volume/v3/group_types/4d5c804a-a411-4b96-a733-2e09bcdb3974 => generated 0 bytes in 31 msecs (HTTP/1.1 202) 6 headers in 234 bytes (1 switches on core 0)
Jul 06 08:29:22.575512 np0000004625 devstack@c-api.service[96719]: DEBUG cinder.api.middleware.request_id [None req-e5b7a84d-70f8-4046-982e-5b0417c4e108 None None] RequestId filter calling following filter/app {{(pid=96719) _context_setter /opt/stack/cinder/cinder/api/middleware/request_id.py:62}}
Jul 06 08:29:22.577488 np0000004625 devstack@c-api.service[96719]: INFO cinder.api.openstack.wsgi [None req-e5b7a84d-70f8-4046-982e-5b0417c4e108 tempest-GroupSnapshotsV319Test-2056308690 tempest-GroupSnapshotsV319Test-2056308690-project-admin] DELETE https://10.4.3.180/volume/v3/types/9983fec1-90c5-46df-a947-3d4a7808ff6f
Jul 06 08:29:22.577736 np0000004625 devstack@c-api.service[96719]: DEBUG cinder.api.openstack.wsgi [None req-e5b7a84d-70f8-4046-982e-5b0417c4e108 tempest-GroupSnapshotsV319Test-2056308690 tempest-GroupSnapshotsV319Test-2056308690-project-admin] Empty body provided in request {{(pid=96719) get_body /opt/stack/cinder/cinder/api/openstack/wsgi.py:725}}
Jul 06 08:29:22.577934 np0000004625 devstack@c-api.service[96719]: DEBUG cinder.api.openstack.wsgi [None req-e5b7a84d-70f8-4046-982e-5b0417c4e108 tempest-GroupSnapshotsV319Test-2056308690 tempest-GroupSnapshotsV319Test-2056308690-project-admin] Calling method '_delete' {{(pid=96719) _process_stack /opt/stack/cinder/cinder/api/openstack/wsgi.py:878}}
Jul 06 08:29:22.631204 np0000004625 devstack@c-api.service[96716]: INFO cinder.api.openstack.wsgi [req-8bbb915e-ea78-4030-b360-d9c25741ff48 req-08c54ba6-f488-458b-b800-82fa2612eaad tempest-AttachSCSIVolumeTestJSON-1479105082 tempest-AttachSCSIVolumeTestJSON-1479105082-project-member] https://10.4.3.180/volume/v3/attachments/33629f09-904c-4769-a715-dbd8bd76138c returned with HTTP 200
Jul 06 08:29:22.631769 np0000004625 devstack@c-api.service[96716]: [pid: 96716|app: 0|req: 57/166] 10.4.3.180 () {72 vars in 1673 bytes} [Mon Jul 6 08:29:22 2026] DELETE /volume/v3/attachments/33629f09-904c-4769-a715-dbd8bd76138c => generated 19 bytes in 570 msecs (HTTP/1.1 200) 7 headers in 285 bytes (1 switches on core 0)
Jul 06 08:29:22.648436 np0000004625 devstack@c-api.service[96719]: INFO cinder.api.openstack.wsgi [None req-e5b7a84d-70f8-4046-982e-5b0417c4e108 tempest-GroupSnapshotsV319Test-2056308690 tempest-GroupSnapshotsV319Test-2056308690-project-admin] https://10.4.3.180/volume/v3/types/9983fec1-90c5-46df-a947-3d4a7808ff6f returned with HTTP 202
Jul 06 08:29:22.648641 np0000004625 devstack@c-api.service[96719]: [pid: 96719|app: 0|req: 55/167] 10.4.3.180 () {66 vars in 1345 bytes} [Mon Jul 6 08:29:22 2026] DELETE /volume/v3/types/9983fec1-90c5-46df-a947-3d4a7808ff6f => generated 0 bytes in 73 msecs (HTTP/1.1 202) 6 headers in 233 bytes (1 switches on core 0)
Jul 06 08:29:22.656692 np0000004625 devstack@c-api.service[96720]: DEBUG cinder.api.middleware.request_id [None req-94cec968-f2f3-4118-93c1-148459408dd0 None None] RequestId filter calling following filter/app {{(pid=96720) _context_setter /opt/stack/cinder/cinder/api/middleware/request_id.py:62}}
Jul 06 08:29:22.659003 np0000004625 devstack@c-api.service[96720]: INFO cinder.api.openstack.wsgi [None req-94cec968-f2f3-4118-93c1-148459408dd0 tempest-GroupSnapshotsV319Test-2056308690 tempest-GroupSnapshotsV319Test-2056308690-project-admin] GET https://10.4.3.180/volume/v3/types/9983fec1-90c5-46df-a947-3d4a7808ff6f
Jul 06 08:29:22.659003 np0000004625 devstack@c-api.service[96720]: DEBUG cinder.api.openstack.wsgi [None req-94cec968-f2f3-4118-93c1-148459408dd0 tempest-GroupSnapshotsV319Test-2056308690 tempest-GroupSnapshotsV319Test-2056308690-project-admin] Empty body provided in request {{(pid=96720) get_body /opt/stack/cinder/cinder/api/openstack/wsgi.py:725}}
Jul 06 08:29:22.659003 np0000004625 devstack@c-api.service[96720]: DEBUG cinder.api.openstack.wsgi [None req-94cec968-f2f3-4118-93c1-148459408dd0 tempest-GroupSnapshotsV319Test-2056308690 tempest-GroupSnapshotsV319Test-2056308690-project-admin] Calling method 'show' {{(pid=96720) _process_stack /opt/stack/cinder/cinder/api/openstack/wsgi.py:878}}
Jul 06 08:29:22.662493 np0000004625 devstack@c-api.service[96720]: INFO cinder.api.openstack.wsgi [None req-94cec968-f2f3-4118-93c1-148459408dd0 tempest-GroupSnapshotsV319Test-2056308690 tempest-GroupSnapshotsV319Test-2056308690-project-admin] https://10.4.3.180/volume/v3/types/9983fec1-90c5-46df-a947-3d4a7808ff6f returned with HTTP 404
Jul 06 08:29:22.662940 np0000004625 devstack@c-api.service[96720]: [pid: 96720|app: 0|req: 56/168] 10.4.3.180 () {66 vars in 1342 bytes} [Mon Jul 6 08:29:22 2026] GET /volume/v3/types/9983fec1-90c5-46df-a947-3d4a7808ff6f => generated 114 bytes in 7 msecs (HTTP/1.1 404) 7 headers in 292 bytes (1 switches on core 0)
Jul 06 08:29:22.927278 np0000004625 devstack@c-api.service[96716]: DEBUG cinder.api.middleware.request_id [req-e29d71f2-a343-4378-a0fa-c07f1b8d2ceb req-b0479d2f-d912-4a61-9cda-8472afe68767 None None] RequestId filter calling following filter/app {{(pid=96716) _context_setter /opt/stack/cinder/cinder/api/middleware/request_id.py:62}}
Jul 06 08:29:22.929700 np0000004625 devstack@c-api.service[96716]: INFO cinder.api.openstack.wsgi [req-e29d71f2-a343-4378-a0fa-c07f1b8d2ceb req-b0479d2f-d912-4a61-9cda-8472afe68767 tempest-VolumesAssistedSnapshotsTest-586247483 tempest-VolumesAssistedSnapshotsTest-586247483-project-admin] GET https://10.4.3.180/volume/v3/volumes/a30c1efd-fd69-490d-a890-88d5837f09ff
Jul 06 08:29:22.930070 np0000004625 devstack@c-api.service[96716]: DEBUG cinder.api.openstack.wsgi [req-e29d71f2-a343-4378-a0fa-c07f1b8d2ceb req-b0479d2f-d912-4a61-9cda-8472afe68767 tempest-VolumesAssistedSnapshotsTest-586247483 tempest-VolumesAssistedSnapshotsTest-586247483-project-admin] Empty body provided in request {{(pid=96716) get_body /opt/stack/cinder/cinder/api/openstack/wsgi.py:725}}
Jul 06 08:29:22.930382 np0000004625 devstack@c-api.service[96716]: DEBUG cinder.api.openstack.wsgi [req-e29d71f2-a343-4378-a0fa-c07f1b8d2ceb req-b0479d2f-d912-4a61-9cda-8472afe68767 tempest-VolumesAssistedSnapshotsTest-586247483 tempest-VolumesAssistedSnapshotsTest-586247483-project-admin] Calling method 'show' {{(pid=96716) _process_stack /opt/stack/cinder/cinder/api/openstack/wsgi.py:878}}
Jul 06 08:29:22.937933 np0000004625 devstack@c-api.service[96716]: /opt/stack/data/venv/lib/python3.12/site-packages/oslo_context/context.py:102: DeprecationWarning: Policy enforcement is depending on the value of is_admin. This key is deprecated. Please update your policy file to use the standard policy values.
Jul 06 08:29:22.937933 np0000004625 devstack@c-api.service[96716]: warnings.warn(
Jul 06 08:29:22.942158 np0000004625 devstack@c-api.service[96716]: INFO cinder.volume.api [req-e29d71f2-a343-4378-a0fa-c07f1b8d2ceb req-b0479d2f-d912-4a61-9cda-8472afe68767 tempest-VolumesAssistedSnapshotsTest-586247483 tempest-VolumesAssistedSnapshotsTest-586247483-project-admin] Volume info retrieved successfully.
Jul 06 08:29:22.947145 np0000004625 devstack@c-api.service[96716]: INFO cinder.api.openstack.wsgi [req-e29d71f2-a343-4378-a0fa-c07f1b8d2ceb req-b0479d2f-d912-4a61-9cda-8472afe68767 tempest-VolumesAssistedSnapshotsTest-586247483 tempest-VolumesAssistedSnapshotsTest-586247483-project-admin] https://10.4.3.180/volume/v3/volumes/a30c1efd-fd69-490d-a890-88d5837f09ff returned with HTTP 200
Jul 06 08:29:22.947668 np0000004625 devstack@c-api.service[96716]: [pid: 96716|app: 0|req: 58/169] 10.4.3.180 () {68 vars in 1598 bytes} [Mon Jul 6 08:29:22 2026] GET /volume/v3/volumes/a30c1efd-fd69-490d-a890-88d5837f09ff => generated 1025 bytes in 21 msecs (HTTP/1.1 200) 7 headers in 286 bytes (1 switches on core 0)
Jul 06 08:29:23.570216 np0000004625 devstack@c-api.service[96719]: DEBUG cinder.api.middleware.request_id [None req-c260530f-c798-4144-a210-b654e16cb767 None None] RequestId filter calling following filter/app {{(pid=96719) _context_setter /opt/stack/cinder/cinder/api/middleware/request_id.py:62}}
Jul 06 08:29:23.575172 np0000004625 devstack@c-api.service[96719]: INFO cinder.api.openstack.wsgi [None req-c260530f-c798-4144-a210-b654e16cb767 tempest-AttachSCSIVolumeTestJSON-1479105082 tempest-AttachSCSIVolumeTestJSON-1479105082-project-reader] GET https://10.4.3.180/volume/v3/volumes/29cfe29d-180c-4c59-bbcf-b018d0aa6907
Jul 06 08:29:23.576765 np0000004625 devstack@c-api.service[96719]: DEBUG cinder.api.openstack.wsgi [None req-c260530f-c798-4144-a210-b654e16cb767 tempest-AttachSCSIVolumeTestJSON-1479105082 tempest-AttachSCSIVolumeTestJSON-1479105082-project-reader] Empty body provided in request {{(pid=96719) get_body /opt/stack/cinder/cinder/api/openstack/wsgi.py:725}}
Jul 06 08:29:23.577115 np0000004625 devstack@c-api.service[96719]: DEBUG cinder.api.openstack.wsgi [None req-c260530f-c798-4144-a210-b654e16cb767 tempest-AttachSCSIVolumeTestJSON-1479105082 tempest-AttachSCSIVolumeTestJSON-1479105082-project-reader] Calling method 'show' {{(pid=96719) _process_stack /opt/stack/cinder/cinder/api/openstack/wsgi.py:878}}
Jul 06 08:29:23.586712 np0000004625 devstack@c-api.service[96719]: /opt/stack/data/venv/lib/python3.12/site-packages/oslo_context/context.py:102: DeprecationWarning: Policy enforcement is depending on the value of is_admin. This key is deprecated. Please update your policy file to use the standard policy values.
Jul 06 08:29:23.586712 np0000004625 devstack@c-api.service[96719]: warnings.warn(
Jul 06 08:29:23.591654 np0000004625 devstack@c-api.service[96719]: INFO cinder.volume.api [None req-c260530f-c798-4144-a210-b654e16cb767 tempest-AttachSCSIVolumeTestJSON-1479105082 tempest-AttachSCSIVolumeTestJSON-1479105082-project-reader] Volume info retrieved successfully.
Jul 06 08:29:23.599015 np0000004625 devstack@c-api.service[96719]: INFO cinder.api.openstack.wsgi [None req-c260530f-c798-4144-a210-b654e16cb767 tempest-AttachSCSIVolumeTestJSON-1479105082 tempest-AttachSCSIVolumeTestJSON-1479105082-project-reader] https://10.4.3.180/volume/v3/volumes/29cfe29d-180c-4c59-bbcf-b018d0aa6907 returned with HTTP 200
Jul 06 08:29:23.599541 np0000004625 devstack@c-api.service[96719]: [pid: 96719|app: 0|req: 56/170] 10.4.3.180 () {66 vars in 1348 bytes} [Mon Jul 6 08:29:23 2026] GET /volume/v3/volumes/29cfe29d-180c-4c59-bbcf-b018d0aa6907 => generated 847 bytes in 32 msecs (HTTP/1.1 200) 7 headers in 285 bytes (1 switches on core 0)
Jul 06 08:29:23.658094 np0000004625 devstack@c-api.service[96720]: DEBUG cinder.api.middleware.request_id [None req-5b619c43-44e5-46c8-9d0e-15c8a14396db None None] RequestId filter calling following filter/app {{(pid=96720) _context_setter /opt/stack/cinder/cinder/api/middleware/request_id.py:62}}
Jul 06 08:29:23.663697 np0000004625 devstack@c-api.service[96720]: INFO cinder.api.openstack.wsgi [None req-5b619c43-44e5-46c8-9d0e-15c8a14396db tempest-AttachSCSIVolumeTestJSON-1479105082 tempest-AttachSCSIVolumeTestJSON-1479105082-project-member] GET https://10.4.3.180/volume/v3/volumes/29cfe29d-180c-4c59-bbcf-b018d0aa6907
Jul 06 08:29:23.663992 np0000004625 devstack@c-api.service[96720]: DEBUG cinder.api.openstack.wsgi [None req-5b619c43-44e5-46c8-9d0e-15c8a14396db tempest-AttachSCSIVolumeTestJSON-1479105082 tempest-AttachSCSIVolumeTestJSON-1479105082-project-member] Empty body provided in request {{(pid=96720) get_body /opt/stack/cinder/cinder/api/openstack/wsgi.py:725}}
Jul 06 08:29:23.664252 np0000004625 devstack@c-api.service[96720]: DEBUG cinder.api.openstack.wsgi [None req-5b619c43-44e5-46c8-9d0e-15c8a14396db tempest-AttachSCSIVolumeTestJSON-1479105082 tempest-AttachSCSIVolumeTestJSON-1479105082-project-member] Calling method 'show' {{(pid=96720) _process_stack /opt/stack/cinder/cinder/api/openstack/wsgi.py:878}}
Jul 06 08:29:23.677652 np0000004625 devstack@c-api.service[96720]: /opt/stack/data/venv/lib/python3.12/site-packages/oslo_context/context.py:102: DeprecationWarning: Policy enforcement is depending on the value of is_admin. This key is deprecated. Please update your policy file to use the standard policy values.
Jul 06 08:29:23.677652 np0000004625 devstack@c-api.service[96720]: warnings.warn(
Jul 06 08:29:23.683659 np0000004625 devstack@c-api.service[96720]: INFO cinder.volume.api [None req-5b619c43-44e5-46c8-9d0e-15c8a14396db tempest-AttachSCSIVolumeTestJSON-1479105082 tempest-AttachSCSIVolumeTestJSON-1479105082-project-member] Volume info retrieved successfully.
Jul 06 08:29:23.691861 np0000004625 devstack@c-api.service[96720]: INFO cinder.api.openstack.wsgi [None req-5b619c43-44e5-46c8-9d0e-15c8a14396db tempest-AttachSCSIVolumeTestJSON-1479105082 tempest-AttachSCSIVolumeTestJSON-1479105082-project-member] https://10.4.3.180/volume/v3/volumes/29cfe29d-180c-4c59-bbcf-b018d0aa6907 returned with HTTP 200
Jul 06 08:29:23.692997 np0000004625 devstack@c-api.service[96720]: [pid: 96720|app: 0|req: 57/171] 10.4.3.180 () {66 vars in 1348 bytes} [Mon Jul 6 08:29:23 2026] GET /volume/v3/volumes/29cfe29d-180c-4c59-bbcf-b018d0aa6907 => generated 847 bytes in 35 msecs (HTTP/1.1 200) 7 headers in 285 bytes (1 switches on core 0)
Jul 06 08:29:23.762163 np0000004625 devstack@c-api.service[96716]: DEBUG cinder.api.middleware.request_id [None req-717db6bc-28f6-496b-b2d5-207cd0de75ec None None] RequestId filter calling following filter/app {{(pid=96716) _context_setter /opt/stack/cinder/cinder/api/middleware/request_id.py:62}}
Jul 06 08:29:23.764205 np0000004625 devstack@c-api.service[96716]: INFO cinder.api.openstack.wsgi [None req-717db6bc-28f6-496b-b2d5-207cd0de75ec tempest-AttachSCSIVolumeTestJSON-1479105082 tempest-AttachSCSIVolumeTestJSON-1479105082-project-member] GET https://10.4.3.180/volume/v3/volumes/29cfe29d-180c-4c59-bbcf-b018d0aa6907
Jul 06 08:29:23.764501 np0000004625 devstack@c-api.service[96716]: DEBUG cinder.api.openstack.wsgi [None req-717db6bc-28f6-496b-b2d5-207cd0de75ec tempest-AttachSCSIVolumeTestJSON-1479105082 tempest-AttachSCSIVolumeTestJSON-1479105082-project-member] Empty body provided in request {{(pid=96716) get_body /opt/stack/cinder/cinder/api/openstack/wsgi.py:725}}
Jul 06 08:29:23.764782 np0000004625 devstack@c-api.service[96716]: DEBUG cinder.api.openstack.wsgi [None req-717db6bc-28f6-496b-b2d5-207cd0de75ec tempest-AttachSCSIVolumeTestJSON-1479105082 tempest-AttachSCSIVolumeTestJSON-1479105082-project-member] Calling method 'show' {{(pid=96716) _process_stack /opt/stack/cinder/cinder/api/openstack/wsgi.py:878}}
Jul 06 08:29:23.776566 np0000004625 devstack@c-api.service[96716]: /opt/stack/data/venv/lib/python3.12/site-packages/oslo_context/context.py:102: DeprecationWarning: Policy enforcement is depending on the value of is_admin. This key is deprecated. Please update your policy file to use the standard policy values.
Jul 06 08:29:23.776566 np0000004625 devstack@c-api.service[96716]: warnings.warn(
Jul 06 08:29:23.784893 np0000004625 devstack@c-api.service[96716]: INFO cinder.volume.api [None req-717db6bc-28f6-496b-b2d5-207cd0de75ec tempest-AttachSCSIVolumeTestJSON-1479105082 tempest-AttachSCSIVolumeTestJSON-1479105082-project-member] Volume info retrieved successfully.
Jul 06 08:29:23.792799 np0000004625 devstack@c-api.service[96716]: INFO cinder.api.openstack.wsgi [None req-717db6bc-28f6-496b-b2d5-207cd0de75ec tempest-AttachSCSIVolumeTestJSON-1479105082 tempest-AttachSCSIVolumeTestJSON-1479105082-project-member] https://10.4.3.180/volume/v3/volumes/29cfe29d-180c-4c59-bbcf-b018d0aa6907 returned with HTTP 200
Jul 06 08:29:23.793392 np0000004625 devstack@c-api.service[96716]: [pid: 96716|app: 0|req: 59/172] 10.4.3.180 () {66 vars in 1348 bytes} [Mon Jul 6 08:29:23 2026] GET /volume/v3/volumes/29cfe29d-180c-4c59-bbcf-b018d0aa6907 => generated 847 bytes in 32 msecs (HTTP/1.1 200) 7 headers in 285 bytes (1 switches on core 0)
Jul 06 08:29:24.270045 np0000004625 devstack@c-api.service[96719]: DEBUG cinder.api.middleware.request_id [None req-ff1f0be4-36e3-492c-914b-7406e76cefc2 None None] RequestId filter calling following filter/app {{(pid=96719) _context_setter /opt/stack/cinder/cinder/api/middleware/request_id.py:62}}
Jul 06 08:29:24.270917 np0000004625 devstack@c-api.service[96719]: INFO cinder.api.openstack.wsgi [None req-ff1f0be4-36e3-492c-914b-7406e76cefc2 None None] GET https://10.4.3.180/volume//
Jul 06 08:29:24.271180 np0000004625 devstack@c-api.service[96719]: DEBUG cinder.api.openstack.wsgi [None req-ff1f0be4-36e3-492c-914b-7406e76cefc2 None None] Empty body provided in request {{(pid=96719) get_body /opt/stack/cinder/cinder/api/openstack/wsgi.py:725}}
Jul 06 08:29:24.271462 np0000004625 devstack@c-api.service[96719]: DEBUG cinder.api.openstack.wsgi [None req-ff1f0be4-36e3-492c-914b-7406e76cefc2 None None] Calling method 'all' {{(pid=96719) _process_stack /opt/stack/cinder/cinder/api/openstack/wsgi.py:878}}
Jul 06 08:29:24.271904 np0000004625 devstack@c-api.service[96719]: INFO cinder.api.openstack.wsgi [None req-ff1f0be4-36e3-492c-914b-7406e76cefc2 None None] https://10.4.3.180/volume// returned with HTTP 300
Jul 06 08:29:24.272459 np0000004625 devstack@c-api.service[96719]: [pid: 96719|app: 0|req: 57/173] 10.4.3.180 () {66 vars in 1426 bytes} [Mon Jul 6 08:29:24 2026] GET /volume/ => generated 386 bytes in 3 msecs (HTTP/1.1 300) 7 headers in 299 bytes (1 switches on core 0)
Jul 06 08:29:24.284423 np0000004625 devstack@c-api.service[96720]: DEBUG cinder.api.middleware.request_id [req-32ff8b70-0c32-41e8-97ab-4c11b0a72f0a req-60b27eb9-8efd-4368-9c06-7f0d7a278300 None None] RequestId filter calling following filter/app {{(pid=96720) _context_setter /opt/stack/cinder/cinder/api/middleware/request_id.py:62}}
Jul 06 08:29:24.287890 np0000004625 devstack@c-api.service[96720]: INFO cinder.api.openstack.wsgi [req-32ff8b70-0c32-41e8-97ab-4c11b0a72f0a req-60b27eb9-8efd-4368-9c06-7f0d7a278300 tempest-ServerActionsTestOtherB-600369846 tempest-ServerActionsTestOtherB-600369846-project-member] POST https://10.4.3.180/volume/v3/attachments
Jul 06 08:29:24.287890 np0000004625 devstack@c-api.service[96720]: DEBUG cinder.api.openstack.wsgi [req-32ff8b70-0c32-41e8-97ab-4c11b0a72f0a req-60b27eb9-8efd-4368-9c06-7f0d7a278300 tempest-ServerActionsTestOtherB-600369846 tempest-ServerActionsTestOtherB-600369846-project-member] Action: 'create', calling method: version_select, body: {"attachment": {"volume_uuid": "c07a2a30-8ace-498e-83e4-0e47f2533405", "connector": null, "instance_uuid": "bbbd4edf-a0fb-4d16-83c3-1c987ad5e905"}} {{(pid=96720) _process_stack /opt/stack/cinder/cinder/api/openstack/wsgi.py:876}}
Jul 06 08:29:24.309844 np0000004625 devstack@c-api.service[96720]: /opt/stack/data/venv/lib/python3.12/site-packages/oslo_context/context.py:102: DeprecationWarning: Policy enforcement is depending on the value of is_admin. This key is deprecated. Please update your policy file to use the standard policy values.
Jul 06 08:29:24.309844 np0000004625 devstack@c-api.service[96720]: warnings.warn(
Jul 06 08:29:24.382506 np0000004625 devstack@c-api.service[96720]: INFO cinder.api.openstack.wsgi [req-32ff8b70-0c32-41e8-97ab-4c11b0a72f0a req-60b27eb9-8efd-4368-9c06-7f0d7a278300 tempest-ServerActionsTestOtherB-600369846 tempest-ServerActionsTestOtherB-600369846-project-member] https://10.4.3.180/volume/v3/attachments returned with HTTP 200
Jul 06 08:29:24.383192 np0000004625 devstack@c-api.service[96720]: [pid: 96720|app: 0|req: 58/174] 10.4.3.180 () {74 vars in 1594 bytes} [Mon Jul 6 08:29:24 2026] POST /volume/v3/attachments => generated 273 bytes in 99 msecs (HTTP/1.1 200) 7 headers in 286 bytes (1 switches on core 0)
Jul 06 08:29:24.393884 np0000004625 devstack@c-api.service[96716]: DEBUG cinder.api.middleware.request_id [req-32ff8b70-0c32-41e8-97ab-4c11b0a72f0a req-799b7b1a-60e9-4224-9b2f-5d18ba7272a6 None None] RequestId filter calling following filter/app {{(pid=96716) _context_setter /opt/stack/cinder/cinder/api/middleware/request_id.py:62}}
Jul 06 08:29:24.397495 np0000004625 devstack@c-api.service[96716]: INFO cinder.api.openstack.wsgi [req-32ff8b70-0c32-41e8-97ab-4c11b0a72f0a req-799b7b1a-60e9-4224-9b2f-5d18ba7272a6 tempest-ServerActionsTestOtherB-600369846 tempest-ServerActionsTestOtherB-600369846-project-member] DELETE https://10.4.3.180/volume/v3/attachments/7511bb9b-7fdb-416c-a7ee-ba621effb783
Jul 06 08:29:24.397495 np0000004625 devstack@c-api.service[96716]: DEBUG cinder.api.openstack.wsgi [req-32ff8b70-0c32-41e8-97ab-4c11b0a72f0a req-799b7b1a-60e9-4224-9b2f-5d18ba7272a6 tempest-ServerActionsTestOtherB-600369846 tempest-ServerActionsTestOtherB-600369846-project-member] Empty body provided in request {{(pid=96716) get_body /opt/stack/cinder/cinder/api/openstack/wsgi.py:725}}
Jul 06 08:29:24.397495 np0000004625 devstack@c-api.service[96716]: DEBUG cinder.api.openstack.wsgi [req-32ff8b70-0c32-41e8-97ab-4c11b0a72f0a req-799b7b1a-60e9-4224-9b2f-5d18ba7272a6 tempest-ServerActionsTestOtherB-600369846 tempest-ServerActionsTestOtherB-600369846-project-member] Calling method 'version_select' {{(pid=96716) _process_stack /opt/stack/cinder/cinder/api/openstack/wsgi.py:878}}
Jul 06 08:29:24.427425 np0000004625 devstack@c-api.service[96716]: /opt/stack/data/venv/lib/python3.12/site-packages/oslo_context/context.py:102: DeprecationWarning: Policy enforcement is depending on the value of is_admin. This key is deprecated. Please update your policy file to use the standard policy values.
Jul 06 08:29:24.427425 np0000004625 devstack@c-api.service[96716]: warnings.warn(
Jul 06 08:29:24.980272 np0000004625 devstack@c-api.service[96716]: INFO cinder.api.openstack.wsgi [req-32ff8b70-0c32-41e8-97ab-4c11b0a72f0a req-799b7b1a-60e9-4224-9b2f-5d18ba7272a6 tempest-ServerActionsTestOtherB-600369846 tempest-ServerActionsTestOtherB-600369846-project-member] https://10.4.3.180/volume/v3/attachments/7511bb9b-7fdb-416c-a7ee-ba621effb783 returned with HTTP 200
Jul 06 08:29:24.980942 np0000004625 devstack@c-api.service[96716]: [pid: 96716|app: 0|req: 60/175] 10.4.3.180 () {72 vars in 1673 bytes} [Mon Jul 6 08:29:24 2026] DELETE /volume/v3/attachments/7511bb9b-7fdb-416c-a7ee-ba621effb783 => generated 192 bytes in 588 msecs (HTTP/1.1 200) 7 headers in 286 bytes (1 switches on core 0)
Jul 06 08:29:24.999721 np0000004625 devstack@c-api.service[96719]: DEBUG cinder.api.middleware.request_id [None req-ece3c30a-8bab-4513-88ac-9e32fa389a10 None None] RequestId filter calling following filter/app {{(pid=96719) _context_setter /opt/stack/cinder/cinder/api/middleware/request_id.py:62}}
Jul 06 08:29:25.000264 np0000004625 devstack@c-api.service[96719]: INFO cinder.api.openstack.wsgi [None req-ece3c30a-8bab-4513-88ac-9e32fa389a10 None None] GET https://10.4.3.180/volume//
Jul 06 08:29:25.000540 np0000004625 devstack@c-api.service[96719]: DEBUG cinder.api.openstack.wsgi [None req-ece3c30a-8bab-4513-88ac-9e32fa389a10 None None] Empty body provided in request {{(pid=96719) get_body /opt/stack/cinder/cinder/api/openstack/wsgi.py:725}}
Jul 06 08:29:25.000808 np0000004625 devstack@c-api.service[96719]: DEBUG cinder.api.openstack.wsgi [None req-ece3c30a-8bab-4513-88ac-9e32fa389a10 None None] Calling method 'all' {{(pid=96719) _process_stack /opt/stack/cinder/cinder/api/openstack/wsgi.py:878}}
Jul 06 08:29:25.001292 np0000004625 devstack@c-api.service[96719]: INFO cinder.api.openstack.wsgi [None req-ece3c30a-8bab-4513-88ac-9e32fa389a10 None None] https://10.4.3.180/volume// returned with HTTP 300
Jul 06 08:29:25.001696 np0000004625 devstack@c-api.service[96719]: [pid: 96719|app: 0|req: 58/176] 10.4.3.180 () {66 vars in 1428 bytes} [Mon Jul 6 08:29:24 2026] GET /volume/ => generated 386 bytes in 3 msecs (HTTP/1.1 300) 7 headers in 299 bytes (1 switches on core 0)
Jul 06 08:29:25.015682 np0000004625 devstack@c-api.service[96720]: DEBUG cinder.api.middleware.request_id [req-e29d71f2-a343-4378-a0fa-c07f1b8d2ceb req-1465eee4-209a-4f44-82ff-0e000cf87223 None None] RequestId filter calling following filter/app {{(pid=96720) _context_setter /opt/stack/cinder/cinder/api/middleware/request_id.py:62}}
Jul 06 08:29:25.019018 np0000004625 devstack@c-api.service[96720]: INFO cinder.api.openstack.wsgi [req-e29d71f2-a343-4378-a0fa-c07f1b8d2ceb req-1465eee4-209a-4f44-82ff-0e000cf87223 tempest-VolumesAssistedSnapshotsTest-586247483 tempest-VolumesAssistedSnapshotsTest-586247483-project-admin] POST https://10.4.3.180/volume/v3/attachments
Jul 06 08:29:25.019018 np0000004625 devstack@c-api.service[96720]: DEBUG cinder.api.openstack.wsgi [req-e29d71f2-a343-4378-a0fa-c07f1b8d2ceb req-1465eee4-209a-4f44-82ff-0e000cf87223 tempest-VolumesAssistedSnapshotsTest-586247483 tempest-VolumesAssistedSnapshotsTest-586247483-project-admin] Action: 'create', calling method: version_select, body: {"attachment": {"volume_uuid": "a30c1efd-fd69-490d-a890-88d5837f09ff", "connector": null, "instance_uuid": "0c7034b1-7fdf-4647-9a6a-89ca9744bbe3"}} {{(pid=96720) _process_stack /opt/stack/cinder/cinder/api/openstack/wsgi.py:876}}
Jul 06 08:29:25.031035 np0000004625 devstack@c-api.service[96720]: /opt/stack/data/venv/lib/python3.12/site-packages/oslo_context/context.py:102: DeprecationWarning: Policy enforcement is depending on the value of is_admin. This key is deprecated. Please update your policy file to use the standard policy values.
Jul 06 08:29:25.031035 np0000004625 devstack@c-api.service[96720]: warnings.warn(
Jul 06 08:29:25.074170 np0000004625 devstack@c-api.service[96720]: INFO cinder.api.openstack.wsgi [req-e29d71f2-a343-4378-a0fa-c07f1b8d2ceb req-1465eee4-209a-4f44-82ff-0e000cf87223 tempest-VolumesAssistedSnapshotsTest-586247483 tempest-VolumesAssistedSnapshotsTest-586247483-project-admin] https://10.4.3.180/volume/v3/attachments returned with HTTP 200
Jul 06 08:29:25.074717 np0000004625 devstack@c-api.service[96720]: [pid: 96720|app: 0|req: 59/177] 10.4.3.180 () {74 vars in 1594 bytes} [Mon Jul 6 08:29:25 2026] POST /volume/v3/attachments => generated 273 bytes in 60 msecs (HTTP/1.1 200) 7 headers in 286 bytes (1 switches on core 0)
Jul 06 08:29:25.479902 np0000004625 devstack@c-api.service[96716]: DEBUG cinder.api.middleware.request_id [None req-1957144d-eb89-476e-b886-51dd49ec6324 None None] RequestId filter calling following filter/app {{(pid=96716) _context_setter /opt/stack/cinder/cinder/api/middleware/request_id.py:62}}
Jul 06 08:29:25.482054 np0000004625 devstack@c-api.service[96716]: INFO cinder.api.openstack.wsgi [None req-1957144d-eb89-476e-b886-51dd49ec6324 tempest-VolumesAssistedSnapshotsTest-586247483 tempest-VolumesAssistedSnapshotsTest-586247483-project-admin] GET https://10.4.3.180/volume/v3/volumes/a30c1efd-fd69-490d-a890-88d5837f09ff
Jul 06 08:29:25.482850 np0000004625 devstack@c-api.service[96716]: DEBUG cinder.api.openstack.wsgi [None req-1957144d-eb89-476e-b886-51dd49ec6324 tempest-VolumesAssistedSnapshotsTest-586247483 tempest-VolumesAssistedSnapshotsTest-586247483-project-admin] Empty body provided in request {{(pid=96716) get_body /opt/stack/cinder/cinder/api/openstack/wsgi.py:725}}
Jul 06 08:29:25.483141 np0000004625 devstack@c-api.service[96716]: DEBUG cinder.api.openstack.wsgi [None req-1957144d-eb89-476e-b886-51dd49ec6324 tempest-VolumesAssistedSnapshotsTest-586247483 tempest-VolumesAssistedSnapshotsTest-586247483-project-admin] Calling method 'show' {{(pid=96716) _process_stack /opt/stack/cinder/cinder/api/openstack/wsgi.py:878}}
Jul 06 08:29:25.495770 np0000004625 devstack@c-api.service[96716]: /opt/stack/data/venv/lib/python3.12/site-packages/oslo_context/context.py:102: DeprecationWarning: Policy enforcement is depending on the value of is_admin. This key is deprecated. Please update your policy file to use the standard policy values.
Jul 06 08:29:25.495770 np0000004625 devstack@c-api.service[96716]: warnings.warn(
Jul 06 08:29:25.500913 np0000004625 devstack@c-api.service[96716]: INFO cinder.volume.api [None req-1957144d-eb89-476e-b886-51dd49ec6324 tempest-VolumesAssistedSnapshotsTest-586247483 tempest-VolumesAssistedSnapshotsTest-586247483-project-admin] Volume info retrieved successfully.
Jul 06 08:29:25.506684 np0000004625 devstack@c-api.service[96716]: INFO cinder.api.openstack.wsgi [None req-1957144d-eb89-476e-b886-51dd49ec6324 tempest-VolumesAssistedSnapshotsTest-586247483 tempest-VolumesAssistedSnapshotsTest-586247483-project-admin] https://10.4.3.180/volume/v3/volumes/a30c1efd-fd69-490d-a890-88d5837f09ff returned with HTTP 200
Jul 06 08:29:25.507172 np0000004625 devstack@c-api.service[96716]: [pid: 96716|app: 0|req: 61/178] 10.4.3.180 () {66 vars in 1348 bytes} [Mon Jul 6 08:29:25 2026] GET /volume/v3/volumes/a30c1efd-fd69-490d-a890-88d5837f09ff => generated 1024 bytes in 29 msecs (HTTP/1.1 200) 7 headers in 286 bytes (1 switches on core 0)
Jul 06 08:29:25.778791 np0000004625 devstack@c-api.service[96719]: DEBUG cinder.api.middleware.request_id [None req-e38b8c83-4489-4f3f-96e8-e00709aa4fb4 None None] RequestId filter calling following filter/app {{(pid=96719) _context_setter /opt/stack/cinder/cinder/api/middleware/request_id.py:62}}
Jul 06 08:29:25.779175 np0000004625 devstack@c-api.service[96719]: INFO cinder.api.openstack.wsgi [None req-e38b8c83-4489-4f3f-96e8-e00709aa4fb4 None None] GET https://10.4.3.180/volume//
Jul 06 08:29:25.779604 np0000004625 devstack@c-api.service[96719]: DEBUG cinder.api.openstack.wsgi [None req-e38b8c83-4489-4f3f-96e8-e00709aa4fb4 None None] Empty body provided in request {{(pid=96719) get_body /opt/stack/cinder/cinder/api/openstack/wsgi.py:725}}
Jul 06 08:29:25.779706 np0000004625 devstack@c-api.service[96719]: DEBUG cinder.api.openstack.wsgi [None req-e38b8c83-4489-4f3f-96e8-e00709aa4fb4 None None] Calling method 'all' {{(pid=96719) _process_stack /opt/stack/cinder/cinder/api/openstack/wsgi.py:878}}
Jul 06 08:29:25.780084 np0000004625 devstack@c-api.service[96719]: INFO cinder.api.openstack.wsgi [None req-e38b8c83-4489-4f3f-96e8-e00709aa4fb4 None None] https://10.4.3.180/volume// returned with HTTP 300
Jul 06 08:29:25.780697 np0000004625 devstack@c-api.service[96719]: [pid: 96719|app: 0|req: 59/179] 10.4.3.180 () {66 vars in 1426 bytes} [Mon Jul 6 08:29:25 2026] GET /volume/ => generated 386 bytes in 2 msecs (HTTP/1.1 300) 7 headers in 299 bytes (1 switches on core 0)
Jul 06 08:29:25.795170 np0000004625 devstack@c-api.service[96720]: DEBUG cinder.api.middleware.request_id [req-e29d71f2-a343-4378-a0fa-c07f1b8d2ceb req-f225110a-01a5-45af-8a43-b144b0afcc44 None None] RequestId filter calling following filter/app {{(pid=96720) _context_setter /opt/stack/cinder/cinder/api/middleware/request_id.py:62}}
Jul 06 08:29:25.801826 np0000004625 devstack@c-api.service[96720]: INFO cinder.api.openstack.wsgi [req-e29d71f2-a343-4378-a0fa-c07f1b8d2ceb req-f225110a-01a5-45af-8a43-b144b0afcc44 tempest-VolumesAssistedSnapshotsTest-586247483 tempest-VolumesAssistedSnapshotsTest-586247483-project-admin] GET https://10.4.3.180/volume/v3/volumes/a30c1efd-fd69-490d-a890-88d5837f09ff
Jul 06 08:29:25.802172 np0000004625 devstack@c-api.service[96720]: DEBUG cinder.api.openstack.wsgi [req-e29d71f2-a343-4378-a0fa-c07f1b8d2ceb req-f225110a-01a5-45af-8a43-b144b0afcc44 tempest-VolumesAssistedSnapshotsTest-586247483 tempest-VolumesAssistedSnapshotsTest-586247483-project-admin] Empty body provided in request {{(pid=96720) get_body /opt/stack/cinder/cinder/api/openstack/wsgi.py:725}}
Jul 06 08:29:25.802434 np0000004625 devstack@c-api.service[96720]: DEBUG cinder.api.openstack.wsgi [req-e29d71f2-a343-4378-a0fa-c07f1b8d2ceb req-f225110a-01a5-45af-8a43-b144b0afcc44 tempest-VolumesAssistedSnapshotsTest-586247483 tempest-VolumesAssistedSnapshotsTest-586247483-project-admin] Calling method 'show' {{(pid=96720) _process_stack /opt/stack/cinder/cinder/api/openstack/wsgi.py:878}}
Jul 06 08:29:25.818270 np0000004625 devstack@c-api.service[96720]: /opt/stack/data/venv/lib/python3.12/site-packages/oslo_context/context.py:102: DeprecationWarning: Policy enforcement is depending on the value of is_admin. This key is deprecated. Please update your policy file to use the standard policy values.
Jul 06 08:29:25.818270 np0000004625 devstack@c-api.service[96720]: warnings.warn(
Jul 06 08:29:25.823061 np0000004625 devstack@c-api.service[96720]: INFO cinder.volume.api [req-e29d71f2-a343-4378-a0fa-c07f1b8d2ceb req-f225110a-01a5-45af-8a43-b144b0afcc44 tempest-VolumesAssistedSnapshotsTest-586247483 tempest-VolumesAssistedSnapshotsTest-586247483-project-admin] Volume info retrieved successfully.
Jul 06 08:29:25.831315 np0000004625 devstack@c-api.service[96720]: INFO cinder.api.openstack.wsgi [req-e29d71f2-a343-4378-a0fa-c07f1b8d2ceb req-f225110a-01a5-45af-8a43-b144b0afcc44 tempest-VolumesAssistedSnapshotsTest-586247483 tempest-VolumesAssistedSnapshotsTest-586247483-project-admin] https://10.4.3.180/volume/v3/volumes/a30c1efd-fd69-490d-a890-88d5837f09ff returned with HTTP 200
Jul 06 08:29:25.831776 np0000004625 devstack@c-api.service[96720]: [pid: 96720|app: 0|req: 60/180] 10.4.3.180 () {70 vars in 1639 bytes} [Mon Jul 6 08:29:25 2026] GET /volume/v3/volumes/a30c1efd-fd69-490d-a890-88d5837f09ff => generated 1248 bytes in 37 msecs (HTTP/1.1 200) 7 headers in 287 bytes (1 switches on core 0)
Jul 06 08:29:25.962819 np0000004625 devstack@c-api.service[96716]: DEBUG cinder.api.middleware.request_id [req-e29d71f2-a343-4378-a0fa-c07f1b8d2ceb req-7b2edd1c-c30e-4e05-8a76-c404736d3e67 None None] RequestId filter calling following filter/app {{(pid=96716) _context_setter /opt/stack/cinder/cinder/api/middleware/request_id.py:62}}
Jul 06 08:29:25.968009 np0000004625 devstack@c-api.service[96716]: INFO cinder.api.openstack.wsgi [req-e29d71f2-a343-4378-a0fa-c07f1b8d2ceb req-7b2edd1c-c30e-4e05-8a76-c404736d3e67 tempest-VolumesAssistedSnapshotsTest-586247483 tempest-VolumesAssistedSnapshotsTest-586247483-project-admin] PUT https://10.4.3.180/volume/v3/attachments/7aef52e7-4709-48b3-a48b-7f0f0c79e0ea
Jul 06 08:29:25.968137 np0000004625 devstack@c-api.service[96716]: DEBUG cinder.api.openstack.wsgi [req-e29d71f2-a343-4378-a0fa-c07f1b8d2ceb req-7b2edd1c-c30e-4e05-8a76-c404736d3e67 tempest-VolumesAssistedSnapshotsTest-586247483 tempest-VolumesAssistedSnapshotsTest-586247483-project-admin] Action: 'update', calling method: version_select, body: {"attachment": {"connector": {"platform": "x86_64", "os_type": "linux", "ip": "10.4.3.180", "host": "np0000004625", "multipath": false, "enforce_multipath": true, "initiator": "iqn.2016-04.com.open-iscsi:6c885944a7bd", "do_local_attach": false, "nvme_hostid": "fdc0750d-af09-47b6-b923-53ed0e33133e", "uuid": "8515de1c-ba7e-467b-adde-6d9f8a8dbc1f", "system uuid": "8d116c0a-eadb-415a-8ff6-6178e27c7b7a", "nqn": "nqn.2014-08.org.nvmexpress:uuid:8d116c0a-eadb-415a-8ff6-6178e27c7b7a", "nvme_native_multipath": true, "found_dsc": "", "host_ips": ["10.4.3.180", "fe80::f816:3eff:fe1f:9ac3", "192.168.10.6", "fe80::f816:3eff:febd:ae7b", "192.168.20.6", "fe80::f816:3eff:fec1:1ac2", "192.168.30.6", "fe80::f816:3eff:feb3:fb3d", "192.168.122.1", "172.24.5.1", "2001:db8::2", "fe80::cf0:77ff:febe:8242", "fe80::f816:3eff:fe7b:3de2", "fe80::244c:5fff:feed:ce61", "fe80::f816:3eff:fed6:e14c", "fe80::9075:2aff:febf:addb", "fe80::f816:3eff:fe56:58b2", "fe80::14e2:cdff:fe77:389f", "fe80::c4bd:9bff:fe9d:8488", "fe80::f816:3eff:feac:7113", "fe80::f816:3eff:fe80:80af", "fe80::f816:3eff:fedc:b522", "fe80::dc6b:e3ff:fe5d:f162", "fe80::f816:3eff:fe01:35f0", "fe80::f816:3eff:fe5f:4327", "fe80::f816:3eff:fe29:c4df", "fe80::f816:3eff:fefc:e6ab", "fe80::f816:3eff:feaa:40d2", "fe80::f4d0:feff:fee4:24cb", "fe80::d492:2bff:fe89:d3e7", "fe80::f816:3eff:fe86:546", "fe80::e038:3cff:fe73:3440", "fe80::f816:3eff:feda:f91f"], "mountpoint": "/dev/vdb"}}} {{(pid=96716) _process_stack /opt/stack/cinder/cinder/api/openstack/wsgi.py:876}}
Jul 06 08:29:25.989852 np0000004625 devstack@c-api.service[96716]: DEBUG cinder.coordination [req-e29d71f2-a343-4378-a0fa-c07f1b8d2ceb req-7b2edd1c-c30e-4e05-8a76-c404736d3e67 tempest-VolumesAssistedSnapshotsTest-586247483 tempest-VolumesAssistedSnapshotsTest-586247483-project-admin] Acquiring lock "cinder-attachment_update-a30c1efd-fd69-490d-a890-88d5837f09ff-np0000004625" by "attachment_update" {{(pid=96716) __acquire /opt/stack/cinder/cinder/coordination.py:138}}
Jul 06 08:29:25.996852 np0000004625 devstack@c-api.service[96716]: DEBUG cinder.coordination [req-e29d71f2-a343-4378-a0fa-c07f1b8d2ceb req-7b2edd1c-c30e-4e05-8a76-c404736d3e67 tempest-VolumesAssistedSnapshotsTest-586247483 tempest-VolumesAssistedSnapshotsTest-586247483-project-admin] Lock "cinder-attachment_update-a30c1efd-fd69-490d-a890-88d5837f09ff-np0000004625" acquired by "attachment_update" :: waited 0.007s {{(pid=96716) __acquire /opt/stack/cinder/cinder/coordination.py:141}}
Jul 06 08:29:25.998142 np0000004625 devstack@c-api.service[96716]: /opt/stack/data/venv/lib/python3.12/site-packages/oslo_context/context.py:102: DeprecationWarning: Policy enforcement is depending on the value of is_admin. This key is deprecated. Please update your policy file to use the standard policy values.
Jul 06 08:29:25.998142 np0000004625 devstack@c-api.service[96716]: warnings.warn(
Jul 06 08:29:26.530861 np0000004625 devstack@c-api.service[96719]: DEBUG cinder.api.middleware.request_id [None req-4a1ae6b9-9f45-4bfd-ac58-9504334ce278 None None] RequestId filter calling following filter/app {{(pid=96719) _context_setter /opt/stack/cinder/cinder/api/middleware/request_id.py:62}}
Jul 06 08:29:26.532608 np0000004625 devstack@c-api.service[96716]: DEBUG cinder.coordination [req-e29d71f2-a343-4378-a0fa-c07f1b8d2ceb req-7b2edd1c-c30e-4e05-8a76-c404736d3e67 tempest-VolumesAssistedSnapshotsTest-586247483 tempest-VolumesAssistedSnapshotsTest-586247483-project-admin] Lock "cinder-attachment_update-a30c1efd-fd69-490d-a890-88d5837f09ff-np0000004625" released by "attachment_update" :: held 0.536s {{(pid=96716) __release /opt/stack/cinder/cinder/coordination.py:152}}
Jul 06 08:29:26.533191 np0000004625 devstack@c-api.service[96716]: INFO cinder.api.openstack.wsgi [req-e29d71f2-a343-4378-a0fa-c07f1b8d2ceb req-7b2edd1c-c30e-4e05-8a76-c404736d3e67 tempest-VolumesAssistedSnapshotsTest-586247483 tempest-VolumesAssistedSnapshotsTest-586247483-project-admin] https://10.4.3.180/volume/v3/attachments/7aef52e7-4709-48b3-a48b-7f0f0c79e0ea returned with HTTP 200
Jul 06 08:29:26.534056 np0000004625 devstack@c-api.service[96719]: INFO cinder.api.openstack.wsgi [None req-4a1ae6b9-9f45-4bfd-ac58-9504334ce278 tempest-VolumesAssistedSnapshotsTest-586247483 tempest-VolumesAssistedSnapshotsTest-586247483-project-admin] GET https://10.4.3.180/volume/v3/volumes/a30c1efd-fd69-490d-a890-88d5837f09ff
Jul 06 08:29:26.534326 np0000004625 devstack@c-api.service[96719]: DEBUG cinder.api.openstack.wsgi [None req-4a1ae6b9-9f45-4bfd-ac58-9504334ce278 tempest-VolumesAssistedSnapshotsTest-586247483 tempest-VolumesAssistedSnapshotsTest-586247483-project-admin] Empty body provided in request {{(pid=96719) get_body /opt/stack/cinder/cinder/api/openstack/wsgi.py:725}}
Jul 06 08:29:26.534561 np0000004625 devstack@c-api.service[96719]: DEBUG cinder.api.openstack.wsgi [None req-4a1ae6b9-9f45-4bfd-ac58-9504334ce278 tempest-VolumesAssistedSnapshotsTest-586247483 tempest-VolumesAssistedSnapshotsTest-586247483-project-admin] Calling method 'show' {{(pid=96719) _process_stack /opt/stack/cinder/cinder/api/openstack/wsgi.py:878}}
Jul 06 08:29:26.534816 np0000004625 devstack@c-api.service[96716]: [pid: 96716|app: 0|req: 62/181] 10.4.3.180 () {74 vars in 1705 bytes} [Mon Jul 6 08:29:25 2026] PUT /volume/v3/attachments/7aef52e7-4709-48b3-a48b-7f0f0c79e0ea => generated 535 bytes in 572 msecs (HTTP/1.1 200) 7 headers in 286 bytes (1 switches on core 0)
Jul 06 08:29:26.600173 np0000004625 devstack@c-api.service[96719]: /opt/stack/data/venv/lib/python3.12/site-packages/oslo_context/context.py:102: DeprecationWarning: Policy enforcement is depending on the value of is_admin. This key is deprecated. Please update your policy file to use the standard policy values.
Jul 06 08:29:26.600173 np0000004625 devstack@c-api.service[96719]: warnings.warn(
Jul 06 08:29:26.605755 np0000004625 devstack@c-api.service[96719]: INFO cinder.volume.api [None req-4a1ae6b9-9f45-4bfd-ac58-9504334ce278 tempest-VolumesAssistedSnapshotsTest-586247483 tempest-VolumesAssistedSnapshotsTest-586247483-project-admin] Volume info retrieved successfully.
