Jul 06 08:25:35.392627 np0000004625 nova-scheduler[93184]: DEBUG cotyledon.oslo_config_glue [-] oslo_limit.auth_section = None {{(pid=93184) log_opt_values /opt/stack/data/venv/lib/python3.12/site-packages/oslo_config/cfg.py:3253}}
Jul 06 08:25:35.392711 np0000004625 nova-scheduler[93184]: DEBUG cotyledon.oslo_config_glue [-] oslo_limit.auth_type = None {{(pid=93184) log_opt_values /opt/stack/data/venv/lib/python3.12/site-packages/oslo_config/cfg.py:3253}}
Jul 06 08:25:35.392786 np0000004625 nova-scheduler[93184]: DEBUG cotyledon.oslo_config_glue [-] oslo_limit.cafile = None {{(pid=93184) log_opt_values /opt/stack/data/venv/lib/python3.12/site-packages/oslo_config/cfg.py:3253}}
Jul 06 08:25:35.392861 np0000004625 nova-scheduler[93184]: DEBUG cotyledon.oslo_config_glue [-] oslo_limit.certfile = None {{(pid=93184) log_opt_values /opt/stack/data/venv/lib/python3.12/site-packages/oslo_config/cfg.py:3253}}
Jul 06 08:25:35.392934 np0000004625 nova-scheduler[93184]: DEBUG cotyledon.oslo_config_glue [-] oslo_limit.collect_timing = False {{(pid=93184) log_opt_values /opt/stack/data/venv/lib/python3.12/site-packages/oslo_config/cfg.py:3253}}
Jul 06 08:25:35.393031 np0000004625 nova-scheduler[93184]: DEBUG cotyledon.oslo_config_glue [-] oslo_limit.connect_retries = None {{(pid=93184) log_opt_values /opt/stack/data/venv/lib/python3.12/site-packages/oslo_config/cfg.py:3253}}
Jul 06 08:25:35.393107 np0000004625 nova-scheduler[93184]: DEBUG cotyledon.oslo_config_glue [-] oslo_limit.connect_retry_delay = None {{(pid=93184) log_opt_values /opt/stack/data/venv/lib/python3.12/site-packages/oslo_config/cfg.py:3253}}
Jul 06 08:25:35.393192 np0000004625 nova-scheduler[93184]: DEBUG cotyledon.oslo_config_glue [-] oslo_limit.endpoint_id = None {{(pid=93184) log_opt_values /opt/stack/data/venv/lib/python3.12/site-packages/oslo_config/cfg.py:3253}}
Jul 06 08:25:35.393271 np0000004625 nova-scheduler[93184]: DEBUG cotyledon.oslo_config_glue [-] oslo_limit.endpoint_interface = public {{(pid=93184) log_opt_values /opt/stack/data/venv/lib/python3.12/site-packages/oslo_config/cfg.py:3253}}
Jul 06 08:25:35.393349 np0000004625 nova-scheduler[93184]: DEBUG cotyledon.oslo_config_glue [-] oslo_limit.endpoint_override = None {{(pid=93184) log_opt_values /opt/stack/data/venv/lib/python3.12/site-packages/oslo_config/cfg.py:3253}}
Jul 06 08:25:35.393433 np0000004625 nova-scheduler[93184]: DEBUG cotyledon.oslo_config_glue [-] oslo_limit.endpoint_region_name = None {{(pid=93184) log_opt_values /opt/stack/data/venv/lib/python3.12/site-packages/oslo_config/cfg.py:3253}}
Jul 06 08:25:35.393510 np0000004625 nova-scheduler[93184]: DEBUG cotyledon.oslo_config_glue [-] oslo_limit.endpoint_service_name = None {{(pid=93184) log_opt_values /opt/stack/data/venv/lib/python3.12/site-packages/oslo_config/cfg.py:3253}}
Jul 06 08:25:35.393581 np0000004625 nova-scheduler[93184]: DEBUG cotyledon.oslo_config_glue [-] oslo_limit.endpoint_service_type = None {{(pid=93184) log_opt_values /opt/stack/data/venv/lib/python3.12/site-packages/oslo_config/cfg.py:3253}}
Jul 06 08:25:35.393652 np0000004625 nova-scheduler[93184]: DEBUG cotyledon.oslo_config_glue [-] oslo_limit.insecure = False {{(pid=93184) log_opt_values /opt/stack/data/venv/lib/python3.12/site-packages/oslo_config/cfg.py:3253}}
Jul 06 08:25:35.393721 np0000004625 nova-scheduler[93184]: DEBUG cotyledon.oslo_config_glue [-] oslo_limit.keyfile = None {{(pid=93184) log_opt_values /opt/stack/data/venv/lib/python3.12/site-packages/oslo_config/cfg.py:3253}}
Jul 06 08:25:35.393798 np0000004625 nova-scheduler[93184]: DEBUG cotyledon.oslo_config_glue [-] oslo_limit.max_version = None {{(pid=93184) log_opt_values /opt/stack/data/venv/lib/python3.12/site-packages/oslo_config/cfg.py:3253}}
Jul 06 08:25:35.393874 np0000004625 nova-scheduler[93184]: DEBUG cotyledon.oslo_config_glue [-] oslo_limit.min_version = None {{(pid=93184) log_opt_values /opt/stack/data/venv/lib/python3.12/site-packages/oslo_config/cfg.py:3253}}
Jul 06 08:25:35.393953 np0000004625 nova-scheduler[93184]: DEBUG cotyledon.oslo_config_glue [-] oslo_limit.region_name = None {{(pid=93184) log_opt_values /opt/stack/data/venv/lib/python3.12/site-packages/oslo_config/cfg.py:3253}}
Jul 06 08:25:35.394047 np0000004625 nova-scheduler[93184]: DEBUG cotyledon.oslo_config_glue [-] oslo_limit.retriable_status_codes = None {{(pid=93184) log_opt_values /opt/stack/data/venv/lib/python3.12/site-packages/oslo_config/cfg.py:3253}}
Jul 06 08:25:35.394131 np0000004625 nova-scheduler[93184]: DEBUG cotyledon.oslo_config_glue [-] oslo_limit.service_name = None {{(pid=93184) log_opt_values /opt/stack/data/venv/lib/python3.12/site-packages/oslo_config/cfg.py:3253}}
Jul 06 08:25:35.394204 np0000004625 nova-scheduler[93184]: DEBUG cotyledon.oslo_config_glue [-] oslo_limit.service_type = None {{(pid=93184) log_opt_values /opt/stack/data/venv/lib/python3.12/site-packages/oslo_config/cfg.py:3253}}
Jul 06 08:25:35.394275 np0000004625 nova-scheduler[93184]: DEBUG cotyledon.oslo_config_glue [-] oslo_limit.split_loggers = False {{(pid=93184) log_opt_values /opt/stack/data/venv/lib/python3.12/site-packages/oslo_config/cfg.py:3253}}
Jul 06 08:25:35.394350 np0000004625 nova-scheduler[93184]: DEBUG cotyledon.oslo_config_glue [-] oslo_limit.status_code_retries = None {{(pid=93184) log_opt_values /opt/stack/data/venv/lib/python3.12/site-packages/oslo_config/cfg.py:3253}}
Jul 06 08:25:35.394439 np0000004625 nova-scheduler[93184]: DEBUG cotyledon.oslo_config_glue [-] oslo_limit.status_code_retry_delay = None {{(pid=93184) log_opt_values /opt/stack/data/venv/lib/python3.12/site-packages/oslo_config/cfg.py:3253}}
Jul 06 08:25:35.394516 np0000004625 nova-scheduler[93184]: DEBUG cotyledon.oslo_config_glue [-] oslo_limit.timeout = None {{(pid=93184) log_opt_values /opt/stack/data/venv/lib/python3.12/site-packages/oslo_config/cfg.py:3253}}
Jul 06 08:25:35.394598 np0000004625 nova-scheduler[93184]: DEBUG cotyledon.oslo_config_glue [-] oslo_limit.valid_interfaces = None {{(pid=93184) log_opt_values /opt/stack/data/venv/lib/python3.12/site-packages/oslo_config/cfg.py:3253}}
Jul 06 08:25:35.404196 np0000004625 nova-scheduler[93184]: DEBUG cotyledon.oslo_config_glue [-] oslo_limit.version = None {{(pid=93184) log_opt_values /opt/stack/data/venv/lib/python3.12/site-packages/oslo_config/cfg.py:3253}}
Jul 06 08:25:35.404408 np0000004625 nova-scheduler[93184]: DEBUG cotyledon.oslo_config_glue [-] oslo_reports.file_event_handler = None {{(pid=93184) log_opt_values /opt/stack/data/venv/lib/python3.12/site-packages/oslo_config/cfg.py:3253}}
Jul 06 08:25:35.404531 np0000004625 nova-scheduler[93184]: DEBUG cotyledon.oslo_config_glue [-] oslo_reports.file_event_handler_interval = 1 {{(pid=93184) log_opt_values /opt/stack/data/venv/lib/python3.12/site-packages/oslo_config/cfg.py:3253}}
Jul 06 08:25:35.404629 np0000004625 nova-scheduler[93184]: DEBUG cotyledon.oslo_config_glue [-] oslo_reports.log_dir = None {{(pid=93184) log_opt_values /opt/stack/data/venv/lib/python3.12/site-packages/oslo_config/cfg.py:3253}}
Jul 06 08:25:35.404701 np0000004625 nova-scheduler[93184]: DEBUG cotyledon.oslo_config_glue [-] ******************************************************************************** {{(pid=93184) log_opt_values /opt/stack/data/venv/lib/python3.12/site-packages/oslo_config/cfg.py:3260}}
Jul 06 08:25:35.404913 np0000004625 nova-scheduler[93184]: DEBUG cotyledon._service_worker [-] Run service ServiceWrapper(1) [93184] {{(pid=93184) wait_forever /opt/stack/data/venv/lib/python3.12/site-packages/cotyledon/_service_worker.py:218}}
Jul 06 08:25:35.406258 np0000004625 nova-scheduler[93184]: INFO nova.service [-] Starting scheduler node (version 33.1.0)
Jul 06 08:25:35.411406 np0000004625 nova-scheduler[93184]: INFO dbcounter [None req-2384393e-9b13-4865-9e86-bdca6e8a66d5 None None] Registered counter for database nova_cell0
Jul 06 08:25:35.414399 np0000004625 nova-scheduler[93182]: DEBUG oslo_db.sqlalchemy.engines [None req-8d797449-72f7-4790-9f3c-0bd53eff4a17 None None] MySQL server mode set to STRICT_TRANS_TABLES,STRICT_ALL_TABLES,NO_ZERO_IN_DATE,NO_ZERO_DATE,ERROR_FOR_DIVISION_BY_ZERO,TRADITIONAL,NO_ENGINE_SUBSTITUTION {{(pid=93182) _check_effective_sql_mode /opt/stack/data/venv/lib/python3.12/site-packages/oslo_db/sqlalchemy/engines.py:325}}
Jul 06 08:25:35.425487 np0000004625 nova-scheduler[93182]: DEBUG dbcounter [-] [93182] Writer thread running {{(pid=93182) stat_writer /opt/stack/data/venv/lib/python3.12/site-packages/dbcounter.py:102}}
Jul 06 08:25:35.425630 np0000004625 nova-scheduler[93186]: DEBUG oslo_db.sqlalchemy.engines [None req-19e38237-fbc2-4164-b001-f1a00fb97cb3 None None] MySQL server mode set to STRICT_TRANS_TABLES,STRICT_ALL_TABLES,NO_ZERO_IN_DATE,NO_ZERO_DATE,ERROR_FOR_DIVISION_BY_ZERO,TRADITIONAL,NO_ENGINE_SUBSTITUTION {{(pid=93186) _check_effective_sql_mode /opt/stack/data/venv/lib/python3.12/site-packages/oslo_db/sqlalchemy/engines.py:325}}
Jul 06 08:25:35.435531 np0000004625 nova-scheduler[93186]: DEBUG dbcounter [-] [93186] Writer thread running {{(pid=93186) stat_writer /opt/stack/data/venv/lib/python3.12/site-packages/dbcounter.py:102}}
Jul 06 08:25:35.443749 np0000004625 nova-scheduler[93182]: DEBUG nova.service [None req-8d797449-72f7-4790-9f3c-0bd53eff4a17 None None] Creating RPC server for service: nova-scheduler on topic: scheduler {{(pid=93182) start /opt/stack/nova/nova/service.py:196}}
Jul 06 08:25:35.453310 np0000004625 nova-scheduler[93186]: DEBUG nova.service [None req-19e38237-fbc2-4164-b001-f1a00fb97cb3 None None] Creating RPC server for service: nova-scheduler on topic: scheduler {{(pid=93186) start /opt/stack/nova/nova/service.py:196}}
Jul 06 08:25:35.467315 np0000004625 nova-scheduler[93184]: DEBUG oslo_db.sqlalchemy.engines [None req-2384393e-9b13-4865-9e86-bdca6e8a66d5 None None] MySQL server mode set to STRICT_TRANS_TABLES,STRICT_ALL_TABLES,NO_ZERO_IN_DATE,NO_ZERO_DATE,ERROR_FOR_DIVISION_BY_ZERO,TRADITIONAL,NO_ENGINE_SUBSTITUTION {{(pid=93184) _check_effective_sql_mode /opt/stack/data/venv/lib/python3.12/site-packages/oslo_db/sqlalchemy/engines.py:325}}
Jul 06 08:25:35.493430 np0000004625 nova-scheduler[93184]: DEBUG dbcounter [-] [93184] Writer thread running {{(pid=93184) stat_writer /opt/stack/data/venv/lib/python3.12/site-packages/dbcounter.py:102}}
Jul 06 08:25:35.497605 np0000004625 nova-scheduler[93186]: DEBUG nova.service [None req-19e38237-fbc2-4164-b001-f1a00fb97cb3 None None] Join ServiceGroup membership for this service scheduler {{(pid=93186) start /opt/stack/nova/nova/service.py:222}}
Jul 06 08:25:35.497836 np0000004625 nova-scheduler[93186]: DEBUG nova.servicegroup.drivers.db [None req-19e38237-fbc2-4164-b001-f1a00fb97cb3 None None] DB_Driver: join new ServiceGroup member np0000004625 to the scheduler group, service = {{(pid=93186) join /opt/stack/nova/nova/servicegroup/drivers/db.py:44}}
Jul 06 08:25:35.498754 np0000004625 nova-scheduler[93184]: DEBUG nova.service [None req-2384393e-9b13-4865-9e86-bdca6e8a66d5 None None] Creating RPC server for service: nova-scheduler on topic: scheduler {{(pid=93184) start /opt/stack/nova/nova/service.py:196}}
Jul 06 08:25:35.501544 np0000004625 nova-scheduler[93182]: DEBUG nova.service [None req-8d797449-72f7-4790-9f3c-0bd53eff4a17 None None] Join ServiceGroup membership for this service scheduler {{(pid=93182) start /opt/stack/nova/nova/service.py:222}}
Jul 06 08:25:35.501809 np0000004625 nova-scheduler[93182]: DEBUG nova.servicegroup.drivers.db [None req-8d797449-72f7-4790-9f3c-0bd53eff4a17 None None] DB_Driver: join new ServiceGroup member np0000004625 to the scheduler group, service = {{(pid=93182) join /opt/stack/nova/nova/servicegroup/drivers/db.py:44}}
Jul 06 08:25:35.530881 np0000004625 nova-scheduler[93184]: DEBUG nova.service [None req-2384393e-9b13-4865-9e86-bdca6e8a66d5 None None] Join ServiceGroup membership for this service scheduler {{(pid=93184) start /opt/stack/nova/nova/service.py:222}}
Jul 06 08:25:35.531293 np0000004625 nova-scheduler[93184]: DEBUG nova.servicegroup.drivers.db [None req-2384393e-9b13-4865-9e86-bdca6e8a66d5 None None] DB_Driver: join new ServiceGroup member np0000004625 to the scheduler group, service = {{(pid=93184) join /opt/stack/nova/nova/servicegroup/drivers/db.py:44}}
Jul 06 08:25:40.518816 np0000004625 nova-scheduler[93182]: DEBUG oslo.service.backend._threading.loopingcall [-] Fixed interval looping call 'nova.servicegroup.drivers.db.DbDriver._report_state' sleeping for 119.98 seconds {{(pid=93182) _run_loop /opt/stack/data/venv/lib/python3.12/site-packages/oslo_service/backend/_threading/loopingcall.py:125}}
Jul 06 08:25:40.520290 np0000004625 nova-scheduler[93186]: DEBUG oslo.service.backend._threading.loopingcall [-] Fixed interval looping call 'nova.servicegroup.drivers.db.DbDriver._report_state' sleeping for 119.98 seconds {{(pid=93186) _run_loop /opt/stack/data/venv/lib/python3.12/site-packages/oslo_service/backend/_threading/loopingcall.py:125}}
Jul 06 08:25:40.546548 np0000004625 nova-scheduler[93184]: DEBUG oslo.service.backend._threading.loopingcall [-] Fixed interval looping call 'nova.servicegroup.drivers.db.DbDriver._report_state' sleeping for 119.99 seconds {{(pid=93184) _run_loop /opt/stack/data/venv/lib/python3.12/site-packages/oslo_service/backend/_threading/loopingcall.py:125}}
Jul 06 08:25:43.504045 np0000004625 nova-scheduler[93182]: DEBUG oslo.service.backend._threading.loopingcall [None req-eac7c7ca-16b5-4eab-8fed-4addf5080b20 None None] Dynamic interval looping call 'nova.service.Service.periodic_tasks' sleeping for 60.00 seconds {{(pid=93182) _run_loop /opt/stack/data/venv/lib/python3.12/site-packages/oslo_service/backend/_threading/loopingcall.py:125}}
Jul 06 08:25:44.009372 np0000004625 nova-scheduler[91986]: DEBUG dbcounter [-] [91986] Writing DB stats nova_api:SELECT=3 {{(pid=91986) stat_writer /opt/stack/data/venv/lib/python3.12/site-packages/dbcounter.py:115}}
Jul 06 08:25:44.153189 np0000004625 nova-scheduler[91986]: DEBUG dbcounter [-] [91986] Writing DB stats nova_cell0:SELECT=1 {{(pid=91986) stat_writer /opt/stack/data/venv/lib/python3.12/site-packages/dbcounter.py:115}}
Jul 06 08:25:44.157570 np0000004625 nova-scheduler[91986]: DEBUG dbcounter [-] [91986] Writing DB stats nova_cell1:SELECT=1 {{(pid=91986) stat_writer /opt/stack/data/venv/lib/python3.12/site-packages/dbcounter.py:115}}
Jul 06 08:25:50.511358 np0000004625 nova-scheduler[93182]: DEBUG dbcounter [-] [93182] Writing DB stats nova_cell0:SELECT=4,nova_cell0:INSERT=1,nova_cell0:UPDATE=1 {{(pid=93182) stat_writer /opt/stack/data/venv/lib/python3.12/site-packages/dbcounter.py:115}}
Jul 06 08:25:50.518313 np0000004625 nova-scheduler[93186]: DEBUG dbcounter [-] [93186] Writing DB stats nova_cell0:SELECT=5,nova_cell0:INSERT=1,nova_cell0:UPDATE=1 {{(pid=93186) stat_writer /opt/stack/data/venv/lib/python3.12/site-packages/dbcounter.py:115}}
Jul 06 08:25:50.543002 np0000004625 nova-scheduler[93184]: DEBUG dbcounter [-] [93184] Writing DB stats nova_cell0:SELECT=3 {{(pid=93184) stat_writer /opt/stack/data/venv/lib/python3.12/site-packages/dbcounter.py:115}}
Jul 06 08:25:55.504100 np0000004625 nova-scheduler[93186]: DEBUG oslo.service.backend._threading.loopingcall [None req-135bc385-23a1-4de6-8a67-b65ad0a65950 None None] Dynamic interval looping call 'nova.service.Service.periodic_tasks' sleeping for 60.00 seconds {{(pid=93186) _run_loop /opt/stack/data/venv/lib/python3.12/site-packages/oslo_service/backend/_threading/loopingcall.py:125}}
Jul 06 08:25:57.534026 np0000004625 nova-scheduler[93184]: DEBUG oslo.service.backend._threading.loopingcall [None req-d6440630-67da-4fd4-843a-30ce7c229288 None None] Dynamic interval looping call 'nova.service.Service.periodic_tasks' sleeping for 60.00 seconds {{(pid=93184) _run_loop /opt/stack/data/venv/lib/python3.12/site-packages/oslo_service/backend/_threading/loopingcall.py:125}}
Jul 06 08:26:43.504550 np0000004625 nova-scheduler[93182]: DEBUG oslo.service.backend._threading.loopingcall [None req-eac7c7ca-16b5-4eab-8fed-4addf5080b20 None None] Dynamic interval looping call 'nova.service.Service.periodic_tasks' sleeping for 60.00 seconds {{(pid=93182) _run_loop /opt/stack/data/venv/lib/python3.12/site-packages/oslo_service/backend/_threading/loopingcall.py:125}}
Jul 06 08:26:55.504624 np0000004625 nova-scheduler[93186]: DEBUG oslo.service.backend._threading.loopingcall [None req-135bc385-23a1-4de6-8a67-b65ad0a65950 None None] Dynamic interval looping call 'nova.service.Service.periodic_tasks' sleeping for 60.00 seconds {{(pid=93186) _run_loop /opt/stack/data/venv/lib/python3.12/site-packages/oslo_service/backend/_threading/loopingcall.py:125}}
Jul 06 08:26:57.534621 np0000004625 nova-scheduler[93184]: DEBUG oslo.service.backend._threading.loopingcall [None req-d6440630-67da-4fd4-843a-30ce7c229288 None None] Dynamic interval looping call 'nova.service.Service.periodic_tasks' sleeping for 60.00 seconds {{(pid=93184) _run_loop /opt/stack/data/venv/lib/python3.12/site-packages/oslo_service/backend/_threading/loopingcall.py:125}}
Jul 06 08:27:40.512416 np0000004625 nova-scheduler[93182]: DEBUG oslo.service.backend._threading.loopingcall [-] Fixed interval looping call 'nova.servicegroup.drivers.db.DbDriver._report_state' sleeping for 119.99 seconds {{(pid=93182) _run_loop /opt/stack/data/venv/lib/python3.12/site-packages/oslo_service/backend/_threading/loopingcall.py:125}}
Jul 06 08:27:40.513128 np0000004625 nova-scheduler[93186]: DEBUG oslo.service.backend._threading.loopingcall [-] Fixed interval looping call 'nova.servicegroup.drivers.db.DbDriver._report_state' sleeping for 119.99 seconds {{(pid=93186) _run_loop /opt/stack/data/venv/lib/python3.12/site-packages/oslo_service/backend/_threading/loopingcall.py:125}}
Jul 06 08:27:40.541865 np0000004625 nova-scheduler[93184]: DEBUG oslo.service.backend._threading.loopingcall [-] Fixed interval looping call 'nova.servicegroup.drivers.db.DbDriver._report_state' sleeping for 119.99 seconds {{(pid=93184) _run_loop /opt/stack/data/venv/lib/python3.12/site-packages/oslo_service/backend/_threading/loopingcall.py:125}}
Jul 06 08:27:43.505159 np0000004625 nova-scheduler[93182]: DEBUG oslo.service.backend._threading.loopingcall [None req-eac7c7ca-16b5-4eab-8fed-4addf5080b20 None None] Dynamic interval looping call 'nova.service.Service.periodic_tasks' sleeping for 60.00 seconds {{(pid=93182) _run_loop /opt/stack/data/venv/lib/python3.12/site-packages/oslo_service/backend/_threading/loopingcall.py:125}}
Jul 06 08:27:50.506604 np0000004625 nova-scheduler[93182]: DEBUG dbcounter [-] [93182] Writing DB stats nova_cell0:SELECT=1,nova_cell0:UPDATE=1 {{(pid=93182) stat_writer /opt/stack/data/venv/lib/python3.12/site-packages/dbcounter.py:115}}
Jul 06 08:27:50.507716 np0000004625 nova-scheduler[93186]: DEBUG dbcounter [-] [93186] Writing DB stats nova_cell0:SELECT=1,nova_cell0:UPDATE=1 {{(pid=93186) stat_writer /opt/stack/data/venv/lib/python3.12/site-packages/dbcounter.py:115}}
Jul 06 08:27:50.538590 np0000004625 nova-scheduler[93184]: DEBUG dbcounter [-] [93184] Writing DB stats nova_cell0:SELECT=1 {{(pid=93184) stat_writer /opt/stack/data/venv/lib/python3.12/site-packages/dbcounter.py:115}}
Jul 06 08:27:53.506263 np0000004625 nova-scheduler[93186]: DEBUG nova.scheduler.manager [None req-dca75df0-7e11-4820-acaa-beba5299699a tempest-ServerBootFromVolumeStableRescueTest-1714523724 tempest-ServerBootFromVolumeStableRescueTest-1714523724-project-member] Starting to schedule for instances: ['f267dca1-5c1f-45e1-abbe-7989a3257933'] {{(pid=93186) select_destinations /opt/stack/nova/nova/scheduler/manager.py:209}}
Jul 06 08:27:53.506263 np0000004625 nova-scheduler[93186]: DEBUG nova.scheduler.request_filter [None req-dca75df0-7e11-4820-acaa-beba5299699a tempest-ServerBootFromVolumeStableRescueTest-1714523724 tempest-ServerBootFromVolumeStableRescueTest-1714523724-project-member] compute_status_filter request filter added forbidden trait COMPUTE_STATUS_DISABLED {{(pid=93186) compute_status_filter /opt/stack/nova/nova/scheduler/request_filter.py:253}}
Jul 06 08:27:53.506263 np0000004625 nova-scheduler[93186]: DEBUG nova.scheduler.request_filter [None req-dca75df0-7e11-4820-acaa-beba5299699a tempest-ServerBootFromVolumeStableRescueTest-1714523724 tempest-ServerBootFromVolumeStableRescueTest-1714523724-project-member] Request filter 'compute_status_filter' took 0.0 seconds {{(pid=93186) wrapper /opt/stack/nova/nova/scheduler/request_filter.py:46}}
Jul 06 08:27:53.506263 np0000004625 nova-scheduler[93186]: DEBUG nova.scheduler.request_filter [None req-dca75df0-7e11-4820-acaa-beba5299699a tempest-ServerBootFromVolumeStableRescueTest-1714523724 tempest-ServerBootFromVolumeStableRescueTest-1714523724-project-member] Request filter 'accelerators_filter' took 0.0 seconds {{(pid=93186) wrapper /opt/stack/nova/nova/scheduler/request_filter.py:46}}
Jul 06 08:27:53.506263 np0000004625 nova-scheduler[93186]: DEBUG nova.scheduler.request_filter [None req-dca75df0-7e11-4820-acaa-beba5299699a tempest-ServerBootFromVolumeStableRescueTest-1714523724 tempest-ServerBootFromVolumeStableRescueTest-1714523724-project-member] Request filter 'packed_virtqueue_filter' took 0.0 seconds {{(pid=93186) wrapper /opt/stack/nova/nova/scheduler/request_filter.py:46}}
Jul 06 08:27:53.507090 np0000004625 nova-scheduler[93186]: DEBUG nova.scheduler.request_filter [None req-dca75df0-7e11-4820-acaa-beba5299699a tempest-ServerBootFromVolumeStableRescueTest-1714523724 tempest-ServerBootFromVolumeStableRescueTest-1714523724-project-member] Request filter 'remote_managed_ports_filter' took 0.0 seconds {{(pid=93186) wrapper /opt/stack/nova/nova/scheduler/request_filter.py:46}}
Jul 06 08:27:53.507090 np0000004625 nova-scheduler[93186]: DEBUG nova.scheduler.request_filter [None req-dca75df0-7e11-4820-acaa-beba5299699a tempest-ServerBootFromVolumeStableRescueTest-1714523724 tempest-ServerBootFromVolumeStableRescueTest-1714523724-project-member] ephemeral_encryption_filter skipped {{(pid=93186) ephemeral_encryption_filter /opt/stack/nova/nova/scheduler/request_filter.py:426}}
Jul 06 08:27:53.507090 np0000004625 nova-scheduler[93186]: DEBUG nova.scheduler.request_filter [None req-dca75df0-7e11-4820-acaa-beba5299699a tempest-ServerBootFromVolumeStableRescueTest-1714523724 tempest-ServerBootFromVolumeStableRescueTest-1714523724-project-member] virtio_sound_filter skipped {{(pid=93186) virtio_sound_filter /opt/stack/nova/nova/scheduler/request_filter.py:460}}
Jul 06 08:27:53.507090 np0000004625 nova-scheduler[93186]: DEBUG nova.scheduler.request_filter [None req-dca75df0-7e11-4820-acaa-beba5299699a tempest-ServerBootFromVolumeStableRescueTest-1714523724 tempest-ServerBootFromVolumeStableRescueTest-1714523724-project-member] tpm_secret_security_filter skipped {{(pid=93186) tpm_secret_security_filter /opt/stack/nova/nova/scheduler/request_filter.py:477}}
Jul 06 08:27:54.070839 np0000004625 nova-scheduler[93186]: INFO nova.utils [None req-dca75df0-7e11-4820-acaa-beba5299699a tempest-ServerBootFromVolumeStableRescueTest-1714523724 tempest-ServerBootFromVolumeStableRescueTest-1714523724-project-member] The cell worker thread pool ForkProcess-3.cell_worker is initialized
Jul 06 08:27:54.071345 np0000004625 nova-scheduler[93186]: DEBUG oslo_concurrency.lockutils [None req-dca75df0-7e11-4820-acaa-beba5299699a tempest-ServerBootFromVolumeStableRescueTest-1714523724 tempest-ServerBootFromVolumeStableRescueTest-1714523724-project-member] Acquiring lock "8a8e4621-9f5b-49a9-b1cd-4a100335fbfa" by "nova.context.set_target_cell..get_or_set_cached_cell_and_set_connections" {{(pid=93186) inner /opt/stack/data/venv/lib/python3.12/site-packages/oslo_concurrency/lockutils.py:511}}
Jul 06 08:27:54.071608 np0000004625 nova-scheduler[93186]: DEBUG oslo_concurrency.lockutils [None req-dca75df0-7e11-4820-acaa-beba5299699a tempest-ServerBootFromVolumeStableRescueTest-1714523724 tempest-ServerBootFromVolumeStableRescueTest-1714523724-project-member] Lock "8a8e4621-9f5b-49a9-b1cd-4a100335fbfa" acquired by "nova.context.set_target_cell..get_or_set_cached_cell_and_set_connections" :: waited 0.000s {{(pid=93186) inner /opt/stack/data/venv/lib/python3.12/site-packages/oslo_concurrency/lockutils.py:524}}
Jul 06 08:27:54.073434 np0000004625 nova-scheduler[93186]: DEBUG oslo_concurrency.lockutils [None req-dca75df0-7e11-4820-acaa-beba5299699a tempest-ServerBootFromVolumeStableRescueTest-1714523724 tempest-ServerBootFromVolumeStableRescueTest-1714523724-project-member] Lock "8a8e4621-9f5b-49a9-b1cd-4a100335fbfa" "released" by "nova.context.set_target_cell..get_or_set_cached_cell_and_set_connections" :: held 0.002s {{(pid=93186) inner /opt/stack/data/venv/lib/python3.12/site-packages/oslo_concurrency/lockutils.py:543}}
Jul 06 08:27:54.075223 np0000004625 nova-scheduler[93186]: INFO dbcounter [None req-dca75df0-7e11-4820-acaa-beba5299699a tempest-ServerBootFromVolumeStableRescueTest-1714523724 tempest-ServerBootFromVolumeStableRescueTest-1714523724-project-member] Registered counter for database nova_cell1
Jul 06 08:27:54.111211 np0000004625 nova-scheduler[93186]: DEBUG oslo_db.sqlalchemy.engines [None req-dca75df0-7e11-4820-acaa-beba5299699a tempest-ServerBootFromVolumeStableRescueTest-1714523724 tempest-ServerBootFromVolumeStableRescueTest-1714523724-project-member] MySQL server mode set to STRICT_TRANS_TABLES,STRICT_ALL_TABLES,NO_ZERO_IN_DATE,NO_ZERO_DATE,ERROR_FOR_DIVISION_BY_ZERO,TRADITIONAL,NO_ENGINE_SUBSTITUTION {{(pid=93186) _check_effective_sql_mode /opt/stack/data/venv/lib/python3.12/site-packages/oslo_db/sqlalchemy/engines.py:325}}
Jul 06 08:27:54.117195 np0000004625 nova-scheduler[93186]: DEBUG dbcounter [-] [93186] Writer thread running {{(pid=93186) stat_writer /opt/stack/data/venv/lib/python3.12/site-packages/dbcounter.py:102}}
Jul 06 08:27:54.138140 np0000004625 nova-scheduler[93186]: DEBUG oslo_db.sqlalchemy.engines [None req-dca75df0-7e11-4820-acaa-beba5299699a tempest-ServerBootFromVolumeStableRescueTest-1714523724 tempest-ServerBootFromVolumeStableRescueTest-1714523724-project-member] Parent process 91986 forked (93186) with an open database connection, which is being discarded and recreated. {{(pid=93186) checkout /opt/stack/data/venv/lib/python3.12/site-packages/oslo_db/sqlalchemy/engines.py:402}}
Jul 06 08:27:54.184168 np0000004625 nova-scheduler[93186]: DEBUG dbcounter [-] [93186] Writer thread running {{(pid=93186) stat_writer /opt/stack/data/venv/lib/python3.12/site-packages/dbcounter.py:102}}
Jul 06 08:27:54.188284 np0000004625 nova-scheduler[93186]: DEBUG oslo_concurrency.lockutils [None req-dca75df0-7e11-4820-acaa-beba5299699a tempest-ServerBootFromVolumeStableRescueTest-1714523724 tempest-ServerBootFromVolumeStableRescueTest-1714523724-project-member] Acquiring lock "8a8e4621-9f5b-49a9-b1cd-4a100335fbfa" by "nova.context.set_target_cell..get_or_set_cached_cell_and_set_connections" {{(pid=93186) inner /opt/stack/data/venv/lib/python3.12/site-packages/oslo_concurrency/lockutils.py:511}}
Jul 06 08:27:54.188645 np0000004625 nova-scheduler[93186]: DEBUG oslo_concurrency.lockutils [None req-dca75df0-7e11-4820-acaa-beba5299699a tempest-ServerBootFromVolumeStableRescueTest-1714523724 tempest-ServerBootFromVolumeStableRescueTest-1714523724-project-member] Lock "8a8e4621-9f5b-49a9-b1cd-4a100335fbfa" acquired by "nova.context.set_target_cell..get_or_set_cached_cell_and_set_connections" :: waited 0.000s {{(pid=93186) inner /opt/stack/data/venv/lib/python3.12/site-packages/oslo_concurrency/lockutils.py:524}}
Jul 06 08:27:54.188809 np0000004625 nova-scheduler[93186]: DEBUG oslo_concurrency.lockutils [None req-dca75df0-7e11-4820-acaa-beba5299699a tempest-ServerBootFromVolumeStableRescueTest-1714523724 tempest-ServerBootFromVolumeStableRescueTest-1714523724-project-member] Lock "8a8e4621-9f5b-49a9-b1cd-4a100335fbfa" "released" by "nova.context.set_target_cell..get_or_set_cached_cell_and_set_connections" :: held 0.000s {{(pid=93186) inner /opt/stack/data/venv/lib/python3.12/site-packages/oslo_concurrency/lockutils.py:543}}
Jul 06 08:27:54.192668 np0000004625 nova-scheduler[93186]: DEBUG oslo_concurrency.lockutils [None req-dca75df0-7e11-4820-acaa-beba5299699a tempest-ServerBootFromVolumeStableRescueTest-1714523724 tempest-ServerBootFromVolumeStableRescueTest-1714523724-project-member] Acquiring lock "np0000004625-np0000004625" by "nova.scheduler.host_manager.HostState.update.._locked_update" {{(pid=93186) inner /opt/stack/data/venv/lib/python3.12/site-packages/oslo_concurrency/lockutils.py:511}}
Jul 06 08:27:54.193244 np0000004625 nova-scheduler[93186]: DEBUG oslo_concurrency.lockutils [None req-dca75df0-7e11-4820-acaa-beba5299699a tempest-ServerBootFromVolumeStableRescueTest-1714523724 tempest-ServerBootFromVolumeStableRescueTest-1714523724-project-member] Lock "np0000004625-np0000004625" acquired by "nova.scheduler.host_manager.HostState.update.._locked_update" :: waited 0.000s {{(pid=93186) inner /opt/stack/data/venv/lib/python3.12/site-packages/oslo_concurrency/lockutils.py:524}}
Jul 06 08:27:54.193951 np0000004625 nova-scheduler[93186]: DEBUG nova.scheduler.host_manager [None req-dca75df0-7e11-4820-acaa-beba5299699a tempest-ServerBootFromVolumeStableRescueTest-1714523724 tempest-ServerBootFromVolumeStableRescueTest-1714523724-project-member] Update host state from compute node: ComputeNode(cpu_allocation_ratio=4.0,cpu_info='{"arch": "x86_64", "model": "EPYC-Milan", "vendor": "AMD", "topology": {"cells": 1, "sockets": 16, "cores": 1, "threads": 1}, "maxphysaddr": {"mode": "emulate", "bits": 40}, "features": ["v-vmsave-vmload", "mmx", "cmp_legacy", "fxsr_opt", "pfthreshold", "tsc-scale", "umip", "rdseed", "smep", "aes", "vmcb-clean", "sse2", "xsaveerptr", "popcnt", "mmxext", "svme-addr-chk", "x2apic", "lbrv", "tsc_adjust", "clwb", "hypervisor", "3dnowprefetch", "npt", "pause-filter", "stibp", "lfence-always-serializing", "pge", "pdpe1gb", "xgetbv1", "vpclmulqdq", "pclmuldq", "pse36", "cx16", "misalignsse", "bmi1", "mce", "de", "stibp-always-on", "perfctr_core", "spec-ctrl", "syscall", "sha-ni", "clzero", "amd-ssbd", "avx2", "pae", "xsavec", "cr8legacy", "fsrm", "tsc-deadline", "arch-capabilities", "avx", "erms", "invpcid", "fsgsbase", "clflushopt", "skip-l1dfl-vmentry", "msr", "sep", "smap", "fxsr", "no-nested-data-bp", "fma", "sse4.2", "xsaveopt", "vaes", "mtrr", "pku", "vme", "movbe", "topoext", "tsc", "pse", "arat", "rdpid", "cmov", "xsave", "f16c", "rdtscp", "cx8", "mca", "flushbyasid", "svm", "sse4.1", "pat", "rdrand", "gds-no", "amd-psfd", "fpu", "rdctl-no", "null-sel-clr-base", "pschange-mc-no", "mds-no", "virt-ssbd", "apic", "vgif", "bmi2", "ssbd", "pcid", "amd-stibp", "ibrs", "lm", "nx", "xsaves", "sse4a", "lahf_lm", "abm", "wbnoinvd", "pni", "clflush", "osvw", "nrip-save", "ssse3", "adx", "ibpb", "sse"]}',created_at=2026-07-06T08:26:02Z,current_workload=0,deleted=False,deleted_at=None,disk_allocation_ratio=1.0,disk_available_least=73,free_disk_gb=95,free_ram_mb=62765,host='np0000004625',host_ip=10.4.3.180,hypervisor_hostname='np0000004625',hypervisor_type='QEMU',hypervisor_version=8002002,id=1,local_gb=95,local_gb_used=0,mapped=1,memory_mb=63277,memory_mb_used=512,metrics='[]',numa_topology='{"nova_object.name": "NUMATopology", "nova_object.namespace": "nova", "nova_object.version": "1.2", "nova_object.data": {"cells": [{"nova_object.name": "NUMACell", "nova_object.namespace": "nova", "nova_object.version": "1.5", "nova_object.data": {"id": 0, "cpuset": [0, 1, 2, 3, 4, 5, 6, 7, 8, 9, 10, 11, 12, 13, 14, 15], "pcpuset": [0, 1, 2, 3, 4, 5, 6, 7, 8, 9, 10, 11, 12, 13, 14, 15], "memory": 63277, "cpu_usage": 0, "memory_usage": 0, "pinned_cpus": [], "siblings": [[6], [12], [2], [15], [5], [11], [8], [14], [4], [1], [7], [10], [0], [13], [3], [9]], "mempages": [{"nova_object.name": "NUMAPagesTopology", "nova_object.namespace": "nova", "nova_object.version": "1.1", "nova_object.data": {"size_kb": 4, "total": 16177928, "used": 0, "reserved": 0}, "nova_object.changes": ["size_kb", "reserved", "used", "total"]}, {"nova_object.name": "NUMAPagesTopology", "nova_object.namespace": "nova", "nova_object.version": "1.1", "nova_object.data": {"size_kb": 2048, "total": 41, "used": 0, "reserved": 0}, "nova_object.changes": ["size_kb", "reserved", "used", "total"]}, {"nova_object.name": "NUMAPagesTopology", "nova_object.namespace": "nova", "nova_object.version": "1.1", "nova_object.data": {"size_kb": 1048576, "total": 0, "used": 0, "reserved": 0}, "nova_object.changes": ["size_kb", "reserved", "used", "total"]}], "network_metadata": {"nova_object.name": "NetworkMetadata", "nova_object.namespace": "nova", "nova_object.version": "1.0", "nova_object.data": {"physnets": [], "tunneled": false}, "nova_object.changes": ["tunneled", "physnets"]}, "socket": null}, "nova_object.changes": ["id", "siblings", "memory_usage", "network_metadata", "memory", "cpu_usage", "pinned_cpus", "cpuset", "mempages", "pcpuset", "socket"]}]}, "nova_object.changes": ["cells"]}',pci_device_pools=PciDevicePoolList,ram_allocation_ratio=1.0,running_vms=0,service_id=3,stats={failed_builds='0',uptime=' 08:27:47 up 14 min, 2 users, load average: 2.04, 1.48, 0.80
Jul 06 08:27:54.193951 np0000004625 nova-scheduler[93186]: '},supported_hv_specs=[HVSpec,HVSpec,HVSpec,HVSpec,HVSpec,HVSpec,HVSpec,HVSpec,HVSpec,HVSpec,HVSpec,HVSpec,HVSpec,HVSpec,HVSpec,HVSpec,HVSpec,HVSpec,HVSpec,HVSpec,HVSpec,HVSpec,HVSpec,HVSpec,HVSpec],updated_at=2026-07-06T08:27:49Z,uuid=85b593c3-66b3-43a3-b8c5-eb34461f168d,vcpus=16,vcpus_used=0) {{(pid=93186) _locked_update /opt/stack/nova/nova/scheduler/host_manager.py:168}}
Jul 06 08:27:54.194890 np0000004625 nova-scheduler[93186]: DEBUG nova.scheduler.host_manager [None req-dca75df0-7e11-4820-acaa-beba5299699a tempest-ServerBootFromVolumeStableRescueTest-1714523724 tempest-ServerBootFromVolumeStableRescueTest-1714523724-project-member] Update host state with aggregates: [] {{(pid=93186) _locked_update /opt/stack/nova/nova/scheduler/host_manager.py:171}}
Jul 06 08:27:54.195122 np0000004625 nova-scheduler[93186]: DEBUG nova.scheduler.host_manager [None req-dca75df0-7e11-4820-acaa-beba5299699a tempest-ServerBootFromVolumeStableRescueTest-1714523724 tempest-ServerBootFromVolumeStableRescueTest-1714523724-project-member] Update host state with service dict: {'id': 3, 'uuid': '804e43da-d760-4ec6-9c7e-dc62bc161894', 'host': 'np0000004625', 'binary': 'nova-compute', 'topic': 'compute', 'report_count': 1, 'disabled': False, 'disabled_reason': None, 'last_seen_up': datetime.datetime(2026, 7, 6, 8, 26, 11, tzinfo=datetime.timezone.utc), 'forced_down': False, 'version': 72, 'created_at': datetime.datetime(2026, 7, 6, 8, 26, tzinfo=datetime.timezone.utc), 'updated_at': datetime.datetime(2026, 7, 6, 8, 26, 11, tzinfo=datetime.timezone.utc), 'deleted_at': None, 'deleted': False} {{(pid=93186) _locked_update /opt/stack/nova/nova/scheduler/host_manager.py:174}}
Jul 06 08:27:54.195207 np0000004625 nova-scheduler[93186]: DEBUG nova.scheduler.host_manager [None req-dca75df0-7e11-4820-acaa-beba5299699a tempest-ServerBootFromVolumeStableRescueTest-1714523724 tempest-ServerBootFromVolumeStableRescueTest-1714523724-project-member] Update host state with instances: [] {{(pid=93186) _locked_update /opt/stack/nova/nova/scheduler/host_manager.py:177}}
Jul 06 08:27:54.195338 np0000004625 nova-scheduler[93186]: DEBUG oslo_concurrency.lockutils [None req-dca75df0-7e11-4820-acaa-beba5299699a tempest-ServerBootFromVolumeStableRescueTest-1714523724 tempest-ServerBootFromVolumeStableRescueTest-1714523724-project-member] Lock "np0000004625-np0000004625" "released" by "nova.scheduler.host_manager.HostState.update.._locked_update" :: held 0.003s {{(pid=93186) inner /opt/stack/data/venv/lib/python3.12/site-packages/oslo_concurrency/lockutils.py:543}}
Jul 06 08:27:54.195867 np0000004625 nova-scheduler[93186]: DEBUG nova.filters [None req-dca75df0-7e11-4820-acaa-beba5299699a tempest-ServerBootFromVolumeStableRescueTest-1714523724 tempest-ServerBootFromVolumeStableRescueTest-1714523724-project-member] Starting with 1 host(s) {{(pid=93186) get_filtered_objects /opt/stack/nova/nova/filters.py:70}}
Jul 06 08:27:54.196118 np0000004625 nova-scheduler[93186]: DEBUG nova.filters [None req-dca75df0-7e11-4820-acaa-beba5299699a tempest-ServerBootFromVolumeStableRescueTest-1714523724 tempest-ServerBootFromVolumeStableRescueTest-1714523724-project-member] Filter ComputeFilter returned 1 host(s) {{(pid=93186) get_filtered_objects /opt/stack/nova/nova/filters.py:102}}
Jul 06 08:27:54.196289 np0000004625 nova-scheduler[93186]: DEBUG nova.filters [None req-dca75df0-7e11-4820-acaa-beba5299699a tempest-ServerBootFromVolumeStableRescueTest-1714523724 tempest-ServerBootFromVolumeStableRescueTest-1714523724-project-member] Filter ComputeCapabilitiesFilter returned 1 host(s) {{(pid=93186) get_filtered_objects /opt/stack/nova/nova/filters.py:102}}
Jul 06 08:27:54.196600 np0000004625 nova-scheduler[93186]: DEBUG nova.filters [None req-dca75df0-7e11-4820-acaa-beba5299699a tempest-ServerBootFromVolumeStableRescueTest-1714523724 tempest-ServerBootFromVolumeStableRescueTest-1714523724-project-member] Filter ImagePropertiesFilter returned 1 host(s) {{(pid=93186) get_filtered_objects /opt/stack/nova/nova/filters.py:102}}
Jul 06 08:27:54.196742 np0000004625 nova-scheduler[93186]: DEBUG nova.filters [None req-dca75df0-7e11-4820-acaa-beba5299699a tempest-ServerBootFromVolumeStableRescueTest-1714523724 tempest-ServerBootFromVolumeStableRescueTest-1714523724-project-member] Filter ServerGroupAntiAffinityFilter returned 1 host(s) {{(pid=93186) get_filtered_objects /opt/stack/nova/nova/filters.py:102}}
Jul 06 08:27:54.196939 np0000004625 nova-scheduler[93186]: DEBUG nova.filters [None req-dca75df0-7e11-4820-acaa-beba5299699a tempest-ServerBootFromVolumeStableRescueTest-1714523724 tempest-ServerBootFromVolumeStableRescueTest-1714523724-project-member] Filter ServerGroupAffinityFilter returned 1 host(s) {{(pid=93186) get_filtered_objects /opt/stack/nova/nova/filters.py:102}}
Jul 06 08:27:54.197036 np0000004625 nova-scheduler[93186]: DEBUG nova.filters [None req-dca75df0-7e11-4820-acaa-beba5299699a tempest-ServerBootFromVolumeStableRescueTest-1714523724 tempest-ServerBootFromVolumeStableRescueTest-1714523724-project-member] Filter SameHostFilter returned 1 host(s) {{(pid=93186) get_filtered_objects /opt/stack/nova/nova/filters.py:102}}
Jul 06 08:27:54.197454 np0000004625 nova-scheduler[93186]: DEBUG nova.filters [None req-dca75df0-7e11-4820-acaa-beba5299699a tempest-ServerBootFromVolumeStableRescueTest-1714523724 tempest-ServerBootFromVolumeStableRescueTest-1714523724-project-member] Filter DifferentHostFilter returned 1 host(s) {{(pid=93186) get_filtered_objects /opt/stack/nova/nova/filters.py:102}}
Jul 06 08:27:54.197454 np0000004625 nova-scheduler[93186]: DEBUG nova.scheduler.manager [None req-dca75df0-7e11-4820-acaa-beba5299699a tempest-ServerBootFromVolumeStableRescueTest-1714523724 tempest-ServerBootFromVolumeStableRescueTest-1714523724-project-member] Filtered [(np0000004625, np0000004625) ram: 62765MB disk: 74752MB io_ops: 0 instances: 0, allocation_candidates: 1] {{(pid=93186) _get_sorted_hosts /opt/stack/nova/nova/scheduler/manager.py:742}}
Jul 06 08:27:54.197564 np0000004625 nova-scheduler[93186]: DEBUG nova.scheduler.manager [None req-dca75df0-7e11-4820-acaa-beba5299699a tempest-ServerBootFromVolumeStableRescueTest-1714523724 tempest-ServerBootFromVolumeStableRescueTest-1714523724-project-member] Weighed [WeighedHost [host: (np0000004625, np0000004625) ram: 62765MB disk: 74752MB io_ops: 0 instances: 0, allocation_candidates: 1, weight: 0.0]] {{(pid=93186) _get_sorted_hosts /opt/stack/nova/nova/scheduler/manager.py:764}}
Jul 06 08:27:54.197743 np0000004625 nova-scheduler[93186]: DEBUG nova.scheduler.utils [None req-dca75df0-7e11-4820-acaa-beba5299699a tempest-ServerBootFromVolumeStableRescueTest-1714523724 tempest-ServerBootFromVolumeStableRescueTest-1714523724-project-member] Attempting to claim resources in the placement API for instance f267dca1-5c1f-45e1-abbe-7989a3257933 {{(pid=93186) claim_resources /opt/stack/nova/nova/scheduler/utils.py:1345}}
Jul 06 08:27:54.437925 np0000004625 nova-scheduler[93186]: DEBUG nova.scheduler.manager [None req-dca75df0-7e11-4820-acaa-beba5299699a tempest-ServerBootFromVolumeStableRescueTest-1714523724 tempest-ServerBootFromVolumeStableRescueTest-1714523724-project-member] [instance: f267dca1-5c1f-45e1-abbe-7989a3257933] Selected host: (np0000004625, np0000004625) ram: 62765MB disk: 74752MB io_ops: 0 instances: 0, allocation_candidates: 1 {{(pid=93186) _consume_selected_host /opt/stack/nova/nova/scheduler/manager.py:624}}
Jul 06 08:27:54.437925 np0000004625 nova-scheduler[93186]: DEBUG oslo_concurrency.lockutils [None req-dca75df0-7e11-4820-acaa-beba5299699a tempest-ServerBootFromVolumeStableRescueTest-1714523724 tempest-ServerBootFromVolumeStableRescueTest-1714523724-project-member] Acquiring lock "np0000004625-np0000004625" by "nova.scheduler.host_manager.HostState.consume_from_request.._locked" {{(pid=93186) inner /opt/stack/data/venv/lib/python3.12/site-packages/oslo_concurrency/lockutils.py:511}}
Jul 06 08:27:54.437925 np0000004625 nova-scheduler[93186]: DEBUG oslo_concurrency.lockutils [None req-dca75df0-7e11-4820-acaa-beba5299699a tempest-ServerBootFromVolumeStableRescueTest-1714523724 tempest-ServerBootFromVolumeStableRescueTest-1714523724-project-member] Lock "np0000004625-np0000004625" acquired by "nova.scheduler.host_manager.HostState.consume_from_request.._locked" :: waited 0.000s {{(pid=93186) inner /opt/stack/data/venv/lib/python3.12/site-packages/oslo_concurrency/lockutils.py:524}}
Jul 06 08:27:54.437925 np0000004625 nova-scheduler[93186]: DEBUG oslo_concurrency.lockutils [None req-dca75df0-7e11-4820-acaa-beba5299699a tempest-ServerBootFromVolumeStableRescueTest-1714523724 tempest-ServerBootFromVolumeStableRescueTest-1714523724-project-member] Lock "np0000004625-np0000004625" "released" by "nova.scheduler.host_manager.HostState.consume_from_request.._locked" :: held 0.000s {{(pid=93186) inner /opt/stack/data/venv/lib/python3.12/site-packages/oslo_concurrency/lockutils.py:543}}
Jul 06 08:27:54.495735 np0000004625 nova-scheduler[93182]: DEBUG nova.scheduler.manager [None req-afdae09f-6ad4-4b41-8aab-442970dcd6d2 tempest-DeleteServersTestJSON-89545587 tempest-DeleteServersTestJSON-89545587-project-member] Starting to schedule for instances: ['b95817f0-c212-4fb6-98c3-1f4e00961721'] {{(pid=93182) select_destinations /opt/stack/nova/nova/scheduler/manager.py:209}}
Jul 06 08:27:54.496584 np0000004625 nova-scheduler[93182]: DEBUG nova.scheduler.request_filter [None req-afdae09f-6ad4-4b41-8aab-442970dcd6d2 tempest-DeleteServersTestJSON-89545587 tempest-DeleteServersTestJSON-89545587-project-member] compute_status_filter request filter added forbidden trait COMPUTE_STATUS_DISABLED {{(pid=93182) compute_status_filter /opt/stack/nova/nova/scheduler/request_filter.py:253}}
Jul 06 08:27:54.496765 np0000004625 nova-scheduler[93182]: DEBUG nova.scheduler.request_filter [None req-afdae09f-6ad4-4b41-8aab-442970dcd6d2 tempest-DeleteServersTestJSON-89545587 tempest-DeleteServersTestJSON-89545587-project-member] Request filter 'compute_status_filter' took 0.0 seconds {{(pid=93182) wrapper /opt/stack/nova/nova/scheduler/request_filter.py:46}}
Jul 06 08:27:54.497066 np0000004625 nova-scheduler[93182]: DEBUG nova.scheduler.request_filter [None req-afdae09f-6ad4-4b41-8aab-442970dcd6d2 tempest-DeleteServersTestJSON-89545587 tempest-DeleteServersTestJSON-89545587-project-member] Request filter 'accelerators_filter' took 0.0 seconds {{(pid=93182) wrapper /opt/stack/nova/nova/scheduler/request_filter.py:46}}
Jul 06 08:27:54.497311 np0000004625 nova-scheduler[93182]: DEBUG nova.scheduler.request_filter [None req-afdae09f-6ad4-4b41-8aab-442970dcd6d2 tempest-DeleteServersTestJSON-89545587 tempest-DeleteServersTestJSON-89545587-project-member] Request filter 'packed_virtqueue_filter' took 0.0 seconds {{(pid=93182) wrapper /opt/stack/nova/nova/scheduler/request_filter.py:46}}
Jul 06 08:27:54.497572 np0000004625 nova-scheduler[93182]: DEBUG nova.scheduler.request_filter [None req-afdae09f-6ad4-4b41-8aab-442970dcd6d2 tempest-DeleteServersTestJSON-89545587 tempest-DeleteServersTestJSON-89545587-project-member] Request filter 'remote_managed_ports_filter' took 0.0 seconds {{(pid=93182) wrapper /opt/stack/nova/nova/scheduler/request_filter.py:46}}
Jul 06 08:27:54.497704 np0000004625 nova-scheduler[93182]: DEBUG nova.scheduler.request_filter [None req-afdae09f-6ad4-4b41-8aab-442970dcd6d2 tempest-DeleteServersTestJSON-89545587 tempest-DeleteServersTestJSON-89545587-project-member] ephemeral_encryption_filter skipped {{(pid=93182) ephemeral_encryption_filter /opt/stack/nova/nova/scheduler/request_filter.py:426}}
Jul 06 08:27:54.498003 np0000004625 nova-scheduler[93182]: DEBUG nova.scheduler.request_filter [None req-afdae09f-6ad4-4b41-8aab-442970dcd6d2 tempest-DeleteServersTestJSON-89545587 tempest-DeleteServersTestJSON-89545587-project-member] virtio_sound_filter skipped {{(pid=93182) virtio_sound_filter /opt/stack/nova/nova/scheduler/request_filter.py:460}}
Jul 06 08:27:54.498152 np0000004625 nova-scheduler[93182]: DEBUG nova.scheduler.request_filter [None req-afdae09f-6ad4-4b41-8aab-442970dcd6d2 tempest-DeleteServersTestJSON-89545587 tempest-DeleteServersTestJSON-89545587-project-member] tpm_secret_security_filter skipped {{(pid=93182) tpm_secret_security_filter /opt/stack/nova/nova/scheduler/request_filter.py:477}}
Jul 06 08:27:54.611910 np0000004625 nova-scheduler[93182]: INFO nova.utils [None req-afdae09f-6ad4-4b41-8aab-442970dcd6d2 tempest-DeleteServersTestJSON-89545587 tempest-DeleteServersTestJSON-89545587-project-member] The cell worker thread pool ForkProcess-1.cell_worker is initialized
Jul 06 08:27:54.612185 np0000004625 nova-scheduler[93182]: DEBUG oslo_concurrency.lockutils [None req-afdae09f-6ad4-4b41-8aab-442970dcd6d2 tempest-DeleteServersTestJSON-89545587 tempest-DeleteServersTestJSON-89545587-project-member] Acquiring lock "8a8e4621-9f5b-49a9-b1cd-4a100335fbfa" by "nova.context.set_target_cell..get_or_set_cached_cell_and_set_connections" {{(pid=93182) inner /opt/stack/data/venv/lib/python3.12/site-packages/oslo_concurrency/lockutils.py:511}}
Jul 06 08:27:54.612419 np0000004625 nova-scheduler[93182]: DEBUG oslo_concurrency.lockutils [None req-afdae09f-6ad4-4b41-8aab-442970dcd6d2 tempest-DeleteServersTestJSON-89545587 tempest-DeleteServersTestJSON-89545587-project-member] Lock "8a8e4621-9f5b-49a9-b1cd-4a100335fbfa" acquired by "nova.context.set_target_cell..get_or_set_cached_cell_and_set_connections" :: waited 0.000s {{(pid=93182) inner /opt/stack/data/venv/lib/python3.12/site-packages/oslo_concurrency/lockutils.py:524}}
Jul 06 08:27:54.613883 np0000004625 nova-scheduler[93182]: DEBUG oslo_concurrency.lockutils [None req-afdae09f-6ad4-4b41-8aab-442970dcd6d2 tempest-DeleteServersTestJSON-89545587 tempest-DeleteServersTestJSON-89545587-project-member] Lock "8a8e4621-9f5b-49a9-b1cd-4a100335fbfa" "released" by "nova.context.set_target_cell..get_or_set_cached_cell_and_set_connections" :: held 0.001s {{(pid=93182) inner /opt/stack/data/venv/lib/python3.12/site-packages/oslo_concurrency/lockutils.py:543}}
Jul 06 08:27:54.617416 np0000004625 nova-scheduler[93182]: INFO dbcounter [None req-afdae09f-6ad4-4b41-8aab-442970dcd6d2 tempest-DeleteServersTestJSON-89545587 tempest-DeleteServersTestJSON-89545587-project-member] Registered counter for database nova_cell1
Jul 06 08:27:54.659496 np0000004625 nova-scheduler[93182]: DEBUG oslo_db.sqlalchemy.engines [None req-afdae09f-6ad4-4b41-8aab-442970dcd6d2 tempest-DeleteServersTestJSON-89545587 tempest-DeleteServersTestJSON-89545587-project-member] MySQL server mode set to STRICT_TRANS_TABLES,STRICT_ALL_TABLES,NO_ZERO_IN_DATE,NO_ZERO_DATE,ERROR_FOR_DIVISION_BY_ZERO,TRADITIONAL,NO_ENGINE_SUBSTITUTION {{(pid=93182) _check_effective_sql_mode /opt/stack/data/venv/lib/python3.12/site-packages/oslo_db/sqlalchemy/engines.py:325}}
Jul 06 08:27:54.666068 np0000004625 nova-scheduler[93182]: DEBUG dbcounter [-] [93182] Writer thread running {{(pid=93182) stat_writer /opt/stack/data/venv/lib/python3.12/site-packages/dbcounter.py:102}}
Jul 06 08:27:54.727546 np0000004625 nova-scheduler[93182]: DEBUG dbcounter [-] [93182] Writer thread running {{(pid=93182) stat_writer /opt/stack/data/venv/lib/python3.12/site-packages/dbcounter.py:102}}
Jul 06 08:27:54.731211 np0000004625 nova-scheduler[93182]: DEBUG oslo_concurrency.lockutils [None req-afdae09f-6ad4-4b41-8aab-442970dcd6d2 tempest-DeleteServersTestJSON-89545587 tempest-DeleteServersTestJSON-89545587-project-member] Acquiring lock "8a8e4621-9f5b-49a9-b1cd-4a100335fbfa" by "nova.context.set_target_cell..get_or_set_cached_cell_and_set_connections" {{(pid=93182) inner /opt/stack/data/venv/lib/python3.12/site-packages/oslo_concurrency/lockutils.py:511}}
Jul 06 08:27:54.731356 np0000004625 nova-scheduler[93182]: DEBUG oslo_concurrency.lockutils [None req-afdae09f-6ad4-4b41-8aab-442970dcd6d2 tempest-DeleteServersTestJSON-89545587 tempest-DeleteServersTestJSON-89545587-project-member] Lock "8a8e4621-9f5b-49a9-b1cd-4a100335fbfa" acquired by "nova.context.set_target_cell..get_or_set_cached_cell_and_set_connections" :: waited 0.000s {{(pid=93182) inner /opt/stack/data/venv/lib/python3.12/site-packages/oslo_concurrency/lockutils.py:524}}
Jul 06 08:27:54.731509 np0000004625 nova-scheduler[93182]: DEBUG oslo_concurrency.lockutils [None req-afdae09f-6ad4-4b41-8aab-442970dcd6d2 tempest-DeleteServersTestJSON-89545587 tempest-DeleteServersTestJSON-89545587-project-member] Lock "8a8e4621-9f5b-49a9-b1cd-4a100335fbfa" "released" by "nova.context.set_target_cell..get_or_set_cached_cell_and_set_connections" :: held 0.000s {{(pid=93182) inner /opt/stack/data/venv/lib/python3.12/site-packages/oslo_concurrency/lockutils.py:543}}
