Jun 22 14:24:27.410724 np0000003389 devstack@g-api.service[99246]: DEBUG glance_store.location [-] Registering scheme swift with {'store': , 'location_class': , 'store_entry': 'swift'} {{(pid=99246) register_scheme_map /opt/stack/data/venv/lib/python3.12/site-packages/glance_store/location.py:146}}
Jun 22 14:24:27.410797 np0000003389 devstack@g-api.service[99246]: DEBUG glance_store.location [-] Registering scheme swift+http with {'store': , 'location_class': , 'store_entry': 'swift'} {{(pid=99246) register_scheme_map /opt/stack/data/venv/lib/python3.12/site-packages/glance_store/location.py:146}}
Jun 22 14:24:27.410876 np0000003389 devstack@g-api.service[99246]: DEBUG glance_store.location [-] Registering scheme swift+config with {'store': , 'location_class': , 'store_entry': 'swift'} {{(pid=99246) register_scheme_map /opt/stack/data/venv/lib/python3.12/site-packages/glance_store/location.py:146}}
Jun 22 14:24:27.411170 np0000003389 devstack@g-api.service[99246]: DEBUG glance.sqlite_migration [-] SQLite caching database not located, skipping migration {{(pid=99246) get_db_path /opt/stack/glance/glance/sqlite_migration.py:68}}
Jun 22 14:24:27.411392 np0000003389 devstack@g-api.service[99246]: WARNING glance.common.wsgi_app [-] Import methods are enabled but staging directory /tmp/staging/ does not exist; Imports will fail!
Jun 22 14:24:27.411435 np0000003389 devstack@g-api.service[99247]: DEBUG glance_store.capabilities [-] Store glance_store._drivers.swift.store.SingleTenantStore doesn't support updating dynamic storage capabilities. Please overwrite 'update_capabilities' method of the store to implement updating logics if needed. {{(pid=99247) update_capabilities /opt/stack/data/venv/lib/python3.12/site-packages/glance_store/capabilities.py:91}}
Jun 22 14:24:27.411581 np0000003389 devstack@g-api.service[99247]: DEBUG glance_store.backend [-] Registering store swift with schemes ('swift+https', 'swift', 'swift+http', 'swift+config') {{(pid=99247) create_stores /opt/stack/data/venv/lib/python3.12/site-packages/glance_store/backend.py:261}}
Jun 22 14:24:27.411680 np0000003389 devstack@g-api.service[99247]: DEBUG glance_store.driver [-] Late loading location class glance_store._drivers.swift.store.StoreLocation {{(pid=99247) get_store_location_class /opt/stack/data/venv/lib/python3.12/site-packages/glance_store/driver.py:134}}
Jun 22 14:24:27.411771 np0000003389 devstack@g-api.service[99247]: DEBUG glance_store.location [-] Registering scheme swift+https with {'store': , 'location_class': , 'store_entry': 'swift'} {{(pid=99247) register_scheme_map /opt/stack/data/venv/lib/python3.12/site-packages/glance_store/location.py:146}}
Jun 22 14:24:27.411862 np0000003389 devstack@g-api.service[99247]: DEBUG glance_store.location [-] Registering scheme swift with {'store': , 'location_class': , 'store_entry': 'swift'} {{(pid=99247) register_scheme_map /opt/stack/data/venv/lib/python3.12/site-packages/glance_store/location.py:146}}
Jun 22 14:24:27.411956 np0000003389 devstack@g-api.service[99247]: DEBUG glance_store.location [-] Registering scheme swift+http with {'store': , 'location_class': , 'store_entry': 'swift'} {{(pid=99247) register_scheme_map /opt/stack/data/venv/lib/python3.12/site-packages/glance_store/location.py:146}}
Jun 22 14:24:27.412039 np0000003389 devstack@g-api.service[99247]: DEBUG glance_store.location [-] Registering scheme swift+config with {'store': , 'location_class': , 'store_entry': 'swift'} {{(pid=99247) register_scheme_map /opt/stack/data/venv/lib/python3.12/site-packages/glance_store/location.py:146}}
Jun 22 14:24:27.412181 np0000003389 devstack@g-api.service[99247]: DEBUG glance_store.backend [-] Attempting to import store swift {{(pid=99247) _load_store /opt/stack/data/venv/lib/python3.12/site-packages/glance_store/backend.py:215}}
Jun 22 14:24:27.413205 np0000003389 devstack@g-api.service[99247]: DEBUG glance_store.capabilities [-] Store glance_store._drivers.swift.store.SingleTenantStore doesn't support updating dynamic storage capabilities. Please overwrite 'update_capabilities' method of the store to implement updating logics if needed. {{(pid=99247) update_capabilities /opt/stack/data/venv/lib/python3.12/site-packages/glance_store/capabilities.py:91}}
Jun 22 14:24:27.413268 np0000003389 devstack@g-api.service[99247]: DEBUG glance_store.driver [-] Late loading location class glance_store._drivers.swift.store.StoreLocation {{(pid=99247) get_store_location_class /opt/stack/data/venv/lib/python3.12/site-packages/glance_store/driver.py:134}}
Jun 22 14:24:27.413419 np0000003389 devstack@g-api.service[99247]: DEBUG glance_store.location [-] Registering scheme swift+https with {'store': , 'location_class': , 'store_entry': 'swift'} {{(pid=99247) register_scheme_map /opt/stack/data/venv/lib/python3.12/site-packages/glance_store/location.py:146}}
Jun 22 14:24:27.413528 np0000003389 devstack@g-api.service[99247]: DEBUG glance_store.location [-] Registering scheme swift+https with {'store': , 'location_class': , 'store_entry': 'swift'} {{(pid=99247) register_scheme_map /opt/stack/data/venv/lib/python3.12/site-packages/glance_store/location.py:146}}
Jun 22 14:24:27.413591 np0000003389 devstack@g-api.service[99247]: DEBUG glance_store.location [-] Registering scheme swift with {'store': , 'location_class': , 'store_entry': 'swift'} {{(pid=99247) register_scheme_map /opt/stack/data/venv/lib/python3.12/site-packages/glance_store/location.py:146}}
Jun 22 14:24:27.413691 np0000003389 devstack@g-api.service[99247]: DEBUG glance_store.location [-] Registering scheme swift+https with {'store': , 'location_class': , 'store_entry': 'swift'} {{(pid=99247) register_scheme_map /opt/stack/data/venv/lib/python3.12/site-packages/glance_store/location.py:146}}
Jun 22 14:24:27.413774 np0000003389 devstack@g-api.service[99247]: DEBUG glance_store.location [-] Registering scheme swift with {'store': , 'location_class': , 'store_entry': 'swift'} {{(pid=99247) register_scheme_map /opt/stack/data/venv/lib/python3.12/site-packages/glance_store/location.py:146}}
Jun 22 14:24:27.413881 np0000003389 devstack@g-api.service[99247]: DEBUG glance_store.location [-] Registering scheme swift+http with {'store': , 'location_class': , 'store_entry': 'swift'} {{(pid=99247) register_scheme_map /opt/stack/data/venv/lib/python3.12/site-packages/glance_store/location.py:146}}
Jun 22 14:24:27.413964 np0000003389 devstack@g-api.service[99247]: DEBUG glance_store.location [-] Registering scheme swift+https with {'store': , 'location_class': , 'store_entry': 'swift'} {{(pid=99247) register_scheme_map /opt/stack/data/venv/lib/python3.12/site-packages/glance_store/location.py:146}}
Jun 22 14:24:27.414048 np0000003389 devstack@g-api.service[99247]: DEBUG glance_store.location [-] Registering scheme swift with {'store': , 'location_class': , 'store_entry': 'swift'} {{(pid=99247) register_scheme_map /opt/stack/data/venv/lib/python3.12/site-packages/glance_store/location.py:146}}
Jun 22 14:24:27.414146 np0000003389 devstack@g-api.service[99247]: DEBUG glance_store.location [-] Registering scheme swift+http with {'store': , 'location_class': , 'store_entry': 'swift'} {{(pid=99247) register_scheme_map /opt/stack/data/venv/lib/python3.12/site-packages/glance_store/location.py:146}}
Jun 22 14:24:27.414244 np0000003389 devstack@g-api.service[99247]: DEBUG glance_store.location [-] Registering scheme swift+config with {'store': , 'location_class': , 'store_entry': 'swift'} {{(pid=99247) register_scheme_map /opt/stack/data/venv/lib/python3.12/site-packages/glance_store/location.py:146}}
Jun 22 14:24:27.414529 np0000003389 devstack@g-api.service[99247]: DEBUG glance.sqlite_migration [-] SQLite caching database not located, skipping migration {{(pid=99247) get_db_path /opt/stack/glance/glance/sqlite_migration.py:68}}
Jun 22 14:24:27.414751 np0000003389 devstack@g-api.service[99247]: WARNING glance.common.wsgi_app [-] Import methods are enabled but staging directory /tmp/staging/ does not exist; Imports will fail!
Jun 22 14:24:27.642001 np0000003389 devstack@g-api.service[99248]: DEBUG glance.common.config [None req-6517941e-762e-4048-93c7-e8e8fd33cf20 None None] Loading glance-api-keystone+cachemanagement from /etc/glance/glance-api-paste.ini {{(pid=99248) load_paste_app /opt/stack/glance/glance/common/config.py:758}}
Jun 22 14:24:27.667919 np0000003389 devstack@g-api.service[99246]: DEBUG glance.common.config [None req-ce8b07da-9cd9-446d-916b-5d6adc386e2c None None] Loading glance-api-keystone+cachemanagement from /etc/glance/glance-api-paste.ini {{(pid=99246) load_paste_app /opt/stack/glance/glance/common/config.py:758}}
Jun 22 14:24:27.679821 np0000003389 devstack@g-api.service[99247]: DEBUG glance.common.config [None req-732463f0-7fc7-437d-9ea2-7454786b8350 None None] Loading glance-api-keystone+cachemanagement from /etc/glance/glance-api-paste.ini {{(pid=99247) load_paste_app /opt/stack/glance/glance/common/config.py:758}}
Jun 22 14:24:28.229894 np0000003389 devstack@g-api.service[99248]: INFO glance.image_cache [None req-6517941e-762e-4048-93c7-e8e8fd33cf20 None None] Image cache loaded driver 'centralized_db'.
Jun 22 14:24:28.244051 np0000003389 devstack@g-api.service[99247]: INFO glance.image_cache [None req-732463f0-7fc7-437d-9ea2-7454786b8350 None None] Image cache loaded driver 'centralized_db'.
Jun 22 14:24:28.244962 np0000003389 devstack@g-api.service[99246]: INFO glance.image_cache [None req-ce8b07da-9cd9-446d-916b-5d6adc386e2c None None] Image cache loaded driver 'centralized_db'.
Jun 22 14:24:28.273442 np0000003389 devstack@g-api.service[99248]: INFO dbcounter [None req-6517941e-762e-4048-93c7-e8e8fd33cf20 None None] Registered counter for database glance
Jun 22 14:24:28.290694 np0000003389 devstack@g-api.service[99246]: INFO dbcounter [None req-ce8b07da-9cd9-446d-916b-5d6adc386e2c None None] Registered counter for database glance
Jun 22 14:24:28.293425 np0000003389 devstack@g-api.service[99247]: INFO dbcounter [None req-732463f0-7fc7-437d-9ea2-7454786b8350 None None] Registered counter for database glance
Jun 22 14:24:28.314125 np0000003389 devstack@g-api.service[99248]: DEBUG oslo_db.sqlalchemy.engines [None req-6517941e-762e-4048-93c7-e8e8fd33cf20 None None] MySQL server mode set to STRICT_TRANS_TABLES,STRICT_ALL_TABLES,NO_ZERO_IN_DATE,NO_ZERO_DATE,ERROR_FOR_DIVISION_BY_ZERO,TRADITIONAL,NO_ENGINE_SUBSTITUTION {{(pid=99248) _check_effective_sql_mode /opt/stack/data/venv/lib/python3.12/site-packages/oslo_db/sqlalchemy/engines.py:325}}
Jun 22 14:24:28.330452 np0000003389 devstack@g-api.service[99246]: DEBUG oslo_db.sqlalchemy.engines [None req-ce8b07da-9cd9-446d-916b-5d6adc386e2c None None] MySQL server mode set to STRICT_TRANS_TABLES,STRICT_ALL_TABLES,NO_ZERO_IN_DATE,NO_ZERO_DATE,ERROR_FOR_DIVISION_BY_ZERO,TRADITIONAL,NO_ENGINE_SUBSTITUTION {{(pid=99246) _check_effective_sql_mode /opt/stack/data/venv/lib/python3.12/site-packages/oslo_db/sqlalchemy/engines.py:325}}
Jun 22 14:24:28.332108 np0000003389 devstack@g-api.service[99247]: DEBUG oslo_db.sqlalchemy.engines [None req-732463f0-7fc7-437d-9ea2-7454786b8350 None None] MySQL server mode set to STRICT_TRANS_TABLES,STRICT_ALL_TABLES,NO_ZERO_IN_DATE,NO_ZERO_DATE,ERROR_FOR_DIVISION_BY_ZERO,TRADITIONAL,NO_ENGINE_SUBSTITUTION {{(pid=99247) _check_effective_sql_mode /opt/stack/data/venv/lib/python3.12/site-packages/oslo_db/sqlalchemy/engines.py:325}}
Jun 22 14:24:28.334082 np0000003389 devstack@g-api.service[99248]: DEBUG dbcounter [-] [99248] Writer thread running {{(pid=99248) stat_writer /opt/stack/data/venv/lib/python3.12/site-packages/dbcounter.py:102}}
Jun 22 14:24:28.345316 np0000003389 devstack@g-api.service[99248]: INFO glance.image_cache [None req-6517941e-762e-4048-93c7-e8e8fd33cf20 None None] Image cache loaded driver 'centralized_db'.
Jun 22 14:24:28.351076 np0000003389 devstack@g-api.service[99246]: DEBUG dbcounter [-] [99246] Writer thread running {{(pid=99246) stat_writer /opt/stack/data/venv/lib/python3.12/site-packages/dbcounter.py:102}}
Jun 22 14:24:28.353741 np0000003389 devstack@g-api.service[99246]: DEBUG glance.image_cache.drivers.centralized_db [None req-ce8b07da-9cd9-446d-916b-5d6adc386e2c None None] Node reference is already recorded, ignoring it {{(pid=99246) configure /opt/stack/glance/glance/image_cache/drivers/centralized_db.py:71}}
Jun 22 14:24:28.354869 np0000003389 devstack@g-api.service[99247]: DEBUG dbcounter [-] [99247] Writer thread running {{(pid=99247) stat_writer /opt/stack/data/venv/lib/python3.12/site-packages/dbcounter.py:102}}
Jun 22 14:24:28.357494 np0000003389 devstack@g-api.service[99247]: DEBUG glance.image_cache.drivers.centralized_db [None req-732463f0-7fc7-437d-9ea2-7454786b8350 None None] Node reference is already recorded, ignoring it {{(pid=99247) configure /opt/stack/glance/glance/image_cache/drivers/centralized_db.py:71}}
Jun 22 14:24:28.358758 np0000003389 devstack@g-api.service[99246]: INFO glance.image_cache [None req-ce8b07da-9cd9-446d-916b-5d6adc386e2c None None] Image cache loaded driver 'centralized_db'.
Jun 22 14:24:28.364455 np0000003389 devstack@g-api.service[99247]: INFO glance.image_cache [None req-732463f0-7fc7-437d-9ea2-7454786b8350 None None] Image cache loaded driver 'centralized_db'.
Jun 22 14:24:28.367135 np0000003389 devstack@g-api.service[99246]: DEBUG glance.image_cache.drivers.centralized_db [None req-ce8b07da-9cd9-446d-916b-5d6adc386e2c None None] Node reference is already recorded, ignoring it {{(pid=99246) configure /opt/stack/glance/glance/image_cache/drivers/centralized_db.py:71}}
Jun 22 14:24:28.436571 np0000003389 devstack@g-api.service[99248]: DEBUG glance.image_cache.drivers.centralized_db [None req-6517941e-762e-4048-93c7-e8e8fd33cf20 None None] Node reference is already recorded, ignoring it {{(pid=99248) configure /opt/stack/glance/glance/image_cache/drivers/centralized_db.py:71}}
Jun 22 14:24:28.441469 np0000003389 devstack@g-api.service[99248]: DEBUG glance.api.v2.cached_images [None req-6517941e-762e-4048-93c7-e8e8fd33cf20 None None] Started cache worker thread {{(pid=99248) __init__ /opt/stack/glance/glance/api/v2/cached_images.py:69}}
Jun 22 14:24:28.442220 np0000003389 devstack@g-api.service[99248]: INFO glance.image_cache [None req-6517941e-762e-4048-93c7-e8e8fd33cf20 None None] Image cache loaded driver 'centralized_db'.
Jun 22 14:24:28.451342 np0000003389 devstack@g-api.service[99248]: DEBUG glance.image_cache.drivers.centralized_db [None req-6517941e-762e-4048-93c7-e8e8fd33cf20 None None] Node reference is already recorded, ignoring it {{(pid=99248) configure /opt/stack/glance/glance/image_cache/drivers/centralized_db.py:71}}
Jun 22 14:24:28.457845 np0000003389 devstack@g-api.service[99248]: INFO glance.api.middleware.cache_manage [None req-6517941e-762e-4048-93c7-e8e8fd33cf20 None None] Initialized image cache management middleware
Jun 22 14:24:28.458021 np0000003389 devstack@g-api.service[99248]: INFO glance.image_cache [None req-6517941e-762e-4048-93c7-e8e8fd33cf20 None None] Image cache loaded driver 'centralized_db'.
Jun 22 14:24:28.464001 np0000003389 devstack@g-api.service[99246]: DEBUG glance.api.v2.cached_images [None req-ce8b07da-9cd9-446d-916b-5d6adc386e2c None None] Started cache worker thread {{(pid=99246) __init__ /opt/stack/glance/glance/api/v2/cached_images.py:69}}
Jun 22 14:24:28.464822 np0000003389 devstack@g-api.service[99246]: INFO glance.image_cache [None req-ce8b07da-9cd9-446d-916b-5d6adc386e2c None None] Image cache loaded driver 'centralized_db'.
Jun 22 14:24:28.465524 np0000003389 devstack@g-api.service[99247]: DEBUG glance.image_cache.drivers.centralized_db [None req-732463f0-7fc7-437d-9ea2-7454786b8350 None None] Node reference is already recorded, ignoring it {{(pid=99247) configure /opt/stack/glance/glance/image_cache/drivers/centralized_db.py:71}}
Jun 22 14:24:28.466617 np0000003389 devstack@g-api.service[99248]: DEBUG glance.image_cache.drivers.centralized_db [None req-6517941e-762e-4048-93c7-e8e8fd33cf20 None None] Node reference is already recorded, ignoring it {{(pid=99248) configure /opt/stack/glance/glance/image_cache/drivers/centralized_db.py:71}}
Jun 22 14:24:28.471700 np0000003389 devstack@g-api.service[99246]: DEBUG glance.image_cache.drivers.centralized_db [None req-ce8b07da-9cd9-446d-916b-5d6adc386e2c None None] Node reference is already recorded, ignoring it {{(pid=99246) configure /opt/stack/glance/glance/image_cache/drivers/centralized_db.py:71}}
Jun 22 14:24:28.471755 np0000003389 devstack@g-api.service[99247]: DEBUG glance.api.v2.cached_images [None req-732463f0-7fc7-437d-9ea2-7454786b8350 None None] Started cache worker thread {{(pid=99247) __init__ /opt/stack/glance/glance/api/v2/cached_images.py:69}}
Jun 22 14:24:28.471901 np0000003389 devstack@g-api.service[99248]: INFO glance.api.middleware.cache [None req-6517941e-762e-4048-93c7-e8e8fd33cf20 None None] Initialized image cache middleware
Jun 22 14:24:28.472327 np0000003389 devstack@g-api.service[99247]: INFO glance.image_cache [None req-732463f0-7fc7-437d-9ea2-7454786b8350 None None] Image cache loaded driver 'centralized_db'.
Jun 22 14:24:28.476347 np0000003389 devstack@g-api.service[99246]: INFO glance.api.middleware.cache_manage [None req-ce8b07da-9cd9-446d-916b-5d6adc386e2c None None] Initialized image cache management middleware
Jun 22 14:24:28.476553 np0000003389 devstack@g-api.service[99246]: INFO glance.image_cache [None req-ce8b07da-9cd9-446d-916b-5d6adc386e2c None None] Image cache loaded driver 'centralized_db'.
Jun 22 14:24:28.478911 np0000003389 devstack@g-api.service[99247]: DEBUG glance.image_cache.drivers.centralized_db [None req-732463f0-7fc7-437d-9ea2-7454786b8350 None None] Node reference is already recorded, ignoring it {{(pid=99247) configure /opt/stack/glance/glance/image_cache/drivers/centralized_db.py:71}}
Jun 22 14:24:28.483400 np0000003389 devstack@g-api.service[99247]: INFO glance.api.middleware.cache_manage [None req-732463f0-7fc7-437d-9ea2-7454786b8350 None None] Initialized image cache management middleware
Jun 22 14:24:28.483521 np0000003389 devstack@g-api.service[99247]: INFO glance.image_cache [None req-732463f0-7fc7-437d-9ea2-7454786b8350 None None] Image cache loaded driver 'centralized_db'.
Jun 22 14:24:28.483563 np0000003389 devstack@g-api.service[99246]: DEBUG glance.image_cache.drivers.centralized_db [None req-ce8b07da-9cd9-446d-916b-5d6adc386e2c None None] Node reference is already recorded, ignoring it {{(pid=99246) configure /opt/stack/glance/glance/image_cache/drivers/centralized_db.py:71}}
Jun 22 14:24:28.484212 np0000003389 devstack@g-api.service[99248]: DEBUG glance.common.config [None req-6517941e-762e-4048-93c7-e8e8fd33cf20 None None] ******************************************************************************** {{(pid=99248) log_opt_values /opt/stack/data/venv/lib/python3.12/site-packages/oslo_config/cfg.py:3226}}
Jun 22 14:24:28.484298 np0000003389 devstack@g-api.service[99248]: DEBUG glance.common.config [None req-6517941e-762e-4048-93c7-e8e8fd33cf20 None None] Configuration options gathered from: {{(pid=99248) log_opt_values /opt/stack/data/venv/lib/python3.12/site-packages/oslo_config/cfg.py:3227}}
Jun 22 14:24:28.484615 np0000003389 devstack@g-api.service[99248]: DEBUG glance.common.config [None req-6517941e-762e-4048-93c7-e8e8fd33cf20 None None] command line args: [] {{(pid=99248) log_opt_values /opt/stack/data/venv/lib/python3.12/site-packages/oslo_config/cfg.py:3228}}
Jun 22 14:24:28.484859 np0000003389 devstack@g-api.service[99248]: DEBUG glance.common.config [None req-6517941e-762e-4048-93c7-e8e8fd33cf20 None None] config files: ['/etc/glance/glance-image-import.conf', '/etc/glance/glance-api.conf'] {{(pid=99248) log_opt_values /opt/stack/data/venv/lib/python3.12/site-packages/oslo_config/cfg.py:3229}}
Jun 22 14:24:28.484932 np0000003389 devstack@g-api.service[99248]: DEBUG glance.common.config [None req-6517941e-762e-4048-93c7-e8e8fd33cf20 None None] ================================================================================ {{(pid=99248) log_opt_values /opt/stack/data/venv/lib/python3.12/site-packages/oslo_config/cfg.py:3234}}
Jun 22 14:24:28.485048 np0000003389 devstack@g-api.service[99248]: DEBUG glance.common.config [None req-6517941e-762e-4048-93c7-e8e8fd33cf20 None None] allow_anonymous_access = False {{(pid=99248) log_opt_values /opt/stack/data/venv/lib/python3.12/site-packages/oslo_config/cfg.py:3242}}
Jun 22 14:24:28.485139 np0000003389 devstack@g-api.service[99248]: DEBUG glance.common.config [None req-6517941e-762e-4048-93c7-e8e8fd33cf20 None None] api_limit_max = 1000 {{(pid=99248) log_opt_values /opt/stack/data/venv/lib/python3.12/site-packages/oslo_config/cfg.py:3242}}
Jun 22 14:24:28.485236 np0000003389 devstack@g-api.service[99248]: DEBUG glance.common.config [None req-6517941e-762e-4048-93c7-e8e8fd33cf20 None None] backlog = 4096 {{(pid=99248) log_opt_values /opt/stack/data/venv/lib/python3.12/site-packages/oslo_config/cfg.py:3242}}
Jun 22 14:24:28.485365 np0000003389 devstack@g-api.service[99248]: DEBUG glance.common.config [None req-6517941e-762e-4048-93c7-e8e8fd33cf20 None None] bind_host = 0.0.0.0 {{(pid=99248) log_opt_values /opt/stack/data/venv/lib/python3.12/site-packages/oslo_config/cfg.py:3242}}
Jun 22 14:24:28.485477 np0000003389 devstack@g-api.service[99248]: DEBUG glance.common.config [None req-6517941e-762e-4048-93c7-e8e8fd33cf20 None None] bind_port = 19292 {{(pid=99248) log_opt_values /opt/stack/data/venv/lib/python3.12/site-packages/oslo_config/cfg.py:3242}}
Jun 22 14:24:28.485590 np0000003389 devstack@g-api.service[99248]: DEBUG glance.common.config [None req-6517941e-762e-4048-93c7-e8e8fd33cf20 None None] client_socket_timeout = 900 {{(pid=99248) log_opt_values /opt/stack/data/venv/lib/python3.12/site-packages/oslo_config/cfg.py:3242}}
Jun 22 14:24:28.485685 np0000003389 devstack@g-api.service[99248]: DEBUG glance.common.config [None req-6517941e-762e-4048-93c7-e8e8fd33cf20 None None] config_dir = [] {{(pid=99248) log_opt_values /opt/stack/data/venv/lib/python3.12/site-packages/oslo_config/cfg.py:3242}}
Jun 22 14:24:28.485754 np0000003389 devstack@g-api.service[99248]: DEBUG glance.common.config [None req-6517941e-762e-4048-93c7-e8e8fd33cf20 None None] config_file = ['/etc/glance/glance-image-import.conf', '/etc/glance/glance-api.conf'] {{(pid=99248) log_opt_values /opt/stack/data/venv/lib/python3.12/site-packages/oslo_config/cfg.py:3242}}
Jun 22 14:24:28.485859 np0000003389 devstack@g-api.service[99248]: DEBUG glance.common.config [None req-6517941e-762e-4048-93c7-e8e8fd33cf20 None None] config_source = [] {{(pid=99248) log_opt_values /opt/stack/data/venv/lib/python3.12/site-packages/oslo_config/cfg.py:3242}}
Jun 22 14:24:28.485957 np0000003389 devstack@g-api.service[99248]: DEBUG glance.common.config [None req-6517941e-762e-4048-93c7-e8e8fd33cf20 None None] control_exchange = glance {{(pid=99248) log_opt_values /opt/stack/data/venv/lib/python3.12/site-packages/oslo_config/cfg.py:3242}}
Jun 22 14:24:28.486058 np0000003389 devstack@g-api.service[99248]: DEBUG glance.common.config [None req-6517941e-762e-4048-93c7-e8e8fd33cf20 None None] debug = True {{(pid=99248) log_opt_values /opt/stack/data/venv/lib/python3.12/site-packages/oslo_config/cfg.py:3242}}
Jun 22 14:24:28.486303 np0000003389 devstack@g-api.service[99248]: DEBUG glance.common.config [None req-6517941e-762e-4048-93c7-e8e8fd33cf20 None None] default_log_levels = ['amqp=WARN', 'boto=WARN', 'sqlalchemy=WARN', 'suds=INFO', 'oslo.messaging=INFO', 'oslo_messaging=INFO', 'iso8601=WARN', 'requests.packages.urllib3.connectionpool=WARN', 'urllib3.connectionpool=WARN', 'websocket=WARN', 'requests.packages.urllib3.util.retry=WARN', 'urllib3.util.retry=WARN', 'keystonemiddleware=WARN', 'routes.middleware=WARN', 'stevedore=WARN', 'taskflow=WARN', 'keystoneauth=WARN', 'oslo.cache=INFO', 'oslo_policy=INFO', 'dogpile.core.dogpile=INFO'] {{(pid=99248) log_opt_values /opt/stack/data/venv/lib/python3.12/site-packages/oslo_config/cfg.py:3242}}
Jun 22 14:24:28.486445 np0000003389 devstack@g-api.service[99248]: DEBUG glance.common.config [None req-6517941e-762e-4048-93c7-e8e8fd33cf20 None None] default_publisher_id = image.localhost {{(pid=99248) log_opt_values /opt/stack/data/venv/lib/python3.12/site-packages/oslo_config/cfg.py:3242}}
Jun 22 14:24:28.486604 np0000003389 devstack@g-api.service[99248]: DEBUG glance.common.config [None req-6517941e-762e-4048-93c7-e8e8fd33cf20 None None] delayed_delete = False {{(pid=99248) log_opt_values /opt/stack/data/venv/lib/python3.12/site-packages/oslo_config/cfg.py:3242}}
Jun 22 14:24:28.486755 np0000003389 devstack@g-api.service[99248]: DEBUG glance.common.config [None req-6517941e-762e-4048-93c7-e8e8fd33cf20 None None] digest_algorithm = sha256 {{(pid=99248) log_opt_values /opt/stack/data/venv/lib/python3.12/site-packages/oslo_config/cfg.py:3242}}
Jun 22 14:24:28.486921 np0000003389 devstack@g-api.service[99248]: DEBUG glance.common.config [None req-6517941e-762e-4048-93c7-e8e8fd33cf20 None None] disabled_notifications = [] {{(pid=99248) log_opt_values /opt/stack/data/venv/lib/python3.12/site-packages/oslo_config/cfg.py:3242}}
Jun 22 14:24:28.486959 np0000003389 devstack@g-api.service[99246]: INFO glance.api.middleware.cache [None req-ce8b07da-9cd9-446d-916b-5d6adc386e2c None None] Initialized image cache middleware
Jun 22 14:24:28.487050 np0000003389 devstack@g-api.service[99248]: DEBUG glance.common.config [None req-6517941e-762e-4048-93c7-e8e8fd33cf20 None None] do_secure_hash = True {{(pid=99248) log_opt_values /opt/stack/data/venv/lib/python3.12/site-packages/oslo_config/cfg.py:3242}}
Jun 22 14:24:28.487143 np0000003389 devstack@g-api.service[99248]: DEBUG glance.common.config [None req-6517941e-762e-4048-93c7-e8e8fd33cf20 None None] enabled_backends = None {{(pid=99248) log_opt_values /opt/stack/data/venv/lib/python3.12/site-packages/oslo_config/cfg.py:3242}}
Jun 22 14:24:28.487251 np0000003389 devstack@g-api.service[99248]: DEBUG glance.common.config [None req-6517941e-762e-4048-93c7-e8e8fd33cf20 None None] enabled_import_methods = ['glance-direct', 'web-download', 'copy-image'] {{(pid=99248) log_opt_values /opt/stack/data/venv/lib/python3.12/site-packages/oslo_config/cfg.py:3242}}
Jun 22 14:24:28.487339 np0000003389 devstack@g-api.service[99248]: DEBUG glance.common.config [None req-6517941e-762e-4048-93c7-e8e8fd33cf20 None None] fatal_deprecations = False {{(pid=99248) log_opt_values /opt/stack/data/venv/lib/python3.12/site-packages/oslo_config/cfg.py:3242}}
Jun 22 14:24:28.487435 np0000003389 devstack@g-api.service[99248]: DEBUG glance.common.config [None req-6517941e-762e-4048-93c7-e8e8fd33cf20 None None] hashing_algorithm = sha512 {{(pid=99248) log_opt_values /opt/stack/data/venv/lib/python3.12/site-packages/oslo_config/cfg.py:3242}}
Jun 22 14:24:28.487562 np0000003389 devstack@g-api.service[99248]: DEBUG glance.common.config [None req-6517941e-762e-4048-93c7-e8e8fd33cf20 None None] http_keepalive = True {{(pid=99248) log_opt_values /opt/stack/data/venv/lib/python3.12/site-packages/oslo_config/cfg.py:3242}}
Jun 22 14:24:28.487657 np0000003389 devstack@g-api.service[99248]: DEBUG glance.common.config [None req-6517941e-762e-4048-93c7-e8e8fd33cf20 None None] http_retries = 3 {{(pid=99248) log_opt_values /opt/stack/data/venv/lib/python3.12/site-packages/oslo_config/cfg.py:3242}}
Jun 22 14:24:28.487751 np0000003389 devstack@g-api.service[99248]: DEBUG glance.common.config [None req-6517941e-762e-4048-93c7-e8e8fd33cf20 None None] image_cache_dir = /opt/stack/data/glance/cache/ {{(pid=99248) log_opt_values /opt/stack/data/venv/lib/python3.12/site-packages/oslo_config/cfg.py:3242}}
Jun 22 14:24:28.487855 np0000003389 devstack@g-api.service[99248]: DEBUG glance.common.config [None req-6517941e-762e-4048-93c7-e8e8fd33cf20 None None] image_cache_driver = centralized_db {{(pid=99248) log_opt_values /opt/stack/data/venv/lib/python3.12/site-packages/oslo_config/cfg.py:3242}}
Jun 22 14:24:28.487942 np0000003389 devstack@g-api.service[99248]: DEBUG glance.common.config [None req-6517941e-762e-4048-93c7-e8e8fd33cf20 None None] image_cache_max_size = 10737418240 {{(pid=99248) log_opt_values /opt/stack/data/venv/lib/python3.12/site-packages/oslo_config/cfg.py:3242}}
Jun 22 14:24:28.488033 np0000003389 devstack@g-api.service[99248]: DEBUG glance.common.config [None req-6517941e-762e-4048-93c7-e8e8fd33cf20 None None] image_cache_sqlite_db = cache.db {{(pid=99248) log_opt_values /opt/stack/data/venv/lib/python3.12/site-packages/oslo_config/cfg.py:3242}}
Jun 22 14:24:28.488127 np0000003389 devstack@g-api.service[99248]: DEBUG glance.common.config [None req-6517941e-762e-4048-93c7-e8e8fd33cf20 None None] image_cache_stall_time = 86400 {{(pid=99248) log_opt_values /opt/stack/data/venv/lib/python3.12/site-packages/oslo_config/cfg.py:3242}}
Jun 22 14:24:28.488206 np0000003389 devstack@g-api.service[99248]: DEBUG glance.common.config [None req-6517941e-762e-4048-93c7-e8e8fd33cf20 None None] image_location_quota = 10 {{(pid=99248) log_opt_values /opt/stack/data/venv/lib/python3.12/site-packages/oslo_config/cfg.py:3242}}
Jun 22 14:24:28.488292 np0000003389 devstack@g-api.service[99248]: DEBUG glance.common.config [None req-6517941e-762e-4048-93c7-e8e8fd33cf20 None None] image_member_quota = 128 {{(pid=99248) log_opt_values /opt/stack/data/venv/lib/python3.12/site-packages/oslo_config/cfg.py:3242}}
Jun 22 14:24:28.488380 np0000003389 devstack@g-api.service[99248]: DEBUG glance.common.config [None req-6517941e-762e-4048-93c7-e8e8fd33cf20 None None] image_property_quota = 128 {{(pid=99248) log_opt_values /opt/stack/data/venv/lib/python3.12/site-packages/oslo_config/cfg.py:3242}}
Jun 22 14:24:28.488466 np0000003389 devstack@g-api.service[99248]: DEBUG glance.common.config [None req-6517941e-762e-4048-93c7-e8e8fd33cf20 None None] image_size_cap = 1099511627776 {{(pid=99248) log_opt_values /opt/stack/data/venv/lib/python3.12/site-packages/oslo_config/cfg.py:3242}}
Jun 22 14:24:28.488580 np0000003389 devstack@g-api.service[99248]: DEBUG glance.common.config [None req-6517941e-762e-4048-93c7-e8e8fd33cf20 None None] image_tag_quota = 128 {{(pid=99248) log_opt_values /opt/stack/data/venv/lib/python3.12/site-packages/oslo_config/cfg.py:3242}}
Jun 22 14:24:28.488673 np0000003389 devstack@g-api.service[99248]: DEBUG glance.common.config [None req-6517941e-762e-4048-93c7-e8e8fd33cf20 None None] instance_format = [instance: %(uuid)s] {{(pid=99248) log_opt_values /opt/stack/data/venv/lib/python3.12/site-packages/oslo_config/cfg.py:3242}}
Jun 22 14:24:28.488761 np0000003389 devstack@g-api.service[99248]: DEBUG glance.common.config [None req-6517941e-762e-4048-93c7-e8e8fd33cf20 None None] instance_uuid_format = [instance: %(uuid)s] {{(pid=99248) log_opt_values /opt/stack/data/venv/lib/python3.12/site-packages/oslo_config/cfg.py:3242}}
Jun 22 14:24:28.488858 np0000003389 devstack@g-api.service[99248]: DEBUG glance.common.config [None req-6517941e-762e-4048-93c7-e8e8fd33cf20 None None] limit_param_default = 25 {{(pid=99248) log_opt_values /opt/stack/data/venv/lib/python3.12/site-packages/oslo_config/cfg.py:3242}}
Jun 22 14:24:28.489000 np0000003389 devstack@g-api.service[99248]: DEBUG glance.common.config [None req-6517941e-762e-4048-93c7-e8e8fd33cf20 None None] log_color = False {{(pid=99248) log_opt_values /opt/stack/data/venv/lib/python3.12/site-packages/oslo_config/cfg.py:3242}}
Jun 22 14:24:28.489390 np0000003389 devstack@g-api.service[99248]: DEBUG glance.common.config [None req-6517941e-762e-4048-93c7-e8e8fd33cf20 None None] log_config_append = None {{(pid=99248) log_opt_values /opt/stack/data/venv/lib/python3.12/site-packages/oslo_config/cfg.py:3242}}
Jun 22 14:24:28.489390 np0000003389 devstack@g-api.service[99248]: DEBUG glance.common.config [None req-6517941e-762e-4048-93c7-e8e8fd33cf20 None None] log_date_format = %Y-%m-%d %H:%M:%S {{(pid=99248) log_opt_values /opt/stack/data/venv/lib/python3.12/site-packages/oslo_config/cfg.py:3242}}
Jun 22 14:24:28.489390 np0000003389 devstack@g-api.service[99248]: DEBUG glance.common.config [None req-6517941e-762e-4048-93c7-e8e8fd33cf20 None None] log_dir = None {{(pid=99248) log_opt_values /opt/stack/data/venv/lib/python3.12/site-packages/oslo_config/cfg.py:3242}}
Jun 22 14:24:28.489390 np0000003389 devstack@g-api.service[99248]: DEBUG glance.common.config [None req-6517941e-762e-4048-93c7-e8e8fd33cf20 None None] log_file = None {{(pid=99248) log_opt_values /opt/stack/data/venv/lib/python3.12/site-packages/oslo_config/cfg.py:3242}}
Jun 22 14:24:28.489523 np0000003389 devstack@g-api.service[99248]: DEBUG glance.common.config [None req-6517941e-762e-4048-93c7-e8e8fd33cf20 None None] log_rotate_interval = 1 {{(pid=99248) log_opt_values /opt/stack/data/venv/lib/python3.12/site-packages/oslo_config/cfg.py:3242}}
Jun 22 14:24:28.489629 np0000003389 devstack@g-api.service[99248]: DEBUG glance.common.config [None req-6517941e-762e-4048-93c7-e8e8fd33cf20 None None] log_rotate_interval_type = days {{(pid=99248) log_opt_values /opt/stack/data/venv/lib/python3.12/site-packages/oslo_config/cfg.py:3242}}
Jun 22 14:24:28.489777 np0000003389 devstack@g-api.service[99248]: DEBUG glance.common.config [None req-6517941e-762e-4048-93c7-e8e8fd33cf20 None None] log_rotation_type = none {{(pid=99248) log_opt_values /opt/stack/data/venv/lib/python3.12/site-packages/oslo_config/cfg.py:3242}}
Jun 22 14:24:28.489930 np0000003389 devstack@g-api.service[99248]: DEBUG glance.common.config [None req-6517941e-762e-4048-93c7-e8e8fd33cf20 None None] logging_context_format_string = %(color)s%(levelname)s %(name)s [%(global_request_id)s %(request_id)s %(project_name)s %(user_name)s%(color)s] %(instance)s%(color)s%(message)s {{(pid=99248) log_opt_values /opt/stack/data/venv/lib/python3.12/site-packages/oslo_config/cfg.py:3242}}
Jun 22 14:24:28.490038 np0000003389 devstack@g-api.service[99248]: DEBUG glance.common.config [None req-6517941e-762e-4048-93c7-e8e8fd33cf20 None None] logging_debug_format_suffix = {{(pid=%(process)d) %(funcName)s %(pathname)s:%(lineno)d}} {{(pid=99248) log_opt_values /opt/stack/data/venv/lib/python3.12/site-packages/oslo_config/cfg.py:3242}}
Jun 22 14:24:28.490197 np0000003389 devstack@g-api.service[99248]: DEBUG glance.common.config [None req-6517941e-762e-4048-93c7-e8e8fd33cf20 None None] logging_default_format_string = %(color)s%(levelname)s %(name)s [-%(color)s] %(instance)s%(color)s%(message)s {{(pid=99248) log_opt_values /opt/stack/data/venv/lib/python3.12/site-packages/oslo_config/cfg.py:3242}}
Jun 22 14:24:28.490379 np0000003389 devstack@g-api.service[99248]: DEBUG glance.common.config [None req-6517941e-762e-4048-93c7-e8e8fd33cf20 None None] logging_exception_prefix = ERROR %(name)s %(instance)s {{(pid=99248) log_opt_values /opt/stack/data/venv/lib/python3.12/site-packages/oslo_config/cfg.py:3242}}
Jun 22 14:24:28.490499 np0000003389 devstack@g-api.service[99248]: DEBUG glance.common.config [None req-6517941e-762e-4048-93c7-e8e8fd33cf20 None None] logging_user_identity_format = %(user)s %(project)s %(domain)s %(system_scope)s %(user_domain)s %(project_domain)s {{(pid=99248) log_opt_values /opt/stack/data/venv/lib/python3.12/site-packages/oslo_config/cfg.py:3242}}
Jun 22 14:24:28.490693 np0000003389 devstack@g-api.service[99248]: DEBUG glance.common.config [None req-6517941e-762e-4048-93c7-e8e8fd33cf20 None None] max_header_line = 16384 {{(pid=99248) log_opt_values /opt/stack/data/venv/lib/python3.12/site-packages/oslo_config/cfg.py:3242}}
Jun 22 14:24:28.490837 np0000003389 devstack@g-api.service[99247]: DEBUG glance.image_cache.drivers.centralized_db [None req-732463f0-7fc7-437d-9ea2-7454786b8350 None None] Node reference is already recorded, ignoring it {{(pid=99247) configure /opt/stack/glance/glance/image_cache/drivers/centralized_db.py:71}}
Jun 22 14:24:28.490894 np0000003389 devstack@g-api.service[99248]: DEBUG glance.common.config [None req-6517941e-762e-4048-93c7-e8e8fd33cf20 None None] max_logfile_count = 30 {{(pid=99248) log_opt_values /opt/stack/data/venv/lib/python3.12/site-packages/oslo_config/cfg.py:3242}}
Jun 22 14:24:28.490987 np0000003389 devstack@g-api.service[99248]: DEBUG glance.common.config [None req-6517941e-762e-4048-93c7-e8e8fd33cf20 None None] max_logfile_size_mb = 200 {{(pid=99248) log_opt_values /opt/stack/data/venv/lib/python3.12/site-packages/oslo_config/cfg.py:3242}}
Jun 22 14:24:28.491136 np0000003389 devstack@g-api.service[99248]: DEBUG glance.common.config [None req-6517941e-762e-4048-93c7-e8e8fd33cf20 None None] max_request_id_length = 64 {{(pid=99248) log_opt_values /opt/stack/data/venv/lib/python3.12/site-packages/oslo_config/cfg.py:3242}}
Jun 22 14:24:28.491276 np0000003389 devstack@g-api.service[99248]: DEBUG glance.common.config [None req-6517941e-762e-4048-93c7-e8e8fd33cf20 None None] metadata_encryption_key = **** {{(pid=99248) log_opt_values /opt/stack/data/venv/lib/python3.12/site-packages/oslo_config/cfg.py:3242}}
Jun 22 14:24:28.491420 np0000003389 devstack@g-api.service[99248]: DEBUG glance.common.config [None req-6517941e-762e-4048-93c7-e8e8fd33cf20 None None] node_staging_uri = file:///tmp/staging/ {{(pid=99248) log_opt_values /opt/stack/data/venv/lib/python3.12/site-packages/oslo_config/cfg.py:3242}}
Jun 22 14:24:28.491569 np0000003389 devstack@g-api.service[99248]: DEBUG glance.common.config [None req-6517941e-762e-4048-93c7-e8e8fd33cf20 None None] property_protection_file = None {{(pid=99248) log_opt_values /opt/stack/data/venv/lib/python3.12/site-packages/oslo_config/cfg.py:3242}}
Jun 22 14:24:28.491722 np0000003389 devstack@g-api.service[99248]: DEBUG glance.common.config [None req-6517941e-762e-4048-93c7-e8e8fd33cf20 None None] property_protection_rule_format = roles {{(pid=99248) log_opt_values /opt/stack/data/venv/lib/python3.12/site-packages/oslo_config/cfg.py:3242}}
Jun 22 14:24:28.491880 np0000003389 devstack@g-api.service[99248]: DEBUG glance.common.config [None req-6517941e-762e-4048-93c7-e8e8fd33cf20 None None] public_endpoint = https://10.4.3.247/image {{(pid=99248) log_opt_values /opt/stack/data/venv/lib/python3.12/site-packages/oslo_config/cfg.py:3242}}
Jun 22 14:24:28.492018 np0000003389 devstack@g-api.service[99248]: DEBUG glance.common.config [None req-6517941e-762e-4048-93c7-e8e8fd33cf20 None None] publish_errors = False {{(pid=99248) log_opt_values /opt/stack/data/venv/lib/python3.12/site-packages/oslo_config/cfg.py:3242}}
Jun 22 14:24:28.492162 np0000003389 devstack@g-api.service[99248]: DEBUG glance.common.config [None req-6517941e-762e-4048-93c7-e8e8fd33cf20 None None] pydev_worker_debug_host = None {{(pid=99248) log_opt_values /opt/stack/data/venv/lib/python3.12/site-packages/oslo_config/cfg.py:3242}}
Jun 22 14:24:28.492302 np0000003389 devstack@g-api.service[99248]: DEBUG glance.common.config [None req-6517941e-762e-4048-93c7-e8e8fd33cf20 None None] pydev_worker_debug_port = 5678 {{(pid=99248) log_opt_values /opt/stack/data/venv/lib/python3.12/site-packages/oslo_config/cfg.py:3242}}
Jun 22 14:24:28.492436 np0000003389 devstack@g-api.service[99248]: DEBUG glance.common.config [None req-6517941e-762e-4048-93c7-e8e8fd33cf20 None None] rate_limit_burst = 0 {{(pid=99248) log_opt_values /opt/stack/data/venv/lib/python3.12/site-packages/oslo_config/cfg.py:3242}}
Jun 22 14:24:28.492592 np0000003389 devstack@g-api.service[99248]: DEBUG glance.common.config [None req-6517941e-762e-4048-93c7-e8e8fd33cf20 None None] rate_limit_except_level = CRITICAL {{(pid=99248) log_opt_values /opt/stack/data/venv/lib/python3.12/site-packages/oslo_config/cfg.py:3242}}
Jun 22 14:24:28.492727 np0000003389 devstack@g-api.service[99248]: DEBUG glance.common.config [None req-6517941e-762e-4048-93c7-e8e8fd33cf20 None None] rate_limit_interval = 0 {{(pid=99248) log_opt_values /opt/stack/data/venv/lib/python3.12/site-packages/oslo_config/cfg.py:3242}}
Jun 22 14:24:28.492875 np0000003389 devstack@g-api.service[99248]: DEBUG glance.common.config [None req-6517941e-762e-4048-93c7-e8e8fd33cf20 None None] scrub_pool_size = 1 {{(pid=99248) log_opt_values /opt/stack/data/venv/lib/python3.12/site-packages/oslo_config/cfg.py:3242}}
Jun 22 14:24:28.493012 np0000003389 devstack@g-api.service[99248]: DEBUG glance.common.config [None req-6517941e-762e-4048-93c7-e8e8fd33cf20 None None] scrub_time = 0 {{(pid=99248) log_opt_values /opt/stack/data/venv/lib/python3.12/site-packages/oslo_config/cfg.py:3242}}
Jun 22 14:24:28.493152 np0000003389 devstack@g-api.service[99248]: DEBUG glance.common.config [None req-6517941e-762e-4048-93c7-e8e8fd33cf20 None None] shell_completion = None {{(pid=99248) log_opt_values /opt/stack/data/venv/lib/python3.12/site-packages/oslo_config/cfg.py:3242}}
Jun 22 14:24:28.493296 np0000003389 devstack@g-api.service[99248]: DEBUG glance.common.config [None req-6517941e-762e-4048-93c7-e8e8fd33cf20 None None] show_image_direct_url = False {{(pid=99248) log_opt_values /opt/stack/data/venv/lib/python3.12/site-packages/oslo_config/cfg.py:3242}}
Jun 22 14:24:28.493604 np0000003389 devstack@g-api.service[99248]: WARNING oslo_config.cfg [None req-6517941e-762e-4048-93c7-e8e8fd33cf20 None None] Deprecated: Option "show_multiple_locations" from group "DEFAULT" is deprecated for removal (Use of this option, deprecated since Newton, is a security risk and will be removed once we figure out a way to satisfy those use cases that currently require it. An earlier announcement that the same functionality can be achieved with greater granularity by using policies is incorrect. You cannot work around this option via policy configuration at the present time, though that is the direction we believe the fix will take. Please keep an eye on the Glance release notes to stay up to date on progress in addressing this issue.). Its value may be silently ignored in the future.
Jun 22 14:24:28.493763 np0000003389 devstack@g-api.service[99248]: DEBUG glance.common.config [None req-6517941e-762e-4048-93c7-e8e8fd33cf20 None None] show_multiple_locations = False {{(pid=99248) log_opt_values /opt/stack/data/venv/lib/python3.12/site-packages/oslo_config/cfg.py:3242}}
Jun 22 14:24:28.493925 np0000003389 devstack@g-api.service[99248]: DEBUG glance.common.config [None req-6517941e-762e-4048-93c7-e8e8fd33cf20 None None] syslog_log_facility = LOG_USER {{(pid=99248) log_opt_values /opt/stack/data/venv/lib/python3.12/site-packages/oslo_config/cfg.py:3242}}
Jun 22 14:24:28.494065 np0000003389 devstack@g-api.service[99248]: DEBUG glance.common.config [None req-6517941e-762e-4048-93c7-e8e8fd33cf20 None None] tcp_keepidle = 600 {{(pid=99248) log_opt_values /opt/stack/data/venv/lib/python3.12/site-packages/oslo_config/cfg.py:3242}}
Jun 22 14:24:28.494217 np0000003389 devstack@g-api.service[99248]: DEBUG glance.common.config [None req-6517941e-762e-4048-93c7-e8e8fd33cf20 None None] transport_url = **** {{(pid=99248) log_opt_values /opt/stack/data/venv/lib/python3.12/site-packages/oslo_config/cfg.py:3242}}
Jun 22 14:24:28.494362 np0000003389 devstack@g-api.service[99248]: DEBUG glance.common.config [None req-6517941e-762e-4048-93c7-e8e8fd33cf20 None None] use_journal = False {{(pid=99248) log_opt_values /opt/stack/data/venv/lib/python3.12/site-packages/oslo_config/cfg.py:3242}}
Jun 22 14:24:28.494470 np0000003389 devstack@g-api.service[99247]: INFO glance.api.middleware.cache [None req-732463f0-7fc7-437d-9ea2-7454786b8350 None None] Initialized image cache middleware
Jun 22 14:24:28.494552 np0000003389 devstack@g-api.service[99248]: DEBUG glance.common.config [None req-6517941e-762e-4048-93c7-e8e8fd33cf20 None None] use_json = False {{(pid=99248) log_opt_values /opt/stack/data/venv/lib/python3.12/site-packages/oslo_config/cfg.py:3242}}
Jun 22 14:24:28.494665 np0000003389 devstack@g-api.service[99248]: DEBUG glance.common.config [None req-6517941e-762e-4048-93c7-e8e8fd33cf20 None None] use_keystone_limits = True {{(pid=99248) log_opt_values /opt/stack/data/venv/lib/python3.12/site-packages/oslo_config/cfg.py:3242}}
Jun 22 14:24:28.494799 np0000003389 devstack@g-api.service[99248]: DEBUG glance.common.config [None req-6517941e-762e-4048-93c7-e8e8fd33cf20 None None] use_stderr = False {{(pid=99248) log_opt_values /opt/stack/data/venv/lib/python3.12/site-packages/oslo_config/cfg.py:3242}}
Jun 22 14:24:28.494954 np0000003389 devstack@g-api.service[99248]: DEBUG glance.common.config [None req-6517941e-762e-4048-93c7-e8e8fd33cf20 None None] use_syslog = False {{(pid=99248) log_opt_values /opt/stack/data/venv/lib/python3.12/site-packages/oslo_config/cfg.py:3242}}
Jun 22 14:24:28.495093 np0000003389 devstack@g-api.service[99248]: DEBUG glance.common.config [None req-6517941e-762e-4048-93c7-e8e8fd33cf20 None None] user_storage_quota = 0 {{(pid=99248) log_opt_values /opt/stack/data/venv/lib/python3.12/site-packages/oslo_config/cfg.py:3242}}
Jun 22 14:24:28.495236 np0000003389 devstack@g-api.service[99248]: DEBUG glance.common.config [None req-6517941e-762e-4048-93c7-e8e8fd33cf20 None None] worker_self_reference_url = http://127.0.0.1:60999 {{(pid=99248) log_opt_values /opt/stack/data/venv/lib/python3.12/site-packages/oslo_config/cfg.py:3242}}
Jun 22 14:24:28.495378 np0000003389 devstack@g-api.service[99248]: DEBUG glance.common.config [None req-6517941e-762e-4048-93c7-e8e8fd33cf20 None None] workers = None {{(pid=99248) log_opt_values /opt/stack/data/venv/lib/python3.12/site-packages/oslo_config/cfg.py:3242}}
Jun 22 14:24:28.495557 np0000003389 devstack@g-api.service[99248]: DEBUG glance.common.config [None req-6517941e-762e-4048-93c7-e8e8fd33cf20 None None] oslo_concurrency.disable_process_locking = False {{(pid=99248) log_opt_values /opt/stack/data/venv/lib/python3.12/site-packages/oslo_config/cfg.py:3253}}
Jun 22 14:24:28.495702 np0000003389 devstack@g-api.service[99248]: DEBUG glance.common.config [None req-6517941e-762e-4048-93c7-e8e8fd33cf20 None None] oslo_concurrency.lock_path = /opt/stack/data/glance/locks {{(pid=99248) log_opt_values /opt/stack/data/venv/lib/python3.12/site-packages/oslo_config/cfg.py:3253}}
Jun 22 14:24:28.495862 np0000003389 devstack@g-api.service[99248]: DEBUG glance.common.config [None req-6517941e-762e-4048-93c7-e8e8fd33cf20 None None] oslo_middleware.enable_proxy_headers_parsing = False {{(pid=99248) log_opt_values /opt/stack/data/venv/lib/python3.12/site-packages/oslo_config/cfg.py:3253}}
Jun 22 14:24:28.496009 np0000003389 devstack@g-api.service[99248]: DEBUG glance.common.config [None req-6517941e-762e-4048-93c7-e8e8fd33cf20 None None] oslo_middleware.http_basic_auth_user_file = /etc/htpasswd {{(pid=99248) log_opt_values /opt/stack/data/venv/lib/python3.12/site-packages/oslo_config/cfg.py:3253}}
Jun 22 14:24:28.496149 np0000003389 devstack@g-api.service[99248]: DEBUG glance.common.config [None req-6517941e-762e-4048-93c7-e8e8fd33cf20 None None] paste_deploy.config_file = None {{(pid=99248) log_opt_values /opt/stack/data/venv/lib/python3.12/site-packages/oslo_config/cfg.py:3253}}
Jun 22 14:24:28.496301 np0000003389 devstack@g-api.service[99248]: DEBUG glance.common.config [None req-6517941e-762e-4048-93c7-e8e8fd33cf20 None None] paste_deploy.flavor = keystone+cachemanagement {{(pid=99248) log_opt_values /opt/stack/data/venv/lib/python3.12/site-packages/oslo_config/cfg.py:3253}}
Jun 22 14:24:28.496511 np0000003389 devstack@g-api.service[99248]: DEBUG glance.common.config [None req-6517941e-762e-4048-93c7-e8e8fd33cf20 None None] image_format.container_formats = ['ami', 'ari', 'aki', 'bare', 'ovf', 'ova', 'docker', 'compressed'] {{(pid=99248) log_opt_values /opt/stack/data/venv/lib/python3.12/site-packages/oslo_config/cfg.py:3253}}
Jun 22 14:24:28.496712 np0000003389 devstack@g-api.service[99248]: DEBUG glance.common.config [None req-6517941e-762e-4048-93c7-e8e8fd33cf20 None None] image_format.disk_formats = ['ami', 'ari', 'aki', 'vhd', 'vhdx', 'vmdk', 'raw', 'qcow2', 'vdi', 'iso', 'ploop'] {{(pid=99248) log_opt_values /opt/stack/data/venv/lib/python3.12/site-packages/oslo_config/cfg.py:3253}}
Jun 22 14:24:28.496865 np0000003389 devstack@g-api.service[99248]: DEBUG glance.common.config [None req-6517941e-762e-4048-93c7-e8e8fd33cf20 None None] image_format.gpt_safety_checks_nonfatal = [] {{(pid=99248) log_opt_values /opt/stack/data/venv/lib/python3.12/site-packages/oslo_config/cfg.py:3253}}
Jun 22 14:24:28.497010 np0000003389 devstack@g-api.service[99248]: DEBUG glance.common.config [None req-6517941e-762e-4048-93c7-e8e8fd33cf20 None None] image_format.require_image_format_match = True {{(pid=99248) log_opt_values /opt/stack/data/venv/lib/python3.12/site-packages/oslo_config/cfg.py:3253}}
Jun 22 14:24:28.497162 np0000003389 devstack@g-api.service[99248]: DEBUG glance.common.config [None req-6517941e-762e-4048-93c7-e8e8fd33cf20 None None] image_format.vmdk_allowed_types = ['streamOptimized', 'monolithicSparse'] {{(pid=99248) log_opt_values /opt/stack/data/venv/lib/python3.12/site-packages/oslo_config/cfg.py:3253}}
Jun 22 14:24:28.497312 np0000003389 devstack@g-api.service[99248]: DEBUG glance.common.config [None req-6517941e-762e-4048-93c7-e8e8fd33cf20 None None] task.task_executor = taskflow {{(pid=99248) log_opt_values /opt/stack/data/venv/lib/python3.12/site-packages/oslo_config/cfg.py:3253}}
Jun 22 14:24:28.497462 np0000003389 devstack@g-api.service[99248]: DEBUG glance.common.config [None req-6517941e-762e-4048-93c7-e8e8fd33cf20 None None] task.task_time_to_live = 48 {{(pid=99248) log_opt_values /opt/stack/data/venv/lib/python3.12/site-packages/oslo_config/cfg.py:3253}}
Jun 22 14:24:28.497610 np0000003389 devstack@g-api.service[99248]: DEBUG glance.common.config [None req-6517941e-762e-4048-93c7-e8e8fd33cf20 None None] task.work_dir = None {{(pid=99248) log_opt_values /opt/stack/data/venv/lib/python3.12/site-packages/oslo_config/cfg.py:3253}}
Jun 22 14:24:28.497762 np0000003389 devstack@g-api.service[99248]: DEBUG glance.common.config [None req-6517941e-762e-4048-93c7-e8e8fd33cf20 None None] wsgi.python_interpreter = /opt/stack/data/venv/bin/python3 {{(pid=99248) log_opt_values /opt/stack/data/venv/lib/python3.12/site-packages/oslo_config/cfg.py:3253}}
