Jun 30 22:58:59.859104 np0000004046 nova-scheduler[96442]: DEBUG cotyledon.oslo_config_glue [-] oslo_messaging_metrics.metrics_enabled = False {{(pid=96442) log_opt_values /opt/stack/data/venv/lib/python3.12/site-packages/oslo_config/cfg.py:3253}}
Jun 30 22:58:59.859104 np0000004046 nova-scheduler[96442]: DEBUG cotyledon.oslo_config_glue [-] oslo_messaging_metrics.metrics_process_name = {{(pid=96442) log_opt_values /opt/stack/data/venv/lib/python3.12/site-packages/oslo_config/cfg.py:3253}}
Jun 30 22:58:59.859104 np0000004046 nova-scheduler[96442]: DEBUG cotyledon.oslo_config_glue [-] oslo_messaging_metrics.metrics_socket_file = /var/tmp/metrics_collector.sock {{(pid=96442) log_opt_values /opt/stack/data/venv/lib/python3.12/site-packages/oslo_config/cfg.py:3253}}
Jun 30 22:58:59.859104 np0000004046 nova-scheduler[96442]: DEBUG cotyledon.oslo_config_glue [-] oslo_messaging_metrics.metrics_thread_stop_timeout = 10 {{(pid=96442) log_opt_values /opt/stack/data/venv/lib/python3.12/site-packages/oslo_config/cfg.py:3253}}
Jun 30 22:58:59.859104 np0000004046 nova-scheduler[96442]: DEBUG cotyledon.oslo_config_glue [-] profiler.connection_string = messaging:// {{(pid=96442) log_opt_values /opt/stack/data/venv/lib/python3.12/site-packages/oslo_config/cfg.py:3253}}
Jun 30 22:58:59.859104 np0000004046 nova-scheduler[96442]: DEBUG cotyledon.oslo_config_glue [-] profiler.enabled = False {{(pid=96442) log_opt_values /opt/stack/data/venv/lib/python3.12/site-packages/oslo_config/cfg.py:3253}}
Jun 30 22:58:59.859104 np0000004046 nova-scheduler[96442]: DEBUG cotyledon.oslo_config_glue [-] profiler.es_doc_type = notification {{(pid=96442) log_opt_values /opt/stack/data/venv/lib/python3.12/site-packages/oslo_config/cfg.py:3253}}
Jun 30 22:58:59.859104 np0000004046 nova-scheduler[96442]: DEBUG cotyledon.oslo_config_glue [-] profiler.es_scroll_size = 10000 {{(pid=96442) log_opt_values /opt/stack/data/venv/lib/python3.12/site-packages/oslo_config/cfg.py:3253}}
Jun 30 22:58:59.859104 np0000004046 nova-scheduler[96442]: DEBUG cotyledon.oslo_config_glue [-] profiler.es_scroll_time = 2m {{(pid=96442) log_opt_values /opt/stack/data/venv/lib/python3.12/site-packages/oslo_config/cfg.py:3253}}
Jun 30 22:58:59.859456 np0000004046 nova-scheduler[96442]: DEBUG cotyledon.oslo_config_glue [-] profiler.filter_error_trace = False {{(pid=96442) log_opt_values /opt/stack/data/venv/lib/python3.12/site-packages/oslo_config/cfg.py:3253}}
Jun 30 22:58:59.859456 np0000004046 nova-scheduler[96442]: DEBUG cotyledon.oslo_config_glue [-] profiler.hmac_keys = **** {{(pid=96442) log_opt_values /opt/stack/data/venv/lib/python3.12/site-packages/oslo_config/cfg.py:3253}}
Jun 30 22:58:59.859456 np0000004046 nova-scheduler[96442]: DEBUG cotyledon.oslo_config_glue [-] profiler.sentinel_service_name = mymaster {{(pid=96442) log_opt_values /opt/stack/data/venv/lib/python3.12/site-packages/oslo_config/cfg.py:3253}}
Jun 30 22:58:59.859456 np0000004046 nova-scheduler[96442]: DEBUG cotyledon.oslo_config_glue [-] profiler.socket_timeout = 0.1 {{(pid=96442) log_opt_values /opt/stack/data/venv/lib/python3.12/site-packages/oslo_config/cfg.py:3253}}
Jun 30 22:58:59.859456 np0000004046 nova-scheduler[96442]: DEBUG cotyledon.oslo_config_glue [-] profiler.trace_requests = False {{(pid=96442) log_opt_values /opt/stack/data/venv/lib/python3.12/site-packages/oslo_config/cfg.py:3253}}
Jun 30 22:58:59.859456 np0000004046 nova-scheduler[96442]: DEBUG cotyledon.oslo_config_glue [-] profiler.trace_sqlalchemy = False {{(pid=96442) log_opt_values /opt/stack/data/venv/lib/python3.12/site-packages/oslo_config/cfg.py:3253}}
Jun 30 22:58:59.859456 np0000004046 nova-scheduler[96442]: DEBUG cotyledon.oslo_config_glue [-] profiler_jaeger.process_tags = {} {{(pid=96442) log_opt_values /opt/stack/data/venv/lib/python3.12/site-packages/oslo_config/cfg.py:3253}}
Jun 30 22:58:59.859456 np0000004046 nova-scheduler[96442]: DEBUG cotyledon.oslo_config_glue [-] profiler_jaeger.service_name_prefix = None {{(pid=96442) log_opt_values /opt/stack/data/venv/lib/python3.12/site-packages/oslo_config/cfg.py:3253}}
Jun 30 22:58:59.859456 np0000004046 nova-scheduler[96442]: DEBUG cotyledon.oslo_config_glue [-] profiler_otlp.service_name_prefix = None {{(pid=96442) log_opt_values /opt/stack/data/venv/lib/python3.12/site-packages/oslo_config/cfg.py:3253}}
Jun 30 22:58:59.859773 np0000004046 nova-scheduler[96442]: DEBUG cotyledon.oslo_config_glue [-] oslo_messaging_rabbit.amqp_auto_delete = False {{(pid=96442) log_opt_values /opt/stack/data/venv/lib/python3.12/site-packages/oslo_config/cfg.py:3253}}
Jun 30 22:58:59.859773 np0000004046 nova-scheduler[96442]: DEBUG cotyledon.oslo_config_glue [-] oslo_messaging_rabbit.amqp_durable_queues = False {{(pid=96442) log_opt_values /opt/stack/data/venv/lib/python3.12/site-packages/oslo_config/cfg.py:3253}}
Jun 30 22:58:59.859773 np0000004046 nova-scheduler[96442]: DEBUG cotyledon.oslo_config_glue [-] oslo_messaging_rabbit.conn_pool_min_size = 2 {{(pid=96442) log_opt_values /opt/stack/data/venv/lib/python3.12/site-packages/oslo_config/cfg.py:3253}}
Jun 30 22:58:59.859773 np0000004046 nova-scheduler[96442]: DEBUG cotyledon.oslo_config_glue [-] oslo_messaging_rabbit.conn_pool_ttl = 1200 {{(pid=96442) log_opt_values /opt/stack/data/venv/lib/python3.12/site-packages/oslo_config/cfg.py:3253}}
Jun 30 22:58:59.859773 np0000004046 nova-scheduler[96442]: DEBUG cotyledon.oslo_config_glue [-] oslo_messaging_rabbit.direct_mandatory_flag = True {{(pid=96442) log_opt_values /opt/stack/data/venv/lib/python3.12/site-packages/oslo_config/cfg.py:3253}}
Jun 30 22:58:59.859773 np0000004046 nova-scheduler[96442]: DEBUG cotyledon.oslo_config_glue [-] oslo_messaging_rabbit.enable_cancel_on_failover = False {{(pid=96442) log_opt_values /opt/stack/data/venv/lib/python3.12/site-packages/oslo_config/cfg.py:3253}}
Jun 30 22:58:59.859773 np0000004046 nova-scheduler[96442]: DEBUG cotyledon.oslo_config_glue [-] oslo_messaging_rabbit.heartbeat_rate = 3 {{(pid=96442) log_opt_values /opt/stack/data/venv/lib/python3.12/site-packages/oslo_config/cfg.py:3253}}
Jun 30 22:58:59.859773 np0000004046 nova-scheduler[96442]: DEBUG cotyledon.oslo_config_glue [-] oslo_messaging_rabbit.heartbeat_timeout_threshold = 60 {{(pid=96442) log_opt_values /opt/stack/data/venv/lib/python3.12/site-packages/oslo_config/cfg.py:3253}}
Jun 30 22:58:59.859773 np0000004046 nova-scheduler[96442]: DEBUG cotyledon.oslo_config_glue [-] oslo_messaging_rabbit.hostname = np0000004046 {{(pid=96442) log_opt_values /opt/stack/data/venv/lib/python3.12/site-packages/oslo_config/cfg.py:3253}}
Jun 30 22:58:59.860106 np0000004046 nova-scheduler[96442]: DEBUG cotyledon.oslo_config_glue [-] oslo_messaging_rabbit.kombu_compression = None {{(pid=96442) log_opt_values /opt/stack/data/venv/lib/python3.12/site-packages/oslo_config/cfg.py:3253}}
Jun 30 22:58:59.860106 np0000004046 nova-scheduler[96442]: DEBUG cotyledon.oslo_config_glue [-] oslo_messaging_rabbit.kombu_failover_strategy = round-robin {{(pid=96442) log_opt_values /opt/stack/data/venv/lib/python3.12/site-packages/oslo_config/cfg.py:3253}}
Jun 30 22:58:59.860106 np0000004046 nova-scheduler[96442]: DEBUG cotyledon.oslo_config_glue [-] oslo_messaging_rabbit.kombu_missing_consumer_retry_timeout = 60 {{(pid=96442) log_opt_values /opt/stack/data/venv/lib/python3.12/site-packages/oslo_config/cfg.py:3253}}
Jun 30 22:58:59.860106 np0000004046 nova-scheduler[96442]: DEBUG cotyledon.oslo_config_glue [-] oslo_messaging_rabbit.kombu_reconnect_delay = 1.0 {{(pid=96442) log_opt_values /opt/stack/data/venv/lib/python3.12/site-packages/oslo_config/cfg.py:3253}}
Jun 30 22:58:59.860106 np0000004046 nova-scheduler[96442]: DEBUG cotyledon.oslo_config_glue [-] oslo_messaging_rabbit.kombu_reconnect_splay = 0.0 {{(pid=96442) log_opt_values /opt/stack/data/venv/lib/python3.12/site-packages/oslo_config/cfg.py:3253}}
Jun 30 22:58:59.860106 np0000004046 nova-scheduler[96442]: DEBUG cotyledon.oslo_config_glue [-] oslo_messaging_rabbit.processname = nova-scheduler {{(pid=96442) log_opt_values /opt/stack/data/venv/lib/python3.12/site-packages/oslo_config/cfg.py:3253}}
Jun 30 22:58:59.860106 np0000004046 nova-scheduler[96442]: DEBUG cotyledon.oslo_config_glue [-] oslo_messaging_rabbit.rabbit_ha_queues = False {{(pid=96442) log_opt_values /opt/stack/data/venv/lib/python3.12/site-packages/oslo_config/cfg.py:3253}}
Jun 30 22:58:59.860106 np0000004046 nova-scheduler[96442]: DEBUG cotyledon.oslo_config_glue [-] oslo_messaging_rabbit.rabbit_interval_max = 30 {{(pid=96442) log_opt_values /opt/stack/data/venv/lib/python3.12/site-packages/oslo_config/cfg.py:3253}}
Jun 30 22:58:59.860106 np0000004046 nova-scheduler[96442]: DEBUG cotyledon.oslo_config_glue [-] oslo_messaging_rabbit.rabbit_login_method = AMQPLAIN {{(pid=96442) log_opt_values /opt/stack/data/venv/lib/python3.12/site-packages/oslo_config/cfg.py:3253}}
Jun 30 22:58:59.860464 np0000004046 nova-scheduler[96442]: DEBUG cotyledon.oslo_config_glue [-] oslo_messaging_rabbit.rabbit_qos_prefetch_count = 0 {{(pid=96442) log_opt_values /opt/stack/data/venv/lib/python3.12/site-packages/oslo_config/cfg.py:3253}}
Jun 30 22:58:59.860464 np0000004046 nova-scheduler[96442]: DEBUG cotyledon.oslo_config_glue [-] oslo_messaging_rabbit.rabbit_quorum_delivery_limit = 0 {{(pid=96442) log_opt_values /opt/stack/data/venv/lib/python3.12/site-packages/oslo_config/cfg.py:3253}}
Jun 30 22:58:59.860464 np0000004046 nova-scheduler[96442]: DEBUG cotyledon.oslo_config_glue [-] oslo_messaging_rabbit.rabbit_quorum_max_memory_bytes = 0 {{(pid=96442) log_opt_values /opt/stack/data/venv/lib/python3.12/site-packages/oslo_config/cfg.py:3253}}
Jun 30 22:58:59.860464 np0000004046 nova-scheduler[96442]: DEBUG cotyledon.oslo_config_glue [-] oslo_messaging_rabbit.rabbit_quorum_max_memory_length = 0 {{(pid=96442) log_opt_values /opt/stack/data/venv/lib/python3.12/site-packages/oslo_config/cfg.py:3253}}
Jun 30 22:58:59.860464 np0000004046 nova-scheduler[96442]: DEBUG cotyledon.oslo_config_glue [-] oslo_messaging_rabbit.rabbit_quorum_queue = False {{(pid=96442) log_opt_values /opt/stack/data/venv/lib/python3.12/site-packages/oslo_config/cfg.py:3253}}
Jun 30 22:58:59.860464 np0000004046 nova-scheduler[96442]: DEBUG cotyledon.oslo_config_glue [-] oslo_messaging_rabbit.rabbit_retry_backoff = 2 {{(pid=96442) log_opt_values /opt/stack/data/venv/lib/python3.12/site-packages/oslo_config/cfg.py:3253}}
Jun 30 22:58:59.860464 np0000004046 nova-scheduler[96442]: DEBUG cotyledon.oslo_config_glue [-] oslo_messaging_rabbit.rabbit_retry_interval = 1 {{(pid=96442) log_opt_values /opt/stack/data/venv/lib/python3.12/site-packages/oslo_config/cfg.py:3253}}
Jun 30 22:58:59.860464 np0000004046 nova-scheduler[96442]: DEBUG cotyledon.oslo_config_glue [-] oslo_messaging_rabbit.rabbit_stream_fanout = False {{(pid=96442) log_opt_values /opt/stack/data/venv/lib/python3.12/site-packages/oslo_config/cfg.py:3253}}
Jun 30 22:58:59.860762 np0000004046 nova-scheduler[96442]: DEBUG cotyledon.oslo_config_glue [-] oslo_messaging_rabbit.rabbit_transient_queues_ttl = 1800 {{(pid=96442) log_opt_values /opt/stack/data/venv/lib/python3.12/site-packages/oslo_config/cfg.py:3253}}
Jun 30 22:58:59.860762 np0000004046 nova-scheduler[96442]: DEBUG cotyledon.oslo_config_glue [-] oslo_messaging_rabbit.rabbit_transient_quorum_queue = False {{(pid=96442) log_opt_values /opt/stack/data/venv/lib/python3.12/site-packages/oslo_config/cfg.py:3253}}
Jun 30 22:58:59.860762 np0000004046 nova-scheduler[96442]: DEBUG cotyledon.oslo_config_glue [-] oslo_messaging_rabbit.rpc_conn_pool_size = 30 {{(pid=96442) log_opt_values /opt/stack/data/venv/lib/python3.12/site-packages/oslo_config/cfg.py:3253}}
Jun 30 22:58:59.860762 np0000004046 nova-scheduler[96442]: DEBUG cotyledon.oslo_config_glue [-] oslo_messaging_rabbit.ssl = False {{(pid=96442) log_opt_values /opt/stack/data/venv/lib/python3.12/site-packages/oslo_config/cfg.py:3253}}
Jun 30 22:58:59.860762 np0000004046 nova-scheduler[96442]: DEBUG cotyledon.oslo_config_glue [-] oslo_messaging_rabbit.ssl_ca_file = {{(pid=96442) log_opt_values /opt/stack/data/venv/lib/python3.12/site-packages/oslo_config/cfg.py:3253}}
Jun 30 22:58:59.860762 np0000004046 nova-scheduler[96442]: DEBUG cotyledon.oslo_config_glue [-] oslo_messaging_rabbit.ssl_cert_file = {{(pid=96442) log_opt_values /opt/stack/data/venv/lib/python3.12/site-packages/oslo_config/cfg.py:3253}}
Jun 30 22:58:59.860762 np0000004046 nova-scheduler[96442]: DEBUG cotyledon.oslo_config_glue [-] oslo_messaging_rabbit.ssl_enforce_fips_mode = False {{(pid=96442) log_opt_values /opt/stack/data/venv/lib/python3.12/site-packages/oslo_config/cfg.py:3253}}
Jun 30 22:58:59.860762 np0000004046 nova-scheduler[96442]: DEBUG cotyledon.oslo_config_glue [-] oslo_messaging_rabbit.ssl_enforce_hostname_verification = True {{(pid=96442) log_opt_values /opt/stack/data/venv/lib/python3.12/site-packages/oslo_config/cfg.py:3253}}
Jun 30 22:58:59.860762 np0000004046 nova-scheduler[96442]: DEBUG cotyledon.oslo_config_glue [-] oslo_messaging_rabbit.ssl_key_file = {{(pid=96442) log_opt_values /opt/stack/data/venv/lib/python3.12/site-packages/oslo_config/cfg.py:3253}}
Jun 30 22:58:59.861095 np0000004046 nova-scheduler[96442]: DEBUG cotyledon.oslo_config_glue [-] oslo_messaging_rabbit.ssl_version = {{(pid=96442) log_opt_values /opt/stack/data/venv/lib/python3.12/site-packages/oslo_config/cfg.py:3253}}
Jun 30 22:58:59.861095 np0000004046 nova-scheduler[96442]: DEBUG cotyledon.oslo_config_glue [-] oslo_messaging_rabbit.use_queue_manager = False {{(pid=96442) log_opt_values /opt/stack/data/venv/lib/python3.12/site-packages/oslo_config/cfg.py:3253}}
Jun 30 22:58:59.861095 np0000004046 nova-scheduler[96442]: DEBUG cotyledon.oslo_config_glue [-] oslo_messaging_notifications.driver = ['messagingv2'] {{(pid=96442) log_opt_values /opt/stack/data/venv/lib/python3.12/site-packages/oslo_config/cfg.py:3253}}
Jun 30 22:58:59.861095 np0000004046 nova-scheduler[96442]: DEBUG cotyledon.oslo_config_glue [-] oslo_messaging_notifications.retry = -1 {{(pid=96442) log_opt_values /opt/stack/data/venv/lib/python3.12/site-packages/oslo_config/cfg.py:3253}}
Jun 30 22:58:59.861095 np0000004046 nova-scheduler[96442]: DEBUG cotyledon.oslo_config_glue [-] oslo_messaging_notifications.topics = ['notifications'] {{(pid=96442) log_opt_values /opt/stack/data/venv/lib/python3.12/site-packages/oslo_config/cfg.py:3253}}
Jun 30 22:58:59.861095 np0000004046 nova-scheduler[96442]: DEBUG cotyledon.oslo_config_glue [-] oslo_messaging_notifications.transport_url = **** {{(pid=96442) log_opt_values /opt/stack/data/venv/lib/python3.12/site-packages/oslo_config/cfg.py:3253}}
Jun 30 22:58:59.861095 np0000004046 nova-scheduler[96442]: DEBUG cotyledon.oslo_config_glue [-] oslo_limit.auth_section = None {{(pid=96442) log_opt_values /opt/stack/data/venv/lib/python3.12/site-packages/oslo_config/cfg.py:3253}}
Jun 30 22:58:59.861095 np0000004046 nova-scheduler[96442]: DEBUG cotyledon.oslo_config_glue [-] oslo_limit.auth_type = None {{(pid=96442) log_opt_values /opt/stack/data/venv/lib/python3.12/site-packages/oslo_config/cfg.py:3253}}
Jun 30 22:58:59.861095 np0000004046 nova-scheduler[96442]: DEBUG cotyledon.oslo_config_glue [-] oslo_limit.cafile = None {{(pid=96442) log_opt_values /opt/stack/data/venv/lib/python3.12/site-packages/oslo_config/cfg.py:3253}}
Jun 30 22:58:59.861464 np0000004046 nova-scheduler[96442]: DEBUG cotyledon.oslo_config_glue [-] oslo_limit.certfile = None {{(pid=96442) log_opt_values /opt/stack/data/venv/lib/python3.12/site-packages/oslo_config/cfg.py:3253}}
Jun 30 22:58:59.861464 np0000004046 nova-scheduler[96442]: DEBUG cotyledon.oslo_config_glue [-] oslo_limit.collect_timing = False {{(pid=96442) log_opt_values /opt/stack/data/venv/lib/python3.12/site-packages/oslo_config/cfg.py:3253}}
Jun 30 22:58:59.861464 np0000004046 nova-scheduler[96442]: DEBUG cotyledon.oslo_config_glue [-] oslo_limit.connect_retries = None {{(pid=96442) log_opt_values /opt/stack/data/venv/lib/python3.12/site-packages/oslo_config/cfg.py:3253}}
Jun 30 22:58:59.861464 np0000004046 nova-scheduler[96442]: DEBUG cotyledon.oslo_config_glue [-] oslo_limit.connect_retry_delay = None {{(pid=96442) log_opt_values /opt/stack/data/venv/lib/python3.12/site-packages/oslo_config/cfg.py:3253}}
Jun 30 22:58:59.861464 np0000004046 nova-scheduler[96442]: DEBUG cotyledon.oslo_config_glue [-] oslo_limit.endpoint_id = None {{(pid=96442) log_opt_values /opt/stack/data/venv/lib/python3.12/site-packages/oslo_config/cfg.py:3253}}
Jun 30 22:58:59.861464 np0000004046 nova-scheduler[96442]: DEBUG cotyledon.oslo_config_glue [-] oslo_limit.endpoint_interface = public {{(pid=96442) log_opt_values /opt/stack/data/venv/lib/python3.12/site-packages/oslo_config/cfg.py:3253}}
Jun 30 22:58:59.861464 np0000004046 nova-scheduler[96442]: DEBUG cotyledon.oslo_config_glue [-] oslo_limit.endpoint_override = None {{(pid=96442) log_opt_values /opt/stack/data/venv/lib/python3.12/site-packages/oslo_config/cfg.py:3253}}
Jun 30 22:58:59.861464 np0000004046 nova-scheduler[96442]: DEBUG cotyledon.oslo_config_glue [-] oslo_limit.endpoint_region_name = None {{(pid=96442) log_opt_values /opt/stack/data/venv/lib/python3.12/site-packages/oslo_config/cfg.py:3253}}
Jun 30 22:58:59.861464 np0000004046 nova-scheduler[96442]: DEBUG cotyledon.oslo_config_glue [-] oslo_limit.endpoint_service_name = None {{(pid=96442) log_opt_values /opt/stack/data/venv/lib/python3.12/site-packages/oslo_config/cfg.py:3253}}
Jun 30 22:58:59.861791 np0000004046 nova-scheduler[96442]: DEBUG cotyledon.oslo_config_glue [-] oslo_limit.endpoint_service_type = None {{(pid=96442) log_opt_values /opt/stack/data/venv/lib/python3.12/site-packages/oslo_config/cfg.py:3253}}
Jun 30 22:58:59.861791 np0000004046 nova-scheduler[96442]: DEBUG cotyledon.oslo_config_glue [-] oslo_limit.insecure = False {{(pid=96442) log_opt_values /opt/stack/data/venv/lib/python3.12/site-packages/oslo_config/cfg.py:3253}}
Jun 30 22:58:59.861791 np0000004046 nova-scheduler[96442]: DEBUG cotyledon.oslo_config_glue [-] oslo_limit.keyfile = None {{(pid=96442) log_opt_values /opt/stack/data/venv/lib/python3.12/site-packages/oslo_config/cfg.py:3253}}
Jun 30 22:58:59.861791 np0000004046 nova-scheduler[96442]: DEBUG cotyledon.oslo_config_glue [-] oslo_limit.max_version = None {{(pid=96442) log_opt_values /opt/stack/data/venv/lib/python3.12/site-packages/oslo_config/cfg.py:3253}}
Jun 30 22:58:59.861791 np0000004046 nova-scheduler[96442]: DEBUG cotyledon.oslo_config_glue [-] oslo_limit.min_version = None {{(pid=96442) log_opt_values /opt/stack/data/venv/lib/python3.12/site-packages/oslo_config/cfg.py:3253}}
Jun 30 22:58:59.861791 np0000004046 nova-scheduler[96442]: DEBUG cotyledon.oslo_config_glue [-] oslo_limit.region_name = None {{(pid=96442) log_opt_values /opt/stack/data/venv/lib/python3.12/site-packages/oslo_config/cfg.py:3253}}
Jun 30 22:58:59.861791 np0000004046 nova-scheduler[96442]: DEBUG cotyledon.oslo_config_glue [-] oslo_limit.retriable_status_codes = None {{(pid=96442) log_opt_values /opt/stack/data/venv/lib/python3.12/site-packages/oslo_config/cfg.py:3253}}
Jun 30 22:58:59.861791 np0000004046 nova-scheduler[96442]: DEBUG cotyledon.oslo_config_glue [-] oslo_limit.service_name = None {{(pid=96442) log_opt_values /opt/stack/data/venv/lib/python3.12/site-packages/oslo_config/cfg.py:3253}}
Jun 30 22:58:59.861791 np0000004046 nova-scheduler[96442]: DEBUG cotyledon.oslo_config_glue [-] oslo_limit.service_type = None {{(pid=96442) log_opt_values /opt/stack/data/venv/lib/python3.12/site-packages/oslo_config/cfg.py:3253}}
Jun 30 22:58:59.862139 np0000004046 nova-scheduler[96442]: DEBUG cotyledon.oslo_config_glue [-] oslo_limit.split_loggers = False {{(pid=96442) log_opt_values /opt/stack/data/venv/lib/python3.12/site-packages/oslo_config/cfg.py:3253}}
Jun 30 22:58:59.862139 np0000004046 nova-scheduler[96442]: DEBUG cotyledon.oslo_config_glue [-] oslo_limit.status_code_retries = None {{(pid=96442) log_opt_values /opt/stack/data/venv/lib/python3.12/site-packages/oslo_config/cfg.py:3253}}
Jun 30 22:58:59.862139 np0000004046 nova-scheduler[96442]: DEBUG cotyledon.oslo_config_glue [-] oslo_limit.status_code_retry_delay = None {{(pid=96442) log_opt_values /opt/stack/data/venv/lib/python3.12/site-packages/oslo_config/cfg.py:3253}}
Jun 30 22:58:59.862139 np0000004046 nova-scheduler[96442]: DEBUG cotyledon.oslo_config_glue [-] oslo_limit.timeout = None {{(pid=96442) log_opt_values /opt/stack/data/venv/lib/python3.12/site-packages/oslo_config/cfg.py:3253}}
Jun 30 22:58:59.862139 np0000004046 nova-scheduler[96442]: DEBUG cotyledon.oslo_config_glue [-] oslo_limit.valid_interfaces = None {{(pid=96442) log_opt_values /opt/stack/data/venv/lib/python3.12/site-packages/oslo_config/cfg.py:3253}}
Jun 30 22:58:59.862139 np0000004046 nova-scheduler[96442]: DEBUG cotyledon.oslo_config_glue [-] oslo_limit.version = None {{(pid=96442) log_opt_values /opt/stack/data/venv/lib/python3.12/site-packages/oslo_config/cfg.py:3253}}
Jun 30 22:58:59.862139 np0000004046 nova-scheduler[96442]: DEBUG cotyledon.oslo_config_glue [-] oslo_reports.file_event_handler = None {{(pid=96442) log_opt_values /opt/stack/data/venv/lib/python3.12/site-packages/oslo_config/cfg.py:3253}}
Jun 30 22:58:59.862139 np0000004046 nova-scheduler[96442]: DEBUG cotyledon.oslo_config_glue [-] oslo_reports.file_event_handler_interval = 1 {{(pid=96442) log_opt_values /opt/stack/data/venv/lib/python3.12/site-packages/oslo_config/cfg.py:3253}}
Jun 30 22:58:59.862139 np0000004046 nova-scheduler[96442]: DEBUG cotyledon.oslo_config_glue [-] oslo_reports.log_dir = None {{(pid=96442) log_opt_values /opt/stack/data/venv/lib/python3.12/site-packages/oslo_config/cfg.py:3253}}
Jun 30 22:58:59.862447 np0000004046 nova-scheduler[96442]: DEBUG cotyledon.oslo_config_glue [-] ******************************************************************************** {{(pid=96442) log_opt_values /opt/stack/data/venv/lib/python3.12/site-packages/oslo_config/cfg.py:3260}}
Jun 30 22:58:59.862447 np0000004046 nova-scheduler[96442]: DEBUG cotyledon._service_worker [-] Run service ServiceWrapper(3) [96442] {{(pid=96442) wait_forever /opt/stack/data/venv/lib/python3.12/site-packages/cotyledon/_service_worker.py:218}}
Jun 30 22:58:59.862447 np0000004046 nova-scheduler[96442]: INFO nova.service [-] Starting scheduler node (version 33.1.0)
Jun 30 22:58:59.862447 np0000004046 nova-scheduler[96442]: INFO dbcounter [None req-41a5e84c-6d97-43bc-b59d-183dfcd23a6f None None] Registered counter for database nova_cell0
Jun 30 22:58:59.862615 np0000004046 nova-scheduler[96440]: DEBUG oslo_db.sqlalchemy.engines [None req-e13c971b-cedc-42e0-ba3c-3b93e26ee419 None None] MySQL server mode set to STRICT_TRANS_TABLES,STRICT_ALL_TABLES,NO_ZERO_IN_DATE,NO_ZERO_DATE,ERROR_FOR_DIVISION_BY_ZERO,TRADITIONAL,NO_ENGINE_SUBSTITUTION {{(pid=96440) _check_effective_sql_mode /opt/stack/data/venv/lib/python3.12/site-packages/oslo_db/sqlalchemy/engines.py:325}}
Jun 30 22:58:59.862680 np0000004046 nova-scheduler[96438]: DEBUG nova.service [None req-a1ff80c5-f91a-48a1-a1d8-ec5172abf8f1 None None] Join ServiceGroup membership for this service scheduler {{(pid=96438) start /opt/stack/nova/nova/service.py:222}}
Jun 30 22:58:59.862680 np0000004046 nova-scheduler[96438]: DEBUG nova.servicegroup.drivers.db [None req-a1ff80c5-f91a-48a1-a1d8-ec5172abf8f1 None None] DB_Driver: join new ServiceGroup member np0000004046 to the scheduler group, service = {{(pid=96438) join /opt/stack/nova/nova/servicegroup/drivers/db.py:44}}
Jun 30 22:58:59.862772 np0000004046 nova-scheduler[96436]: DEBUG nova.service [None req-9b68f03b-55d5-4114-9647-d742c92b8584 None None] Join ServiceGroup membership for this service scheduler {{(pid=96436) start /opt/stack/nova/nova/service.py:222}}
Jun 30 22:58:59.862772 np0000004046 nova-scheduler[96436]: DEBUG nova.servicegroup.drivers.db [None req-9b68f03b-55d5-4114-9647-d742c92b8584 None None] DB_Driver: join new ServiceGroup member np0000004046 to the scheduler group, service = {{(pid=96436) join /opt/stack/nova/nova/servicegroup/drivers/db.py:44}}
Jun 30 22:58:59.862859 np0000004046 nova-scheduler[96440]: DEBUG dbcounter [-] [96440] Writer thread running {{(pid=96440) stat_writer /opt/stack/data/venv/lib/python3.12/site-packages/dbcounter.py:102}}
Jun 30 22:58:59.862859 np0000004046 nova-scheduler[96440]: DEBUG nova.service [None req-e13c971b-cedc-42e0-ba3c-3b93e26ee419 None None] Creating RPC server for service: nova-scheduler on topic: scheduler {{(pid=96440) start /opt/stack/nova/nova/service.py:196}}
Jun 30 22:58:59.878272 np0000004046 nova-scheduler[96442]: DEBUG oslo_db.sqlalchemy.engines [None req-41a5e84c-6d97-43bc-b59d-183dfcd23a6f None None] MySQL server mode set to STRICT_TRANS_TABLES,STRICT_ALL_TABLES,NO_ZERO_IN_DATE,NO_ZERO_DATE,ERROR_FOR_DIVISION_BY_ZERO,TRADITIONAL,NO_ENGINE_SUBSTITUTION {{(pid=96442) _check_effective_sql_mode /opt/stack/data/venv/lib/python3.12/site-packages/oslo_db/sqlalchemy/engines.py:325}}
Jun 30 22:58:59.878619 np0000004046 nova-scheduler[96440]: DEBUG nova.service [None req-e13c971b-cedc-42e0-ba3c-3b93e26ee419 None None] Join ServiceGroup membership for this service scheduler {{(pid=96440) start /opt/stack/nova/nova/service.py:222}}
Jun 30 22:58:59.878890 np0000004046 nova-scheduler[96440]: DEBUG nova.servicegroup.drivers.db [None req-e13c971b-cedc-42e0-ba3c-3b93e26ee419 None None] DB_Driver: join new ServiceGroup member np0000004046 to the scheduler group, service = {{(pid=96440) join /opt/stack/nova/nova/servicegroup/drivers/db.py:44}}
Jun 30 22:58:59.888353 np0000004046 nova-scheduler[96442]: DEBUG dbcounter [-] [96442] Writer thread running {{(pid=96442) stat_writer /opt/stack/data/venv/lib/python3.12/site-packages/dbcounter.py:102}}
Jun 30 22:58:59.891145 np0000004046 nova-scheduler[96442]: DEBUG nova.service [None req-41a5e84c-6d97-43bc-b59d-183dfcd23a6f None None] Creating RPC server for service: nova-scheduler on topic: scheduler {{(pid=96442) start /opt/stack/nova/nova/service.py:196}}
Jun 30 22:58:59.915217 np0000004046 nova-scheduler[96442]: DEBUG nova.service [None req-41a5e84c-6d97-43bc-b59d-183dfcd23a6f None None] Join ServiceGroup membership for this service scheduler {{(pid=96442) start /opt/stack/nova/nova/service.py:222}}
Jun 30 22:58:59.915217 np0000004046 nova-scheduler[96442]: DEBUG nova.servicegroup.drivers.db [None req-41a5e84c-6d97-43bc-b59d-183dfcd23a6f None None] DB_Driver: join new ServiceGroup member np0000004046 to the scheduler group, service = {{(pid=96442) join /opt/stack/nova/nova/servicegroup/drivers/db.py:44}}
Jun 30 22:58:59.916210 np0000004046 nova-scheduler[96442]: DEBUG oslo.service.backend._threading.loopingcall [None req-f23da9bc-12fa-4429-9166-160b3505b9cc None None] Dynamic interval looping call 'nova.service.Service.periodic_tasks' sleeping for 60.00 seconds {{(pid=96442) _run_loop /opt/stack/data/venv/lib/python3.12/site-packages/oslo_service/backend/_threading/loopingcall.py:125}}
Jun 30 22:59:04.868655 np0000004046 nova-scheduler[96438]: DEBUG oslo.service.backend._threading.loopingcall [-] Fixed interval looping call 'nova.servicegroup.drivers.db.DbDriver._report_state' sleeping for 119.98 seconds {{(pid=96438) _run_loop /opt/stack/data/venv/lib/python3.12/site-packages/oslo_service/backend/_threading/loopingcall.py:125}}
Jun 30 22:59:04.869944 np0000004046 nova-scheduler[96436]: DEBUG oslo.service.backend._threading.loopingcall [-] Fixed interval looping call 'nova.servicegroup.drivers.db.DbDriver._report_state' sleeping for 119.98 seconds {{(pid=96436) _run_loop /opt/stack/data/venv/lib/python3.12/site-packages/oslo_service/backend/_threading/loopingcall.py:125}}
Jun 30 22:59:04.893651 np0000004046 nova-scheduler[96440]: DEBUG oslo.service.backend._threading.loopingcall [-] Fixed interval looping call 'nova.servicegroup.drivers.db.DbDriver._report_state' sleeping for 119.99 seconds {{(pid=96440) _run_loop /opt/stack/data/venv/lib/python3.12/site-packages/oslo_service/backend/_threading/loopingcall.py:125}}
Jun 30 22:59:04.927602 np0000004046 nova-scheduler[96442]: DEBUG oslo.service.backend._threading.loopingcall [-] Fixed interval looping call 'nova.servicegroup.drivers.db.DbDriver._report_state' sleeping for 119.99 seconds {{(pid=96442) _run_loop /opt/stack/data/venv/lib/python3.12/site-packages/oslo_service/backend/_threading/loopingcall.py:125}}
Jun 30 22:59:08.413785 np0000004046 nova-scheduler[95166]: DEBUG dbcounter [-] [95166] Writing DB stats nova_api:SELECT=3 {{(pid=95166) stat_writer /opt/stack/data/venv/lib/python3.12/site-packages/dbcounter.py:115}}
Jun 30 22:59:08.557964 np0000004046 nova-scheduler[95166]: DEBUG dbcounter [-] [95166] Writing DB stats nova_cell0:SELECT=1 {{(pid=95166) stat_writer /opt/stack/data/venv/lib/python3.12/site-packages/dbcounter.py:115}}
Jun 30 22:59:08.562597 np0000004046 nova-scheduler[95166]: DEBUG dbcounter [-] [95166] Writing DB stats nova_cell1:SELECT=1 {{(pid=95166) stat_writer /opt/stack/data/venv/lib/python3.12/site-packages/dbcounter.py:115}}
Jun 30 22:59:14.859344 np0000004046 nova-scheduler[96438]: DEBUG dbcounter [-] [96438] Writing DB stats nova_cell0:SELECT=3,nova_cell0:UPDATE=1 {{(pid=96438) stat_writer /opt/stack/data/venv/lib/python3.12/site-packages/dbcounter.py:115}}
Jun 30 22:59:14.863477 np0000004046 nova-scheduler[96436]: DEBUG dbcounter [-] [96436] Writing DB stats nova_cell0:SELECT=4,nova_cell0:INSERT=1,nova_cell0:UPDATE=1 {{(pid=96436) stat_writer /opt/stack/data/venv/lib/python3.12/site-packages/dbcounter.py:115}}
Jun 30 22:59:14.890032 np0000004046 nova-scheduler[96440]: DEBUG dbcounter [-] [96440] Writing DB stats nova_cell0:SELECT=3 {{(pid=96440) stat_writer /opt/stack/data/venv/lib/python3.12/site-packages/dbcounter.py:115}}
Jun 30 22:59:14.923948 np0000004046 nova-scheduler[96442]: DEBUG dbcounter [-] [96442] Writing DB stats nova_cell0:SELECT=3 {{(pid=96442) stat_writer /opt/stack/data/venv/lib/python3.12/site-packages/dbcounter.py:115}}
Jun 30 22:59:18.882223 np0000004046 nova-scheduler[96440]: DEBUG oslo.service.backend._threading.loopingcall [None req-d14427c8-5090-43b2-aa68-8b5785cfe7f9 None None] Dynamic interval looping call 'nova.service.Service.periodic_tasks' sleeping for 60.00 seconds {{(pid=96440) _run_loop /opt/stack/data/venv/lib/python3.12/site-packages/oslo_service/backend/_threading/loopingcall.py:125}}
Jun 30 22:59:22.845834 np0000004046 nova-scheduler[96436]: DEBUG oslo.service.backend._threading.loopingcall [None req-10c360d7-13f6-4e9a-a928-6000c268a139 None None] Dynamic interval looping call 'nova.service.Service.periodic_tasks' sleeping for 60.00 seconds {{(pid=96436) _run_loop /opt/stack/data/venv/lib/python3.12/site-packages/oslo_service/backend/_threading/loopingcall.py:125}}
Jun 30 22:59:27.844583 np0000004046 nova-scheduler[96438]: DEBUG oslo.service.backend._threading.loopingcall [None req-8653a3b1-17ce-4e0d-bb32-409918959a89 None None] Dynamic interval looping call 'nova.service.Service.periodic_tasks' sleeping for 60.00 seconds {{(pid=96438) _run_loop /opt/stack/data/venv/lib/python3.12/site-packages/oslo_service/backend/_threading/loopingcall.py:125}}
Jun 30 22:59:59.916762 np0000004046 nova-scheduler[96442]: DEBUG oslo.service.backend._threading.loopingcall [None req-f23da9bc-12fa-4429-9166-160b3505b9cc None None] Dynamic interval looping call 'nova.service.Service.periodic_tasks' sleeping for 60.00 seconds {{(pid=96442) _run_loop /opt/stack/data/venv/lib/python3.12/site-packages/oslo_service/backend/_threading/loopingcall.py:125}}
Jun 30 23:00:18.881556 np0000004046 nova-scheduler[96440]: DEBUG oslo.service.backend._threading.loopingcall [None req-d14427c8-5090-43b2-aa68-8b5785cfe7f9 None None] Dynamic interval looping call 'nova.service.Service.periodic_tasks' sleeping for 60.00 seconds {{(pid=96440) _run_loop /opt/stack/data/venv/lib/python3.12/site-packages/oslo_service/backend/_threading/loopingcall.py:125}}
Jun 30 23:00:22.846293 np0000004046 nova-scheduler[96436]: DEBUG oslo.service.backend._threading.loopingcall [None req-10c360d7-13f6-4e9a-a928-6000c268a139 None None] Dynamic interval looping call 'nova.service.Service.periodic_tasks' sleeping for 60.00 seconds {{(pid=96436) _run_loop /opt/stack/data/venv/lib/python3.12/site-packages/oslo_service/backend/_threading/loopingcall.py:125}}
Jun 30 23:00:27.845363 np0000004046 nova-scheduler[96438]: DEBUG oslo.service.backend._threading.loopingcall [None req-8653a3b1-17ce-4e0d-bb32-409918959a89 None None] Dynamic interval looping call 'nova.service.Service.periodic_tasks' sleeping for 60.00 seconds {{(pid=96438) _run_loop /opt/stack/data/venv/lib/python3.12/site-packages/oslo_service/backend/_threading/loopingcall.py:125}}
Jun 30 23:00:59.920209 np0000004046 nova-scheduler[96442]: DEBUG oslo.service.backend._threading.loopingcall [None req-f23da9bc-12fa-4429-9166-160b3505b9cc None None] Dynamic interval looping call 'nova.service.Service.periodic_tasks' sleeping for 60.00 seconds {{(pid=96442) _run_loop /opt/stack/data/venv/lib/python3.12/site-packages/oslo_service/backend/_threading/loopingcall.py:125}}
Jun 30 23:01:04.865619 np0000004046 nova-scheduler[96438]: DEBUG oslo.service.backend._threading.loopingcall [-] Fixed interval looping call 'nova.servicegroup.drivers.db.DbDriver._report_state' sleeping for 119.98 seconds {{(pid=96438) _run_loop /opt/stack/data/venv/lib/python3.12/site-packages/oslo_service/backend/_threading/loopingcall.py:125}}
Jun 30 23:01:04.866424 np0000004046 nova-scheduler[96436]: DEBUG oslo.service.backend._threading.loopingcall [-] Fixed interval looping call 'nova.servicegroup.drivers.db.DbDriver._report_state' sleeping for 119.98 seconds {{(pid=96436) _run_loop /opt/stack/data/venv/lib/python3.12/site-packages/oslo_service/backend/_threading/loopingcall.py:125}}
Jun 30 23:01:04.888721 np0000004046 nova-scheduler[96440]: DEBUG oslo.service.backend._threading.loopingcall [-] Fixed interval looping call 'nova.servicegroup.drivers.db.DbDriver._report_state' sleeping for 120.00 seconds {{(pid=96440) _run_loop /opt/stack/data/venv/lib/python3.12/site-packages/oslo_service/backend/_threading/loopingcall.py:125}}
Jun 30 23:01:04.921694 np0000004046 nova-scheduler[96442]: DEBUG oslo.service.backend._threading.loopingcall [-] Fixed interval looping call 'nova.servicegroup.drivers.db.DbDriver._report_state' sleeping for 120.00 seconds {{(pid=96442) _run_loop /opt/stack/data/venv/lib/python3.12/site-packages/oslo_service/backend/_threading/loopingcall.py:125}}
Jun 30 23:01:11.541389 np0000004046 nova-scheduler[96438]: DEBUG nova.scheduler.manager [None req-9da27024-b757-425e-91d0-d068315787ea tempest-ServerRescueNegativeTestJSON-2116520893 tempest-ServerRescueNegativeTestJSON-2116520893-project-member] Starting to schedule for instances: ['072a1f4e-b85c-48c6-a965-d53067750516'] {{(pid=96438) select_destinations /opt/stack/nova/nova/scheduler/manager.py:209}}
Jun 30 23:01:11.542174 np0000004046 nova-scheduler[96438]: DEBUG nova.scheduler.request_filter [None req-9da27024-b757-425e-91d0-d068315787ea tempest-ServerRescueNegativeTestJSON-2116520893 tempest-ServerRescueNegativeTestJSON-2116520893-project-member] compute_status_filter request filter added forbidden trait COMPUTE_STATUS_DISABLED {{(pid=96438) compute_status_filter /opt/stack/nova/nova/scheduler/request_filter.py:253}}
Jun 30 23:01:11.542439 np0000004046 nova-scheduler[96438]: DEBUG nova.scheduler.request_filter [None req-9da27024-b757-425e-91d0-d068315787ea tempest-ServerRescueNegativeTestJSON-2116520893 tempest-ServerRescueNegativeTestJSON-2116520893-project-member] Request filter 'compute_status_filter' took 0.0 seconds {{(pid=96438) wrapper /opt/stack/nova/nova/scheduler/request_filter.py:46}}
Jun 30 23:01:11.542882 np0000004046 nova-scheduler[96438]: DEBUG nova.scheduler.request_filter [None req-9da27024-b757-425e-91d0-d068315787ea tempest-ServerRescueNegativeTestJSON-2116520893 tempest-ServerRescueNegativeTestJSON-2116520893-project-member] Request filter 'accelerators_filter' took 0.0 seconds {{(pid=96438) wrapper /opt/stack/nova/nova/scheduler/request_filter.py:46}}
Jun 30 23:01:11.543228 np0000004046 nova-scheduler[96438]: DEBUG nova.scheduler.request_filter [None req-9da27024-b757-425e-91d0-d068315787ea tempest-ServerRescueNegativeTestJSON-2116520893 tempest-ServerRescueNegativeTestJSON-2116520893-project-member] Request filter 'packed_virtqueue_filter' took 0.0 seconds {{(pid=96438) wrapper /opt/stack/nova/nova/scheduler/request_filter.py:46}}
Jun 30 23:01:11.544157 np0000004046 nova-scheduler[96438]: DEBUG nova.scheduler.request_filter [None req-9da27024-b757-425e-91d0-d068315787ea tempest-ServerRescueNegativeTestJSON-2116520893 tempest-ServerRescueNegativeTestJSON-2116520893-project-member] Request filter 'remote_managed_ports_filter' took 0.0 seconds {{(pid=96438) wrapper /opt/stack/nova/nova/scheduler/request_filter.py:46}}
Jun 30 23:01:11.544464 np0000004046 nova-scheduler[96438]: DEBUG nova.scheduler.request_filter [None req-9da27024-b757-425e-91d0-d068315787ea tempest-ServerRescueNegativeTestJSON-2116520893 tempest-ServerRescueNegativeTestJSON-2116520893-project-member] ephemeral_encryption_filter skipped {{(pid=96438) ephemeral_encryption_filter /opt/stack/nova/nova/scheduler/request_filter.py:426}}
Jun 30 23:01:11.545566 np0000004046 nova-scheduler[96438]: DEBUG nova.scheduler.request_filter [None req-9da27024-b757-425e-91d0-d068315787ea tempest-ServerRescueNegativeTestJSON-2116520893 tempest-ServerRescueNegativeTestJSON-2116520893-project-member] virtio_sound_filter skipped {{(pid=96438) virtio_sound_filter /opt/stack/nova/nova/scheduler/request_filter.py:460}}
Jun 30 23:01:11.546181 np0000004046 nova-scheduler[96438]: DEBUG nova.scheduler.request_filter [None req-9da27024-b757-425e-91d0-d068315787ea tempest-ServerRescueNegativeTestJSON-2116520893 tempest-ServerRescueNegativeTestJSON-2116520893-project-member] tpm_secret_security_filter skipped {{(pid=96438) tpm_secret_security_filter /opt/stack/nova/nova/scheduler/request_filter.py:477}}
Jun 30 23:01:11.780819 np0000004046 nova-scheduler[96436]: DEBUG nova.scheduler.manager [None req-4edf146f-19c1-4c1b-9475-270b2039c9bb tempest-DeleteServersTestJSON-1513180284 tempest-DeleteServersTestJSON-1513180284-project-member] Starting to schedule for instances: ['c29f22c6-b4eb-4a78-8644-07d964aab3a2'] {{(pid=96436) select_destinations /opt/stack/nova/nova/scheduler/manager.py:209}}
Jun 30 23:01:11.783342 np0000004046 nova-scheduler[96436]: DEBUG nova.scheduler.request_filter [None req-4edf146f-19c1-4c1b-9475-270b2039c9bb tempest-DeleteServersTestJSON-1513180284 tempest-DeleteServersTestJSON-1513180284-project-member] compute_status_filter request filter added forbidden trait COMPUTE_STATUS_DISABLED {{(pid=96436) compute_status_filter /opt/stack/nova/nova/scheduler/request_filter.py:253}}
Jun 30 23:01:11.783513 np0000004046 nova-scheduler[96436]: DEBUG nova.scheduler.request_filter [None req-4edf146f-19c1-4c1b-9475-270b2039c9bb tempest-DeleteServersTestJSON-1513180284 tempest-DeleteServersTestJSON-1513180284-project-member] Request filter 'compute_status_filter' took 0.0 seconds {{(pid=96436) wrapper /opt/stack/nova/nova/scheduler/request_filter.py:46}}
Jun 30 23:01:11.783907 np0000004046 nova-scheduler[96436]: DEBUG nova.scheduler.request_filter [None req-4edf146f-19c1-4c1b-9475-270b2039c9bb tempest-DeleteServersTestJSON-1513180284 tempest-DeleteServersTestJSON-1513180284-project-member] Request filter 'accelerators_filter' took 0.0 seconds {{(pid=96436) wrapper /opt/stack/nova/nova/scheduler/request_filter.py:46}}
Jun 30 23:01:11.784172 np0000004046 nova-scheduler[96436]: DEBUG nova.scheduler.request_filter [None req-4edf146f-19c1-4c1b-9475-270b2039c9bb tempest-DeleteServersTestJSON-1513180284 tempest-DeleteServersTestJSON-1513180284-project-member] Request filter 'packed_virtqueue_filter' took 0.0 seconds {{(pid=96436) wrapper /opt/stack/nova/nova/scheduler/request_filter.py:46}}
Jun 30 23:01:11.784598 np0000004046 nova-scheduler[96436]: DEBUG nova.scheduler.request_filter [None req-4edf146f-19c1-4c1b-9475-270b2039c9bb tempest-DeleteServersTestJSON-1513180284 tempest-DeleteServersTestJSON-1513180284-project-member] Request filter 'remote_managed_ports_filter' took 0.0 seconds {{(pid=96436) wrapper /opt/stack/nova/nova/scheduler/request_filter.py:46}}
Jun 30 23:01:11.786406 np0000004046 nova-scheduler[96436]: DEBUG nova.scheduler.request_filter [None req-4edf146f-19c1-4c1b-9475-270b2039c9bb tempest-DeleteServersTestJSON-1513180284 tempest-DeleteServersTestJSON-1513180284-project-member] ephemeral_encryption_filter skipped {{(pid=96436) ephemeral_encryption_filter /opt/stack/nova/nova/scheduler/request_filter.py:426}}
Jun 30 23:01:11.786628 np0000004046 nova-scheduler[96436]: DEBUG nova.scheduler.request_filter [None req-4edf146f-19c1-4c1b-9475-270b2039c9bb tempest-DeleteServersTestJSON-1513180284 tempest-DeleteServersTestJSON-1513180284-project-member] virtio_sound_filter skipped {{(pid=96436) virtio_sound_filter /opt/stack/nova/nova/scheduler/request_filter.py:460}}
Jun 30 23:01:11.786815 np0000004046 nova-scheduler[96436]: DEBUG nova.scheduler.request_filter [None req-4edf146f-19c1-4c1b-9475-270b2039c9bb tempest-DeleteServersTestJSON-1513180284 tempest-DeleteServersTestJSON-1513180284-project-member] tpm_secret_security_filter skipped {{(pid=96436) tpm_secret_security_filter /opt/stack/nova/nova/scheduler/request_filter.py:477}}
Jun 30 23:01:12.187442 np0000004046 nova-scheduler[96438]: INFO nova.utils [None req-9da27024-b757-425e-91d0-d068315787ea tempest-ServerRescueNegativeTestJSON-2116520893 tempest-ServerRescueNegativeTestJSON-2116520893-project-member] The cell worker thread pool ForkProcess-2.cell_worker is initialized
Jun 30 23:01:12.187933 np0000004046 nova-scheduler[96438]: DEBUG oslo_concurrency.lockutils [None req-9da27024-b757-425e-91d0-d068315787ea tempest-ServerRescueNegativeTestJSON-2116520893 tempest-ServerRescueNegativeTestJSON-2116520893-project-member] Acquiring lock "ca48e326-d8bd-48bc-9e81-d67d31e7ee16" by "nova.context.set_target_cell..get_or_set_cached_cell_and_set_connections" {{(pid=96438) inner /opt/stack/data/venv/lib/python3.12/site-packages/oslo_concurrency/lockutils.py:511}}
Jun 30 23:01:12.188282 np0000004046 nova-scheduler[96438]: DEBUG oslo_concurrency.lockutils [None req-9da27024-b757-425e-91d0-d068315787ea tempest-ServerRescueNegativeTestJSON-2116520893 tempest-ServerRescueNegativeTestJSON-2116520893-project-member] Lock "ca48e326-d8bd-48bc-9e81-d67d31e7ee16" acquired by "nova.context.set_target_cell..get_or_set_cached_cell_and_set_connections" :: waited 0.000s {{(pid=96438) inner /opt/stack/data/venv/lib/python3.12/site-packages/oslo_concurrency/lockutils.py:524}}
Jun 30 23:01:12.190156 np0000004046 nova-scheduler[96438]: DEBUG oslo_concurrency.lockutils [None req-9da27024-b757-425e-91d0-d068315787ea tempest-ServerRescueNegativeTestJSON-2116520893 tempest-ServerRescueNegativeTestJSON-2116520893-project-member] Lock "ca48e326-d8bd-48bc-9e81-d67d31e7ee16" "released" by "nova.context.set_target_cell..get_or_set_cached_cell_and_set_connections" :: held 0.002s {{(pid=96438) inner /opt/stack/data/venv/lib/python3.12/site-packages/oslo_concurrency/lockutils.py:543}}
Jun 30 23:01:12.192082 np0000004046 nova-scheduler[96438]: INFO dbcounter [None req-9da27024-b757-425e-91d0-d068315787ea tempest-ServerRescueNegativeTestJSON-2116520893 tempest-ServerRescueNegativeTestJSON-2116520893-project-member] Registered counter for database nova_cell1
Jun 30 23:01:12.241676 np0000004046 nova-scheduler[96438]: DEBUG oslo_db.sqlalchemy.engines [None req-9da27024-b757-425e-91d0-d068315787ea tempest-ServerRescueNegativeTestJSON-2116520893 tempest-ServerRescueNegativeTestJSON-2116520893-project-member] MySQL server mode set to STRICT_TRANS_TABLES,STRICT_ALL_TABLES,NO_ZERO_IN_DATE,NO_ZERO_DATE,ERROR_FOR_DIVISION_BY_ZERO,TRADITIONAL,NO_ENGINE_SUBSTITUTION {{(pid=96438) _check_effective_sql_mode /opt/stack/data/venv/lib/python3.12/site-packages/oslo_db/sqlalchemy/engines.py:325}}
Jun 30 23:01:12.247841 np0000004046 nova-scheduler[96438]: DEBUG dbcounter [-] [96438] Writer thread running {{(pid=96438) stat_writer /opt/stack/data/venv/lib/python3.12/site-packages/dbcounter.py:102}}
Jun 30 23:01:12.267788 np0000004046 nova-scheduler[96438]: DEBUG oslo_db.sqlalchemy.engines [None req-9da27024-b757-425e-91d0-d068315787ea tempest-ServerRescueNegativeTestJSON-2116520893 tempest-ServerRescueNegativeTestJSON-2116520893-project-member] Parent process 95166 forked (96438) with an open database connection, which is being discarded and recreated. {{(pid=96438) checkout /opt/stack/data/venv/lib/python3.12/site-packages/oslo_db/sqlalchemy/engines.py:402}}
Jun 30 23:01:12.311925 np0000004046 nova-scheduler[96438]: DEBUG dbcounter [-] [96438] Writer thread running {{(pid=96438) stat_writer /opt/stack/data/venv/lib/python3.12/site-packages/dbcounter.py:102}}
Jun 30 23:01:12.315576 np0000004046 nova-scheduler[96436]: INFO nova.utils [None req-4edf146f-19c1-4c1b-9475-270b2039c9bb tempest-DeleteServersTestJSON-1513180284 tempest-DeleteServersTestJSON-1513180284-project-member] The cell worker thread pool ForkProcess-1.cell_worker is initialized
Jun 30 23:01:12.315909 np0000004046 nova-scheduler[96436]: DEBUG oslo_concurrency.lockutils [None req-4edf146f-19c1-4c1b-9475-270b2039c9bb tempest-DeleteServersTestJSON-1513180284 tempest-DeleteServersTestJSON-1513180284-project-member] Acquiring lock "ca48e326-d8bd-48bc-9e81-d67d31e7ee16" by "nova.context.set_target_cell..get_or_set_cached_cell_and_set_connections" {{(pid=96436) inner /opt/stack/data/venv/lib/python3.12/site-packages/oslo_concurrency/lockutils.py:511}}
Jun 30 23:01:12.316094 np0000004046 nova-scheduler[96436]: DEBUG oslo_concurrency.lockutils [None req-4edf146f-19c1-4c1b-9475-270b2039c9bb tempest-DeleteServersTestJSON-1513180284 tempest-DeleteServersTestJSON-1513180284-project-member] Lock "ca48e326-d8bd-48bc-9e81-d67d31e7ee16" acquired by "nova.context.set_target_cell..get_or_set_cached_cell_and_set_connections" :: waited 0.000s {{(pid=96436) inner /opt/stack/data/venv/lib/python3.12/site-packages/oslo_concurrency/lockutils.py:524}}
Jun 30 23:01:12.316676 np0000004046 nova-scheduler[96438]: DEBUG oslo_concurrency.lockutils [None req-9da27024-b757-425e-91d0-d068315787ea tempest-ServerRescueNegativeTestJSON-2116520893 tempest-ServerRescueNegativeTestJSON-2116520893-project-member] Acquiring lock "ca48e326-d8bd-48bc-9e81-d67d31e7ee16" by "nova.context.set_target_cell..get_or_set_cached_cell_and_set_connections" {{(pid=96438) inner /opt/stack/data/venv/lib/python3.12/site-packages/oslo_concurrency/lockutils.py:511}}
Jun 30 23:01:12.316845 np0000004046 nova-scheduler[96438]: DEBUG oslo_concurrency.lockutils [None req-9da27024-b757-425e-91d0-d068315787ea tempest-ServerRescueNegativeTestJSON-2116520893 tempest-ServerRescueNegativeTestJSON-2116520893-project-member] Lock "ca48e326-d8bd-48bc-9e81-d67d31e7ee16" acquired by "nova.context.set_target_cell..get_or_set_cached_cell_and_set_connections" :: waited 0.000s {{(pid=96438) inner /opt/stack/data/venv/lib/python3.12/site-packages/oslo_concurrency/lockutils.py:524}}
Jun 30 23:01:12.316950 np0000004046 nova-scheduler[96438]: DEBUG oslo_concurrency.lockutils [None req-9da27024-b757-425e-91d0-d068315787ea tempest-ServerRescueNegativeTestJSON-2116520893 tempest-ServerRescueNegativeTestJSON-2116520893-project-member] Lock "ca48e326-d8bd-48bc-9e81-d67d31e7ee16" "released" by "nova.context.set_target_cell..get_or_set_cached_cell_and_set_connections" :: held 0.000s {{(pid=96438) inner /opt/stack/data/venv/lib/python3.12/site-packages/oslo_concurrency/lockutils.py:543}}
Jun 30 23:01:12.317708 np0000004046 nova-scheduler[96436]: DEBUG oslo_concurrency.lockutils [None req-4edf146f-19c1-4c1b-9475-270b2039c9bb tempest-DeleteServersTestJSON-1513180284 tempest-DeleteServersTestJSON-1513180284-project-member] Lock "ca48e326-d8bd-48bc-9e81-d67d31e7ee16" "released" by "nova.context.set_target_cell..get_or_set_cached_cell_and_set_connections" :: held 0.001s {{(pid=96436) inner /opt/stack/data/venv/lib/python3.12/site-packages/oslo_concurrency/lockutils.py:543}}
Jun 30 23:01:12.320255 np0000004046 nova-scheduler[96436]: INFO dbcounter [None req-4edf146f-19c1-4c1b-9475-270b2039c9bb tempest-DeleteServersTestJSON-1513180284 tempest-DeleteServersTestJSON-1513180284-project-member] Registered counter for database nova_cell1
Jun 30 23:01:12.320477 np0000004046 nova-scheduler[96438]: DEBUG oslo_concurrency.lockutils [None req-9da27024-b757-425e-91d0-d068315787ea tempest-ServerRescueNegativeTestJSON-2116520893 tempest-ServerRescueNegativeTestJSON-2116520893-project-member] Acquiring lock "np0000004046-np0000004046" by "nova.scheduler.host_manager.HostState.update.._locked_update" {{(pid=96438) inner /opt/stack/data/venv/lib/python3.12/site-packages/oslo_concurrency/lockutils.py:511}}
Jun 30 23:01:12.320763 np0000004046 nova-scheduler[96438]: DEBUG oslo_concurrency.lockutils [None req-9da27024-b757-425e-91d0-d068315787ea tempest-ServerRescueNegativeTestJSON-2116520893 tempest-ServerRescueNegativeTestJSON-2116520893-project-member] Lock "np0000004046-np0000004046" acquired by "nova.scheduler.host_manager.HostState.update.._locked_update" :: waited 0.000s {{(pid=96438) inner /opt/stack/data/venv/lib/python3.12/site-packages/oslo_concurrency/lockutils.py:524}}
