Jul 03 00:04:11.118765 np0000004337 devstack@g-api.service[99502]: DEBUG glance_store.location [None req-1795a37d-27dc-402d-bd5c-44d059e29b51 tempest-VolumesActionsTest-609244746 tempest-VolumesActionsTest-609244746-project-member] Registering scheme swift+https with {'store': , 'location_class': , 'store_entry': 'swift'} {{(pid=99502) register_scheme_map /opt/stack/data/venv/lib/python3.12/site-packages/glance_store/location.py:146}}
Jul 03 00:04:11.118874 np0000004337 devstack@g-api.service[99502]: DEBUG glance_store.location [None req-1795a37d-27dc-402d-bd5c-44d059e29b51 tempest-VolumesActionsTest-609244746 tempest-VolumesActionsTest-609244746-project-member] Registering scheme swift+https with {'store': , 'location_class': , 'store_entry': 'swift'} {{(pid=99502) register_scheme_map /opt/stack/data/venv/lib/python3.12/site-packages/glance_store/location.py:146}}
Jul 03 00:04:11.118993 np0000004337 devstack@g-api.service[99502]: DEBUG glance_store.location [None req-1795a37d-27dc-402d-bd5c-44d059e29b51 tempest-VolumesActionsTest-609244746 tempest-VolumesActionsTest-609244746-project-member] Registering scheme swift with {'store': , 'location_class': , 'store_entry': 'swift'} {{(pid=99502) register_scheme_map /opt/stack/data/venv/lib/python3.12/site-packages/glance_store/location.py:146}}
Jul 03 00:04:11.119095 np0000004337 devstack@g-api.service[99502]: DEBUG glance_store.location [None req-1795a37d-27dc-402d-bd5c-44d059e29b51 tempest-VolumesActionsTest-609244746 tempest-VolumesActionsTest-609244746-project-member] Registering scheme swift+https with {'store': , 'location_class': , 'store_entry': 'swift'} {{(pid=99502) register_scheme_map /opt/stack/data/venv/lib/python3.12/site-packages/glance_store/location.py:146}}
Jul 03 00:04:11.119198 np0000004337 devstack@g-api.service[99502]: DEBUG glance_store.location [None req-1795a37d-27dc-402d-bd5c-44d059e29b51 tempest-VolumesActionsTest-609244746 tempest-VolumesActionsTest-609244746-project-member] Registering scheme swift with {'store': , 'location_class': , 'store_entry': 'swift'} {{(pid=99502) register_scheme_map /opt/stack/data/venv/lib/python3.12/site-packages/glance_store/location.py:146}}
Jul 03 00:04:11.119306 np0000004337 devstack@g-api.service[99502]: DEBUG glance_store.location [None req-1795a37d-27dc-402d-bd5c-44d059e29b51 tempest-VolumesActionsTest-609244746 tempest-VolumesActionsTest-609244746-project-member] Registering scheme swift+http with {'store': , 'location_class': , 'store_entry': 'swift'} {{(pid=99502) register_scheme_map /opt/stack/data/venv/lib/python3.12/site-packages/glance_store/location.py:146}}
Jul 03 00:04:11.119396 np0000004337 devstack@g-api.service[99502]: DEBUG glance_store.location [None req-1795a37d-27dc-402d-bd5c-44d059e29b51 tempest-VolumesActionsTest-609244746 tempest-VolumesActionsTest-609244746-project-member] Registering scheme swift+https with {'store': , 'location_class': , 'store_entry': 'swift'} {{(pid=99502) register_scheme_map /opt/stack/data/venv/lib/python3.12/site-packages/glance_store/location.py:146}}
Jul 03 00:04:11.119530 np0000004337 devstack@g-api.service[99502]: DEBUG glance_store.location [None req-1795a37d-27dc-402d-bd5c-44d059e29b51 tempest-VolumesActionsTest-609244746 tempest-VolumesActionsTest-609244746-project-member] Registering scheme swift with {'store': , 'location_class': , 'store_entry': 'swift'} {{(pid=99502) register_scheme_map /opt/stack/data/venv/lib/python3.12/site-packages/glance_store/location.py:146}}
Jul 03 00:04:11.119643 np0000004337 devstack@g-api.service[99502]: DEBUG glance_store.location [None req-1795a37d-27dc-402d-bd5c-44d059e29b51 tempest-VolumesActionsTest-609244746 tempest-VolumesActionsTest-609244746-project-member] Registering scheme swift+http with {'store': , 'location_class': , 'store_entry': 'swift'} {{(pid=99502) register_scheme_map /opt/stack/data/venv/lib/python3.12/site-packages/glance_store/location.py:146}}
Jul 03 00:04:11.119773 np0000004337 devstack@g-api.service[99502]: DEBUG glance_store.location [None req-1795a37d-27dc-402d-bd5c-44d059e29b51 tempest-VolumesActionsTest-609244746 tempest-VolumesActionsTest-609244746-project-member] Registering scheme swift+config with {'store': , 'location_class': , 'store_entry': 'swift'} {{(pid=99502) register_scheme_map /opt/stack/data/venv/lib/python3.12/site-packages/glance_store/location.py:146}}
Jul 03 00:04:11.307156 np0000004337 devstack@g-api.service[99502]: DEBUG swiftclient [None req-1795a37d-27dc-402d-bd5c-44d059e29b51 tempest-VolumesActionsTest-609244746 tempest-VolumesActionsTest-609244746-project-member] REQ: curl -i https://10.4.3.147:8080/v1/AUTH_ad065171c82b4be68b543f948529593d/glance -I -H "X-Auth-Token: gAAAAABqRvx76LhK..." {{(pid=99502) http_log /opt/stack/data/venv/lib/python3.12/site-packages/swiftclient/client.py:160}}
Jul 03 00:04:11.307280 np0000004337 devstack@g-api.service[99502]: DEBUG swiftclient [None req-1795a37d-27dc-402d-bd5c-44d059e29b51 tempest-VolumesActionsTest-609244746 tempest-VolumesActionsTest-609244746-project-member] RESP STATUS: 204 No Content {{(pid=99502) http_log /opt/stack/data/venv/lib/python3.12/site-packages/swiftclient/client.py:161}}
Jul 03 00:04:11.307442 np0000004337 devstack@g-api.service[99502]: DEBUG swiftclient [None req-1795a37d-27dc-402d-bd5c-44d059e29b51 tempest-VolumesActionsTest-609244746 tempest-VolumesActionsTest-609244746-project-member] RESP HEADERS: {'Date': 'Fri, 03 Jul 2026 00:04:11 GMT', 'Server': 'Apache/2.4.58 (Ubuntu)', 'Content-Type': 'text/plain; charset=utf-8', 'X-Container-Object-Count': '3', 'X-Container-Bytes-Used': '64356352', 'X-Timestamp': '1783036597.93419', 'Last-Modified': 'Thu, 02 Jul 2026 23:56:38 GMT', 'Accept-Ranges': 'bytes', 'X-Storage-Policy': 'Policy-0', 'X-Container-Sharding': 'False', 'Vary': 'Accept', 'X-Trans-Id': 'txadd059e1beeb45a19152b-006a46fc7b', 'X-Openstack-Request-Id': 'txadd059e1beeb45a19152b-006a46fc7b', 'Connection': 'close'} {{(pid=99502) http_log /opt/stack/data/venv/lib/python3.12/site-packages/swiftclient/client.py:162}}
Jul 03 00:04:11.307628 np0000004337 devstack@g-api.service[99502]: DEBUG glance_store._drivers.swift.store [None req-1795a37d-27dc-402d-bd5c-44d059e29b51 tempest-VolumesActionsTest-609244746 tempest-VolumesActionsTest-609244746-project-member] Adding image object '72c508a3-17be-4a00-9367-5158aca4dfc9' to Swift {{(pid=99502) add /opt/stack/data/venv/lib/python3.12/site-packages/glance_store/_drivers/swift/store.py:970}}
Jul 03 00:04:11.307725 np0000004337 devstack@g-api.service[99502]: DEBUG glance_store._drivers.swift.store [None req-1795a37d-27dc-402d-bd5c-44d059e29b51 tempest-VolumesActionsTest-609244746 tempest-VolumesActionsTest-609244746-project-member] Cannot determine image size because it is either not provided in the request or chunked-transfer encoding is used. Adding image as a segmented object to Swift. {{(pid=99502) add /opt/stack/data/venv/lib/python3.12/site-packages/glance_store/_drivers/swift/store.py:994}}
Jul 03 00:04:11.313953 np0000004337 devstack@g-api.service[99502]: DEBUG oslo_utils.imageutils.format_inspector [None req-1795a37d-27dc-402d-bd5c-44d059e29b51 tempest-VolumesActionsTest-609244746 tempest-VolumesActionsTest-609244746-project-member] Format inspector for vmdk does not match, excluding from consideration (Signature KDMV not found: b'\x00\x00\x00\x00') {{(pid=99502) _process_chunk /opt/stack/data/venv/lib/python3.12/site-packages/oslo_utils/imageutils/format_inspector.py:1758}}
Jul 03 00:04:11.316357 np0000004337 devstack@g-api.service[99502]: DEBUG oslo_utils.imageutils.format_inspector [None req-1795a37d-27dc-402d-bd5c-44d059e29b51 tempest-VolumesActionsTest-609244746 tempest-VolumesActionsTest-609244746-project-member] Format inspector for vhdx does not match, excluding from consideration (Region signature not found at 30000) {{(pid=99502) _process_chunk /opt/stack/data/venv/lib/python3.12/site-packages/oslo_utils/imageutils/format_inspector.py:1758}}
Jul 03 00:04:11.880409 np0000004337 devstack@g-api.service[99504]: DEBUG glance.api.middleware.version_negotiation [None req-7624d56d-32df-4323-9095-f316b60cd616 tempest-VolumesActionsTest-609244746 tempest-VolumesActionsTest-609244746-project-member] Determining version of request: GET /v2/images/72c508a3-17be-4a00-9367-5158aca4dfc9 Accept: application/json {{(pid=99504) process_request /opt/stack/glance/glance/api/middleware/version_negotiation.py:44}}
Jul 03 00:04:11.880712 np0000004337 devstack@g-api.service[99504]: DEBUG glance.api.middleware.version_negotiation [None req-7624d56d-32df-4323-9095-f316b60cd616 tempest-VolumesActionsTest-609244746 tempest-VolumesActionsTest-609244746-project-member] Using url versioning {{(pid=99504) process_request /opt/stack/glance/glance/api/middleware/version_negotiation.py:57}}
Jul 03 00:04:11.880859 np0000004337 devstack@g-api.service[99504]: DEBUG glance.api.middleware.version_negotiation [None req-7624d56d-32df-4323-9095-f316b60cd616 tempest-VolumesActionsTest-609244746 tempest-VolumesActionsTest-609244746-project-member] Matched version: v2 {{(pid=99504) process_request /opt/stack/glance/glance/api/middleware/version_negotiation.py:69}}
Jul 03 00:04:11.881065 np0000004337 devstack@g-api.service[99504]: DEBUG glance.api.middleware.version_negotiation [None req-7624d56d-32df-4323-9095-f316b60cd616 tempest-VolumesActionsTest-609244746 tempest-VolumesActionsTest-609244746-project-member] new path /v2/images/72c508a3-17be-4a00-9367-5158aca4dfc9 {{(pid=99504) process_request /opt/stack/glance/glance/api/middleware/version_negotiation.py:70}}
Jul 03 00:04:11.888556 np0000004337 devstack@g-api.service[99504]: [pid: 99504|app: 0|req: 127/369] 127.0.0.1 () {40 vars in 838 bytes} [Fri Jul 3 00:04:11 2026] GET /v2/images/72c508a3-17be-4a00-9367-5158aca4dfc9 => generated 650 bytes in 8 msecs (HTTP/1.1 200) 4 headers in 157 bytes (1 switches on core 0)
Jul 03 00:04:12.902070 np0000004337 devstack@g-api.service[99503]: DEBUG glance.api.middleware.version_negotiation [None req-786a28dd-3f27-4b39-b924-3feb3ed7aaca tempest-VolumesActionsTest-609244746 tempest-VolumesActionsTest-609244746-project-member] Determining version of request: GET /v2/images/72c508a3-17be-4a00-9367-5158aca4dfc9 Accept: application/json {{(pid=99503) process_request /opt/stack/glance/glance/api/middleware/version_negotiation.py:44}}
Jul 03 00:04:12.902070 np0000004337 devstack@g-api.service[99503]: DEBUG glance.api.middleware.version_negotiation [None req-786a28dd-3f27-4b39-b924-3feb3ed7aaca tempest-VolumesActionsTest-609244746 tempest-VolumesActionsTest-609244746-project-member] Using url versioning {{(pid=99503) process_request /opt/stack/glance/glance/api/middleware/version_negotiation.py:57}}
Jul 03 00:04:12.902070 np0000004337 devstack@g-api.service[99503]: DEBUG glance.api.middleware.version_negotiation [None req-786a28dd-3f27-4b39-b924-3feb3ed7aaca tempest-VolumesActionsTest-609244746 tempest-VolumesActionsTest-609244746-project-member] Matched version: v2 {{(pid=99503) process_request /opt/stack/glance/glance/api/middleware/version_negotiation.py:69}}
Jul 03 00:04:12.902070 np0000004337 devstack@g-api.service[99503]: DEBUG glance.api.middleware.version_negotiation [None req-786a28dd-3f27-4b39-b924-3feb3ed7aaca tempest-VolumesActionsTest-609244746 tempest-VolumesActionsTest-609244746-project-member] new path /v2/images/72c508a3-17be-4a00-9367-5158aca4dfc9 {{(pid=99503) process_request /opt/stack/glance/glance/api/middleware/version_negotiation.py:70}}
Jul 03 00:04:12.911250 np0000004337 devstack@g-api.service[99503]: [pid: 99503|app: 0|req: 122/370] 127.0.0.1 () {40 vars in 838 bytes} [Fri Jul 3 00:04:12 2026] GET /v2/images/72c508a3-17be-4a00-9367-5158aca4dfc9 => generated 650 bytes in 12 msecs (HTTP/1.1 200) 4 headers in 157 bytes (1 switches on core 0)
Jul 03 00:04:13.350365 np0000004337 devstack@g-api.service[99502]: DEBUG swiftclient [None req-1795a37d-27dc-402d-bd5c-44d059e29b51 tempest-VolumesActionsTest-609244746 tempest-VolumesActionsTest-609244746-project-member] REQ: curl -i https://10.4.3.147:8080/v1/AUTH_ad065171c82b4be68b543f948529593d/glance/72c508a3-17be-4a00-9367-5158aca4dfc9-00001 -X PUT -H "X-Auth-Token: gAAAAABqRvx76LhK..." {{(pid=99502) http_log /opt/stack/data/venv/lib/python3.12/site-packages/swiftclient/client.py:160}}
Jul 03 00:04:13.350653 np0000004337 devstack@g-api.service[99502]: DEBUG swiftclient [None req-1795a37d-27dc-402d-bd5c-44d059e29b51 tempest-VolumesActionsTest-609244746 tempest-VolumesActionsTest-609244746-project-member] RESP STATUS: 201 Created {{(pid=99502) http_log /opt/stack/data/venv/lib/python3.12/site-packages/swiftclient/client.py:161}}
Jul 03 00:04:13.350819 np0000004337 devstack@g-api.service[99502]: DEBUG swiftclient [None req-1795a37d-27dc-402d-bd5c-44d059e29b51 tempest-VolumesActionsTest-609244746 tempest-VolumesActionsTest-609244746-project-member] RESP HEADERS: {'Date': 'Fri, 03 Jul 2026 00:04:13 GMT', 'Server': 'Apache/2.4.58 (Ubuntu)', 'Content-Type': 'text/html; charset=UTF-8', 'Content-Length': '0', 'Etag': 'eda9a9889837ac4bc81d6387d92c1bec', 'Last-Modified': 'Fri, 03 Jul 2026 00:04:12 GMT', 'X-Trans-Id': 'txe0d38590850c4c2391bc0-006a46fc7b', 'X-Openstack-Request-Id': 'txe0d38590850c4c2391bc0-006a46fc7b', 'Connection': 'close'} {{(pid=99502) http_log /opt/stack/data/venv/lib/python3.12/site-packages/swiftclient/client.py:162}}
Jul 03 00:04:13.350970 np0000004337 devstack@g-api.service[99502]: DEBUG glance_store._drivers.swift.store [None req-1795a37d-27dc-402d-bd5c-44d059e29b51 tempest-VolumesActionsTest-609244746 tempest-VolumesActionsTest-609244746-project-member] Wrote chunk 72c508a3-17be-4a00-9367-5158aca4dfc9-00001 (1/?) of length 204800000 to Swift returning MD5 of content: eda9a9889837ac4bc81d6387d92c1bec {{(pid=99502) add /opt/stack/data/venv/lib/python3.12/site-packages/glance_store/_drivers/swift/store.py:1059}}
Jul 03 00:04:13.920914 np0000004337 devstack@g-api.service[99504]: DEBUG glance.api.middleware.version_negotiation [None req-3af1275e-c292-4fd7-ac60-0893e48b51a1 tempest-VolumesActionsTest-609244746 tempest-VolumesActionsTest-609244746-project-member] Determining version of request: GET /v2/images/72c508a3-17be-4a00-9367-5158aca4dfc9 Accept: application/json {{(pid=99504) process_request /opt/stack/glance/glance/api/middleware/version_negotiation.py:44}}
Jul 03 00:04:13.921327 np0000004337 devstack@g-api.service[99504]: DEBUG glance.api.middleware.version_negotiation [None req-3af1275e-c292-4fd7-ac60-0893e48b51a1 tempest-VolumesActionsTest-609244746 tempest-VolumesActionsTest-609244746-project-member] Using url versioning {{(pid=99504) process_request /opt/stack/glance/glance/api/middleware/version_negotiation.py:57}}
Jul 03 00:04:13.921327 np0000004337 devstack@g-api.service[99504]: DEBUG glance.api.middleware.version_negotiation [None req-3af1275e-c292-4fd7-ac60-0893e48b51a1 tempest-VolumesActionsTest-609244746 tempest-VolumesActionsTest-609244746-project-member] Matched version: v2 {{(pid=99504) process_request /opt/stack/glance/glance/api/middleware/version_negotiation.py:69}}
Jul 03 00:04:13.921327 np0000004337 devstack@g-api.service[99504]: DEBUG glance.api.middleware.version_negotiation [None req-3af1275e-c292-4fd7-ac60-0893e48b51a1 tempest-VolumesActionsTest-609244746 tempest-VolumesActionsTest-609244746-project-member] new path /v2/images/72c508a3-17be-4a00-9367-5158aca4dfc9 {{(pid=99504) process_request /opt/stack/glance/glance/api/middleware/version_negotiation.py:70}}
Jul 03 00:04:13.940330 np0000004337 devstack@g-api.service[99504]: [pid: 99504|app: 0|req: 128/371] 127.0.0.1 () {40 vars in 838 bytes} [Fri Jul 3 00:04:13 2026] GET /v2/images/72c508a3-17be-4a00-9367-5158aca4dfc9 => generated 650 bytes in 19 msecs (HTTP/1.1 200) 4 headers in 157 bytes (1 switches on core 0)
Jul 03 00:04:14.961662 np0000004337 devstack@g-api.service[99503]: DEBUG glance.api.middleware.version_negotiation [None req-0c26481b-8450-46b9-8bb0-b7a6d2624857 tempest-VolumesActionsTest-609244746 tempest-VolumesActionsTest-609244746-project-member] Determining version of request: GET /v2/images/72c508a3-17be-4a00-9367-5158aca4dfc9 Accept: application/json {{(pid=99503) process_request /opt/stack/glance/glance/api/middleware/version_negotiation.py:44}}
Jul 03 00:04:14.964046 np0000004337 devstack@g-api.service[99503]: DEBUG glance.api.middleware.version_negotiation [None req-0c26481b-8450-46b9-8bb0-b7a6d2624857 tempest-VolumesActionsTest-609244746 tempest-VolumesActionsTest-609244746-project-member] Using url versioning {{(pid=99503) process_request /opt/stack/glance/glance/api/middleware/version_negotiation.py:57}}
Jul 03 00:04:14.964046 np0000004337 devstack@g-api.service[99503]: DEBUG glance.api.middleware.version_negotiation [None req-0c26481b-8450-46b9-8bb0-b7a6d2624857 tempest-VolumesActionsTest-609244746 tempest-VolumesActionsTest-609244746-project-member] Matched version: v2 {{(pid=99503) process_request /opt/stack/glance/glance/api/middleware/version_negotiation.py:69}}
Jul 03 00:04:14.964046 np0000004337 devstack@g-api.service[99503]: DEBUG glance.api.middleware.version_negotiation [None req-0c26481b-8450-46b9-8bb0-b7a6d2624857 tempest-VolumesActionsTest-609244746 tempest-VolumesActionsTest-609244746-project-member] new path /v2/images/72c508a3-17be-4a00-9367-5158aca4dfc9 {{(pid=99503) process_request /opt/stack/glance/glance/api/middleware/version_negotiation.py:70}}
Jul 03 00:04:14.988220 np0000004337 devstack@g-api.service[99503]: [pid: 99503|app: 0|req: 123/372] 127.0.0.1 () {40 vars in 838 bytes} [Fri Jul 3 00:04:14 2026] GET /v2/images/72c508a3-17be-4a00-9367-5158aca4dfc9 => generated 650 bytes in 26 msecs (HTTP/1.1 200) 4 headers in 157 bytes (1 switches on core 0)
Jul 03 00:04:15.554210 np0000004337 devstack@g-api.service[99502]: DEBUG swiftclient [None req-1795a37d-27dc-402d-bd5c-44d059e29b51 tempest-VolumesActionsTest-609244746 tempest-VolumesActionsTest-609244746-project-member] REQ: curl -i https://10.4.3.147:8080/v1/AUTH_ad065171c82b4be68b543f948529593d/glance/72c508a3-17be-4a00-9367-5158aca4dfc9-00002 -X PUT -H "X-Auth-Token: gAAAAABqRvx76LhK..." {{(pid=99502) http_log /opt/stack/data/venv/lib/python3.12/site-packages/swiftclient/client.py:160}}
Jul 03 00:04:15.554513 np0000004337 devstack@g-api.service[99502]: DEBUG swiftclient [None req-1795a37d-27dc-402d-bd5c-44d059e29b51 tempest-VolumesActionsTest-609244746 tempest-VolumesActionsTest-609244746-project-member] RESP STATUS: 201 Created {{(pid=99502) http_log /opt/stack/data/venv/lib/python3.12/site-packages/swiftclient/client.py:161}}
Jul 03 00:04:15.554513 np0000004337 devstack@g-api.service[99502]: DEBUG swiftclient [None req-1795a37d-27dc-402d-bd5c-44d059e29b51 tempest-VolumesActionsTest-609244746 tempest-VolumesActionsTest-609244746-project-member] RESP HEADERS: {'Date': 'Fri, 03 Jul 2026 00:04:15 GMT', 'Server': 'Apache/2.4.58 (Ubuntu)', 'Content-Type': 'text/html; charset=UTF-8', 'Content-Length': '0', 'Etag': 'eda9a9889837ac4bc81d6387d92c1bec', 'Last-Modified': 'Fri, 03 Jul 2026 00:04:14 GMT', 'X-Trans-Id': 'tx04d623f824d54829a7eac-006a46fc7d', 'X-Openstack-Request-Id': 'tx04d623f824d54829a7eac-006a46fc7d', 'Connection': 'close'} {{(pid=99502) http_log /opt/stack/data/venv/lib/python3.12/site-packages/swiftclient/client.py:162}}
Jul 03 00:04:15.554678 np0000004337 devstack@g-api.service[99502]: DEBUG glance_store._drivers.swift.store [None req-1795a37d-27dc-402d-bd5c-44d059e29b51 tempest-VolumesActionsTest-609244746 tempest-VolumesActionsTest-609244746-project-member] Wrote chunk 72c508a3-17be-4a00-9367-5158aca4dfc9-00002 (2/?) of length 204800000 to Swift returning MD5 of content: eda9a9889837ac4bc81d6387d92c1bec {{(pid=99502) add /opt/stack/data/venv/lib/python3.12/site-packages/glance_store/_drivers/swift/store.py:1059}}
Jul 03 00:04:15.998000 np0000004337 devstack@g-api.service[99504]: DEBUG glance.api.middleware.version_negotiation [None req-e742b959-8be2-45ec-8463-7626d205c605 tempest-VolumesActionsTest-609244746 tempest-VolumesActionsTest-609244746-project-member] Determining version of request: GET /v2/images/72c508a3-17be-4a00-9367-5158aca4dfc9 Accept: application/json {{(pid=99504) process_request /opt/stack/glance/glance/api/middleware/version_negotiation.py:44}}
Jul 03 00:04:15.998365 np0000004337 devstack@g-api.service[99504]: DEBUG glance.api.middleware.version_negotiation [None req-e742b959-8be2-45ec-8463-7626d205c605 tempest-VolumesActionsTest-609244746 tempest-VolumesActionsTest-609244746-project-member] Using url versioning {{(pid=99504) process_request /opt/stack/glance/glance/api/middleware/version_negotiation.py:57}}
Jul 03 00:04:15.998365 np0000004337 devstack@g-api.service[99504]: DEBUG glance.api.middleware.version_negotiation [None req-e742b959-8be2-45ec-8463-7626d205c605 tempest-VolumesActionsTest-609244746 tempest-VolumesActionsTest-609244746-project-member] Matched version: v2 {{(pid=99504) process_request /opt/stack/glance/glance/api/middleware/version_negotiation.py:69}}
Jul 03 00:04:15.998415 np0000004337 devstack@g-api.service[99504]: DEBUG glance.api.middleware.version_negotiation [None req-e742b959-8be2-45ec-8463-7626d205c605 tempest-VolumesActionsTest-609244746 tempest-VolumesActionsTest-609244746-project-member] new path /v2/images/72c508a3-17be-4a00-9367-5158aca4dfc9 {{(pid=99504) process_request /opt/stack/glance/glance/api/middleware/version_negotiation.py:70}}
Jul 03 00:04:16.014049 np0000004337 devstack@g-api.service[99504]: [pid: 99504|app: 0|req: 129/373] 127.0.0.1 () {40 vars in 838 bytes} [Fri Jul 3 00:04:15 2026] GET /v2/images/72c508a3-17be-4a00-9367-5158aca4dfc9 => generated 650 bytes in 16 msecs (HTTP/1.1 200) 4 headers in 157 bytes (1 switches on core 0)
Jul 03 00:04:17.022931 np0000004337 devstack@g-api.service[99503]: DEBUG glance.api.middleware.version_negotiation [None req-0c216486-181d-4478-8526-241d8826bdf5 tempest-VolumesActionsTest-609244746 tempest-VolumesActionsTest-609244746-project-member] Determining version of request: GET /v2/images/72c508a3-17be-4a00-9367-5158aca4dfc9 Accept: application/json {{(pid=99503) process_request /opt/stack/glance/glance/api/middleware/version_negotiation.py:44}}
Jul 03 00:04:17.023406 np0000004337 devstack@g-api.service[99503]: DEBUG glance.api.middleware.version_negotiation [None req-0c216486-181d-4478-8526-241d8826bdf5 tempest-VolumesActionsTest-609244746 tempest-VolumesActionsTest-609244746-project-member] Using url versioning {{(pid=99503) process_request /opt/stack/glance/glance/api/middleware/version_negotiation.py:57}}
Jul 03 00:04:17.023604 np0000004337 devstack@g-api.service[99503]: DEBUG glance.api.middleware.version_negotiation [None req-0c216486-181d-4478-8526-241d8826bdf5 tempest-VolumesActionsTest-609244746 tempest-VolumesActionsTest-609244746-project-member] Matched version: v2 {{(pid=99503) process_request /opt/stack/glance/glance/api/middleware/version_negotiation.py:69}}
Jul 03 00:04:17.023726 np0000004337 devstack@g-api.service[99503]: DEBUG glance.api.middleware.version_negotiation [None req-0c216486-181d-4478-8526-241d8826bdf5 tempest-VolumesActionsTest-609244746 tempest-VolumesActionsTest-609244746-project-member] new path /v2/images/72c508a3-17be-4a00-9367-5158aca4dfc9 {{(pid=99503) process_request /opt/stack/glance/glance/api/middleware/version_negotiation.py:70}}
Jul 03 00:04:17.033557 np0000004337 devstack@g-api.service[99503]: [pid: 99503|app: 0|req: 124/374] 127.0.0.1 () {40 vars in 838 bytes} [Fri Jul 3 00:04:17 2026] GET /v2/images/72c508a3-17be-4a00-9367-5158aca4dfc9 => generated 650 bytes in 11 msecs (HTTP/1.1 200) 4 headers in 157 bytes (1 switches on core 0)
Jul 03 00:04:17.774869 np0000004337 devstack@g-api.service[99502]: DEBUG swiftclient [None req-1795a37d-27dc-402d-bd5c-44d059e29b51 tempest-VolumesActionsTest-609244746 tempest-VolumesActionsTest-609244746-project-member] REQ: curl -i https://10.4.3.147:8080/v1/AUTH_ad065171c82b4be68b543f948529593d/glance/72c508a3-17be-4a00-9367-5158aca4dfc9-00003 -X PUT -H "X-Auth-Token: gAAAAABqRvx76LhK..." {{(pid=99502) http_log /opt/stack/data/venv/lib/python3.12/site-packages/swiftclient/client.py:160}}
Jul 03 00:04:17.775147 np0000004337 devstack@g-api.service[99502]: DEBUG swiftclient [None req-1795a37d-27dc-402d-bd5c-44d059e29b51 tempest-VolumesActionsTest-609244746 tempest-VolumesActionsTest-609244746-project-member] RESP STATUS: 201 Created {{(pid=99502) http_log /opt/stack/data/venv/lib/python3.12/site-packages/swiftclient/client.py:161}}
Jul 03 00:04:17.775147 np0000004337 devstack@g-api.service[99502]: DEBUG swiftclient [None req-1795a37d-27dc-402d-bd5c-44d059e29b51 tempest-VolumesActionsTest-609244746 tempest-VolumesActionsTest-609244746-project-member] RESP HEADERS: {'Date': 'Fri, 03 Jul 2026 00:04:17 GMT', 'Server': 'Apache/2.4.58 (Ubuntu)', 'Content-Type': 'text/html; charset=UTF-8', 'Content-Length': '0', 'Etag': 'eda9a9889837ac4bc81d6387d92c1bec', 'Last-Modified': 'Fri, 03 Jul 2026 00:04:16 GMT', 'X-Trans-Id': 'tx383a1ed45d26491f8f84f-006a46fc7f', 'X-Openstack-Request-Id': 'tx383a1ed45d26491f8f84f-006a46fc7f', 'Connection': 'close'} {{(pid=99502) http_log /opt/stack/data/venv/lib/python3.12/site-packages/swiftclient/client.py:162}}
Jul 03 00:04:17.775253 np0000004337 devstack@g-api.service[99502]: DEBUG glance_store._drivers.swift.store [None req-1795a37d-27dc-402d-bd5c-44d059e29b51 tempest-VolumesActionsTest-609244746 tempest-VolumesActionsTest-609244746-project-member] Wrote chunk 72c508a3-17be-4a00-9367-5158aca4dfc9-00003 (3/?) of length 204800000 to Swift returning MD5 of content: eda9a9889837ac4bc81d6387d92c1bec {{(pid=99502) add /opt/stack/data/venv/lib/python3.12/site-packages/glance_store/_drivers/swift/store.py:1059}}
Jul 03 00:04:18.046015 np0000004337 devstack@g-api.service[99504]: DEBUG glance.api.middleware.version_negotiation [None req-6b20e312-1782-4eab-8878-235f1286ff66 tempest-VolumesActionsTest-609244746 tempest-VolumesActionsTest-609244746-project-member] Determining version of request: GET /v2/images/72c508a3-17be-4a00-9367-5158aca4dfc9 Accept: application/json {{(pid=99504) process_request /opt/stack/glance/glance/api/middleware/version_negotiation.py:44}}
Jul 03 00:04:18.046320 np0000004337 devstack@g-api.service[99504]: DEBUG glance.api.middleware.version_negotiation [None req-6b20e312-1782-4eab-8878-235f1286ff66 tempest-VolumesActionsTest-609244746 tempest-VolumesActionsTest-609244746-project-member] Using url versioning {{(pid=99504) process_request /opt/stack/glance/glance/api/middleware/version_negotiation.py:57}}
Jul 03 00:04:18.046320 np0000004337 devstack@g-api.service[99504]: DEBUG glance.api.middleware.version_negotiation [None req-6b20e312-1782-4eab-8878-235f1286ff66 tempest-VolumesActionsTest-609244746 tempest-VolumesActionsTest-609244746-project-member] Matched version: v2 {{(pid=99504) process_request /opt/stack/glance/glance/api/middleware/version_negotiation.py:69}}
Jul 03 00:04:18.046436 np0000004337 devstack@g-api.service[99504]: DEBUG glance.api.middleware.version_negotiation [None req-6b20e312-1782-4eab-8878-235f1286ff66 tempest-VolumesActionsTest-609244746 tempest-VolumesActionsTest-609244746-project-member] new path /v2/images/72c508a3-17be-4a00-9367-5158aca4dfc9 {{(pid=99504) process_request /opt/stack/glance/glance/api/middleware/version_negotiation.py:70}}
Jul 03 00:04:18.058371 np0000004337 devstack@g-api.service[99504]: [pid: 99504|app: 0|req: 130/375] 127.0.0.1 () {40 vars in 838 bytes} [Fri Jul 3 00:04:18 2026] GET /v2/images/72c508a3-17be-4a00-9367-5158aca4dfc9 => generated 650 bytes in 12 msecs (HTTP/1.1 200) 4 headers in 157 bytes (1 switches on core 0)
Jul 03 00:04:19.072668 np0000004337 devstack@g-api.service[99503]: DEBUG glance.api.middleware.version_negotiation [None req-3740fa64-21fa-472c-918a-e5a328972774 tempest-VolumesActionsTest-609244746 tempest-VolumesActionsTest-609244746-project-member] Determining version of request: GET /v2/images/72c508a3-17be-4a00-9367-5158aca4dfc9 Accept: application/json {{(pid=99503) process_request /opt/stack/glance/glance/api/middleware/version_negotiation.py:44}}
Jul 03 00:04:19.074891 np0000004337 devstack@g-api.service[99503]: DEBUG glance.api.middleware.version_negotiation [None req-3740fa64-21fa-472c-918a-e5a328972774 tempest-VolumesActionsTest-609244746 tempest-VolumesActionsTest-609244746-project-member] Using url versioning {{(pid=99503) process_request /opt/stack/glance/glance/api/middleware/version_negotiation.py:57}}
Jul 03 00:04:19.078007 np0000004337 devstack@g-api.service[99503]: DEBUG glance.api.middleware.version_negotiation [None req-3740fa64-21fa-472c-918a-e5a328972774 tempest-VolumesActionsTest-609244746 tempest-VolumesActionsTest-609244746-project-member] Matched version: v2 {{(pid=99503) process_request /opt/stack/glance/glance/api/middleware/version_negotiation.py:69}}
Jul 03 00:04:19.078007 np0000004337 devstack@g-api.service[99503]: DEBUG glance.api.middleware.version_negotiation [None req-3740fa64-21fa-472c-918a-e5a328972774 tempest-VolumesActionsTest-609244746 tempest-VolumesActionsTest-609244746-project-member] new path /v2/images/72c508a3-17be-4a00-9367-5158aca4dfc9 {{(pid=99503) process_request /opt/stack/glance/glance/api/middleware/version_negotiation.py:70}}
Jul 03 00:04:19.092870 np0000004337 devstack@g-api.service[99503]: [pid: 99503|app: 0|req: 125/376] 127.0.0.1 () {40 vars in 838 bytes} [Fri Jul 3 00:04:19 2026] GET /v2/images/72c508a3-17be-4a00-9367-5158aca4dfc9 => generated 650 bytes in 23 msecs (HTTP/1.1 200) 4 headers in 157 bytes (1 switches on core 0)
Jul 03 00:04:19.679998 np0000004337 devstack@g-api.service[99504]: DEBUG glance.api.middleware.version_negotiation [None req-3a61d127-5bc8-473a-8ff9-5c6c30c058a8 tempest-VolumesActionsTest-609244746 tempest-VolumesActionsTest-609244746-project-member] Determining version of request: GET /v2/images/059d808f-2015-4960-af0e-07023fcdf10f Accept: */* {{(pid=99504) process_request /opt/stack/glance/glance/api/middleware/version_negotiation.py:44}}
Jul 03 00:04:19.681091 np0000004337 devstack@g-api.service[99504]: DEBUG glance.api.middleware.version_negotiation [None req-3a61d127-5bc8-473a-8ff9-5c6c30c058a8 tempest-VolumesActionsTest-609244746 tempest-VolumesActionsTest-609244746-project-member] Using url versioning {{(pid=99504) process_request /opt/stack/glance/glance/api/middleware/version_negotiation.py:57}}
Jul 03 00:04:19.681091 np0000004337 devstack@g-api.service[99504]: DEBUG glance.api.middleware.version_negotiation [None req-3a61d127-5bc8-473a-8ff9-5c6c30c058a8 tempest-VolumesActionsTest-609244746 tempest-VolumesActionsTest-609244746-project-member] Matched version: v2 {{(pid=99504) process_request /opt/stack/glance/glance/api/middleware/version_negotiation.py:69}}
Jul 03 00:04:19.681091 np0000004337 devstack@g-api.service[99504]: DEBUG glance.api.middleware.version_negotiation [None req-3a61d127-5bc8-473a-8ff9-5c6c30c058a8 tempest-VolumesActionsTest-609244746 tempest-VolumesActionsTest-609244746-project-member] new path /v2/images/059d808f-2015-4960-af0e-07023fcdf10f {{(pid=99504) process_request /opt/stack/glance/glance/api/middleware/version_negotiation.py:70}}
Jul 03 00:04:19.698513 np0000004337 devstack@g-api.service[99504]: [pid: 99504|app: 0|req: 131/377] 127.0.0.1 () {44 vars in 1115 bytes} [Fri Jul 3 00:04:19 2026] GET /v2/images/059d808f-2015-4960-af0e-07023fcdf10f => generated 1044 bytes in 16 msecs (HTTP/1.1 200) 4 headers in 158 bytes (1 switches on core 0)
Jul 03 00:04:19.699852 np0000004337 devstack@g-api.service[99502]: DEBUG swiftclient [None req-1795a37d-27dc-402d-bd5c-44d059e29b51 tempest-VolumesActionsTest-609244746 tempest-VolumesActionsTest-609244746-project-member] REQ: curl -i https://10.4.3.147:8080/v1/AUTH_ad065171c82b4be68b543f948529593d/glance/72c508a3-17be-4a00-9367-5158aca4dfc9-00004 -X PUT -H "X-Auth-Token: gAAAAABqRvx76LhK..." {{(pid=99502) http_log /opt/stack/data/venv/lib/python3.12/site-packages/swiftclient/client.py:160}}
Jul 03 00:04:19.700515 np0000004337 devstack@g-api.service[99502]: DEBUG swiftclient [None req-1795a37d-27dc-402d-bd5c-44d059e29b51 tempest-VolumesActionsTest-609244746 tempest-VolumesActionsTest-609244746-project-member] RESP STATUS: 201 Created {{(pid=99502) http_log /opt/stack/data/venv/lib/python3.12/site-packages/swiftclient/client.py:161}}
Jul 03 00:04:19.700515 np0000004337 devstack@g-api.service[99502]: DEBUG swiftclient [None req-1795a37d-27dc-402d-bd5c-44d059e29b51 tempest-VolumesActionsTest-609244746 tempest-VolumesActionsTest-609244746-project-member] RESP HEADERS: {'Date': 'Fri, 03 Jul 2026 00:04:19 GMT', 'Server': 'Apache/2.4.58 (Ubuntu)', 'Content-Type': 'text/html; charset=UTF-8', 'Content-Length': '0', 'Etag': 'eda9a9889837ac4bc81d6387d92c1bec', 'Last-Modified': 'Fri, 03 Jul 2026 00:04:18 GMT', 'X-Trans-Id': 'tx79c80981359a40c88efa4-006a46fc81', 'X-Openstack-Request-Id': 'tx79c80981359a40c88efa4-006a46fc81', 'Connection': 'close'} {{(pid=99502) http_log /opt/stack/data/venv/lib/python3.12/site-packages/swiftclient/client.py:162}}
Jul 03 00:04:19.700515 np0000004337 devstack@g-api.service[99502]: DEBUG glance_store._drivers.swift.store [None req-1795a37d-27dc-402d-bd5c-44d059e29b51 tempest-VolumesActionsTest-609244746 tempest-VolumesActionsTest-609244746-project-member] Wrote chunk 72c508a3-17be-4a00-9367-5158aca4dfc9-00004 (4/?) of length 204800000 to Swift returning MD5 of content: eda9a9889837ac4bc81d6387d92c1bec {{(pid=99502) add /opt/stack/data/venv/lib/python3.12/site-packages/glance_store/_drivers/swift/store.py:1059}}
Jul 03 00:04:19.741999 np0000004337 devstack@g-api.service[99503]: DEBUG glance.api.middleware.version_negotiation [None req-7631ad7e-f578-49f6-90c0-6af595d5108d tempest-VolumesActionsTest-609244746 tempest-VolumesActionsTest-609244746-project-member] Determining version of request: GET /v2/schemas/image Accept: */* {{(pid=99503) process_request /opt/stack/glance/glance/api/middleware/version_negotiation.py:44}}
Jul 03 00:04:19.741999 np0000004337 devstack@g-api.service[99503]: DEBUG glance.api.middleware.version_negotiation [None req-7631ad7e-f578-49f6-90c0-6af595d5108d tempest-VolumesActionsTest-609244746 tempest-VolumesActionsTest-609244746-project-member] Using url versioning {{(pid=99503) process_request /opt/stack/glance/glance/api/middleware/version_negotiation.py:57}}
Jul 03 00:04:19.741999 np0000004337 devstack@g-api.service[99503]: DEBUG glance.api.middleware.version_negotiation [None req-7631ad7e-f578-49f6-90c0-6af595d5108d tempest-VolumesActionsTest-609244746 tempest-VolumesActionsTest-609244746-project-member] Matched version: v2 {{(pid=99503) process_request /opt/stack/glance/glance/api/middleware/version_negotiation.py:69}}
Jul 03 00:04:19.741999 np0000004337 devstack@g-api.service[99503]: DEBUG glance.api.middleware.version_negotiation [None req-7631ad7e-f578-49f6-90c0-6af595d5108d tempest-VolumesActionsTest-609244746 tempest-VolumesActionsTest-609244746-project-member] new path /v2/schemas/image {{(pid=99503) process_request /opt/stack/glance/glance/api/middleware/version_negotiation.py:70}}
Jul 03 00:04:19.751866 np0000004337 devstack@g-api.service[99503]: [pid: 99503|app: 0|req: 126/378] 127.0.0.1 () {44 vars in 1055 bytes} [Fri Jul 3 00:04:19 2026] GET /v2/schemas/image => generated 6083 bytes in 11 msecs (HTTP/1.1 200) 4 headers in 158 bytes (1 switches on core 0)
Jul 03 00:04:20.106030 np0000004337 devstack@g-api.service[99504]: DEBUG glance.api.middleware.version_negotiation [None req-10f7cc79-95a9-4b2b-93e3-8a158786c636 tempest-VolumesBackupsTest-470825864 tempest-VolumesBackupsTest-470825864-project-member] Determining version of request: GET /v2/images/72c508a3-17be-4a00-9367-5158aca4dfc9 Accept: application/json {{(pid=99504) process_request /opt/stack/glance/glance/api/middleware/version_negotiation.py:44}}
Jul 03 00:04:20.106030 np0000004337 devstack@g-api.service[99504]: DEBUG glance.api.middleware.version_negotiation [None req-10f7cc79-95a9-4b2b-93e3-8a158786c636 tempest-VolumesBackupsTest-470825864 tempest-VolumesBackupsTest-470825864-project-member] Using url versioning {{(pid=99504) process_request /opt/stack/glance/glance/api/middleware/version_negotiation.py:57}}
Jul 03 00:04:20.106030 np0000004337 devstack@g-api.service[99504]: DEBUG glance.api.middleware.version_negotiation [None req-10f7cc79-95a9-4b2b-93e3-8a158786c636 tempest-VolumesBackupsTest-470825864 tempest-VolumesBackupsTest-470825864-project-member] Matched version: v2 {{(pid=99504) process_request /opt/stack/glance/glance/api/middleware/version_negotiation.py:69}}
Jul 03 00:04:20.106030 np0000004337 devstack@g-api.service[99504]: DEBUG glance.api.middleware.version_negotiation [None req-10f7cc79-95a9-4b2b-93e3-8a158786c636 tempest-VolumesBackupsTest-470825864 tempest-VolumesBackupsTest-470825864-project-member] new path /v2/images/72c508a3-17be-4a00-9367-5158aca4dfc9 {{(pid=99504) process_request /opt/stack/glance/glance/api/middleware/version_negotiation.py:70}}
Jul 03 00:04:20.119042 np0000004337 devstack@g-api.service[99504]: [pid: 99504|app: 0|req: 132/379] 127.0.0.1 () {40 vars in 838 bytes} [Fri Jul 3 00:04:20 2026] GET /v2/images/72c508a3-17be-4a00-9367-5158aca4dfc9 => generated 650 bytes in 14 msecs (HTTP/1.1 200) 4 headers in 157 bytes (1 switches on core 0)
Jul 03 00:04:21.113892 np0000004337 devstack@g-api.service[99502]: DEBUG dbcounter [-] [99502] Writing DB stats glance:SELECT=10,glance:UPDATE=1 {{(pid=99502) stat_writer /opt/stack/data/venv/lib/python3.12/site-packages/dbcounter.py:115}}
Jul 03 00:04:21.127639 np0000004337 devstack@g-api.service[99503]: DEBUG glance.api.middleware.version_negotiation [None req-10f7cc79-95a9-4b2b-93e3-8a158786c636 tempest-VolumesBackupsTest-470825864 tempest-VolumesBackupsTest-470825864-project-member] Determining version of request: GET /v2/images/72c508a3-17be-4a00-9367-5158aca4dfc9 Accept: application/json {{(pid=99503) process_request /opt/stack/glance/glance/api/middleware/version_negotiation.py:44}}
Jul 03 00:04:21.128083 np0000004337 devstack@g-api.service[99503]: DEBUG glance.api.middleware.version_negotiation [None req-10f7cc79-95a9-4b2b-93e3-8a158786c636 tempest-VolumesBackupsTest-470825864 tempest-VolumesBackupsTest-470825864-project-member] Using url versioning {{(pid=99503) process_request /opt/stack/glance/glance/api/middleware/version_negotiation.py:57}}
Jul 03 00:04:21.128083 np0000004337 devstack@g-api.service[99503]: DEBUG glance.api.middleware.version_negotiation [None req-10f7cc79-95a9-4b2b-93e3-8a158786c636 tempest-VolumesBackupsTest-470825864 tempest-VolumesBackupsTest-470825864-project-member] Matched version: v2 {{(pid=99503) process_request /opt/stack/glance/glance/api/middleware/version_negotiation.py:69}}
Jul 03 00:04:21.128146 np0000004337 devstack@g-api.service[99503]: DEBUG glance.api.middleware.version_negotiation [None req-10f7cc79-95a9-4b2b-93e3-8a158786c636 tempest-VolumesBackupsTest-470825864 tempest-VolumesBackupsTest-470825864-project-member] new path /v2/images/72c508a3-17be-4a00-9367-5158aca4dfc9 {{(pid=99503) process_request /opt/stack/glance/glance/api/middleware/version_negotiation.py:70}}
Jul 03 00:04:21.149223 np0000004337 devstack@g-api.service[99503]: [pid: 99503|app: 0|req: 127/380] 127.0.0.1 () {40 vars in 838 bytes} [Fri Jul 3 00:04:21 2026] GET /v2/images/72c508a3-17be-4a00-9367-5158aca4dfc9 => generated 650 bytes in 19 msecs (HTTP/1.1 200) 4 headers in 157 bytes (1 switches on core 0)
Jul 03 00:04:21.736257 np0000004337 devstack@g-api.service[99502]: DEBUG swiftclient [None req-1795a37d-27dc-402d-bd5c-44d059e29b51 tempest-VolumesActionsTest-609244746 tempest-VolumesActionsTest-609244746-project-member] REQ: curl -i https://10.4.3.147:8080/v1/AUTH_ad065171c82b4be68b543f948529593d/glance/72c508a3-17be-4a00-9367-5158aca4dfc9-00005 -X PUT -H "X-Auth-Token: gAAAAABqRvx76LhK..." {{(pid=99502) http_log /opt/stack/data/venv/lib/python3.12/site-packages/swiftclient/client.py:160}}
Jul 03 00:04:21.736416 np0000004337 devstack@g-api.service[99502]: DEBUG swiftclient [None req-1795a37d-27dc-402d-bd5c-44d059e29b51 tempest-VolumesActionsTest-609244746 tempest-VolumesActionsTest-609244746-project-member] RESP STATUS: 201 Created {{(pid=99502) http_log /opt/stack/data/venv/lib/python3.12/site-packages/swiftclient/client.py:161}}
Jul 03 00:04:21.736554 np0000004337 devstack@g-api.service[99502]: DEBUG swiftclient [None req-1795a37d-27dc-402d-bd5c-44d059e29b51 tempest-VolumesActionsTest-609244746 tempest-VolumesActionsTest-609244746-project-member] RESP HEADERS: {'Date': 'Fri, 03 Jul 2026 00:04:21 GMT', 'Server': 'Apache/2.4.58 (Ubuntu)', 'Content-Type': 'text/html; charset=UTF-8', 'Content-Length': '0', 'Etag': 'eda9a9889837ac4bc81d6387d92c1bec', 'Last-Modified': 'Fri, 03 Jul 2026 00:04:20 GMT', 'X-Trans-Id': 'tx19d46aaca6f74738966f4-006a46fc83', 'X-Openstack-Request-Id': 'tx19d46aaca6f74738966f4-006a46fc83', 'Connection': 'close'} {{(pid=99502) http_log /opt/stack/data/venv/lib/python3.12/site-packages/swiftclient/client.py:162}}
Jul 03 00:04:21.736690 np0000004337 devstack@g-api.service[99502]: DEBUG glance_store._drivers.swift.store [None req-1795a37d-27dc-402d-bd5c-44d059e29b51 tempest-VolumesActionsTest-609244746 tempest-VolumesActionsTest-609244746-project-member] Wrote chunk 72c508a3-17be-4a00-9367-5158aca4dfc9-00005 (5/?) of length 204800000 to Swift returning MD5 of content: eda9a9889837ac4bc81d6387d92c1bec {{(pid=99502) add /opt/stack/data/venv/lib/python3.12/site-packages/glance_store/_drivers/swift/store.py:1059}}
Jul 03 00:04:22.154932 np0000004337 devstack@g-api.service[99504]: DEBUG glance.api.middleware.version_negotiation [None req-735e62b5-3d60-4416-bc95-75796ea6b13f tempest-VolumesActionsTest-609244746 tempest-VolumesActionsTest-609244746-project-member] Determining version of request: GET /v2/images/72c508a3-17be-4a00-9367-5158aca4dfc9 Accept: application/json {{(pid=99504) process_request /opt/stack/glance/glance/api/middleware/version_negotiation.py:44}}
Jul 03 00:04:22.155429 np0000004337 devstack@g-api.service[99504]: DEBUG glance.api.middleware.version_negotiation [None req-735e62b5-3d60-4416-bc95-75796ea6b13f tempest-VolumesActionsTest-609244746 tempest-VolumesActionsTest-609244746-project-member] Using url versioning {{(pid=99504) process_request /opt/stack/glance/glance/api/middleware/version_negotiation.py:57}}
Jul 03 00:04:22.155429 np0000004337 devstack@g-api.service[99504]: DEBUG glance.api.middleware.version_negotiation [None req-735e62b5-3d60-4416-bc95-75796ea6b13f tempest-VolumesActionsTest-609244746 tempest-VolumesActionsTest-609244746-project-member] Matched version: v2 {{(pid=99504) process_request /opt/stack/glance/glance/api/middleware/version_negotiation.py:69}}
Jul 03 00:04:22.155429 np0000004337 devstack@g-api.service[99504]: DEBUG glance.api.middleware.version_negotiation [None req-735e62b5-3d60-4416-bc95-75796ea6b13f tempest-VolumesActionsTest-609244746 tempest-VolumesActionsTest-609244746-project-member] new path /v2/images/72c508a3-17be-4a00-9367-5158aca4dfc9 {{(pid=99504) process_request /opt/stack/glance/glance/api/middleware/version_negotiation.py:70}}
Jul 03 00:04:22.162972 np0000004337 devstack@g-api.service[99504]: [pid: 99504|app: 0|req: 133/381] 127.0.0.1 () {40 vars in 838 bytes} [Fri Jul 3 00:04:22 2026] GET /v2/images/72c508a3-17be-4a00-9367-5158aca4dfc9 => generated 650 bytes in 8 msecs (HTTP/1.1 200) 4 headers in 157 bytes (1 switches on core 0)
Jul 03 00:04:22.179922 np0000004337 devstack@g-api.service[99502]: DEBUG swiftclient [None req-1795a37d-27dc-402d-bd5c-44d059e29b51 tempest-VolumesActionsTest-609244746 tempest-VolumesActionsTest-609244746-project-member] REQ: curl -i https://10.4.3.147:8080/v1/AUTH_ad065171c82b4be68b543f948529593d/glance/72c508a3-17be-4a00-9367-5158aca4dfc9-00006 -X PUT -H "X-Auth-Token: gAAAAABqRvx76LhK..." {{(pid=99502) http_log /opt/stack/data/venv/lib/python3.12/site-packages/swiftclient/client.py:160}}
Jul 03 00:04:22.180342 np0000004337 devstack@g-api.service[99502]: DEBUG swiftclient [None req-1795a37d-27dc-402d-bd5c-44d059e29b51 tempest-VolumesActionsTest-609244746 tempest-VolumesActionsTest-609244746-project-member] RESP STATUS: 201 Created {{(pid=99502) http_log /opt/stack/data/venv/lib/python3.12/site-packages/swiftclient/client.py:161}}
Jul 03 00:04:22.180342 np0000004337 devstack@g-api.service[99502]: DEBUG swiftclient [None req-1795a37d-27dc-402d-bd5c-44d059e29b51 tempest-VolumesActionsTest-609244746 tempest-VolumesActionsTest-609244746-project-member] RESP HEADERS: {'Date': 'Fri, 03 Jul 2026 00:04:22 GMT', 'Server': 'Apache/2.4.58 (Ubuntu)', 'Content-Type': 'text/html; charset=UTF-8', 'Content-Length': '0', 'Etag': '708761f3b8777ec77058e63da08eeeb6', 'Last-Modified': 'Fri, 03 Jul 2026 00:04:22 GMT', 'X-Trans-Id': 'tx485291340fc044cfb1be2-006a46fc85', 'X-Openstack-Request-Id': 'tx485291340fc044cfb1be2-006a46fc85', 'Connection': 'close'} {{(pid=99502) http_log /opt/stack/data/venv/lib/python3.12/site-packages/swiftclient/client.py:162}}
Jul 03 00:04:22.180342 np0000004337 devstack@g-api.service[99502]: DEBUG glance_store._drivers.swift.store [None req-1795a37d-27dc-402d-bd5c-44d059e29b51 tempest-VolumesActionsTest-609244746 tempest-VolumesActionsTest-609244746-project-member] Wrote chunk 72c508a3-17be-4a00-9367-5158aca4dfc9-00006 (6/?) of length 49741824 to Swift returning MD5 of content: 708761f3b8777ec77058e63da08eeeb6 {{(pid=99502) add /opt/stack/data/venv/lib/python3.12/site-packages/glance_store/_drivers/swift/store.py:1059}}
Jul 03 00:04:22.180605 np0000004337 devstack@g-api.service[99502]: DEBUG glance_store._drivers.swift.store [None req-1795a37d-27dc-402d-bd5c-44d059e29b51 tempest-VolumesActionsTest-609244746 tempest-VolumesActionsTest-609244746-project-member] Not writing zero-length chunk. {{(pid=99502) add /opt/stack/data/venv/lib/python3.12/site-packages/glance_store/_drivers/swift/store.py:1028}}
Jul 03 00:04:22.200552 np0000004337 devstack@g-api.service[99502]: DEBUG swiftclient [None req-1795a37d-27dc-402d-bd5c-44d059e29b51 tempest-VolumesActionsTest-609244746 tempest-VolumesActionsTest-609244746-project-member] REQ: curl -i https://10.4.3.147:8080/v1/AUTH_ad065171c82b4be68b543f948529593d/glance/72c508a3-17be-4a00-9367-5158aca4dfc9 -X PUT -H "X-Object-Manifest: glance/72c508a3-17be-4a00-9367-5158aca4dfc9-" -H "X-Auth-Token: gAAAAABqRvx76LhK..." -H "Content-Length: 0" {{(pid=99502) http_log /opt/stack/data/venv/lib/python3.12/site-packages/swiftclient/client.py:160}}
Jul 03 00:04:22.200702 np0000004337 devstack@g-api.service[99502]: DEBUG swiftclient [None req-1795a37d-27dc-402d-bd5c-44d059e29b51 tempest-VolumesActionsTest-609244746 tempest-VolumesActionsTest-609244746-project-member] RESP STATUS: 201 Created {{(pid=99502) http_log /opt/stack/data/venv/lib/python3.12/site-packages/swiftclient/client.py:161}}
Jul 03 00:04:22.200884 np0000004337 devstack@g-api.service[99502]: DEBUG swiftclient [None req-1795a37d-27dc-402d-bd5c-44d059e29b51 tempest-VolumesActionsTest-609244746 tempest-VolumesActionsTest-609244746-project-member] RESP HEADERS: {'Date': 'Fri, 03 Jul 2026 00:04:22 GMT', 'Server': 'Apache/2.4.58 (Ubuntu)', 'Content-Type': 'text/html; charset=UTF-8', 'Content-Length': '0', 'Etag': 'd41d8cd98f00b204e9800998ecf8427e', 'Last-Modified': 'Fri, 03 Jul 2026 00:04:23 GMT', 'X-Trans-Id': 'tx88a62ea9f1d0405584b1c-006a46fc86', 'X-Openstack-Request-Id': 'tx88a62ea9f1d0405584b1c-006a46fc86', 'Connection': 'close'} {{(pid=99502) http_log /opt/stack/data/venv/lib/python3.12/site-packages/swiftclient/client.py:162}}
Jul 03 00:04:22.201303 np0000004337 devstack@g-api.service[99502]: INFO glance.location [None req-1795a37d-27dc-402d-bd5c-44d059e29b51 tempest-VolumesActionsTest-609244746 tempest-VolumesActionsTest-609244746-project-member] Image format matched and virtual size computed: 1073741824
Jul 03 00:04:22.223630 np0000004337 devstack@g-api.service[99502]: DEBUG glance_store.backend [None req-1795a37d-27dc-402d-bd5c-44d059e29b51 tempest-VolumesActionsTest-609244746 tempest-VolumesActionsTest-609244746-project-member] Attempting to import store swift {{(pid=99502) _load_store /opt/stack/data/venv/lib/python3.12/site-packages/glance_store/backend.py:215}}
Jul 03 00:04:22.224915 np0000004337 devstack@g-api.service[99502]: DEBUG glance_store.capabilities [None req-1795a37d-27dc-402d-bd5c-44d059e29b51 tempest-VolumesActionsTest-609244746 tempest-VolumesActionsTest-609244746-project-member] Store glance_store._drivers.swift.store.SingleTenantStore doesn't support updating dynamic storage capabilities. Please overwrite 'update_capabilities' method of the store to implement updating logics if needed. {{(pid=99502) update_capabilities /opt/stack/data/venv/lib/python3.12/site-packages/glance_store/capabilities.py:91}}
Jul 03 00:04:22.225103 np0000004337 devstack@g-api.service[99502]: DEBUG glance_store.driver [None req-1795a37d-27dc-402d-bd5c-44d059e29b51 tempest-VolumesActionsTest-609244746 tempest-VolumesActionsTest-609244746-project-member] Late loading location class glance_store._drivers.swift.store.StoreLocation {{(pid=99502) get_store_location_class /opt/stack/data/venv/lib/python3.12/site-packages/glance_store/driver.py:134}}
Jul 03 00:04:22.225163 np0000004337 devstack@g-api.service[99502]: DEBUG glance_store.location [None req-1795a37d-27dc-402d-bd5c-44d059e29b51 tempest-VolumesActionsTest-609244746 tempest-VolumesActionsTest-609244746-project-member] Registering scheme swift+https with {'store': , 'location_class': , 'store_entry': 'swift'} {{(pid=99502) register_scheme_map /opt/stack/data/venv/lib/python3.12/site-packages/glance_store/location.py:146}}
Jul 03 00:04:22.225267 np0000004337 devstack@g-api.service[99502]: DEBUG glance_store.location [None req-1795a37d-27dc-402d-bd5c-44d059e29b51 tempest-VolumesActionsTest-609244746 tempest-VolumesActionsTest-609244746-project-member] Registering scheme swift+https with {'store': , 'location_class': , 'store_entry': 'swift'} {{(pid=99502) register_scheme_map /opt/stack/data/venv/lib/python3.12/site-packages/glance_store/location.py:146}}
