Jul 02 23:56:08.996584 np0000004337 nova-scheduler[93324]: DEBUG cotyledon.oslo_config_glue [-] oslo_limit.auth_type = None {{(pid=93324) log_opt_values /opt/stack/data/venv/lib/python3.12/site-packages/oslo_config/cfg.py:3253}}
Jul 02 23:56:08.996798 np0000004337 nova-scheduler[93324]: DEBUG cotyledon.oslo_config_glue [-] oslo_limit.cafile = None {{(pid=93324) log_opt_values /opt/stack/data/venv/lib/python3.12/site-packages/oslo_config/cfg.py:3253}}
Jul 02 23:56:08.996798 np0000004337 nova-scheduler[93324]: DEBUG cotyledon.oslo_config_glue [-] oslo_limit.certfile = None {{(pid=93324) log_opt_values /opt/stack/data/venv/lib/python3.12/site-packages/oslo_config/cfg.py:3253}}
Jul 02 23:56:08.996798 np0000004337 nova-scheduler[93324]: DEBUG cotyledon.oslo_config_glue [-] oslo_limit.collect_timing = False {{(pid=93324) log_opt_values /opt/stack/data/venv/lib/python3.12/site-packages/oslo_config/cfg.py:3253}}
Jul 02 23:56:08.996798 np0000004337 nova-scheduler[93324]: DEBUG cotyledon.oslo_config_glue [-] oslo_limit.connect_retries = None {{(pid=93324) log_opt_values /opt/stack/data/venv/lib/python3.12/site-packages/oslo_config/cfg.py:3253}}
Jul 02 23:56:08.996798 np0000004337 nova-scheduler[93324]: DEBUG cotyledon.oslo_config_glue [-] oslo_limit.connect_retry_delay = None {{(pid=93324) log_opt_values /opt/stack/data/venv/lib/python3.12/site-packages/oslo_config/cfg.py:3253}}
Jul 02 23:56:08.996798 np0000004337 nova-scheduler[93324]: DEBUG cotyledon.oslo_config_glue [-] oslo_limit.endpoint_id = None {{(pid=93324) log_opt_values /opt/stack/data/venv/lib/python3.12/site-packages/oslo_config/cfg.py:3253}}
Jul 02 23:56:08.996798 np0000004337 nova-scheduler[93324]: DEBUG cotyledon.oslo_config_glue [-] oslo_limit.endpoint_interface = public {{(pid=93324) log_opt_values /opt/stack/data/venv/lib/python3.12/site-packages/oslo_config/cfg.py:3253}}
Jul 02 23:56:08.996798 np0000004337 nova-scheduler[93324]: DEBUG cotyledon.oslo_config_glue [-] oslo_limit.endpoint_override = None {{(pid=93324) log_opt_values /opt/stack/data/venv/lib/python3.12/site-packages/oslo_config/cfg.py:3253}}
Jul 02 23:56:08.996798 np0000004337 nova-scheduler[93324]: DEBUG cotyledon.oslo_config_glue [-] oslo_limit.endpoint_region_name = None {{(pid=93324) log_opt_values /opt/stack/data/venv/lib/python3.12/site-packages/oslo_config/cfg.py:3253}}
Jul 02 23:56:08.996996 np0000004337 nova-scheduler[93324]: DEBUG cotyledon.oslo_config_glue [-] oslo_limit.endpoint_service_name = None {{(pid=93324) log_opt_values /opt/stack/data/venv/lib/python3.12/site-packages/oslo_config/cfg.py:3253}}
Jul 02 23:56:08.996996 np0000004337 nova-scheduler[93324]: DEBUG cotyledon.oslo_config_glue [-] oslo_limit.endpoint_service_type = None {{(pid=93324) log_opt_values /opt/stack/data/venv/lib/python3.12/site-packages/oslo_config/cfg.py:3253}}
Jul 02 23:56:08.996996 np0000004337 nova-scheduler[93324]: DEBUG cotyledon.oslo_config_glue [-] oslo_limit.insecure = False {{(pid=93324) log_opt_values /opt/stack/data/venv/lib/python3.12/site-packages/oslo_config/cfg.py:3253}}
Jul 02 23:56:08.996996 np0000004337 nova-scheduler[93324]: DEBUG cotyledon.oslo_config_glue [-] oslo_limit.keyfile = None {{(pid=93324) log_opt_values /opt/stack/data/venv/lib/python3.12/site-packages/oslo_config/cfg.py:3253}}
Jul 02 23:56:08.996996 np0000004337 nova-scheduler[93324]: DEBUG cotyledon.oslo_config_glue [-] oslo_limit.max_version = None {{(pid=93324) log_opt_values /opt/stack/data/venv/lib/python3.12/site-packages/oslo_config/cfg.py:3253}}
Jul 02 23:56:08.996996 np0000004337 nova-scheduler[93324]: DEBUG cotyledon.oslo_config_glue [-] oslo_limit.min_version = None {{(pid=93324) log_opt_values /opt/stack/data/venv/lib/python3.12/site-packages/oslo_config/cfg.py:3253}}
Jul 02 23:56:08.996996 np0000004337 nova-scheduler[93324]: DEBUG cotyledon.oslo_config_glue [-] oslo_limit.region_name = None {{(pid=93324) log_opt_values /opt/stack/data/venv/lib/python3.12/site-packages/oslo_config/cfg.py:3253}}
Jul 02 23:56:08.996996 np0000004337 nova-scheduler[93324]: DEBUG cotyledon.oslo_config_glue [-] oslo_limit.retriable_status_codes = None {{(pid=93324) log_opt_values /opt/stack/data/venv/lib/python3.12/site-packages/oslo_config/cfg.py:3253}}
Jul 02 23:56:08.996996 np0000004337 nova-scheduler[93324]: DEBUG cotyledon.oslo_config_glue [-] oslo_limit.service_name = None {{(pid=93324) log_opt_values /opt/stack/data/venv/lib/python3.12/site-packages/oslo_config/cfg.py:3253}}
Jul 02 23:56:08.997166 np0000004337 nova-scheduler[93324]: DEBUG cotyledon.oslo_config_glue [-] oslo_limit.service_type = None {{(pid=93324) log_opt_values /opt/stack/data/venv/lib/python3.12/site-packages/oslo_config/cfg.py:3253}}
Jul 02 23:56:08.997166 np0000004337 nova-scheduler[93324]: DEBUG cotyledon.oslo_config_glue [-] oslo_limit.split_loggers = False {{(pid=93324) log_opt_values /opt/stack/data/venv/lib/python3.12/site-packages/oslo_config/cfg.py:3253}}
Jul 02 23:56:08.997166 np0000004337 nova-scheduler[93324]: DEBUG cotyledon.oslo_config_glue [-] oslo_limit.status_code_retries = None {{(pid=93324) log_opt_values /opt/stack/data/venv/lib/python3.12/site-packages/oslo_config/cfg.py:3253}}
Jul 02 23:56:08.997166 np0000004337 nova-scheduler[93324]: DEBUG cotyledon.oslo_config_glue [-] oslo_limit.status_code_retry_delay = None {{(pid=93324) log_opt_values /opt/stack/data/venv/lib/python3.12/site-packages/oslo_config/cfg.py:3253}}
Jul 02 23:56:08.997166 np0000004337 nova-scheduler[93324]: DEBUG cotyledon.oslo_config_glue [-] oslo_limit.timeout = None {{(pid=93324) log_opt_values /opt/stack/data/venv/lib/python3.12/site-packages/oslo_config/cfg.py:3253}}
Jul 02 23:56:08.997265 np0000004337 nova-scheduler[93324]: DEBUG cotyledon.oslo_config_glue [-] oslo_limit.valid_interfaces = None {{(pid=93324) log_opt_values /opt/stack/data/venv/lib/python3.12/site-packages/oslo_config/cfg.py:3253}}
Jul 02 23:56:08.997265 np0000004337 nova-scheduler[93324]: DEBUG cotyledon.oslo_config_glue [-] oslo_limit.version = None {{(pid=93324) log_opt_values /opt/stack/data/venv/lib/python3.12/site-packages/oslo_config/cfg.py:3253}}
Jul 02 23:56:08.997326 np0000004337 nova-scheduler[93324]: DEBUG cotyledon.oslo_config_glue [-] oslo_reports.file_event_handler = None {{(pid=93324) log_opt_values /opt/stack/data/venv/lib/python3.12/site-packages/oslo_config/cfg.py:3253}}
Jul 02 23:56:08.997350 np0000004337 nova-scheduler[93324]: DEBUG cotyledon.oslo_config_glue [-] oslo_reports.file_event_handler_interval = 1 {{(pid=93324) log_opt_values /opt/stack/data/venv/lib/python3.12/site-packages/oslo_config/cfg.py:3253}}
Jul 02 23:56:08.997393 np0000004337 nova-scheduler[93324]: DEBUG cotyledon.oslo_config_glue [-] oslo_reports.log_dir = None {{(pid=93324) log_opt_values /opt/stack/data/venv/lib/python3.12/site-packages/oslo_config/cfg.py:3253}}
Jul 02 23:56:08.997433 np0000004337 nova-scheduler[93324]: DEBUG cotyledon.oslo_config_glue [-] ******************************************************************************** {{(pid=93324) log_opt_values /opt/stack/data/venv/lib/python3.12/site-packages/oslo_config/cfg.py:3260}}
Jul 02 23:56:08.997570 np0000004337 nova-scheduler[93324]: DEBUG cotyledon._service_worker [-] Run service ServiceWrapper(2) [93324] {{(pid=93324) wait_forever /opt/stack/data/venv/lib/python3.12/site-packages/cotyledon/_service_worker.py:218}}
Jul 02 23:56:08.999090 np0000004337 nova-scheduler[93324]: INFO nova.service [-] Starting scheduler node (version 33.1.0)
Jul 02 23:56:09.005222 np0000004337 nova-scheduler[93324]: INFO dbcounter [None req-8dfb45c3-dca6-482d-bdd2-20e2179f6469 None None] Registered counter for database nova_cell0
Jul 02 23:56:09.009166 np0000004337 nova-scheduler[93320]: DEBUG dbcounter [-] [93320] Writer thread running {{(pid=93320) stat_writer /opt/stack/data/venv/lib/python3.12/site-packages/dbcounter.py:102}}
Jul 02 23:56:09.034105 np0000004337 nova-scheduler[93322]: DEBUG oslo_db.sqlalchemy.engines [None req-26a6bca5-45c5-4d3a-89d2-cd909c17d677 None None] MySQL server mode set to STRICT_TRANS_TABLES,STRICT_ALL_TABLES,NO_ZERO_IN_DATE,NO_ZERO_DATE,ERROR_FOR_DIVISION_BY_ZERO,TRADITIONAL,NO_ENGINE_SUBSTITUTION {{(pid=93322) _check_effective_sql_mode /opt/stack/data/venv/lib/python3.12/site-packages/oslo_db/sqlalchemy/engines.py:325}}
Jul 02 23:56:09.035054 np0000004337 nova-scheduler[93320]: DEBUG nova.service [None req-a5937161-d5ee-4286-949e-a6f15f7c9531 None None] Creating RPC server for service: nova-scheduler on topic: scheduler {{(pid=93320) start /opt/stack/nova/nova/service.py:196}}
Jul 02 23:56:09.043653 np0000004337 nova-scheduler[93322]: DEBUG dbcounter [-] [93322] Writer thread running {{(pid=93322) stat_writer /opt/stack/data/venv/lib/python3.12/site-packages/dbcounter.py:102}}
Jul 02 23:56:09.046831 np0000004337 nova-scheduler[93322]: DEBUG nova.service [None req-26a6bca5-45c5-4d3a-89d2-cd909c17d677 None None] Creating RPC server for service: nova-scheduler on topic: scheduler {{(pid=93322) start /opt/stack/nova/nova/service.py:196}}
Jul 02 23:56:09.050500 np0000004337 nova-scheduler[93324]: DEBUG oslo_db.sqlalchemy.engines [None req-8dfb45c3-dca6-482d-bdd2-20e2179f6469 None None] MySQL server mode set to STRICT_TRANS_TABLES,STRICT_ALL_TABLES,NO_ZERO_IN_DATE,NO_ZERO_DATE,ERROR_FOR_DIVISION_BY_ZERO,TRADITIONAL,NO_ENGINE_SUBSTITUTION {{(pid=93324) _check_effective_sql_mode /opt/stack/data/venv/lib/python3.12/site-packages/oslo_db/sqlalchemy/engines.py:325}}
Jul 02 23:56:09.060927 np0000004337 nova-scheduler[93324]: DEBUG dbcounter [-] [93324] Writer thread running {{(pid=93324) stat_writer /opt/stack/data/venv/lib/python3.12/site-packages/dbcounter.py:102}}
Jul 02 23:56:09.063671 np0000004337 nova-scheduler[93324]: DEBUG nova.service [None req-8dfb45c3-dca6-482d-bdd2-20e2179f6469 None None] Creating RPC server for service: nova-scheduler on topic: scheduler {{(pid=93324) start /opt/stack/nova/nova/service.py:196}}
Jul 02 23:56:09.067334 np0000004337 nova-scheduler[93322]: DEBUG nova.service [None req-26a6bca5-45c5-4d3a-89d2-cd909c17d677 None None] Join ServiceGroup membership for this service scheduler {{(pid=93322) start /opt/stack/nova/nova/service.py:222}}
Jul 02 23:56:09.067580 np0000004337 nova-scheduler[93322]: DEBUG nova.servicegroup.drivers.db [None req-26a6bca5-45c5-4d3a-89d2-cd909c17d677 None None] DB_Driver: join new ServiceGroup member np0000004337 to the scheduler group, service = {{(pid=93322) join /opt/stack/nova/nova/servicegroup/drivers/db.py:44}}
Jul 02 23:56:09.077238 np0000004337 nova-scheduler[93320]: DEBUG nova.service [None req-a5937161-d5ee-4286-949e-a6f15f7c9531 None None] Join ServiceGroup membership for this service scheduler {{(pid=93320) start /opt/stack/nova/nova/service.py:222}}
Jul 02 23:56:09.077532 np0000004337 nova-scheduler[93320]: DEBUG nova.servicegroup.drivers.db [None req-a5937161-d5ee-4286-949e-a6f15f7c9531 None None] DB_Driver: join new ServiceGroup member np0000004337 to the scheduler group, service = {{(pid=93320) join /opt/stack/nova/nova/servicegroup/drivers/db.py:44}}
Jul 02 23:56:09.082122 np0000004337 nova-scheduler[93324]: DEBUG nova.service [None req-8dfb45c3-dca6-482d-bdd2-20e2179f6469 None None] Join ServiceGroup membership for this service scheduler {{(pid=93324) start /opt/stack/nova/nova/service.py:222}}
Jul 02 23:56:09.082470 np0000004337 nova-scheduler[93324]: DEBUG nova.servicegroup.drivers.db [None req-8dfb45c3-dca6-482d-bdd2-20e2179f6469 None None] DB_Driver: join new ServiceGroup member np0000004337 to the scheduler group, service = {{(pid=93324) join /opt/stack/nova/nova/servicegroup/drivers/db.py:44}}
Jul 02 23:56:14.084912 np0000004337 nova-scheduler[93322]: DEBUG oslo.service.backend._threading.loopingcall [-] Fixed interval looping call 'nova.servicegroup.drivers.db.DbDriver._report_state' sleeping for 119.98 seconds {{(pid=93322) _run_loop /opt/stack/data/venv/lib/python3.12/site-packages/oslo_service/backend/_threading/loopingcall.py:125}}
Jul 02 23:56:14.087834 np0000004337 nova-scheduler[93320]: DEBUG oslo.service.backend._threading.loopingcall [-] Fixed interval looping call 'nova.servicegroup.drivers.db.DbDriver._report_state' sleeping for 119.99 seconds {{(pid=93320) _run_loop /opt/stack/data/venv/lib/python3.12/site-packages/oslo_service/backend/_threading/loopingcall.py:125}}
Jul 02 23:56:14.094612 np0000004337 nova-scheduler[93324]: DEBUG oslo.service.backend._threading.loopingcall [-] Fixed interval looping call 'nova.servicegroup.drivers.db.DbDriver._report_state' sleeping for 119.99 seconds {{(pid=93324) _run_loop /opt/stack/data/venv/lib/python3.12/site-packages/oslo_service/backend/_threading/loopingcall.py:125}}
Jul 02 23:56:17.578545 np0000004337 nova-scheduler[92048]: DEBUG dbcounter [-] [92048] Writing DB stats nova_api:SELECT=3 {{(pid=92048) stat_writer /opt/stack/data/venv/lib/python3.12/site-packages/dbcounter.py:115}}
Jul 02 23:56:17.727532 np0000004337 nova-scheduler[92048]: DEBUG dbcounter [-] [92048] Writing DB stats nova_cell1:SELECT=1 {{(pid=92048) stat_writer /opt/stack/data/venv/lib/python3.12/site-packages/dbcounter.py:115}}
Jul 02 23:56:17.730694 np0000004337 nova-scheduler[92048]: DEBUG dbcounter [-] [92048] Writing DB stats nova_cell0:SELECT=1 {{(pid=92048) stat_writer /opt/stack/data/venv/lib/python3.12/site-packages/dbcounter.py:115}}
Jul 02 23:56:24.079248 np0000004337 nova-scheduler[93322]: DEBUG dbcounter [-] [93322] Writing DB stats nova_cell0:SELECT=3,nova_cell0:UPDATE=1 {{(pid=93322) stat_writer /opt/stack/data/venv/lib/python3.12/site-packages/dbcounter.py:115}}
Jul 02 23:56:24.085906 np0000004337 nova-scheduler[93320]: DEBUG dbcounter [-] [93320] Writing DB stats nova_cell0:SELECT=4,nova_cell0:INSERT=1 {{(pid=93320) stat_writer /opt/stack/data/venv/lib/python3.12/site-packages/dbcounter.py:115}}
Jul 02 23:56:24.091580 np0000004337 nova-scheduler[93324]: DEBUG dbcounter [-] [93324] Writing DB stats nova_cell0:SELECT=3 {{(pid=93324) stat_writer /opt/stack/data/venv/lib/python3.12/site-packages/dbcounter.py:115}}
Jul 02 23:56:32.069888 np0000004337 nova-scheduler[93322]: DEBUG oslo.service.backend._threading.loopingcall [None req-aca371fb-d70e-4cba-b6fb-bc76a2517a00 None None] Dynamic interval looping call 'nova.service.Service.periodic_tasks' sleeping for 60.00 seconds {{(pid=93322) _run_loop /opt/stack/data/venv/lib/python3.12/site-packages/oslo_service/backend/_threading/loopingcall.py:125}}
Jul 02 23:56:35.085107 np0000004337 nova-scheduler[93324]: DEBUG oslo.service.backend._threading.loopingcall [None req-442a020b-850f-47b4-8493-06566e86618b None None] Dynamic interval looping call 'nova.service.Service.periodic_tasks' sleeping for 60.00 seconds {{(pid=93324) _run_loop /opt/stack/data/venv/lib/python3.12/site-packages/oslo_service/backend/_threading/loopingcall.py:125}}
Jul 02 23:57:01.082008 np0000004337 nova-scheduler[93320]: DEBUG oslo.service.backend._threading.loopingcall [None req-b8b4c274-ddfd-4454-ab40-919a38a101f0 None None] Dynamic interval looping call 'nova.service.Service.periodic_tasks' sleeping for 60.00 seconds {{(pid=93320) _run_loop /opt/stack/data/venv/lib/python3.12/site-packages/oslo_service/backend/_threading/loopingcall.py:125}}
Jul 02 23:57:32.070383 np0000004337 nova-scheduler[93322]: DEBUG oslo.service.backend._threading.loopingcall [None req-aca371fb-d70e-4cba-b6fb-bc76a2517a00 None None] Dynamic interval looping call 'nova.service.Service.periodic_tasks' sleeping for 60.00 seconds {{(pid=93322) _run_loop /opt/stack/data/venv/lib/python3.12/site-packages/oslo_service/backend/_threading/loopingcall.py:125}}
Jul 02 23:57:35.085660 np0000004337 nova-scheduler[93324]: DEBUG oslo.service.backend._threading.loopingcall [None req-442a020b-850f-47b4-8493-06566e86618b None None] Dynamic interval looping call 'nova.service.Service.periodic_tasks' sleeping for 60.00 seconds {{(pid=93324) _run_loop /opt/stack/data/venv/lib/python3.12/site-packages/oslo_service/backend/_threading/loopingcall.py:125}}
Jul 02 23:58:01.081680 np0000004337 nova-scheduler[93320]: DEBUG oslo.service.backend._threading.loopingcall [None req-b8b4c274-ddfd-4454-ab40-919a38a101f0 None None] Dynamic interval looping call 'nova.service.Service.periodic_tasks' sleeping for 60.00 seconds {{(pid=93320) _run_loop /opt/stack/data/venv/lib/python3.12/site-packages/oslo_service/backend/_threading/loopingcall.py:125}}
Jul 02 23:58:14.075223 np0000004337 nova-scheduler[93322]: DEBUG oslo.service.backend._threading.loopingcall [-] Fixed interval looping call 'nova.servicegroup.drivers.db.DbDriver._report_state' sleeping for 119.99 seconds {{(pid=93322) _run_loop /opt/stack/data/venv/lib/python3.12/site-packages/oslo_service/backend/_threading/loopingcall.py:125}}
Jul 02 23:58:14.081518 np0000004337 nova-scheduler[93320]: DEBUG oslo.service.backend._threading.loopingcall [-] Fixed interval looping call 'nova.servicegroup.drivers.db.DbDriver._report_state' sleeping for 120.00 seconds {{(pid=93320) _run_loop /opt/stack/data/venv/lib/python3.12/site-packages/oslo_service/backend/_threading/loopingcall.py:125}}
Jul 02 23:58:14.090042 np0000004337 nova-scheduler[93324]: DEBUG oslo.service.backend._threading.loopingcall [-] Fixed interval looping call 'nova.servicegroup.drivers.db.DbDriver._report_state' sleeping for 120.00 seconds {{(pid=93324) _run_loop /opt/stack/data/venv/lib/python3.12/site-packages/oslo_service/backend/_threading/loopingcall.py:125}}
Jul 02 23:58:24.069609 np0000004337 nova-scheduler[93322]: DEBUG dbcounter [-] [93322] Writing DB stats nova_cell0:SELECT=1,nova_cell0:UPDATE=1 {{(pid=93322) stat_writer /opt/stack/data/venv/lib/python3.12/site-packages/dbcounter.py:115}}
Jul 02 23:58:24.079653 np0000004337 nova-scheduler[93320]: DEBUG dbcounter [-] [93320] Writing DB stats nova_cell0:SELECT=1 {{(pid=93320) stat_writer /opt/stack/data/venv/lib/python3.12/site-packages/dbcounter.py:115}}
Jul 02 23:58:24.087561 np0000004337 nova-scheduler[93324]: DEBUG dbcounter [-] [93324] Writing DB stats nova_cell0:SELECT=1 {{(pid=93324) stat_writer /opt/stack/data/venv/lib/python3.12/site-packages/dbcounter.py:115}}
Jul 02 23:58:32.071409 np0000004337 nova-scheduler[93322]: DEBUG oslo.service.backend._threading.loopingcall [None req-aca371fb-d70e-4cba-b6fb-bc76a2517a00 None None] Dynamic interval looping call 'nova.service.Service.periodic_tasks' sleeping for 60.00 seconds {{(pid=93322) _run_loop /opt/stack/data/venv/lib/python3.12/site-packages/oslo_service/backend/_threading/loopingcall.py:125}}
Jul 02 23:58:35.086191 np0000004337 nova-scheduler[93324]: DEBUG oslo.service.backend._threading.loopingcall [None req-442a020b-850f-47b4-8493-06566e86618b None None] Dynamic interval looping call 'nova.service.Service.periodic_tasks' sleeping for 60.00 seconds {{(pid=93324) _run_loop /opt/stack/data/venv/lib/python3.12/site-packages/oslo_service/backend/_threading/loopingcall.py:125}}
Jul 02 23:58:35.892331 np0000004337 nova-scheduler[93322]: DEBUG nova.scheduler.manager [None req-ed537ef9-5763-40f6-871d-4984f078473d tempest-DeleteServersTestJSON-1818254842 tempest-DeleteServersTestJSON-1818254842-project-member] Starting to schedule for instances: ['d72d6357-05d4-4fad-8b86-a45f5186a0fc'] {{(pid=93322) select_destinations /opt/stack/nova/nova/scheduler/manager.py:209}}
Jul 02 23:58:35.893092 np0000004337 nova-scheduler[93322]: DEBUG nova.scheduler.request_filter [None req-ed537ef9-5763-40f6-871d-4984f078473d tempest-DeleteServersTestJSON-1818254842 tempest-DeleteServersTestJSON-1818254842-project-member] compute_status_filter request filter added forbidden trait COMPUTE_STATUS_DISABLED {{(pid=93322) compute_status_filter /opt/stack/nova/nova/scheduler/request_filter.py:253}}
Jul 02 23:58:35.893092 np0000004337 nova-scheduler[93322]: DEBUG nova.scheduler.request_filter [None req-ed537ef9-5763-40f6-871d-4984f078473d tempest-DeleteServersTestJSON-1818254842 tempest-DeleteServersTestJSON-1818254842-project-member] Request filter 'compute_status_filter' took 0.0 seconds {{(pid=93322) wrapper /opt/stack/nova/nova/scheduler/request_filter.py:46}}
Jul 02 23:58:35.900766 np0000004337 nova-scheduler[93322]: DEBUG nova.scheduler.request_filter [None req-ed537ef9-5763-40f6-871d-4984f078473d tempest-DeleteServersTestJSON-1818254842 tempest-DeleteServersTestJSON-1818254842-project-member] Request filter 'accelerators_filter' took 0.0 seconds {{(pid=93322) wrapper /opt/stack/nova/nova/scheduler/request_filter.py:46}}
Jul 02 23:58:35.901084 np0000004337 nova-scheduler[93322]: DEBUG nova.scheduler.request_filter [None req-ed537ef9-5763-40f6-871d-4984f078473d tempest-DeleteServersTestJSON-1818254842 tempest-DeleteServersTestJSON-1818254842-project-member] Request filter 'packed_virtqueue_filter' took 0.0 seconds {{(pid=93322) wrapper /opt/stack/nova/nova/scheduler/request_filter.py:46}}
Jul 02 23:58:35.901571 np0000004337 nova-scheduler[93322]: DEBUG nova.scheduler.request_filter [None req-ed537ef9-5763-40f6-871d-4984f078473d tempest-DeleteServersTestJSON-1818254842 tempest-DeleteServersTestJSON-1818254842-project-member] Request filter 'remote_managed_ports_filter' took 0.0 seconds {{(pid=93322) wrapper /opt/stack/nova/nova/scheduler/request_filter.py:46}}
Jul 02 23:58:35.901691 np0000004337 nova-scheduler[93322]: DEBUG nova.scheduler.request_filter [None req-ed537ef9-5763-40f6-871d-4984f078473d tempest-DeleteServersTestJSON-1818254842 tempest-DeleteServersTestJSON-1818254842-project-member] ephemeral_encryption_filter skipped {{(pid=93322) ephemeral_encryption_filter /opt/stack/nova/nova/scheduler/request_filter.py:426}}
Jul 02 23:58:35.901830 np0000004337 nova-scheduler[93322]: DEBUG nova.scheduler.request_filter [None req-ed537ef9-5763-40f6-871d-4984f078473d tempest-DeleteServersTestJSON-1818254842 tempest-DeleteServersTestJSON-1818254842-project-member] virtio_sound_filter skipped {{(pid=93322) virtio_sound_filter /opt/stack/nova/nova/scheduler/request_filter.py:460}}
Jul 02 23:58:35.902011 np0000004337 nova-scheduler[93322]: DEBUG nova.scheduler.request_filter [None req-ed537ef9-5763-40f6-871d-4984f078473d tempest-DeleteServersTestJSON-1818254842 tempest-DeleteServersTestJSON-1818254842-project-member] tpm_secret_security_filter skipped {{(pid=93322) tpm_secret_security_filter /opt/stack/nova/nova/scheduler/request_filter.py:477}}
Jul 02 23:58:35.977520 np0000004337 nova-scheduler[93320]: DEBUG nova.scheduler.manager [None req-021e7ef3-252a-4bfc-9e04-991d104ad4b9 tempest-ServerActionsTestOtherA-1712306458 tempest-ServerActionsTestOtherA-1712306458-project-member] Starting to schedule for instances: ['160ecfa2-b60b-4e79-9f03-7ba8457699e7'] {{(pid=93320) select_destinations /opt/stack/nova/nova/scheduler/manager.py:209}}
Jul 02 23:58:35.978051 np0000004337 nova-scheduler[93320]: DEBUG nova.scheduler.request_filter [None req-021e7ef3-252a-4bfc-9e04-991d104ad4b9 tempest-ServerActionsTestOtherA-1712306458 tempest-ServerActionsTestOtherA-1712306458-project-member] compute_status_filter request filter added forbidden trait COMPUTE_STATUS_DISABLED {{(pid=93320) compute_status_filter /opt/stack/nova/nova/scheduler/request_filter.py:253}}
Jul 02 23:58:35.978145 np0000004337 nova-scheduler[93320]: DEBUG nova.scheduler.request_filter [None req-021e7ef3-252a-4bfc-9e04-991d104ad4b9 tempest-ServerActionsTestOtherA-1712306458 tempest-ServerActionsTestOtherA-1712306458-project-member] Request filter 'compute_status_filter' took 0.0 seconds {{(pid=93320) wrapper /opt/stack/nova/nova/scheduler/request_filter.py:46}}
Jul 02 23:58:35.978399 np0000004337 nova-scheduler[93320]: DEBUG nova.scheduler.request_filter [None req-021e7ef3-252a-4bfc-9e04-991d104ad4b9 tempest-ServerActionsTestOtherA-1712306458 tempest-ServerActionsTestOtherA-1712306458-project-member] Request filter 'accelerators_filter' took 0.0 seconds {{(pid=93320) wrapper /opt/stack/nova/nova/scheduler/request_filter.py:46}}
Jul 02 23:58:35.979022 np0000004337 nova-scheduler[93320]: DEBUG nova.scheduler.request_filter [None req-021e7ef3-252a-4bfc-9e04-991d104ad4b9 tempest-ServerActionsTestOtherA-1712306458 tempest-ServerActionsTestOtherA-1712306458-project-member] Request filter 'packed_virtqueue_filter' took 0.0 seconds {{(pid=93320) wrapper /opt/stack/nova/nova/scheduler/request_filter.py:46}}
Jul 02 23:58:35.980540 np0000004337 nova-scheduler[93320]: DEBUG nova.scheduler.request_filter [None req-021e7ef3-252a-4bfc-9e04-991d104ad4b9 tempest-ServerActionsTestOtherA-1712306458 tempest-ServerActionsTestOtherA-1712306458-project-member] Request filter 'remote_managed_ports_filter' took 0.0 seconds {{(pid=93320) wrapper /opt/stack/nova/nova/scheduler/request_filter.py:46}}
Jul 02 23:58:35.980540 np0000004337 nova-scheduler[93320]: DEBUG nova.scheduler.request_filter [None req-021e7ef3-252a-4bfc-9e04-991d104ad4b9 tempest-ServerActionsTestOtherA-1712306458 tempest-ServerActionsTestOtherA-1712306458-project-member] ephemeral_encryption_filter skipped {{(pid=93320) ephemeral_encryption_filter /opt/stack/nova/nova/scheduler/request_filter.py:426}}
Jul 02 23:58:35.980540 np0000004337 nova-scheduler[93320]: DEBUG nova.scheduler.request_filter [None req-021e7ef3-252a-4bfc-9e04-991d104ad4b9 tempest-ServerActionsTestOtherA-1712306458 tempest-ServerActionsTestOtherA-1712306458-project-member] virtio_sound_filter skipped {{(pid=93320) virtio_sound_filter /opt/stack/nova/nova/scheduler/request_filter.py:460}}
Jul 02 23:58:35.980540 np0000004337 nova-scheduler[93320]: DEBUG nova.scheduler.request_filter [None req-021e7ef3-252a-4bfc-9e04-991d104ad4b9 tempest-ServerActionsTestOtherA-1712306458 tempest-ServerActionsTestOtherA-1712306458-project-member] tpm_secret_security_filter skipped {{(pid=93320) tpm_secret_security_filter /opt/stack/nova/nova/scheduler/request_filter.py:477}}
Jul 02 23:58:36.442067 np0000004337 nova-scheduler[93320]: INFO nova.utils [None req-021e7ef3-252a-4bfc-9e04-991d104ad4b9 tempest-ServerActionsTestOtherA-1712306458 tempest-ServerActionsTestOtherA-1712306458-project-member] The cell worker thread pool ForkProcess-1.cell_worker is initialized
Jul 02 23:58:36.442655 np0000004337 nova-scheduler[93320]: DEBUG oslo_concurrency.lockutils [None req-021e7ef3-252a-4bfc-9e04-991d104ad4b9 tempest-ServerActionsTestOtherA-1712306458 tempest-ServerActionsTestOtherA-1712306458-project-member] Acquiring lock "0aa38f14-ea3c-432c-9b2b-e04deddd3ad9" by "nova.context.set_target_cell..get_or_set_cached_cell_and_set_connections" {{(pid=93320) inner /opt/stack/data/venv/lib/python3.12/site-packages/oslo_concurrency/lockutils.py:511}}
Jul 02 23:58:36.443768 np0000004337 nova-scheduler[93320]: DEBUG oslo_concurrency.lockutils [None req-021e7ef3-252a-4bfc-9e04-991d104ad4b9 tempest-ServerActionsTestOtherA-1712306458 tempest-ServerActionsTestOtherA-1712306458-project-member] Lock "0aa38f14-ea3c-432c-9b2b-e04deddd3ad9" acquired by "nova.context.set_target_cell..get_or_set_cached_cell_and_set_connections" :: waited 0.001s {{(pid=93320) inner /opt/stack/data/venv/lib/python3.12/site-packages/oslo_concurrency/lockutils.py:524}}
Jul 02 23:58:36.445219 np0000004337 nova-scheduler[93320]: DEBUG oslo_concurrency.lockutils [None req-021e7ef3-252a-4bfc-9e04-991d104ad4b9 tempest-ServerActionsTestOtherA-1712306458 tempest-ServerActionsTestOtherA-1712306458-project-member] Lock "0aa38f14-ea3c-432c-9b2b-e04deddd3ad9" "released" by "nova.context.set_target_cell..get_or_set_cached_cell_and_set_connections" :: held 0.001s {{(pid=93320) inner /opt/stack/data/venv/lib/python3.12/site-packages/oslo_concurrency/lockutils.py:543}}
Jul 02 23:58:36.447684 np0000004337 nova-scheduler[93320]: INFO dbcounter [None req-021e7ef3-252a-4bfc-9e04-991d104ad4b9 tempest-ServerActionsTestOtherA-1712306458 tempest-ServerActionsTestOtherA-1712306458-project-member] Registered counter for database nova_cell1
Jul 02 23:58:36.499940 np0000004337 nova-scheduler[93320]: DEBUG oslo_db.sqlalchemy.engines [None req-021e7ef3-252a-4bfc-9e04-991d104ad4b9 tempest-ServerActionsTestOtherA-1712306458 tempest-ServerActionsTestOtherA-1712306458-project-member] MySQL server mode set to STRICT_TRANS_TABLES,STRICT_ALL_TABLES,NO_ZERO_IN_DATE,NO_ZERO_DATE,ERROR_FOR_DIVISION_BY_ZERO,TRADITIONAL,NO_ENGINE_SUBSTITUTION {{(pid=93320) _check_effective_sql_mode /opt/stack/data/venv/lib/python3.12/site-packages/oslo_db/sqlalchemy/engines.py:325}}
Jul 02 23:58:36.509185 np0000004337 nova-scheduler[93320]: DEBUG dbcounter [-] [93320] Writer thread running {{(pid=93320) stat_writer /opt/stack/data/venv/lib/python3.12/site-packages/dbcounter.py:102}}
Jul 02 23:58:36.526401 np0000004337 nova-scheduler[93320]: DEBUG oslo_db.sqlalchemy.engines [None req-021e7ef3-252a-4bfc-9e04-991d104ad4b9 tempest-ServerActionsTestOtherA-1712306458 tempest-ServerActionsTestOtherA-1712306458-project-member] Parent process 92048 forked (93320) with an open database connection, which is being discarded and recreated. {{(pid=93320) checkout /opt/stack/data/venv/lib/python3.12/site-packages/oslo_db/sqlalchemy/engines.py:402}}
Jul 02 23:58:36.547529 np0000004337 nova-scheduler[93322]: INFO nova.utils [None req-ed537ef9-5763-40f6-871d-4984f078473d tempest-DeleteServersTestJSON-1818254842 tempest-DeleteServersTestJSON-1818254842-project-member] The cell worker thread pool ForkProcess-2.cell_worker is initialized
Jul 02 23:58:36.547794 np0000004337 nova-scheduler[93322]: DEBUG oslo_concurrency.lockutils [None req-ed537ef9-5763-40f6-871d-4984f078473d tempest-DeleteServersTestJSON-1818254842 tempest-DeleteServersTestJSON-1818254842-project-member] Acquiring lock "0aa38f14-ea3c-432c-9b2b-e04deddd3ad9" by "nova.context.set_target_cell..get_or_set_cached_cell_and_set_connections" {{(pid=93322) inner /opt/stack/data/venv/lib/python3.12/site-packages/oslo_concurrency/lockutils.py:511}}
Jul 02 23:58:36.548071 np0000004337 nova-scheduler[93322]: DEBUG oslo_concurrency.lockutils [None req-ed537ef9-5763-40f6-871d-4984f078473d tempest-DeleteServersTestJSON-1818254842 tempest-DeleteServersTestJSON-1818254842-project-member] Lock "0aa38f14-ea3c-432c-9b2b-e04deddd3ad9" acquired by "nova.context.set_target_cell..get_or_set_cached_cell_and_set_connections" :: waited 0.000s {{(pid=93322) inner /opt/stack/data/venv/lib/python3.12/site-packages/oslo_concurrency/lockutils.py:524}}
Jul 02 23:58:36.549724 np0000004337 nova-scheduler[93322]: DEBUG oslo_concurrency.lockutils [None req-ed537ef9-5763-40f6-871d-4984f078473d tempest-DeleteServersTestJSON-1818254842 tempest-DeleteServersTestJSON-1818254842-project-member] Lock "0aa38f14-ea3c-432c-9b2b-e04deddd3ad9" "released" by "nova.context.set_target_cell..get_or_set_cached_cell_and_set_connections" :: held 0.002s {{(pid=93322) inner /opt/stack/data/venv/lib/python3.12/site-packages/oslo_concurrency/lockutils.py:543}}
Jul 02 23:58:36.551584 np0000004337 nova-scheduler[93322]: INFO dbcounter [None req-ed537ef9-5763-40f6-871d-4984f078473d tempest-DeleteServersTestJSON-1818254842 tempest-DeleteServersTestJSON-1818254842-project-member] Registered counter for database nova_cell1
Jul 02 23:58:36.566290 np0000004337 nova-scheduler[93324]: DEBUG nova.scheduler.manager [None req-4421969e-e827-4e3d-949a-3f4d0bf19e5f tempest-ServerActionsTestOtherB-1883438105 tempest-ServerActionsTestOtherB-1883438105-project-member] Starting to schedule for instances: ['4c98c2d5-cbac-4624-9af7-d75f3c7b4a9a'] {{(pid=93324) select_destinations /opt/stack/nova/nova/scheduler/manager.py:209}}
Jul 02 23:58:36.566290 np0000004337 nova-scheduler[93324]: DEBUG nova.scheduler.request_filter [None req-4421969e-e827-4e3d-949a-3f4d0bf19e5f tempest-ServerActionsTestOtherB-1883438105 tempest-ServerActionsTestOtherB-1883438105-project-member] compute_status_filter request filter added forbidden trait COMPUTE_STATUS_DISABLED {{(pid=93324) compute_status_filter /opt/stack/nova/nova/scheduler/request_filter.py:253}}
Jul 02 23:58:36.566290 np0000004337 nova-scheduler[93324]: DEBUG nova.scheduler.request_filter [None req-4421969e-e827-4e3d-949a-3f4d0bf19e5f tempest-ServerActionsTestOtherB-1883438105 tempest-ServerActionsTestOtherB-1883438105-project-member] Request filter 'compute_status_filter' took 0.0 seconds {{(pid=93324) wrapper /opt/stack/nova/nova/scheduler/request_filter.py:46}}
Jul 02 23:58:36.566290 np0000004337 nova-scheduler[93324]: DEBUG nova.scheduler.request_filter [None req-4421969e-e827-4e3d-949a-3f4d0bf19e5f tempest-ServerActionsTestOtherB-1883438105 tempest-ServerActionsTestOtherB-1883438105-project-member] Request filter 'accelerators_filter' took 0.0 seconds {{(pid=93324) wrapper /opt/stack/nova/nova/scheduler/request_filter.py:46}}
Jul 02 23:58:36.566714 np0000004337 nova-scheduler[93324]: DEBUG nova.scheduler.request_filter [None req-4421969e-e827-4e3d-949a-3f4d0bf19e5f tempest-ServerActionsTestOtherB-1883438105 tempest-ServerActionsTestOtherB-1883438105-project-member] Request filter 'packed_virtqueue_filter' took 0.0 seconds {{(pid=93324) wrapper /opt/stack/nova/nova/scheduler/request_filter.py:46}}
Jul 02 23:58:36.567265 np0000004337 nova-scheduler[93324]: DEBUG nova.scheduler.request_filter [None req-4421969e-e827-4e3d-949a-3f4d0bf19e5f tempest-ServerActionsTestOtherB-1883438105 tempest-ServerActionsTestOtherB-1883438105-project-member] Request filter 'remote_managed_ports_filter' took 0.0 seconds {{(pid=93324) wrapper /opt/stack/nova/nova/scheduler/request_filter.py:46}}
Jul 02 23:58:36.567488 np0000004337 nova-scheduler[93324]: DEBUG nova.scheduler.request_filter [None req-4421969e-e827-4e3d-949a-3f4d0bf19e5f tempest-ServerActionsTestOtherB-1883438105 tempest-ServerActionsTestOtherB-1883438105-project-member] ephemeral_encryption_filter skipped {{(pid=93324) ephemeral_encryption_filter /opt/stack/nova/nova/scheduler/request_filter.py:426}}
Jul 02 23:58:36.567749 np0000004337 nova-scheduler[93324]: DEBUG nova.scheduler.request_filter [None req-4421969e-e827-4e3d-949a-3f4d0bf19e5f tempest-ServerActionsTestOtherB-1883438105 tempest-ServerActionsTestOtherB-1883438105-project-member] virtio_sound_filter skipped {{(pid=93324) virtio_sound_filter /opt/stack/nova/nova/scheduler/request_filter.py:460}}
Jul 02 23:58:36.568044 np0000004337 nova-scheduler[93324]: DEBUG nova.scheduler.request_filter [None req-4421969e-e827-4e3d-949a-3f4d0bf19e5f tempest-ServerActionsTestOtherB-1883438105 tempest-ServerActionsTestOtherB-1883438105-project-member] tpm_secret_security_filter skipped {{(pid=93324) tpm_secret_security_filter /opt/stack/nova/nova/scheduler/request_filter.py:477}}
Jul 02 23:58:36.578458 np0000004337 nova-scheduler[93320]: DEBUG dbcounter [-] [93320] Writer thread running {{(pid=93320) stat_writer /opt/stack/data/venv/lib/python3.12/site-packages/dbcounter.py:102}}
Jul 02 23:58:36.581246 np0000004337 nova-scheduler[93320]: DEBUG oslo_concurrency.lockutils [None req-021e7ef3-252a-4bfc-9e04-991d104ad4b9 tempest-ServerActionsTestOtherA-1712306458 tempest-ServerActionsTestOtherA-1712306458-project-member] Acquiring lock "0aa38f14-ea3c-432c-9b2b-e04deddd3ad9" by "nova.context.set_target_cell..get_or_set_cached_cell_and_set_connections" {{(pid=93320) inner /opt/stack/data/venv/lib/python3.12/site-packages/oslo_concurrency/lockutils.py:511}}
Jul 02 23:58:36.581383 np0000004337 nova-scheduler[93320]: DEBUG oslo_concurrency.lockutils [None req-021e7ef3-252a-4bfc-9e04-991d104ad4b9 tempest-ServerActionsTestOtherA-1712306458 tempest-ServerActionsTestOtherA-1712306458-project-member] Lock "0aa38f14-ea3c-432c-9b2b-e04deddd3ad9" acquired by "nova.context.set_target_cell..get_or_set_cached_cell_and_set_connections" :: waited 0.000s {{(pid=93320) inner /opt/stack/data/venv/lib/python3.12/site-packages/oslo_concurrency/lockutils.py:524}}
Jul 02 23:58:36.581480 np0000004337 nova-scheduler[93320]: DEBUG oslo_concurrency.lockutils [None req-021e7ef3-252a-4bfc-9e04-991d104ad4b9 tempest-ServerActionsTestOtherA-1712306458 tempest-ServerActionsTestOtherA-1712306458-project-member] Lock "0aa38f14-ea3c-432c-9b2b-e04deddd3ad9" "released" by "nova.context.set_target_cell..get_or_set_cached_cell_and_set_connections" :: held 0.000s {{(pid=93320) inner /opt/stack/data/venv/lib/python3.12/site-packages/oslo_concurrency/lockutils.py:543}}
Jul 02 23:58:36.582858 np0000004337 nova-scheduler[93322]: DEBUG oslo_db.sqlalchemy.engines [None req-ed537ef9-5763-40f6-871d-4984f078473d tempest-DeleteServersTestJSON-1818254842 tempest-DeleteServersTestJSON-1818254842-project-member] MySQL server mode set to STRICT_TRANS_TABLES,STRICT_ALL_TABLES,NO_ZERO_IN_DATE,NO_ZERO_DATE,ERROR_FOR_DIVISION_BY_ZERO,TRADITIONAL,NO_ENGINE_SUBSTITUTION {{(pid=93322) _check_effective_sql_mode /opt/stack/data/venv/lib/python3.12/site-packages/oslo_db/sqlalchemy/engines.py:325}}
Jul 02 23:58:36.586040 np0000004337 nova-scheduler[93320]: DEBUG oslo_concurrency.lockutils [None req-021e7ef3-252a-4bfc-9e04-991d104ad4b9 tempest-ServerActionsTestOtherA-1712306458 tempest-ServerActionsTestOtherA-1712306458-project-member] Acquiring lock "np0000004337-np0000004337" by "nova.scheduler.host_manager.HostState.update.._locked_update" {{(pid=93320) inner /opt/stack/data/venv/lib/python3.12/site-packages/oslo_concurrency/lockutils.py:511}}
Jul 02 23:58:36.586203 np0000004337 nova-scheduler[93320]: DEBUG oslo_concurrency.lockutils [None req-021e7ef3-252a-4bfc-9e04-991d104ad4b9 tempest-ServerActionsTestOtherA-1712306458 tempest-ServerActionsTestOtherA-1712306458-project-member] Lock "np0000004337-np0000004337" acquired by "nova.scheduler.host_manager.HostState.update.._locked_update" :: waited 0.000s {{(pid=93320) inner /opt/stack/data/venv/lib/python3.12/site-packages/oslo_concurrency/lockutils.py:524}}
Jul 02 23:58:36.587234 np0000004337 nova-scheduler[93320]: DEBUG nova.scheduler.host_manager [None req-021e7ef3-252a-4bfc-9e04-991d104ad4b9 tempest-ServerActionsTestOtherA-1712306458 tempest-ServerActionsTestOtherA-1712306458-project-member] Update host state from compute node: ComputeNode(cpu_allocation_ratio=4.0,cpu_info='{"arch": "x86_64", "model": "EPYC-Milan", "vendor": "AMD", "topology": {"cells": 1, "sockets": 16, "cores": 1, "threads": 1}, "maxphysaddr": {"mode": "emulate", "bits": 40}, "features": ["ibpb", "pse36", "avx2", "xgetbv1", "adx", "misalignsse", "xsaveopt", "x2apic", "fsrm", "smep", "vpclmulqdq", "tsc-deadline", "cmov", "umip", "svme-addr-chk", "syscall", "sse", "rdseed", "mce", "pdpe1gb", "vmcb-clean", "lahf_lm", "apic", "mca", "sep", "rdrand", "smap", "popcnt", "xsave", "clwb", "bmi2", "lfence-always-serializing", "rdctl-no", "vgif", "de", "clflushopt", "mmx", "ssse3", "rdpid", "nx", "stibp-always-on", "nrip-save", "pge", "sha-ni", "pni", "flushbyasid", "clzero", "topoext", "movbe", "sse4.1", "sse2", "pfthreshold", "amd-stibp", "tsc", "pcid", "spec-ctrl", "xsaves", "cr8legacy", "erms", "arch-capabilities", "pclmuldq", "sse4.2", "cmp_legacy", "3dnowprefetch", "pae", "tsc_adjust", "vaes", "xsaveerptr", "pku", "rdtscp", "sse4a", "bmi1", "fxsr", "fsgsbase", "xsavec", "f16c", "clflush", "virt-ssbd", "svm", "amd-ssbd", "gds-no", "pschange-mc-no", "msr", "cx16", "stibp", "lm", "perfctr_core", "amd-psfd", "fma", "invpcid", "v-vmsave-vmload", "vme", "tsc-scale", "no-nested-data-bp", "skip-l1dfl-vmentry", "abm", "aes", "mds-no", "fxsr_opt", "pause-filter", "lbrv", "wbnoinvd", "mmxext", "fpu", "osvw", "null-sel-clr-base", "npt", "cx8", "avx", "hypervisor", "pat", "ibrs", "mtrr", "pse", "arat", "ssbd"]}',created_at=2026-07-02T23:56:35Z,current_workload=0,deleted=False,deleted_at=None,disk_allocation_ratio=1.0,disk_available_least=73,free_disk_gb=95,free_ram_mb=62765,host='np0000004337',host_ip=10.4.3.147,hypervisor_hostname='np0000004337',hypervisor_type='QEMU',hypervisor_version=8002002,id=1,local_gb=95,local_gb_used=0,mapped=1,memory_mb=63277,memory_mb_used=512,metrics='[]',numa_topology='{"nova_object.name": "NUMATopology", "nova_object.namespace": "nova", "nova_object.version": "1.2", "nova_object.data": {"cells": [{"nova_object.name": "NUMACell", "nova_object.namespace": "nova", "nova_object.version": "1.5", "nova_object.data": {"id": 0, "cpuset": [0, 1, 2, 3, 4, 5, 6, 7, 8, 9, 10, 11, 12, 13, 14, 15], "pcpuset": [0, 1, 2, 3, 4, 5, 6, 7, 8, 9, 10, 11, 12, 13, 14, 15], "memory": 63277, "cpu_usage": 0, "memory_usage": 0, "pinned_cpus": [], "siblings": [[6], [12], [2], [15], [5], [11], [8], [14], [4], [1], [7], [10], [0], [13], [3], [9]], "mempages": [{"nova_object.name": "NUMAPagesTopology", "nova_object.namespace": "nova", "nova_object.version": "1.1", "nova_object.data": {"size_kb": 4, "total": 16177929, "used": 0, "reserved": 0}, "nova_object.changes": ["reserved", "size_kb", "used", "total"]}, {"nova_object.name": "NUMAPagesTopology", "nova_object.namespace": "nova", "nova_object.version": "1.1", "nova_object.data": {"size_kb": 2048, "total": 41, "used": 0, "reserved": 0}, "nova_object.changes": ["reserved", "size_kb", "used", "total"]}, {"nova_object.name": "NUMAPagesTopology", "nova_object.namespace": "nova", "nova_object.version": "1.1", "nova_object.data": {"size_kb": 1048576, "total": 0, "used": 0, "reserved": 0}, "nova_object.changes": ["reserved", "size_kb", "used", "total"]}], "network_metadata": {"nova_object.name": "NetworkMetadata", "nova_object.namespace": "nova", "nova_object.version": "1.0", "nova_object.data": {"physnets": [], "tunneled": false}, "nova_object.changes": ["physnets", "tunneled"]}, "socket": null}, "nova_object.changes": ["id", "cpuset", "network_metadata", "socket", "pcpuset", "memory_usage", "memory", "mempages", "siblings", "cpu_usage", "pinned_cpus"]}]}, "nova_object.changes": ["cells"]}',pci_device_pools=PciDevicePoolList,ram_allocation_ratio=1.0,running_vms=0,service_id=2,stats={failed_builds='0',uptime=' 23:58:20 up 14 min, 2 users, load average: 2.01, 1.59, 0.88
Jul 02 23:58:36.587234 np0000004337 nova-scheduler[93320]: '},supported_hv_specs=[HVSpec,HVSpec,HVSpec,HVSpec,HVSpec,HVSpec,HVSpec,HVSpec,HVSpec,HVSpec,HVSpec,HVSpec,HVSpec,HVSpec,HVSpec,HVSpec,HVSpec,HVSpec,HVSpec,HVSpec,HVSpec,HVSpec,HVSpec,HVSpec,HVSpec],updated_at=2026-07-02T23:58:22Z,uuid=6e0d424d-a02b-45d8-b2cd-6b5bddd02d0c,vcpus=16,vcpus_used=0) {{(pid=93320) _locked_update /opt/stack/nova/nova/scheduler/host_manager.py:168}}
Jul 02 23:58:36.588045 np0000004337 nova-scheduler[93320]: DEBUG nova.scheduler.host_manager [None req-021e7ef3-252a-4bfc-9e04-991d104ad4b9 tempest-ServerActionsTestOtherA-1712306458 tempest-ServerActionsTestOtherA-1712306458-project-member] Update host state with aggregates: [] {{(pid=93320) _locked_update /opt/stack/nova/nova/scheduler/host_manager.py:171}}
Jul 02 23:58:36.588158 np0000004337 nova-scheduler[93320]: DEBUG nova.scheduler.host_manager [None req-021e7ef3-252a-4bfc-9e04-991d104ad4b9 tempest-ServerActionsTestOtherA-1712306458 tempest-ServerActionsTestOtherA-1712306458-project-member] Update host state with service dict: {'id': 2, 'uuid': '1e9bc778-b14d-43a1-916a-cccb71c33d0d', 'host': 'np0000004337', 'binary': 'nova-compute', 'topic': 'compute', 'report_count': 1, 'disabled': False, 'disabled_reason': None, 'last_seen_up': datetime.datetime(2026, 7, 2, 23, 56, 43, tzinfo=datetime.timezone.utc), 'forced_down': False, 'version': 72, 'created_at': datetime.datetime(2026, 7, 2, 23, 56, 33, tzinfo=datetime.timezone.utc), 'updated_at': datetime.datetime(2026, 7, 2, 23, 56, 43, tzinfo=datetime.timezone.utc), 'deleted_at': None, 'deleted': False} {{(pid=93320) _locked_update /opt/stack/nova/nova/scheduler/host_manager.py:174}}
Jul 02 23:58:36.588256 np0000004337 nova-scheduler[93320]: DEBUG nova.scheduler.host_manager [None req-021e7ef3-252a-4bfc-9e04-991d104ad4b9 tempest-ServerActionsTestOtherA-1712306458 tempest-ServerActionsTestOtherA-1712306458-project-member] Update host state with instances: [] {{(pid=93320) _locked_update /opt/stack/nova/nova/scheduler/host_manager.py:177}}
Jul 02 23:58:36.588384 np0000004337 nova-scheduler[93320]: DEBUG oslo_concurrency.lockutils [None req-021e7ef3-252a-4bfc-9e04-991d104ad4b9 tempest-ServerActionsTestOtherA-1712306458 tempest-ServerActionsTestOtherA-1712306458-project-member] Lock "np0000004337-np0000004337" "released" by "nova.scheduler.host_manager.HostState.update.._locked_update" :: held 0.002s {{(pid=93320) inner /opt/stack/data/venv/lib/python3.12/site-packages/oslo_concurrency/lockutils.py:543}}
Jul 02 23:58:36.588970 np0000004337 nova-scheduler[93320]: DEBUG nova.filters [None req-021e7ef3-252a-4bfc-9e04-991d104ad4b9 tempest-ServerActionsTestOtherA-1712306458 tempest-ServerActionsTestOtherA-1712306458-project-member] Starting with 1 host(s) {{(pid=93320) get_filtered_objects /opt/stack/nova/nova/filters.py:70}}
Jul 02 23:58:36.589256 np0000004337 nova-scheduler[93320]: DEBUG nova.filters [None req-021e7ef3-252a-4bfc-9e04-991d104ad4b9 tempest-ServerActionsTestOtherA-1712306458 tempest-ServerActionsTestOtherA-1712306458-project-member] Filter ComputeFilter returned 1 host(s) {{(pid=93320) get_filtered_objects /opt/stack/nova/nova/filters.py:102}}
Jul 02 23:58:36.589455 np0000004337 nova-scheduler[93320]: DEBUG nova.filters [None req-021e7ef3-252a-4bfc-9e04-991d104ad4b9 tempest-ServerActionsTestOtherA-1712306458 tempest-ServerActionsTestOtherA-1712306458-project-member] Filter ComputeCapabilitiesFilter returned 1 host(s) {{(pid=93320) get_filtered_objects /opt/stack/nova/nova/filters.py:102}}
Jul 02 23:58:36.589837 np0000004337 nova-scheduler[93320]: DEBUG nova.filters [None req-021e7ef3-252a-4bfc-9e04-991d104ad4b9 tempest-ServerActionsTestOtherA-1712306458 tempest-ServerActionsTestOtherA-1712306458-project-member] Filter ImagePropertiesFilter returned 1 host(s) {{(pid=93320) get_filtered_objects /opt/stack/nova/nova/filters.py:102}}
Jul 02 23:58:36.590049 np0000004337 nova-scheduler[93320]: DEBUG nova.filters [None req-021e7ef3-252a-4bfc-9e04-991d104ad4b9 tempest-ServerActionsTestOtherA-1712306458 tempest-ServerActionsTestOtherA-1712306458-project-member] Filter ServerGroupAntiAffinityFilter returned 1 host(s) {{(pid=93320) get_filtered_objects /opt/stack/nova/nova/filters.py:102}}
Jul 02 23:58:36.590099 np0000004337 nova-scheduler[93322]: DEBUG dbcounter [-] [93322] Writer thread running {{(pid=93322) stat_writer /opt/stack/data/venv/lib/python3.12/site-packages/dbcounter.py:102}}
Jul 02 23:58:36.590430 np0000004337 nova-scheduler[93320]: DEBUG nova.filters [None req-021e7ef3-252a-4bfc-9e04-991d104ad4b9 tempest-ServerActionsTestOtherA-1712306458 tempest-ServerActionsTestOtherA-1712306458-project-member] Filter ServerGroupAffinityFilter returned 1 host(s) {{(pid=93320) get_filtered_objects /opt/stack/nova/nova/filters.py:102}}
Jul 02 23:58:36.590430 np0000004337 nova-scheduler[93320]: DEBUG nova.filters [None req-021e7ef3-252a-4bfc-9e04-991d104ad4b9 tempest-ServerActionsTestOtherA-1712306458 tempest-ServerActionsTestOtherA-1712306458-project-member] Filter SameHostFilter returned 1 host(s) {{(pid=93320) get_filtered_objects /opt/stack/nova/nova/filters.py:102}}
Jul 02 23:58:36.590630 np0000004337 nova-scheduler[93320]: DEBUG nova.filters [None req-021e7ef3-252a-4bfc-9e04-991d104ad4b9 tempest-ServerActionsTestOtherA-1712306458 tempest-ServerActionsTestOtherA-1712306458-project-member] Filter DifferentHostFilter returned 1 host(s) {{(pid=93320) get_filtered_objects /opt/stack/nova/nova/filters.py:102}}
Jul 02 23:58:36.591218 np0000004337 nova-scheduler[93320]: DEBUG nova.scheduler.manager [None req-021e7ef3-252a-4bfc-9e04-991d104ad4b9 tempest-ServerActionsTestOtherA-1712306458 tempest-ServerActionsTestOtherA-1712306458-project-member] Filtered [(np0000004337, np0000004337) ram: 62765MB disk: 74752MB io_ops: 0 instances: 0, allocation_candidates: 1] {{(pid=93320) _get_sorted_hosts /opt/stack/nova/nova/scheduler/manager.py:742}}
Jul 02 23:58:36.591218 np0000004337 nova-scheduler[93320]: DEBUG nova.scheduler.manager [None req-021e7ef3-252a-4bfc-9e04-991d104ad4b9 tempest-ServerActionsTestOtherA-1712306458 tempest-ServerActionsTestOtherA-1712306458-project-member] Weighed [WeighedHost [host: (np0000004337, np0000004337) ram: 62765MB disk: 74752MB io_ops: 0 instances: 0, allocation_candidates: 1, weight: 0.0]] {{(pid=93320) _get_sorted_hosts /opt/stack/nova/nova/scheduler/manager.py:764}}
Jul 02 23:58:36.591218 np0000004337 nova-scheduler[93320]: DEBUG nova.scheduler.utils [None req-021e7ef3-252a-4bfc-9e04-991d104ad4b9 tempest-ServerActionsTestOtherA-1712306458 tempest-ServerActionsTestOtherA-1712306458-project-member] Attempting to claim resources in the placement API for instance 160ecfa2-b60b-4e79-9f03-7ba8457699e7 {{(pid=93320) claim_resources /opt/stack/nova/nova/scheduler/utils.py:1345}}
Jul 02 23:58:36.648416 np0000004337 nova-scheduler[93322]: DEBUG dbcounter [-] [93322] Writer thread running {{(pid=93322) stat_writer /opt/stack/data/venv/lib/python3.12/site-packages/dbcounter.py:102}}
Jul 02 23:58:36.651404 np0000004337 nova-scheduler[93322]: DEBUG oslo_concurrency.lockutils [None req-ed537ef9-5763-40f6-871d-4984f078473d tempest-DeleteServersTestJSON-1818254842 tempest-DeleteServersTestJSON-1818254842-project-member] Acquiring lock "0aa38f14-ea3c-432c-9b2b-e04deddd3ad9" by "nova.context.set_target_cell..get_or_set_cached_cell_and_set_connections" {{(pid=93322) inner /opt/stack/data/venv/lib/python3.12/site-packages/oslo_concurrency/lockutils.py:511}}
Jul 02 23:58:36.651767 np0000004337 nova-scheduler[93322]: DEBUG oslo_concurrency.lockutils [None req-ed537ef9-5763-40f6-871d-4984f078473d tempest-DeleteServersTestJSON-1818254842 tempest-DeleteServersTestJSON-1818254842-project-member] Lock "0aa38f14-ea3c-432c-9b2b-e04deddd3ad9" acquired by "nova.context.set_target_cell..get_or_set_cached_cell_and_set_connections" :: waited 0.000s {{(pid=93322) inner /opt/stack/data/venv/lib/python3.12/site-packages/oslo_concurrency/lockutils.py:524}}
Jul 02 23:58:36.651767 np0000004337 nova-scheduler[93322]: DEBUG oslo_concurrency.lockutils [None req-ed537ef9-5763-40f6-871d-4984f078473d tempest-DeleteServersTestJSON-1818254842 tempest-DeleteServersTestJSON-1818254842-project-member] Lock "0aa38f14-ea3c-432c-9b2b-e04deddd3ad9" "released" by "nova.context.set_target_cell..get_or_set_cached_cell_and_set_connections" :: held 0.000s {{(pid=93322) inner /opt/stack/data/venv/lib/python3.12/site-packages/oslo_concurrency/lockutils.py:543}}
