Jun 29 20:52:10.034787 np0000003932 nova-scheduler[96424]: DEBUG cotyledon.oslo_config_glue [-] profiler.es_scroll_time = 2m {{(pid=96424) log_opt_values /opt/stack/data/venv/lib/python3.12/site-packages/oslo_config/cfg.py:3253}}
Jun 29 20:52:10.034787 np0000003932 nova-scheduler[96424]: DEBUG cotyledon.oslo_config_glue [-] profiler.filter_error_trace = False {{(pid=96424) log_opt_values /opt/stack/data/venv/lib/python3.12/site-packages/oslo_config/cfg.py:3253}}
Jun 29 20:52:10.035091 np0000003932 nova-scheduler[96424]: DEBUG cotyledon.oslo_config_glue [-] profiler.hmac_keys = **** {{(pid=96424) log_opt_values /opt/stack/data/venv/lib/python3.12/site-packages/oslo_config/cfg.py:3253}}
Jun 29 20:52:10.035091 np0000003932 nova-scheduler[96424]: DEBUG cotyledon.oslo_config_glue [-] profiler.sentinel_service_name = mymaster {{(pid=96424) log_opt_values /opt/stack/data/venv/lib/python3.12/site-packages/oslo_config/cfg.py:3253}}
Jun 29 20:52:10.035091 np0000003932 nova-scheduler[96424]: DEBUG cotyledon.oslo_config_glue [-] profiler.socket_timeout = 0.1 {{(pid=96424) log_opt_values /opt/stack/data/venv/lib/python3.12/site-packages/oslo_config/cfg.py:3253}}
Jun 29 20:52:10.035091 np0000003932 nova-scheduler[96424]: DEBUG cotyledon.oslo_config_glue [-] profiler.trace_requests = False {{(pid=96424) log_opt_values /opt/stack/data/venv/lib/python3.12/site-packages/oslo_config/cfg.py:3253}}
Jun 29 20:52:10.035091 np0000003932 nova-scheduler[96424]: DEBUG cotyledon.oslo_config_glue [-] profiler.trace_sqlalchemy = False {{(pid=96424) log_opt_values /opt/stack/data/venv/lib/python3.12/site-packages/oslo_config/cfg.py:3253}}
Jun 29 20:52:10.035091 np0000003932 nova-scheduler[96424]: DEBUG cotyledon.oslo_config_glue [-] profiler_jaeger.process_tags = {} {{(pid=96424) log_opt_values /opt/stack/data/venv/lib/python3.12/site-packages/oslo_config/cfg.py:3253}}
Jun 29 20:52:10.035091 np0000003932 nova-scheduler[96424]: DEBUG cotyledon.oslo_config_glue [-] profiler_jaeger.service_name_prefix = None {{(pid=96424) log_opt_values /opt/stack/data/venv/lib/python3.12/site-packages/oslo_config/cfg.py:3253}}
Jun 29 20:52:10.035091 np0000003932 nova-scheduler[96424]: DEBUG cotyledon.oslo_config_glue [-] profiler_otlp.service_name_prefix = None {{(pid=96424) log_opt_values /opt/stack/data/venv/lib/python3.12/site-packages/oslo_config/cfg.py:3253}}
Jun 29 20:52:10.035091 np0000003932 nova-scheduler[96424]: DEBUG cotyledon.oslo_config_glue [-] oslo_messaging_rabbit.amqp_auto_delete = False {{(pid=96424) log_opt_values /opt/stack/data/venv/lib/python3.12/site-packages/oslo_config/cfg.py:3253}}
Jun 29 20:52:10.035360 np0000003932 nova-scheduler[96424]: DEBUG cotyledon.oslo_config_glue [-] oslo_messaging_rabbit.amqp_durable_queues = False {{(pid=96424) log_opt_values /opt/stack/data/venv/lib/python3.12/site-packages/oslo_config/cfg.py:3253}}
Jun 29 20:52:10.035360 np0000003932 nova-scheduler[96424]: DEBUG cotyledon.oslo_config_glue [-] oslo_messaging_rabbit.conn_pool_min_size = 2 {{(pid=96424) log_opt_values /opt/stack/data/venv/lib/python3.12/site-packages/oslo_config/cfg.py:3253}}
Jun 29 20:52:10.035360 np0000003932 nova-scheduler[96424]: DEBUG cotyledon.oslo_config_glue [-] oslo_messaging_rabbit.conn_pool_ttl = 1200 {{(pid=96424) log_opt_values /opt/stack/data/venv/lib/python3.12/site-packages/oslo_config/cfg.py:3253}}
Jun 29 20:52:10.035360 np0000003932 nova-scheduler[96424]: DEBUG cotyledon.oslo_config_glue [-] oslo_messaging_rabbit.direct_mandatory_flag = True {{(pid=96424) log_opt_values /opt/stack/data/venv/lib/python3.12/site-packages/oslo_config/cfg.py:3253}}
Jun 29 20:52:10.035360 np0000003932 nova-scheduler[96424]: DEBUG cotyledon.oslo_config_glue [-] oslo_messaging_rabbit.enable_cancel_on_failover = False {{(pid=96424) log_opt_values /opt/stack/data/venv/lib/python3.12/site-packages/oslo_config/cfg.py:3253}}
Jun 29 20:52:10.035360 np0000003932 nova-scheduler[96424]: DEBUG cotyledon.oslo_config_glue [-] oslo_messaging_rabbit.heartbeat_rate = 3 {{(pid=96424) log_opt_values /opt/stack/data/venv/lib/python3.12/site-packages/oslo_config/cfg.py:3253}}
Jun 29 20:52:10.035360 np0000003932 nova-scheduler[96424]: DEBUG cotyledon.oslo_config_glue [-] oslo_messaging_rabbit.heartbeat_timeout_threshold = 60 {{(pid=96424) log_opt_values /opt/stack/data/venv/lib/python3.12/site-packages/oslo_config/cfg.py:3253}}
Jun 29 20:52:10.035360 np0000003932 nova-scheduler[96424]: DEBUG cotyledon.oslo_config_glue [-] oslo_messaging_rabbit.hostname = np0000003932 {{(pid=96424) log_opt_values /opt/stack/data/venv/lib/python3.12/site-packages/oslo_config/cfg.py:3253}}
Jun 29 20:52:10.035360 np0000003932 nova-scheduler[96424]: DEBUG cotyledon.oslo_config_glue [-] oslo_messaging_rabbit.kombu_compression = None {{(pid=96424) log_opt_values /opt/stack/data/venv/lib/python3.12/site-packages/oslo_config/cfg.py:3253}}
Jun 29 20:52:10.035657 np0000003932 nova-scheduler[96424]: DEBUG cotyledon.oslo_config_glue [-] oslo_messaging_rabbit.kombu_failover_strategy = round-robin {{(pid=96424) log_opt_values /opt/stack/data/venv/lib/python3.12/site-packages/oslo_config/cfg.py:3253}}
Jun 29 20:52:10.035657 np0000003932 nova-scheduler[96424]: DEBUG cotyledon.oslo_config_glue [-] oslo_messaging_rabbit.kombu_missing_consumer_retry_timeout = 60 {{(pid=96424) log_opt_values /opt/stack/data/venv/lib/python3.12/site-packages/oslo_config/cfg.py:3253}}
Jun 29 20:52:10.035657 np0000003932 nova-scheduler[96424]: DEBUG cotyledon.oslo_config_glue [-] oslo_messaging_rabbit.kombu_reconnect_delay = 1.0 {{(pid=96424) log_opt_values /opt/stack/data/venv/lib/python3.12/site-packages/oslo_config/cfg.py:3253}}
Jun 29 20:52:10.035657 np0000003932 nova-scheduler[96424]: DEBUG cotyledon.oslo_config_glue [-] oslo_messaging_rabbit.kombu_reconnect_splay = 0.0 {{(pid=96424) log_opt_values /opt/stack/data/venv/lib/python3.12/site-packages/oslo_config/cfg.py:3253}}
Jun 29 20:52:10.035657 np0000003932 nova-scheduler[96424]: DEBUG cotyledon.oslo_config_glue [-] oslo_messaging_rabbit.processname = nova-scheduler {{(pid=96424) log_opt_values /opt/stack/data/venv/lib/python3.12/site-packages/oslo_config/cfg.py:3253}}
Jun 29 20:52:10.035657 np0000003932 nova-scheduler[96424]: DEBUG cotyledon.oslo_config_glue [-] oslo_messaging_rabbit.rabbit_ha_queues = False {{(pid=96424) log_opt_values /opt/stack/data/venv/lib/python3.12/site-packages/oslo_config/cfg.py:3253}}
Jun 29 20:52:10.035657 np0000003932 nova-scheduler[96424]: DEBUG cotyledon.oslo_config_glue [-] oslo_messaging_rabbit.rabbit_interval_max = 30 {{(pid=96424) log_opt_values /opt/stack/data/venv/lib/python3.12/site-packages/oslo_config/cfg.py:3253}}
Jun 29 20:52:10.035657 np0000003932 nova-scheduler[96424]: DEBUG cotyledon.oslo_config_glue [-] oslo_messaging_rabbit.rabbit_login_method = AMQPLAIN {{(pid=96424) log_opt_values /opt/stack/data/venv/lib/python3.12/site-packages/oslo_config/cfg.py:3253}}
Jun 29 20:52:10.035891 np0000003932 nova-scheduler[96424]: DEBUG cotyledon.oslo_config_glue [-] oslo_messaging_rabbit.rabbit_qos_prefetch_count = 0 {{(pid=96424) log_opt_values /opt/stack/data/venv/lib/python3.12/site-packages/oslo_config/cfg.py:3253}}
Jun 29 20:52:10.035891 np0000003932 nova-scheduler[96424]: DEBUG cotyledon.oslo_config_glue [-] oslo_messaging_rabbit.rabbit_quorum_delivery_limit = 0 {{(pid=96424) log_opt_values /opt/stack/data/venv/lib/python3.12/site-packages/oslo_config/cfg.py:3253}}
Jun 29 20:52:10.035891 np0000003932 nova-scheduler[96424]: DEBUG cotyledon.oslo_config_glue [-] oslo_messaging_rabbit.rabbit_quorum_max_memory_bytes = 0 {{(pid=96424) log_opt_values /opt/stack/data/venv/lib/python3.12/site-packages/oslo_config/cfg.py:3253}}
Jun 29 20:52:10.035891 np0000003932 nova-scheduler[96424]: DEBUG cotyledon.oslo_config_glue [-] oslo_messaging_rabbit.rabbit_quorum_max_memory_length = 0 {{(pid=96424) log_opt_values /opt/stack/data/venv/lib/python3.12/site-packages/oslo_config/cfg.py:3253}}
Jun 29 20:52:10.035891 np0000003932 nova-scheduler[96424]: DEBUG cotyledon.oslo_config_glue [-] oslo_messaging_rabbit.rabbit_quorum_queue = False {{(pid=96424) log_opt_values /opt/stack/data/venv/lib/python3.12/site-packages/oslo_config/cfg.py:3253}}
Jun 29 20:52:10.035891 np0000003932 nova-scheduler[96424]: DEBUG cotyledon.oslo_config_glue [-] oslo_messaging_rabbit.rabbit_retry_backoff = 2 {{(pid=96424) log_opt_values /opt/stack/data/venv/lib/python3.12/site-packages/oslo_config/cfg.py:3253}}
Jun 29 20:52:10.035891 np0000003932 nova-scheduler[96424]: DEBUG cotyledon.oslo_config_glue [-] oslo_messaging_rabbit.rabbit_retry_interval = 1 {{(pid=96424) log_opt_values /opt/stack/data/venv/lib/python3.12/site-packages/oslo_config/cfg.py:3253}}
Jun 29 20:52:10.035891 np0000003932 nova-scheduler[96424]: DEBUG cotyledon.oslo_config_glue [-] oslo_messaging_rabbit.rabbit_stream_fanout = False {{(pid=96424) log_opt_values /opt/stack/data/venv/lib/python3.12/site-packages/oslo_config/cfg.py:3253}}
Jun 29 20:52:10.036767 np0000003932 nova-scheduler[96424]: DEBUG cotyledon.oslo_config_glue [-] oslo_messaging_rabbit.rabbit_transient_queues_ttl = 1800 {{(pid=96424) log_opt_values /opt/stack/data/venv/lib/python3.12/site-packages/oslo_config/cfg.py:3253}}
Jun 29 20:52:10.036767 np0000003932 nova-scheduler[96424]: DEBUG cotyledon.oslo_config_glue [-] oslo_messaging_rabbit.rabbit_transient_quorum_queue = False {{(pid=96424) log_opt_values /opt/stack/data/venv/lib/python3.12/site-packages/oslo_config/cfg.py:3253}}
Jun 29 20:52:10.036767 np0000003932 nova-scheduler[96424]: DEBUG cotyledon.oslo_config_glue [-] oslo_messaging_rabbit.rpc_conn_pool_size = 30 {{(pid=96424) log_opt_values /opt/stack/data/venv/lib/python3.12/site-packages/oslo_config/cfg.py:3253}}
Jun 29 20:52:10.036767 np0000003932 nova-scheduler[96424]: DEBUG cotyledon.oslo_config_glue [-] oslo_messaging_rabbit.ssl = False {{(pid=96424) log_opt_values /opt/stack/data/venv/lib/python3.12/site-packages/oslo_config/cfg.py:3253}}
Jun 29 20:52:10.036767 np0000003932 nova-scheduler[96424]: DEBUG cotyledon.oslo_config_glue [-] oslo_messaging_rabbit.ssl_ca_file = {{(pid=96424) log_opt_values /opt/stack/data/venv/lib/python3.12/site-packages/oslo_config/cfg.py:3253}}
Jun 29 20:52:10.036767 np0000003932 nova-scheduler[96424]: DEBUG cotyledon.oslo_config_glue [-] oslo_messaging_rabbit.ssl_cert_file = {{(pid=96424) log_opt_values /opt/stack/data/venv/lib/python3.12/site-packages/oslo_config/cfg.py:3253}}
Jun 29 20:52:10.036767 np0000003932 nova-scheduler[96424]: DEBUG cotyledon.oslo_config_glue [-] oslo_messaging_rabbit.ssl_enforce_fips_mode = False {{(pid=96424) log_opt_values /opt/stack/data/venv/lib/python3.12/site-packages/oslo_config/cfg.py:3253}}
Jun 29 20:52:10.036767 np0000003932 nova-scheduler[96424]: DEBUG cotyledon.oslo_config_glue [-] oslo_messaging_rabbit.ssl_enforce_hostname_verification = True {{(pid=96424) log_opt_values /opt/stack/data/venv/lib/python3.12/site-packages/oslo_config/cfg.py:3253}}
Jun 29 20:52:10.036767 np0000003932 nova-scheduler[96424]: DEBUG cotyledon.oslo_config_glue [-] oslo_messaging_rabbit.ssl_key_file = {{(pid=96424) log_opt_values /opt/stack/data/venv/lib/python3.12/site-packages/oslo_config/cfg.py:3253}}
Jun 29 20:52:10.037149 np0000003932 nova-scheduler[96424]: DEBUG cotyledon.oslo_config_glue [-] oslo_messaging_rabbit.ssl_version = {{(pid=96424) log_opt_values /opt/stack/data/venv/lib/python3.12/site-packages/oslo_config/cfg.py:3253}}
Jun 29 20:52:10.037149 np0000003932 nova-scheduler[96424]: DEBUG cotyledon.oslo_config_glue [-] oslo_messaging_rabbit.use_queue_manager = False {{(pid=96424) log_opt_values /opt/stack/data/venv/lib/python3.12/site-packages/oslo_config/cfg.py:3253}}
Jun 29 20:52:10.037149 np0000003932 nova-scheduler[96424]: DEBUG cotyledon.oslo_config_glue [-] oslo_messaging_notifications.driver = ['messagingv2'] {{(pid=96424) log_opt_values /opt/stack/data/venv/lib/python3.12/site-packages/oslo_config/cfg.py:3253}}
Jun 29 20:52:10.037149 np0000003932 nova-scheduler[96424]: DEBUG cotyledon.oslo_config_glue [-] oslo_messaging_notifications.retry = -1 {{(pid=96424) log_opt_values /opt/stack/data/venv/lib/python3.12/site-packages/oslo_config/cfg.py:3253}}
Jun 29 20:52:10.037149 np0000003932 nova-scheduler[96424]: DEBUG cotyledon.oslo_config_glue [-] oslo_messaging_notifications.topics = ['notifications'] {{(pid=96424) log_opt_values /opt/stack/data/venv/lib/python3.12/site-packages/oslo_config/cfg.py:3253}}
Jun 29 20:52:10.037149 np0000003932 nova-scheduler[96424]: DEBUG cotyledon.oslo_config_glue [-] oslo_messaging_notifications.transport_url = **** {{(pid=96424) log_opt_values /opt/stack/data/venv/lib/python3.12/site-packages/oslo_config/cfg.py:3253}}
Jun 29 20:52:10.037149 np0000003932 nova-scheduler[96424]: DEBUG cotyledon.oslo_config_glue [-] oslo_limit.auth_section = None {{(pid=96424) log_opt_values /opt/stack/data/venv/lib/python3.12/site-packages/oslo_config/cfg.py:3253}}
Jun 29 20:52:10.037149 np0000003932 nova-scheduler[96424]: DEBUG cotyledon.oslo_config_glue [-] oslo_limit.auth_type = None {{(pid=96424) log_opt_values /opt/stack/data/venv/lib/python3.12/site-packages/oslo_config/cfg.py:3253}}
Jun 29 20:52:10.037149 np0000003932 nova-scheduler[96424]: DEBUG cotyledon.oslo_config_glue [-] oslo_limit.cafile = None {{(pid=96424) log_opt_values /opt/stack/data/venv/lib/python3.12/site-packages/oslo_config/cfg.py:3253}}
Jun 29 20:52:10.037455 np0000003932 nova-scheduler[96424]: DEBUG cotyledon.oslo_config_glue [-] oslo_limit.certfile = None {{(pid=96424) log_opt_values /opt/stack/data/venv/lib/python3.12/site-packages/oslo_config/cfg.py:3253}}
Jun 29 20:52:10.037455 np0000003932 nova-scheduler[96424]: DEBUG cotyledon.oslo_config_glue [-] oslo_limit.collect_timing = False {{(pid=96424) log_opt_values /opt/stack/data/venv/lib/python3.12/site-packages/oslo_config/cfg.py:3253}}
Jun 29 20:52:10.037455 np0000003932 nova-scheduler[96424]: DEBUG cotyledon.oslo_config_glue [-] oslo_limit.connect_retries = None {{(pid=96424) log_opt_values /opt/stack/data/venv/lib/python3.12/site-packages/oslo_config/cfg.py:3253}}
Jun 29 20:52:10.037455 np0000003932 nova-scheduler[96424]: DEBUG cotyledon.oslo_config_glue [-] oslo_limit.connect_retry_delay = None {{(pid=96424) log_opt_values /opt/stack/data/venv/lib/python3.12/site-packages/oslo_config/cfg.py:3253}}
Jun 29 20:52:10.037455 np0000003932 nova-scheduler[96424]: DEBUG cotyledon.oslo_config_glue [-] oslo_limit.endpoint_id = None {{(pid=96424) log_opt_values /opt/stack/data/venv/lib/python3.12/site-packages/oslo_config/cfg.py:3253}}
Jun 29 20:52:10.037455 np0000003932 nova-scheduler[96424]: DEBUG cotyledon.oslo_config_glue [-] oslo_limit.endpoint_interface = public {{(pid=96424) log_opt_values /opt/stack/data/venv/lib/python3.12/site-packages/oslo_config/cfg.py:3253}}
Jun 29 20:52:10.037455 np0000003932 nova-scheduler[96424]: DEBUG cotyledon.oslo_config_glue [-] oslo_limit.endpoint_override = None {{(pid=96424) log_opt_values /opt/stack/data/venv/lib/python3.12/site-packages/oslo_config/cfg.py:3253}}
Jun 29 20:52:10.037455 np0000003932 nova-scheduler[96424]: DEBUG cotyledon.oslo_config_glue [-] oslo_limit.endpoint_region_name = None {{(pid=96424) log_opt_values /opt/stack/data/venv/lib/python3.12/site-packages/oslo_config/cfg.py:3253}}
Jun 29 20:52:10.037455 np0000003932 nova-scheduler[96424]: DEBUG cotyledon.oslo_config_glue [-] oslo_limit.endpoint_service_name = None {{(pid=96424) log_opt_values /opt/stack/data/venv/lib/python3.12/site-packages/oslo_config/cfg.py:3253}}
Jun 29 20:52:10.037967 np0000003932 nova-scheduler[96424]: DEBUG cotyledon.oslo_config_glue [-] oslo_limit.endpoint_service_type = None {{(pid=96424) log_opt_values /opt/stack/data/venv/lib/python3.12/site-packages/oslo_config/cfg.py:3253}}
Jun 29 20:52:10.037967 np0000003932 nova-scheduler[96424]: DEBUG cotyledon.oslo_config_glue [-] oslo_limit.insecure = False {{(pid=96424) log_opt_values /opt/stack/data/venv/lib/python3.12/site-packages/oslo_config/cfg.py:3253}}
Jun 29 20:52:10.037967 np0000003932 nova-scheduler[96424]: DEBUG cotyledon.oslo_config_glue [-] oslo_limit.keyfile = None {{(pid=96424) log_opt_values /opt/stack/data/venv/lib/python3.12/site-packages/oslo_config/cfg.py:3253}}
Jun 29 20:52:10.037967 np0000003932 nova-scheduler[96424]: DEBUG cotyledon.oslo_config_glue [-] oslo_limit.max_version = None {{(pid=96424) log_opt_values /opt/stack/data/venv/lib/python3.12/site-packages/oslo_config/cfg.py:3253}}
Jun 29 20:52:10.037967 np0000003932 nova-scheduler[96424]: DEBUG cotyledon.oslo_config_glue [-] oslo_limit.min_version = None {{(pid=96424) log_opt_values /opt/stack/data/venv/lib/python3.12/site-packages/oslo_config/cfg.py:3253}}
Jun 29 20:52:10.037967 np0000003932 nova-scheduler[96424]: DEBUG cotyledon.oslo_config_glue [-] oslo_limit.region_name = None {{(pid=96424) log_opt_values /opt/stack/data/venv/lib/python3.12/site-packages/oslo_config/cfg.py:3253}}
Jun 29 20:52:10.037967 np0000003932 nova-scheduler[96424]: DEBUG cotyledon.oslo_config_glue [-] oslo_limit.retriable_status_codes = None {{(pid=96424) log_opt_values /opt/stack/data/venv/lib/python3.12/site-packages/oslo_config/cfg.py:3253}}
Jun 29 20:52:10.037967 np0000003932 nova-scheduler[96424]: DEBUG cotyledon.oslo_config_glue [-] oslo_limit.service_name = None {{(pid=96424) log_opt_values /opt/stack/data/venv/lib/python3.12/site-packages/oslo_config/cfg.py:3253}}
Jun 29 20:52:10.037967 np0000003932 nova-scheduler[96424]: DEBUG cotyledon.oslo_config_glue [-] oslo_limit.service_type = None {{(pid=96424) log_opt_values /opt/stack/data/venv/lib/python3.12/site-packages/oslo_config/cfg.py:3253}}
Jun 29 20:52:10.038278 np0000003932 nova-scheduler[96424]: DEBUG cotyledon.oslo_config_glue [-] oslo_limit.split_loggers = False {{(pid=96424) log_opt_values /opt/stack/data/venv/lib/python3.12/site-packages/oslo_config/cfg.py:3253}}
Jun 29 20:52:10.038278 np0000003932 nova-scheduler[96424]: DEBUG cotyledon.oslo_config_glue [-] oslo_limit.status_code_retries = None {{(pid=96424) log_opt_values /opt/stack/data/venv/lib/python3.12/site-packages/oslo_config/cfg.py:3253}}
Jun 29 20:52:10.038278 np0000003932 nova-scheduler[96424]: DEBUG cotyledon.oslo_config_glue [-] oslo_limit.status_code_retry_delay = None {{(pid=96424) log_opt_values /opt/stack/data/venv/lib/python3.12/site-packages/oslo_config/cfg.py:3253}}
Jun 29 20:52:10.038278 np0000003932 nova-scheduler[96424]: DEBUG cotyledon.oslo_config_glue [-] oslo_limit.timeout = None {{(pid=96424) log_opt_values /opt/stack/data/venv/lib/python3.12/site-packages/oslo_config/cfg.py:3253}}
Jun 29 20:52:10.038278 np0000003932 nova-scheduler[96424]: DEBUG cotyledon.oslo_config_glue [-] oslo_limit.valid_interfaces = None {{(pid=96424) log_opt_values /opt/stack/data/venv/lib/python3.12/site-packages/oslo_config/cfg.py:3253}}
Jun 29 20:52:10.038278 np0000003932 nova-scheduler[96424]: DEBUG cotyledon.oslo_config_glue [-] oslo_limit.version = None {{(pid=96424) log_opt_values /opt/stack/data/venv/lib/python3.12/site-packages/oslo_config/cfg.py:3253}}
Jun 29 20:52:10.038278 np0000003932 nova-scheduler[96424]: DEBUG cotyledon.oslo_config_glue [-] oslo_reports.file_event_handler = None {{(pid=96424) log_opt_values /opt/stack/data/venv/lib/python3.12/site-packages/oslo_config/cfg.py:3253}}
Jun 29 20:52:10.038278 np0000003932 nova-scheduler[96424]: DEBUG cotyledon.oslo_config_glue [-] oslo_reports.file_event_handler_interval = 1 {{(pid=96424) log_opt_values /opt/stack/data/venv/lib/python3.12/site-packages/oslo_config/cfg.py:3253}}
Jun 29 20:52:10.038278 np0000003932 nova-scheduler[96424]: DEBUG cotyledon.oslo_config_glue [-] oslo_reports.log_dir = None {{(pid=96424) log_opt_values /opt/stack/data/venv/lib/python3.12/site-packages/oslo_config/cfg.py:3253}}
Jun 29 20:52:10.038612 np0000003932 nova-scheduler[96424]: DEBUG cotyledon.oslo_config_glue [-] ******************************************************************************** {{(pid=96424) log_opt_values /opt/stack/data/venv/lib/python3.12/site-packages/oslo_config/cfg.py:3260}}
Jun 29 20:52:10.038612 np0000003932 nova-scheduler[96424]: DEBUG cotyledon._service_worker [-] Run service ServiceWrapper(3) [96424] {{(pid=96424) wait_forever /opt/stack/data/venv/lib/python3.12/site-packages/cotyledon/_service_worker.py:218}}
Jun 29 20:52:10.038612 np0000003932 nova-scheduler[96424]: INFO nova.service [-] Starting scheduler node (version 33.1.0)
Jun 29 20:52:10.038612 np0000003932 nova-scheduler[96424]: INFO dbcounter [None req-1deebc7d-da35-4e00-a4e6-6e631c1952dd None None] Registered counter for database nova_cell0
Jun 29 20:52:10.038740 np0000003932 nova-scheduler[96418]: DEBUG oslo_db.sqlalchemy.engines [None req-c01d6672-5435-4c5c-b0c6-7a98aa4be37a None None] MySQL server mode set to STRICT_TRANS_TABLES,STRICT_ALL_TABLES,NO_ZERO_IN_DATE,NO_ZERO_DATE,ERROR_FOR_DIVISION_BY_ZERO,TRADITIONAL,NO_ENGINE_SUBSTITUTION {{(pid=96418) _check_effective_sql_mode /opt/stack/data/venv/lib/python3.12/site-packages/oslo_db/sqlalchemy/engines.py:325}}
Jun 29 20:52:10.038740 np0000003932 nova-scheduler[96418]: DEBUG dbcounter [-] [96418] Writer thread running {{(pid=96418) stat_writer /opt/stack/data/venv/lib/python3.12/site-packages/dbcounter.py:102}}
Jun 29 20:52:10.038817 np0000003932 nova-scheduler[96420]: DEBUG oslo_db.sqlalchemy.engines [None req-89da6334-4ac4-468b-8da3-4e8e2bb06762 None None] MySQL server mode set to STRICT_TRANS_TABLES,STRICT_ALL_TABLES,NO_ZERO_IN_DATE,NO_ZERO_DATE,ERROR_FOR_DIVISION_BY_ZERO,TRADITIONAL,NO_ENGINE_SUBSTITUTION {{(pid=96420) _check_effective_sql_mode /opt/stack/data/venv/lib/python3.12/site-packages/oslo_db/sqlalchemy/engines.py:325}}
Jun 29 20:52:10.038857 np0000003932 nova-scheduler[96422]: DEBUG oslo_db.sqlalchemy.engines [None req-7532ba8a-a2aa-45af-8dcc-f8eae53b4930 None None] MySQL server mode set to STRICT_TRANS_TABLES,STRICT_ALL_TABLES,NO_ZERO_IN_DATE,NO_ZERO_DATE,ERROR_FOR_DIVISION_BY_ZERO,TRADITIONAL,NO_ENGINE_SUBSTITUTION {{(pid=96422) _check_effective_sql_mode /opt/stack/data/venv/lib/python3.12/site-packages/oslo_db/sqlalchemy/engines.py:325}}
Jun 29 20:52:10.040657 np0000003932 nova-scheduler[96424]: DEBUG oslo_db.sqlalchemy.engines [None req-1deebc7d-da35-4e00-a4e6-6e631c1952dd None None] MySQL server mode set to STRICT_TRANS_TABLES,STRICT_ALL_TABLES,NO_ZERO_IN_DATE,NO_ZERO_DATE,ERROR_FOR_DIVISION_BY_ZERO,TRADITIONAL,NO_ENGINE_SUBSTITUTION {{(pid=96424) _check_effective_sql_mode /opt/stack/data/venv/lib/python3.12/site-packages/oslo_db/sqlalchemy/engines.py:325}}
Jun 29 20:52:10.040864 np0000003932 nova-scheduler[96418]: DEBUG nova.service [None req-c01d6672-5435-4c5c-b0c6-7a98aa4be37a None None] Creating RPC server for service: nova-scheduler on topic: scheduler {{(pid=96418) start /opt/stack/nova/nova/service.py:196}}
Jun 29 20:52:10.049438 np0000003932 nova-scheduler[96420]: DEBUG dbcounter [-] [96420] Writer thread running {{(pid=96420) stat_writer /opt/stack/data/venv/lib/python3.12/site-packages/dbcounter.py:102}}
Jun 29 20:52:10.052462 np0000003932 nova-scheduler[96422]: DEBUG dbcounter [-] [96422] Writer thread running {{(pid=96422) stat_writer /opt/stack/data/venv/lib/python3.12/site-packages/dbcounter.py:102}}
Jun 29 20:52:10.053979 np0000003932 nova-scheduler[96420]: DEBUG nova.service [None req-89da6334-4ac4-468b-8da3-4e8e2bb06762 None None] Creating RPC server for service: nova-scheduler on topic: scheduler {{(pid=96420) start /opt/stack/nova/nova/service.py:196}}
Jun 29 20:52:10.056902 np0000003932 nova-scheduler[96424]: DEBUG dbcounter [-] [96424] Writer thread running {{(pid=96424) stat_writer /opt/stack/data/venv/lib/python3.12/site-packages/dbcounter.py:102}}
Jun 29 20:52:10.057135 np0000003932 nova-scheduler[96422]: DEBUG nova.service [None req-7532ba8a-a2aa-45af-8dcc-f8eae53b4930 None None] Creating RPC server for service: nova-scheduler on topic: scheduler {{(pid=96422) start /opt/stack/nova/nova/service.py:196}}
Jun 29 20:52:10.060992 np0000003932 nova-scheduler[96424]: DEBUG nova.service [None req-1deebc7d-da35-4e00-a4e6-6e631c1952dd None None] Creating RPC server for service: nova-scheduler on topic: scheduler {{(pid=96424) start /opt/stack/nova/nova/service.py:196}}
Jun 29 20:52:10.078833 np0000003932 nova-scheduler[96418]: DEBUG nova.service [None req-c01d6672-5435-4c5c-b0c6-7a98aa4be37a None None] Join ServiceGroup membership for this service scheduler {{(pid=96418) start /opt/stack/nova/nova/service.py:222}}
Jun 29 20:52:10.078833 np0000003932 nova-scheduler[96418]: DEBUG nova.servicegroup.drivers.db [None req-c01d6672-5435-4c5c-b0c6-7a98aa4be37a None None] DB_Driver: join new ServiceGroup member np0000003932 to the scheduler group, service = {{(pid=96418) join /opt/stack/nova/nova/servicegroup/drivers/db.py:44}}
Jun 29 20:52:10.079463 np0000003932 nova-scheduler[96420]: DEBUG nova.service [None req-89da6334-4ac4-468b-8da3-4e8e2bb06762 None None] Join ServiceGroup membership for this service scheduler {{(pid=96420) start /opt/stack/nova/nova/service.py:222}}
Jun 29 20:52:10.079770 np0000003932 nova-scheduler[96420]: DEBUG nova.servicegroup.drivers.db [None req-89da6334-4ac4-468b-8da3-4e8e2bb06762 None None] DB_Driver: join new ServiceGroup member np0000003932 to the scheduler group, service = {{(pid=96420) join /opt/stack/nova/nova/servicegroup/drivers/db.py:44}}
Jun 29 20:52:10.086899 np0000003932 nova-scheduler[96424]: DEBUG nova.service [None req-1deebc7d-da35-4e00-a4e6-6e631c1952dd None None] Join ServiceGroup membership for this service scheduler {{(pid=96424) start /opt/stack/nova/nova/service.py:222}}
Jun 29 20:52:10.086899 np0000003932 nova-scheduler[96424]: DEBUG nova.servicegroup.drivers.db [None req-1deebc7d-da35-4e00-a4e6-6e631c1952dd None None] DB_Driver: join new ServiceGroup member np0000003932 to the scheduler group, service = {{(pid=96424) join /opt/stack/nova/nova/servicegroup/drivers/db.py:44}}
Jun 29 20:52:10.089668 np0000003932 nova-scheduler[96422]: DEBUG nova.service [None req-7532ba8a-a2aa-45af-8dcc-f8eae53b4930 None None] Join ServiceGroup membership for this service scheduler {{(pid=96422) start /opt/stack/nova/nova/service.py:222}}
Jun 29 20:52:10.089668 np0000003932 nova-scheduler[96422]: DEBUG nova.servicegroup.drivers.db [None req-7532ba8a-a2aa-45af-8dcc-f8eae53b4930 None None] DB_Driver: join new ServiceGroup member np0000003932 to the scheduler group, service = {{(pid=96422) join /opt/stack/nova/nova/servicegroup/drivers/db.py:44}}
Jun 29 20:52:15.092402 np0000003932 nova-scheduler[96418]: DEBUG oslo.service.backend._threading.loopingcall [-] Fixed interval looping call 'nova.servicegroup.drivers.db.DbDriver._report_state' sleeping for 119.99 seconds {{(pid=96418) _run_loop /opt/stack/data/venv/lib/python3.12/site-packages/oslo_service/backend/_threading/loopingcall.py:125}}
Jun 29 20:52:15.096788 np0000003932 nova-scheduler[96420]: DEBUG oslo.service.backend._threading.loopingcall [-] Fixed interval looping call 'nova.servicegroup.drivers.db.DbDriver._report_state' sleeping for 119.99 seconds {{(pid=96420) _run_loop /opt/stack/data/venv/lib/python3.12/site-packages/oslo_service/backend/_threading/loopingcall.py:125}}
Jun 29 20:52:15.098928 np0000003932 nova-scheduler[96424]: DEBUG oslo.service.backend._threading.loopingcall [-] Fixed interval looping call 'nova.servicegroup.drivers.db.DbDriver._report_state' sleeping for 119.99 seconds {{(pid=96424) _run_loop /opt/stack/data/venv/lib/python3.12/site-packages/oslo_service/backend/_threading/loopingcall.py:125}}
Jun 29 20:52:15.102390 np0000003932 nova-scheduler[96422]: DEBUG oslo.service.backend._threading.loopingcall [-] Fixed interval looping call 'nova.servicegroup.drivers.db.DbDriver._report_state' sleeping for 119.99 seconds {{(pid=96422) _run_loop /opt/stack/data/venv/lib/python3.12/site-packages/oslo_service/backend/_threading/loopingcall.py:125}}
Jun 29 20:52:18.581836 np0000003932 nova-scheduler[95214]: DEBUG dbcounter [-] [95214] Writing DB stats nova_api:SELECT=3 {{(pid=95214) stat_writer /opt/stack/data/venv/lib/python3.12/site-packages/dbcounter.py:115}}
Jun 29 20:52:18.729167 np0000003932 nova-scheduler[95214]: DEBUG dbcounter [-] [95214] Writing DB stats nova_cell1:SELECT=1 {{(pid=95214) stat_writer /opt/stack/data/venv/lib/python3.12/site-packages/dbcounter.py:115}}
Jun 29 20:52:18.734514 np0000003932 nova-scheduler[95214]: DEBUG dbcounter [-] [95214] Writing DB stats nova_cell0:SELECT=1 {{(pid=95214) stat_writer /opt/stack/data/venv/lib/python3.12/site-packages/dbcounter.py:115}}
Jun 29 20:52:25.088412 np0000003932 nova-scheduler[96418]: DEBUG dbcounter [-] [96418] Writing DB stats nova_cell0:SELECT=4,nova_cell0:INSERT=1,nova_cell0:UPDATE=1 {{(pid=96418) stat_writer /opt/stack/data/venv/lib/python3.12/site-packages/dbcounter.py:115}}
Jun 29 20:52:25.094798 np0000003932 nova-scheduler[96420]: DEBUG dbcounter [-] [96420] Writing DB stats nova_cell0:SELECT=3,nova_cell0:UPDATE=1 {{(pid=96420) stat_writer /opt/stack/data/venv/lib/python3.12/site-packages/dbcounter.py:115}}
Jun 29 20:52:25.095793 np0000003932 nova-scheduler[96424]: DEBUG dbcounter [-] [96424] Writing DB stats nova_cell0:SELECT=3 {{(pid=96424) stat_writer /opt/stack/data/venv/lib/python3.12/site-packages/dbcounter.py:115}}
Jun 29 20:52:25.100090 np0000003932 nova-scheduler[96422]: DEBUG dbcounter [-] [96422] Writing DB stats nova_cell0:SELECT=3 {{(pid=96422) stat_writer /opt/stack/data/venv/lib/python3.12/site-packages/dbcounter.py:115}}
Jun 29 20:52:26.090796 np0000003932 nova-scheduler[96424]: DEBUG oslo.service.backend._threading.loopingcall [None req-44faa43b-ae63-4c68-bbdf-052b160a38b0 None None] Dynamic interval looping call 'nova.service.Service.periodic_tasks' sleeping for 60.00 seconds {{(pid=96424) _run_loop /opt/stack/data/venv/lib/python3.12/site-packages/oslo_service/backend/_threading/loopingcall.py:125}}
Jun 29 20:52:39.086096 np0000003932 nova-scheduler[96420]: DEBUG oslo.service.backend._threading.loopingcall [None req-60ae579b-f4ee-4f0a-a595-eb7468ab3dd1 None None] Dynamic interval looping call 'nova.service.Service.periodic_tasks' sleeping for 60.00 seconds {{(pid=96420) _run_loop /opt/stack/data/venv/lib/python3.12/site-packages/oslo_service/backend/_threading/loopingcall.py:125}}
Jun 29 20:52:41.093899 np0000003932 nova-scheduler[96422]: DEBUG oslo.service.backend._threading.loopingcall [None req-9a3d5bbd-835d-4094-9779-36f0ec054c62 None None] Dynamic interval looping call 'nova.service.Service.periodic_tasks' sleeping for 60.00 seconds {{(pid=96422) _run_loop /opt/stack/data/venv/lib/python3.12/site-packages/oslo_service/backend/_threading/loopingcall.py:125}}
Jun 29 20:52:49.081972 np0000003932 nova-scheduler[96418]: DEBUG oslo.service.backend._threading.loopingcall [None req-b0001549-9c15-49f2-b49d-bac87d9d4372 None None] Dynamic interval looping call 'nova.service.Service.periodic_tasks' sleeping for 60.00 seconds {{(pid=96418) _run_loop /opt/stack/data/venv/lib/python3.12/site-packages/oslo_service/backend/_threading/loopingcall.py:125}}
Jun 29 20:53:26.091325 np0000003932 nova-scheduler[96424]: DEBUG oslo.service.backend._threading.loopingcall [None req-44faa43b-ae63-4c68-bbdf-052b160a38b0 None None] Dynamic interval looping call 'nova.service.Service.periodic_tasks' sleeping for 60.00 seconds {{(pid=96424) _run_loop /opt/stack/data/venv/lib/python3.12/site-packages/oslo_service/backend/_threading/loopingcall.py:125}}
Jun 29 20:53:39.087107 np0000003932 nova-scheduler[96420]: DEBUG oslo.service.backend._threading.loopingcall [None req-60ae579b-f4ee-4f0a-a595-eb7468ab3dd1 None None] Dynamic interval looping call 'nova.service.Service.periodic_tasks' sleeping for 60.00 seconds {{(pid=96420) _run_loop /opt/stack/data/venv/lib/python3.12/site-packages/oslo_service/backend/_threading/loopingcall.py:125}}
Jun 29 20:53:41.094355 np0000003932 nova-scheduler[96422]: DEBUG oslo.service.backend._threading.loopingcall [None req-9a3d5bbd-835d-4094-9779-36f0ec054c62 None None] Dynamic interval looping call 'nova.service.Service.periodic_tasks' sleeping for 60.00 seconds {{(pid=96422) _run_loop /opt/stack/data/venv/lib/python3.12/site-packages/oslo_service/backend/_threading/loopingcall.py:125}}
Jun 29 20:53:49.082605 np0000003932 nova-scheduler[96418]: DEBUG oslo.service.backend._threading.loopingcall [None req-b0001549-9c15-49f2-b49d-bac87d9d4372 None None] Dynamic interval looping call 'nova.service.Service.periodic_tasks' sleeping for 60.00 seconds {{(pid=96418) _run_loop /opt/stack/data/venv/lib/python3.12/site-packages/oslo_service/backend/_threading/loopingcall.py:125}}
Jun 29 20:54:15.090174 np0000003932 nova-scheduler[96418]: DEBUG oslo.service.backend._threading.loopingcall [-] Fixed interval looping call 'nova.servicegroup.drivers.db.DbDriver._report_state' sleeping for 119.99 seconds {{(pid=96418) _run_loop /opt/stack/data/venv/lib/python3.12/site-packages/oslo_service/backend/_threading/loopingcall.py:125}}
Jun 29 20:54:15.091424 np0000003932 nova-scheduler[96420]: DEBUG oslo.service.backend._threading.loopingcall [-] Fixed interval looping call 'nova.servicegroup.drivers.db.DbDriver._report_state' sleeping for 120.00 seconds {{(pid=96420) _run_loop /opt/stack/data/venv/lib/python3.12/site-packages/oslo_service/backend/_threading/loopingcall.py:125}}
Jun 29 20:54:15.092749 np0000003932 nova-scheduler[96424]: DEBUG oslo.service.backend._threading.loopingcall [-] Fixed interval looping call 'nova.servicegroup.drivers.db.DbDriver._report_state' sleeping for 120.00 seconds {{(pid=96424) _run_loop /opt/stack/data/venv/lib/python3.12/site-packages/oslo_service/backend/_threading/loopingcall.py:125}}
Jun 29 20:54:15.096605 np0000003932 nova-scheduler[96422]: DEBUG oslo.service.backend._threading.loopingcall [-] Fixed interval looping call 'nova.servicegroup.drivers.db.DbDriver._report_state' sleeping for 120.00 seconds {{(pid=96422) _run_loop /opt/stack/data/venv/lib/python3.12/site-packages/oslo_service/backend/_threading/loopingcall.py:125}}
Jun 29 20:54:25.086330 np0000003932 nova-scheduler[96418]: DEBUG dbcounter [-] [96418] Writing DB stats nova_cell0:SELECT=1,nova_cell0:UPDATE=1 {{(pid=96418) stat_writer /opt/stack/data/venv/lib/python3.12/site-packages/dbcounter.py:115}}
Jun 29 20:54:25.090329 np0000003932 nova-scheduler[96420]: DEBUG dbcounter [-] [96420] Writing DB stats nova_cell0:SELECT=1,nova_cell0:UPDATE=1 {{(pid=96420) stat_writer /opt/stack/data/venv/lib/python3.12/site-packages/dbcounter.py:115}}
Jun 29 20:54:25.091545 np0000003932 nova-scheduler[96424]: DEBUG dbcounter [-] [96424] Writing DB stats nova_cell0:SELECT=1 {{(pid=96424) stat_writer /opt/stack/data/venv/lib/python3.12/site-packages/dbcounter.py:115}}
Jun 29 20:54:25.094492 np0000003932 nova-scheduler[96422]: DEBUG dbcounter [-] [96422] Writing DB stats nova_cell0:SELECT=1 {{(pid=96422) stat_writer /opt/stack/data/venv/lib/python3.12/site-packages/dbcounter.py:115}}
Jun 29 20:54:26.091903 np0000003932 nova-scheduler[96424]: DEBUG oslo.service.backend._threading.loopingcall [None req-44faa43b-ae63-4c68-bbdf-052b160a38b0 None None] Dynamic interval looping call 'nova.service.Service.periodic_tasks' sleeping for 60.00 seconds {{(pid=96424) _run_loop /opt/stack/data/venv/lib/python3.12/site-packages/oslo_service/backend/_threading/loopingcall.py:125}}
Jun 29 20:54:39.087662 np0000003932 nova-scheduler[96420]: DEBUG oslo.service.backend._threading.loopingcall [None req-60ae579b-f4ee-4f0a-a595-eb7468ab3dd1 None None] Dynamic interval looping call 'nova.service.Service.periodic_tasks' sleeping for 60.00 seconds {{(pid=96420) _run_loop /opt/stack/data/venv/lib/python3.12/site-packages/oslo_service/backend/_threading/loopingcall.py:125}}
Jun 29 20:54:41.217418 np0000003932 nova-scheduler[96422]: DEBUG oslo.service.backend._threading.loopingcall [None req-9a3d5bbd-835d-4094-9779-36f0ec054c62 None None] Dynamic interval looping call 'nova.service.Service.periodic_tasks' sleeping for 60.00 seconds {{(pid=96422) _run_loop /opt/stack/data/venv/lib/python3.12/site-packages/oslo_service/backend/_threading/loopingcall.py:125}}
Jun 29 20:54:49.083161 np0000003932 nova-scheduler[96418]: DEBUG oslo.service.backend._threading.loopingcall [None req-b0001549-9c15-49f2-b49d-bac87d9d4372 None None] Dynamic interval looping call 'nova.service.Service.periodic_tasks' sleeping for 60.00 seconds {{(pid=96418) _run_loop /opt/stack/data/venv/lib/python3.12/site-packages/oslo_service/backend/_threading/loopingcall.py:125}}
Jun 29 20:54:59.046067 np0000003932 nova-scheduler[96418]: DEBUG nova.scheduler.manager [None req-b2dc685a-1bfb-4a24-8896-9e5ab5fa663a tempest-ServerActionsTestOtherA-1462161319 tempest-ServerActionsTestOtherA-1462161319-project-member] Starting to schedule for instances: ['8f8d1a9e-058c-466b-88f8-221763bd381e'] {{(pid=96418) select_destinations /opt/stack/nova/nova/scheduler/manager.py:209}}
Jun 29 20:54:59.046631 np0000003932 nova-scheduler[96418]: DEBUG nova.scheduler.request_filter [None req-b2dc685a-1bfb-4a24-8896-9e5ab5fa663a tempest-ServerActionsTestOtherA-1462161319 tempest-ServerActionsTestOtherA-1462161319-project-member] compute_status_filter request filter added forbidden trait COMPUTE_STATUS_DISABLED {{(pid=96418) compute_status_filter /opt/stack/nova/nova/scheduler/request_filter.py:253}}
Jun 29 20:54:59.047627 np0000003932 nova-scheduler[96418]: DEBUG nova.scheduler.request_filter [None req-b2dc685a-1bfb-4a24-8896-9e5ab5fa663a tempest-ServerActionsTestOtherA-1462161319 tempest-ServerActionsTestOtherA-1462161319-project-member] Request filter 'compute_status_filter' took 0.0 seconds {{(pid=96418) wrapper /opt/stack/nova/nova/scheduler/request_filter.py:46}}
Jun 29 20:54:59.047627 np0000003932 nova-scheduler[96418]: DEBUG nova.scheduler.request_filter [None req-b2dc685a-1bfb-4a24-8896-9e5ab5fa663a tempest-ServerActionsTestOtherA-1462161319 tempest-ServerActionsTestOtherA-1462161319-project-member] Request filter 'accelerators_filter' took 0.0 seconds {{(pid=96418) wrapper /opt/stack/nova/nova/scheduler/request_filter.py:46}}
Jun 29 20:54:59.047627 np0000003932 nova-scheduler[96418]: DEBUG nova.scheduler.request_filter [None req-b2dc685a-1bfb-4a24-8896-9e5ab5fa663a tempest-ServerActionsTestOtherA-1462161319 tempest-ServerActionsTestOtherA-1462161319-project-member] Request filter 'packed_virtqueue_filter' took 0.0 seconds {{(pid=96418) wrapper /opt/stack/nova/nova/scheduler/request_filter.py:46}}
Jun 29 20:54:59.049005 np0000003932 nova-scheduler[96418]: DEBUG nova.scheduler.request_filter [None req-b2dc685a-1bfb-4a24-8896-9e5ab5fa663a tempest-ServerActionsTestOtherA-1462161319 tempest-ServerActionsTestOtherA-1462161319-project-member] Request filter 'remote_managed_ports_filter' took 0.0 seconds {{(pid=96418) wrapper /opt/stack/nova/nova/scheduler/request_filter.py:46}}
Jun 29 20:54:59.049005 np0000003932 nova-scheduler[96418]: DEBUG nova.scheduler.request_filter [None req-b2dc685a-1bfb-4a24-8896-9e5ab5fa663a tempest-ServerActionsTestOtherA-1462161319 tempest-ServerActionsTestOtherA-1462161319-project-member] ephemeral_encryption_filter skipped {{(pid=96418) ephemeral_encryption_filter /opt/stack/nova/nova/scheduler/request_filter.py:426}}
Jun 29 20:54:59.049005 np0000003932 nova-scheduler[96418]: DEBUG nova.scheduler.request_filter [None req-b2dc685a-1bfb-4a24-8896-9e5ab5fa663a tempest-ServerActionsTestOtherA-1462161319 tempest-ServerActionsTestOtherA-1462161319-project-member] virtio_sound_filter skipped {{(pid=96418) virtio_sound_filter /opt/stack/nova/nova/scheduler/request_filter.py:460}}
Jun 29 20:54:59.049005 np0000003932 nova-scheduler[96418]: DEBUG nova.scheduler.request_filter [None req-b2dc685a-1bfb-4a24-8896-9e5ab5fa663a tempest-ServerActionsTestOtherA-1462161319 tempest-ServerActionsTestOtherA-1462161319-project-member] tpm_secret_security_filter skipped {{(pid=96418) tpm_secret_security_filter /opt/stack/nova/nova/scheduler/request_filter.py:477}}
Jun 29 20:54:59.186384 np0000003932 nova-scheduler[96420]: DEBUG nova.scheduler.manager [None req-39b1a8e2-44b3-4047-8f96-2aee77e65908 tempest-AttachVolumeTestJSON-1658126879 tempest-AttachVolumeTestJSON-1658126879-project-member] Starting to schedule for instances: ['fde5d565-268d-4857-9330-85d8c44bcb98'] {{(pid=96420) select_destinations /opt/stack/nova/nova/scheduler/manager.py:209}}
Jun 29 20:54:59.187016 np0000003932 nova-scheduler[96420]: DEBUG nova.scheduler.request_filter [None req-39b1a8e2-44b3-4047-8f96-2aee77e65908 tempest-AttachVolumeTestJSON-1658126879 tempest-AttachVolumeTestJSON-1658126879-project-member] compute_status_filter request filter added forbidden trait COMPUTE_STATUS_DISABLED {{(pid=96420) compute_status_filter /opt/stack/nova/nova/scheduler/request_filter.py:253}}
Jun 29 20:54:59.187176 np0000003932 nova-scheduler[96420]: DEBUG nova.scheduler.request_filter [None req-39b1a8e2-44b3-4047-8f96-2aee77e65908 tempest-AttachVolumeTestJSON-1658126879 tempest-AttachVolumeTestJSON-1658126879-project-member] Request filter 'compute_status_filter' took 0.0 seconds {{(pid=96420) wrapper /opt/stack/nova/nova/scheduler/request_filter.py:46}}
Jun 29 20:54:59.187437 np0000003932 nova-scheduler[96420]: DEBUG nova.scheduler.request_filter [None req-39b1a8e2-44b3-4047-8f96-2aee77e65908 tempest-AttachVolumeTestJSON-1658126879 tempest-AttachVolumeTestJSON-1658126879-project-member] Request filter 'accelerators_filter' took 0.0 seconds {{(pid=96420) wrapper /opt/stack/nova/nova/scheduler/request_filter.py:46}}
Jun 29 20:54:59.187655 np0000003932 nova-scheduler[96420]: DEBUG nova.scheduler.request_filter [None req-39b1a8e2-44b3-4047-8f96-2aee77e65908 tempest-AttachVolumeTestJSON-1658126879 tempest-AttachVolumeTestJSON-1658126879-project-member] Request filter 'packed_virtqueue_filter' took 0.0 seconds {{(pid=96420) wrapper /opt/stack/nova/nova/scheduler/request_filter.py:46}}
Jun 29 20:54:59.188201 np0000003932 nova-scheduler[96420]: DEBUG nova.scheduler.request_filter [None req-39b1a8e2-44b3-4047-8f96-2aee77e65908 tempest-AttachVolumeTestJSON-1658126879 tempest-AttachVolumeTestJSON-1658126879-project-member] Request filter 'remote_managed_ports_filter' took 0.0 seconds {{(pid=96420) wrapper /opt/stack/nova/nova/scheduler/request_filter.py:46}}
Jun 29 20:54:59.188259 np0000003932 nova-scheduler[96420]: DEBUG nova.scheduler.request_filter [None req-39b1a8e2-44b3-4047-8f96-2aee77e65908 tempest-AttachVolumeTestJSON-1658126879 tempest-AttachVolumeTestJSON-1658126879-project-member] ephemeral_encryption_filter skipped {{(pid=96420) ephemeral_encryption_filter /opt/stack/nova/nova/scheduler/request_filter.py:426}}
Jun 29 20:54:59.188428 np0000003932 nova-scheduler[96420]: DEBUG nova.scheduler.request_filter [None req-39b1a8e2-44b3-4047-8f96-2aee77e65908 tempest-AttachVolumeTestJSON-1658126879 tempest-AttachVolumeTestJSON-1658126879-project-member] virtio_sound_filter skipped {{(pid=96420) virtio_sound_filter /opt/stack/nova/nova/scheduler/request_filter.py:460}}
Jun 29 20:54:59.188691 np0000003932 nova-scheduler[96420]: DEBUG nova.scheduler.request_filter [None req-39b1a8e2-44b3-4047-8f96-2aee77e65908 tempest-AttachVolumeTestJSON-1658126879 tempest-AttachVolumeTestJSON-1658126879-project-member] tpm_secret_security_filter skipped {{(pid=96420) tpm_secret_security_filter /opt/stack/nova/nova/scheduler/request_filter.py:477}}
Jun 29 20:54:59.759451 np0000003932 nova-scheduler[96420]: INFO nova.utils [None req-39b1a8e2-44b3-4047-8f96-2aee77e65908 tempest-AttachVolumeTestJSON-1658126879 tempest-AttachVolumeTestJSON-1658126879-project-member] The cell worker thread pool ForkProcess-2.cell_worker is initialized
Jun 29 20:54:59.760625 np0000003932 nova-scheduler[96420]: DEBUG oslo_concurrency.lockutils [None req-39b1a8e2-44b3-4047-8f96-2aee77e65908 tempest-AttachVolumeTestJSON-1658126879 tempest-AttachVolumeTestJSON-1658126879-project-member] Acquiring lock "449bb922-fd2c-4a70-89d6-ea867ce43418" by "nova.context.set_target_cell..get_or_set_cached_cell_and_set_connections" {{(pid=96420) inner /opt/stack/data/venv/lib/python3.12/site-packages/oslo_concurrency/lockutils.py:511}}
Jun 29 20:54:59.760625 np0000003932 nova-scheduler[96420]: DEBUG oslo_concurrency.lockutils [None req-39b1a8e2-44b3-4047-8f96-2aee77e65908 tempest-AttachVolumeTestJSON-1658126879 tempest-AttachVolumeTestJSON-1658126879-project-member] Lock "449bb922-fd2c-4a70-89d6-ea867ce43418" acquired by "nova.context.set_target_cell..get_or_set_cached_cell_and_set_connections" :: waited 0.000s {{(pid=96420) inner /opt/stack/data/venv/lib/python3.12/site-packages/oslo_concurrency/lockutils.py:524}}
Jun 29 20:54:59.761837 np0000003932 nova-scheduler[96420]: DEBUG oslo_concurrency.lockutils [None req-39b1a8e2-44b3-4047-8f96-2aee77e65908 tempest-AttachVolumeTestJSON-1658126879 tempest-AttachVolumeTestJSON-1658126879-project-member] Lock "449bb922-fd2c-4a70-89d6-ea867ce43418" "released" by "nova.context.set_target_cell..get_or_set_cached_cell_and_set_connections" :: held 0.002s {{(pid=96420) inner /opt/stack/data/venv/lib/python3.12/site-packages/oslo_concurrency/lockutils.py:543}}
Jun 29 20:54:59.765280 np0000003932 nova-scheduler[96420]: INFO dbcounter [None req-39b1a8e2-44b3-4047-8f96-2aee77e65908 tempest-AttachVolumeTestJSON-1658126879 tempest-AttachVolumeTestJSON-1658126879-project-member] Registered counter for database nova_cell1
Jun 29 20:54:59.824836 np0000003932 nova-scheduler[96420]: DEBUG oslo_db.sqlalchemy.engines [None req-39b1a8e2-44b3-4047-8f96-2aee77e65908 tempest-AttachVolumeTestJSON-1658126879 tempest-AttachVolumeTestJSON-1658126879-project-member] MySQL server mode set to STRICT_TRANS_TABLES,STRICT_ALL_TABLES,NO_ZERO_IN_DATE,NO_ZERO_DATE,ERROR_FOR_DIVISION_BY_ZERO,TRADITIONAL,NO_ENGINE_SUBSTITUTION {{(pid=96420) _check_effective_sql_mode /opt/stack/data/venv/lib/python3.12/site-packages/oslo_db/sqlalchemy/engines.py:325}}
Jun 29 20:54:59.834365 np0000003932 nova-scheduler[96420]: DEBUG dbcounter [-] [96420] Writer thread running {{(pid=96420) stat_writer /opt/stack/data/venv/lib/python3.12/site-packages/dbcounter.py:102}}
Jun 29 20:54:59.853213 np0000003932 nova-scheduler[96420]: DEBUG oslo_db.sqlalchemy.engines [None req-39b1a8e2-44b3-4047-8f96-2aee77e65908 tempest-AttachVolumeTestJSON-1658126879 tempest-AttachVolumeTestJSON-1658126879-project-member] Parent process 95214 forked (96420) with an open database connection, which is being discarded and recreated. {{(pid=96420) checkout /opt/stack/data/venv/lib/python3.12/site-packages/oslo_db/sqlalchemy/engines.py:402}}
Jun 29 20:54:59.906386 np0000003932 nova-scheduler[96420]: DEBUG dbcounter [-] [96420] Writer thread running {{(pid=96420) stat_writer /opt/stack/data/venv/lib/python3.12/site-packages/dbcounter.py:102}}
Jun 29 20:54:59.913176 np0000003932 nova-scheduler[96420]: DEBUG oslo_concurrency.lockutils [None req-39b1a8e2-44b3-4047-8f96-2aee77e65908 tempest-AttachVolumeTestJSON-1658126879 tempest-AttachVolumeTestJSON-1658126879-project-member] Acquiring lock "449bb922-fd2c-4a70-89d6-ea867ce43418" by "nova.context.set_target_cell..get_or_set_cached_cell_and_set_connections" {{(pid=96420) inner /opt/stack/data/venv/lib/python3.12/site-packages/oslo_concurrency/lockutils.py:511}}
Jun 29 20:54:59.913176 np0000003932 nova-scheduler[96420]: DEBUG oslo_concurrency.lockutils [None req-39b1a8e2-44b3-4047-8f96-2aee77e65908 tempest-AttachVolumeTestJSON-1658126879 tempest-AttachVolumeTestJSON-1658126879-project-member] Lock "449bb922-fd2c-4a70-89d6-ea867ce43418" acquired by "nova.context.set_target_cell..get_or_set_cached_cell_and_set_connections" :: waited 0.000s {{(pid=96420) inner /opt/stack/data/venv/lib/python3.12/site-packages/oslo_concurrency/lockutils.py:524}}
Jun 29 20:54:59.913176 np0000003932 nova-scheduler[96420]: DEBUG oslo_concurrency.lockutils [None req-39b1a8e2-44b3-4047-8f96-2aee77e65908 tempest-AttachVolumeTestJSON-1658126879 tempest-AttachVolumeTestJSON-1658126879-project-member] Lock "449bb922-fd2c-4a70-89d6-ea867ce43418" "released" by "nova.context.set_target_cell..get_or_set_cached_cell_and_set_connections" :: held 0.000s {{(pid=96420) inner /opt/stack/data/venv/lib/python3.12/site-packages/oslo_concurrency/lockutils.py:543}}
Jun 29 20:54:59.913176 np0000003932 nova-scheduler[96420]: DEBUG oslo_concurrency.lockutils [None req-39b1a8e2-44b3-4047-8f96-2aee77e65908 tempest-AttachVolumeTestJSON-1658126879 tempest-AttachVolumeTestJSON-1658126879-project-member] Acquiring lock "np0000003932-np0000003932" by "nova.scheduler.host_manager.HostState.update.._locked_update" {{(pid=96420) inner /opt/stack/data/venv/lib/python3.12/site-packages/oslo_concurrency/lockutils.py:511}}
Jun 29 20:54:59.914016 np0000003932 nova-scheduler[96420]: DEBUG oslo_concurrency.lockutils [None req-39b1a8e2-44b3-4047-8f96-2aee77e65908 tempest-AttachVolumeTestJSON-1658126879 tempest-AttachVolumeTestJSON-1658126879-project-member] Lock "np0000003932-np0000003932" acquired by "nova.scheduler.host_manager.HostState.update.._locked_update" :: waited 0.000s {{(pid=96420) inner /opt/stack/data/venv/lib/python3.12/site-packages/oslo_concurrency/lockutils.py:524}}
