Jun 29 20:52:16.070139 np0000003932 nova-conductor[98871]: DEBUG cotyledon.oslo_config_glue [-] profiler.es_doc_type = notification {{(pid=98871) log_opt_values /opt/stack/data/venv/lib/python3.12/site-packages/oslo_config/cfg.py:3253}}
Jun 29 20:52:16.070139 np0000003932 nova-conductor[98871]: DEBUG cotyledon.oslo_config_glue [-] profiler.es_scroll_size = 10000 {{(pid=98871) log_opt_values /opt/stack/data/venv/lib/python3.12/site-packages/oslo_config/cfg.py:3253}}
Jun 29 20:52:16.070139 np0000003932 nova-conductor[98871]: DEBUG cotyledon.oslo_config_glue [-] profiler.es_scroll_time = 2m {{(pid=98871) log_opt_values /opt/stack/data/venv/lib/python3.12/site-packages/oslo_config/cfg.py:3253}}
Jun 29 20:52:16.070139 np0000003932 nova-conductor[98871]: DEBUG cotyledon.oslo_config_glue [-] profiler.filter_error_trace = False {{(pid=98871) log_opt_values /opt/stack/data/venv/lib/python3.12/site-packages/oslo_config/cfg.py:3253}}
Jun 29 20:52:16.070139 np0000003932 nova-conductor[98871]: DEBUG cotyledon.oslo_config_glue [-] profiler.hmac_keys = **** {{(pid=98871) log_opt_values /opt/stack/data/venv/lib/python3.12/site-packages/oslo_config/cfg.py:3253}}
Jun 29 20:52:16.070139 np0000003932 nova-conductor[98871]: DEBUG cotyledon.oslo_config_glue [-] profiler.sentinel_service_name = mymaster {{(pid=98871) log_opt_values /opt/stack/data/venv/lib/python3.12/site-packages/oslo_config/cfg.py:3253}}
Jun 29 20:52:16.070427 np0000003932 nova-conductor[98871]: DEBUG cotyledon.oslo_config_glue [-] profiler.socket_timeout = 0.1 {{(pid=98871) log_opt_values /opt/stack/data/venv/lib/python3.12/site-packages/oslo_config/cfg.py:3253}}
Jun 29 20:52:16.070427 np0000003932 nova-conductor[98871]: DEBUG cotyledon.oslo_config_glue [-] profiler.trace_requests = False {{(pid=98871) log_opt_values /opt/stack/data/venv/lib/python3.12/site-packages/oslo_config/cfg.py:3253}}
Jun 29 20:52:16.070427 np0000003932 nova-conductor[98871]: DEBUG cotyledon.oslo_config_glue [-] profiler.trace_sqlalchemy = False {{(pid=98871) log_opt_values /opt/stack/data/venv/lib/python3.12/site-packages/oslo_config/cfg.py:3253}}
Jun 29 20:52:16.070427 np0000003932 nova-conductor[98871]: DEBUG cotyledon.oslo_config_glue [-] profiler_jaeger.process_tags = {} {{(pid=98871) log_opt_values /opt/stack/data/venv/lib/python3.12/site-packages/oslo_config/cfg.py:3253}}
Jun 29 20:52:16.070427 np0000003932 nova-conductor[98871]: DEBUG cotyledon.oslo_config_glue [-] profiler_jaeger.service_name_prefix = None {{(pid=98871) log_opt_values /opt/stack/data/venv/lib/python3.12/site-packages/oslo_config/cfg.py:3253}}
Jun 29 20:52:16.070427 np0000003932 nova-conductor[98871]: DEBUG cotyledon.oslo_config_glue [-] profiler_otlp.service_name_prefix = None {{(pid=98871) log_opt_values /opt/stack/data/venv/lib/python3.12/site-packages/oslo_config/cfg.py:3253}}
Jun 29 20:52:16.070427 np0000003932 nova-conductor[98871]: DEBUG cotyledon.oslo_config_glue [-] oslo_messaging_rabbit.amqp_auto_delete = False {{(pid=98871) log_opt_values /opt/stack/data/venv/lib/python3.12/site-packages/oslo_config/cfg.py:3253}}
Jun 29 20:52:16.070427 np0000003932 nova-conductor[98871]: DEBUG cotyledon.oslo_config_glue [-] oslo_messaging_rabbit.amqp_durable_queues = False {{(pid=98871) log_opt_values /opt/stack/data/venv/lib/python3.12/site-packages/oslo_config/cfg.py:3253}}
Jun 29 20:52:16.070427 np0000003932 nova-conductor[98871]: DEBUG cotyledon.oslo_config_glue [-] oslo_messaging_rabbit.conn_pool_min_size = 2 {{(pid=98871) log_opt_values /opt/stack/data/venv/lib/python3.12/site-packages/oslo_config/cfg.py:3253}}
Jun 29 20:52:16.070705 np0000003932 nova-conductor[98871]: DEBUG cotyledon.oslo_config_glue [-] oslo_messaging_rabbit.conn_pool_ttl = 1200 {{(pid=98871) log_opt_values /opt/stack/data/venv/lib/python3.12/site-packages/oslo_config/cfg.py:3253}}
Jun 29 20:52:16.070705 np0000003932 nova-conductor[98871]: DEBUG cotyledon.oslo_config_glue [-] oslo_messaging_rabbit.direct_mandatory_flag = True {{(pid=98871) log_opt_values /opt/stack/data/venv/lib/python3.12/site-packages/oslo_config/cfg.py:3253}}
Jun 29 20:52:16.070705 np0000003932 nova-conductor[98871]: DEBUG cotyledon.oslo_config_glue [-] oslo_messaging_rabbit.enable_cancel_on_failover = False {{(pid=98871) log_opt_values /opt/stack/data/venv/lib/python3.12/site-packages/oslo_config/cfg.py:3253}}
Jun 29 20:52:16.070705 np0000003932 nova-conductor[98871]: DEBUG cotyledon.oslo_config_glue [-] oslo_messaging_rabbit.heartbeat_rate = 3 {{(pid=98871) log_opt_values /opt/stack/data/venv/lib/python3.12/site-packages/oslo_config/cfg.py:3253}}
Jun 29 20:52:16.070705 np0000003932 nova-conductor[98871]: DEBUG cotyledon.oslo_config_glue [-] oslo_messaging_rabbit.heartbeat_timeout_threshold = 60 {{(pid=98871) log_opt_values /opt/stack/data/venv/lib/python3.12/site-packages/oslo_config/cfg.py:3253}}
Jun 29 20:52:16.070705 np0000003932 nova-conductor[98871]: DEBUG cotyledon.oslo_config_glue [-] oslo_messaging_rabbit.hostname = np0000003932 {{(pid=98871) log_opt_values /opt/stack/data/venv/lib/python3.12/site-packages/oslo_config/cfg.py:3253}}
Jun 29 20:52:16.070705 np0000003932 nova-conductor[98871]: DEBUG cotyledon.oslo_config_glue [-] oslo_messaging_rabbit.kombu_compression = None {{(pid=98871) log_opt_values /opt/stack/data/venv/lib/python3.12/site-packages/oslo_config/cfg.py:3253}}
Jun 29 20:52:16.070705 np0000003932 nova-conductor[98871]: DEBUG cotyledon.oslo_config_glue [-] oslo_messaging_rabbit.kombu_failover_strategy = round-robin {{(pid=98871) log_opt_values /opt/stack/data/venv/lib/python3.12/site-packages/oslo_config/cfg.py:3253}}
Jun 29 20:52:16.070705 np0000003932 nova-conductor[98871]: DEBUG cotyledon.oslo_config_glue [-] oslo_messaging_rabbit.kombu_missing_consumer_retry_timeout = 60 {{(pid=98871) log_opt_values /opt/stack/data/venv/lib/python3.12/site-packages/oslo_config/cfg.py:3253}}
Jun 29 20:52:16.071007 np0000003932 nova-conductor[98871]: DEBUG cotyledon.oslo_config_glue [-] oslo_messaging_rabbit.kombu_reconnect_delay = 1.0 {{(pid=98871) log_opt_values /opt/stack/data/venv/lib/python3.12/site-packages/oslo_config/cfg.py:3253}}
Jun 29 20:52:16.071007 np0000003932 nova-conductor[98871]: DEBUG cotyledon.oslo_config_glue [-] oslo_messaging_rabbit.kombu_reconnect_splay = 0.0 {{(pid=98871) log_opt_values /opt/stack/data/venv/lib/python3.12/site-packages/oslo_config/cfg.py:3253}}
Jun 29 20:52:16.071007 np0000003932 nova-conductor[98871]: DEBUG cotyledon.oslo_config_glue [-] oslo_messaging_rabbit.processname = nova-conductor {{(pid=98871) log_opt_values /opt/stack/data/venv/lib/python3.12/site-packages/oslo_config/cfg.py:3253}}
Jun 29 20:52:16.071007 np0000003932 nova-conductor[98871]: DEBUG cotyledon.oslo_config_glue [-] oslo_messaging_rabbit.rabbit_ha_queues = False {{(pid=98871) log_opt_values /opt/stack/data/venv/lib/python3.12/site-packages/oslo_config/cfg.py:3253}}
Jun 29 20:52:16.071007 np0000003932 nova-conductor[98871]: DEBUG cotyledon.oslo_config_glue [-] oslo_messaging_rabbit.rabbit_interval_max = 30 {{(pid=98871) log_opt_values /opt/stack/data/venv/lib/python3.12/site-packages/oslo_config/cfg.py:3253}}
Jun 29 20:52:16.071007 np0000003932 nova-conductor[98871]: DEBUG cotyledon.oslo_config_glue [-] oslo_messaging_rabbit.rabbit_login_method = AMQPLAIN {{(pid=98871) log_opt_values /opt/stack/data/venv/lib/python3.12/site-packages/oslo_config/cfg.py:3253}}
Jun 29 20:52:16.071007 np0000003932 nova-conductor[98871]: DEBUG cotyledon.oslo_config_glue [-] oslo_messaging_rabbit.rabbit_qos_prefetch_count = 0 {{(pid=98871) log_opt_values /opt/stack/data/venv/lib/python3.12/site-packages/oslo_config/cfg.py:3253}}
Jun 29 20:52:16.071007 np0000003932 nova-conductor[98871]: DEBUG cotyledon.oslo_config_glue [-] oslo_messaging_rabbit.rabbit_quorum_delivery_limit = 0 {{(pid=98871) log_opt_values /opt/stack/data/venv/lib/python3.12/site-packages/oslo_config/cfg.py:3253}}
Jun 29 20:52:16.071007 np0000003932 nova-conductor[98871]: DEBUG cotyledon.oslo_config_glue [-] oslo_messaging_rabbit.rabbit_quorum_max_memory_bytes = 0 {{(pid=98871) log_opt_values /opt/stack/data/venv/lib/python3.12/site-packages/oslo_config/cfg.py:3253}}
Jun 29 20:52:16.071339 np0000003932 nova-conductor[98871]: DEBUG cotyledon.oslo_config_glue [-] oslo_messaging_rabbit.rabbit_quorum_max_memory_length = 0 {{(pid=98871) log_opt_values /opt/stack/data/venv/lib/python3.12/site-packages/oslo_config/cfg.py:3253}}
Jun 29 20:52:16.071339 np0000003932 nova-conductor[98871]: DEBUG cotyledon.oslo_config_glue [-] oslo_messaging_rabbit.rabbit_quorum_queue = False {{(pid=98871) log_opt_values /opt/stack/data/venv/lib/python3.12/site-packages/oslo_config/cfg.py:3253}}
Jun 29 20:52:16.071339 np0000003932 nova-conductor[98871]: DEBUG cotyledon.oslo_config_glue [-] oslo_messaging_rabbit.rabbit_retry_backoff = 2 {{(pid=98871) log_opt_values /opt/stack/data/venv/lib/python3.12/site-packages/oslo_config/cfg.py:3253}}
Jun 29 20:52:16.071339 np0000003932 nova-conductor[98871]: DEBUG cotyledon.oslo_config_glue [-] oslo_messaging_rabbit.rabbit_retry_interval = 1 {{(pid=98871) log_opt_values /opt/stack/data/venv/lib/python3.12/site-packages/oslo_config/cfg.py:3253}}
Jun 29 20:52:16.071339 np0000003932 nova-conductor[98871]: DEBUG cotyledon.oslo_config_glue [-] oslo_messaging_rabbit.rabbit_stream_fanout = False {{(pid=98871) log_opt_values /opt/stack/data/venv/lib/python3.12/site-packages/oslo_config/cfg.py:3253}}
Jun 29 20:52:16.071339 np0000003932 nova-conductor[98871]: DEBUG cotyledon.oslo_config_glue [-] oslo_messaging_rabbit.rabbit_transient_queues_ttl = 1800 {{(pid=98871) log_opt_values /opt/stack/data/venv/lib/python3.12/site-packages/oslo_config/cfg.py:3253}}
Jun 29 20:52:16.071339 np0000003932 nova-conductor[98871]: DEBUG cotyledon.oslo_config_glue [-] oslo_messaging_rabbit.rabbit_transient_quorum_queue = False {{(pid=98871) log_opt_values /opt/stack/data/venv/lib/python3.12/site-packages/oslo_config/cfg.py:3253}}
Jun 29 20:52:16.071339 np0000003932 nova-conductor[98871]: DEBUG cotyledon.oslo_config_glue [-] oslo_messaging_rabbit.rpc_conn_pool_size = 30 {{(pid=98871) log_opt_values /opt/stack/data/venv/lib/python3.12/site-packages/oslo_config/cfg.py:3253}}
Jun 29 20:52:16.071339 np0000003932 nova-conductor[98871]: DEBUG cotyledon.oslo_config_glue [-] oslo_messaging_rabbit.ssl = False {{(pid=98871) log_opt_values /opt/stack/data/venv/lib/python3.12/site-packages/oslo_config/cfg.py:3253}}
Jun 29 20:52:16.071572 np0000003932 nova-conductor[98871]: DEBUG cotyledon.oslo_config_glue [-] oslo_messaging_rabbit.ssl_ca_file = {{(pid=98871) log_opt_values /opt/stack/data/venv/lib/python3.12/site-packages/oslo_config/cfg.py:3253}}
Jun 29 20:52:16.071572 np0000003932 nova-conductor[98871]: DEBUG cotyledon.oslo_config_glue [-] oslo_messaging_rabbit.ssl_cert_file = {{(pid=98871) log_opt_values /opt/stack/data/venv/lib/python3.12/site-packages/oslo_config/cfg.py:3253}}
Jun 29 20:52:16.071572 np0000003932 nova-conductor[98871]: DEBUG cotyledon.oslo_config_glue [-] oslo_messaging_rabbit.ssl_enforce_fips_mode = False {{(pid=98871) log_opt_values /opt/stack/data/venv/lib/python3.12/site-packages/oslo_config/cfg.py:3253}}
Jun 29 20:52:16.071572 np0000003932 nova-conductor[98871]: DEBUG cotyledon.oslo_config_glue [-] oslo_messaging_rabbit.ssl_enforce_hostname_verification = True {{(pid=98871) log_opt_values /opt/stack/data/venv/lib/python3.12/site-packages/oslo_config/cfg.py:3253}}
Jun 29 20:52:16.071572 np0000003932 nova-conductor[98871]: DEBUG cotyledon.oslo_config_glue [-] oslo_messaging_rabbit.ssl_key_file = {{(pid=98871) log_opt_values /opt/stack/data/venv/lib/python3.12/site-packages/oslo_config/cfg.py:3253}}
Jun 29 20:52:16.071572 np0000003932 nova-conductor[98871]: DEBUG cotyledon.oslo_config_glue [-] oslo_messaging_rabbit.ssl_version = {{(pid=98871) log_opt_values /opt/stack/data/venv/lib/python3.12/site-packages/oslo_config/cfg.py:3253}}
Jun 29 20:52:16.071572 np0000003932 nova-conductor[98871]: DEBUG cotyledon.oslo_config_glue [-] oslo_messaging_rabbit.use_queue_manager = False {{(pid=98871) log_opt_values /opt/stack/data/venv/lib/python3.12/site-packages/oslo_config/cfg.py:3253}}
Jun 29 20:52:16.071572 np0000003932 nova-conductor[98871]: DEBUG cotyledon.oslo_config_glue [-] oslo_messaging_notifications.driver = ['messagingv2'] {{(pid=98871) log_opt_values /opt/stack/data/venv/lib/python3.12/site-packages/oslo_config/cfg.py:3253}}
Jun 29 20:52:16.071572 np0000003932 nova-conductor[98871]: DEBUG cotyledon.oslo_config_glue [-] oslo_messaging_notifications.retry = -1 {{(pid=98871) log_opt_values /opt/stack/data/venv/lib/python3.12/site-packages/oslo_config/cfg.py:3253}}
Jun 29 20:52:16.071816 np0000003932 nova-conductor[98871]: DEBUG cotyledon.oslo_config_glue [-] oslo_messaging_notifications.topics = ['notifications'] {{(pid=98871) log_opt_values /opt/stack/data/venv/lib/python3.12/site-packages/oslo_config/cfg.py:3253}}
Jun 29 20:52:16.071816 np0000003932 nova-conductor[98871]: DEBUG cotyledon.oslo_config_glue [-] oslo_messaging_notifications.transport_url = **** {{(pid=98871) log_opt_values /opt/stack/data/venv/lib/python3.12/site-packages/oslo_config/cfg.py:3253}}
Jun 29 20:52:16.071816 np0000003932 nova-conductor[98871]: DEBUG cotyledon.oslo_config_glue [-] oslo_limit.auth_section = None {{(pid=98871) log_opt_values /opt/stack/data/venv/lib/python3.12/site-packages/oslo_config/cfg.py:3253}}
Jun 29 20:52:16.071816 np0000003932 nova-conductor[98871]: DEBUG cotyledon.oslo_config_glue [-] oslo_limit.auth_type = None {{(pid=98871) log_opt_values /opt/stack/data/venv/lib/python3.12/site-packages/oslo_config/cfg.py:3253}}
Jun 29 20:52:16.071816 np0000003932 nova-conductor[98871]: DEBUG cotyledon.oslo_config_glue [-] oslo_limit.cafile = None {{(pid=98871) log_opt_values /opt/stack/data/venv/lib/python3.12/site-packages/oslo_config/cfg.py:3253}}
Jun 29 20:52:16.071816 np0000003932 nova-conductor[98871]: DEBUG cotyledon.oslo_config_glue [-] oslo_limit.certfile = None {{(pid=98871) log_opt_values /opt/stack/data/venv/lib/python3.12/site-packages/oslo_config/cfg.py:3253}}
Jun 29 20:52:16.071816 np0000003932 nova-conductor[98871]: DEBUG cotyledon.oslo_config_glue [-] oslo_limit.collect_timing = False {{(pid=98871) log_opt_values /opt/stack/data/venv/lib/python3.12/site-packages/oslo_config/cfg.py:3253}}
Jun 29 20:52:16.071816 np0000003932 nova-conductor[98871]: DEBUG cotyledon.oslo_config_glue [-] oslo_limit.connect_retries = None {{(pid=98871) log_opt_values /opt/stack/data/venv/lib/python3.12/site-packages/oslo_config/cfg.py:3253}}
Jun 29 20:52:16.071816 np0000003932 nova-conductor[98871]: DEBUG cotyledon.oslo_config_glue [-] oslo_limit.connect_retry_delay = None {{(pid=98871) log_opt_values /opt/stack/data/venv/lib/python3.12/site-packages/oslo_config/cfg.py:3253}}
Jun 29 20:52:16.072111 np0000003932 nova-conductor[98871]: DEBUG cotyledon.oslo_config_glue [-] oslo_limit.endpoint_id = None {{(pid=98871) log_opt_values /opt/stack/data/venv/lib/python3.12/site-packages/oslo_config/cfg.py:3253}}
Jun 29 20:52:16.072111 np0000003932 nova-conductor[98871]: DEBUG cotyledon.oslo_config_glue [-] oslo_limit.endpoint_interface = public {{(pid=98871) log_opt_values /opt/stack/data/venv/lib/python3.12/site-packages/oslo_config/cfg.py:3253}}
Jun 29 20:52:16.072111 np0000003932 nova-conductor[98871]: DEBUG cotyledon.oslo_config_glue [-] oslo_limit.endpoint_override = None {{(pid=98871) log_opt_values /opt/stack/data/venv/lib/python3.12/site-packages/oslo_config/cfg.py:3253}}
Jun 29 20:52:16.072111 np0000003932 nova-conductor[98871]: DEBUG cotyledon.oslo_config_glue [-] oslo_limit.endpoint_region_name = None {{(pid=98871) log_opt_values /opt/stack/data/venv/lib/python3.12/site-packages/oslo_config/cfg.py:3253}}
Jun 29 20:52:16.072111 np0000003932 nova-conductor[98871]: DEBUG cotyledon.oslo_config_glue [-] oslo_limit.endpoint_service_name = None {{(pid=98871) log_opt_values /opt/stack/data/venv/lib/python3.12/site-packages/oslo_config/cfg.py:3253}}
Jun 29 20:52:16.072111 np0000003932 nova-conductor[98871]: DEBUG cotyledon.oslo_config_glue [-] oslo_limit.endpoint_service_type = None {{(pid=98871) log_opt_values /opt/stack/data/venv/lib/python3.12/site-packages/oslo_config/cfg.py:3253}}
Jun 29 20:52:16.072111 np0000003932 nova-conductor[98871]: DEBUG cotyledon.oslo_config_glue [-] oslo_limit.insecure = False {{(pid=98871) log_opt_values /opt/stack/data/venv/lib/python3.12/site-packages/oslo_config/cfg.py:3253}}
Jun 29 20:52:16.072111 np0000003932 nova-conductor[98871]: DEBUG cotyledon.oslo_config_glue [-] oslo_limit.keyfile = None {{(pid=98871) log_opt_values /opt/stack/data/venv/lib/python3.12/site-packages/oslo_config/cfg.py:3253}}
Jun 29 20:52:16.072111 np0000003932 nova-conductor[98871]: DEBUG cotyledon.oslo_config_glue [-] oslo_limit.max_version = None {{(pid=98871) log_opt_values /opt/stack/data/venv/lib/python3.12/site-packages/oslo_config/cfg.py:3253}}
Jun 29 20:52:16.072366 np0000003932 nova-conductor[98871]: DEBUG cotyledon.oslo_config_glue [-] oslo_limit.min_version = None {{(pid=98871) log_opt_values /opt/stack/data/venv/lib/python3.12/site-packages/oslo_config/cfg.py:3253}}
Jun 29 20:52:16.072366 np0000003932 nova-conductor[98871]: DEBUG cotyledon.oslo_config_glue [-] oslo_limit.region_name = None {{(pid=98871) log_opt_values /opt/stack/data/venv/lib/python3.12/site-packages/oslo_config/cfg.py:3253}}
Jun 29 20:52:16.072366 np0000003932 nova-conductor[98871]: DEBUG cotyledon.oslo_config_glue [-] oslo_limit.retriable_status_codes = None {{(pid=98871) log_opt_values /opt/stack/data/venv/lib/python3.12/site-packages/oslo_config/cfg.py:3253}}
Jun 29 20:52:16.072366 np0000003932 nova-conductor[98871]: DEBUG cotyledon.oslo_config_glue [-] oslo_limit.service_name = None {{(pid=98871) log_opt_values /opt/stack/data/venv/lib/python3.12/site-packages/oslo_config/cfg.py:3253}}
Jun 29 20:52:16.072366 np0000003932 nova-conductor[98871]: DEBUG cotyledon.oslo_config_glue [-] oslo_limit.service_type = None {{(pid=98871) log_opt_values /opt/stack/data/venv/lib/python3.12/site-packages/oslo_config/cfg.py:3253}}
Jun 29 20:52:16.072366 np0000003932 nova-conductor[98871]: DEBUG cotyledon.oslo_config_glue [-] oslo_limit.split_loggers = False {{(pid=98871) log_opt_values /opt/stack/data/venv/lib/python3.12/site-packages/oslo_config/cfg.py:3253}}
Jun 29 20:52:16.072366 np0000003932 nova-conductor[98871]: DEBUG cotyledon.oslo_config_glue [-] oslo_limit.status_code_retries = None {{(pid=98871) log_opt_values /opt/stack/data/venv/lib/python3.12/site-packages/oslo_config/cfg.py:3253}}
Jun 29 20:52:16.072366 np0000003932 nova-conductor[98871]: DEBUG cotyledon.oslo_config_glue [-] oslo_limit.status_code_retry_delay = None {{(pid=98871) log_opt_values /opt/stack/data/venv/lib/python3.12/site-packages/oslo_config/cfg.py:3253}}
Jun 29 20:52:16.072366 np0000003932 nova-conductor[98871]: DEBUG cotyledon.oslo_config_glue [-] oslo_limit.timeout = None {{(pid=98871) log_opt_values /opt/stack/data/venv/lib/python3.12/site-packages/oslo_config/cfg.py:3253}}
Jun 29 20:52:16.072611 np0000003932 nova-conductor[98871]: DEBUG cotyledon.oslo_config_glue [-] oslo_limit.valid_interfaces = None {{(pid=98871) log_opt_values /opt/stack/data/venv/lib/python3.12/site-packages/oslo_config/cfg.py:3253}}
Jun 29 20:52:16.072611 np0000003932 nova-conductor[98871]: DEBUG cotyledon.oslo_config_glue [-] oslo_limit.version = None {{(pid=98871) log_opt_values /opt/stack/data/venv/lib/python3.12/site-packages/oslo_config/cfg.py:3253}}
Jun 29 20:52:16.072611 np0000003932 nova-conductor[98871]: DEBUG cotyledon.oslo_config_glue [-] oslo_reports.file_event_handler = None {{(pid=98871) log_opt_values /opt/stack/data/venv/lib/python3.12/site-packages/oslo_config/cfg.py:3253}}
Jun 29 20:52:16.072611 np0000003932 nova-conductor[98871]: DEBUG cotyledon.oslo_config_glue [-] oslo_reports.file_event_handler_interval = 1 {{(pid=98871) log_opt_values /opt/stack/data/venv/lib/python3.12/site-packages/oslo_config/cfg.py:3253}}
Jun 29 20:52:16.072611 np0000003932 nova-conductor[98871]: DEBUG cotyledon.oslo_config_glue [-] oslo_reports.log_dir = None {{(pid=98871) log_opt_values /opt/stack/data/venv/lib/python3.12/site-packages/oslo_config/cfg.py:3253}}
Jun 29 20:52:16.072611 np0000003932 nova-conductor[98871]: DEBUG cotyledon.oslo_config_glue [-] ******************************************************************************** {{(pid=98871) log_opt_values /opt/stack/data/venv/lib/python3.12/site-packages/oslo_config/cfg.py:3260}}
Jun 29 20:52:16.072611 np0000003932 nova-conductor[98871]: DEBUG cotyledon._service_worker [-] Run service ServiceWrapper(3) [98871] {{(pid=98871) wait_forever /opt/stack/data/venv/lib/python3.12/site-packages/cotyledon/_service_worker.py:218}}
Jun 29 20:52:16.072611 np0000003932 nova-conductor[98871]: INFO nova.service [-] Starting conductor node (version 33.1.0)
Jun 29 20:52:16.072611 np0000003932 nova-conductor[98871]: INFO dbcounter [None req-03b63b1b-c040-46b6-ac90-98d747359f48 None None] Registered counter for database nova_cell0
Jun 29 20:52:16.072897 np0000003932 nova-conductor[98860]: DEBUG oslo_db.sqlalchemy.engines [None req-0959e371-e355-4c17-8c78-8943e3da76a6 None None] MySQL server mode set to STRICT_TRANS_TABLES,STRICT_ALL_TABLES,NO_ZERO_IN_DATE,NO_ZERO_DATE,ERROR_FOR_DIVISION_BY_ZERO,TRADITIONAL,NO_ENGINE_SUBSTITUTION {{(pid=98860) _check_effective_sql_mode /opt/stack/data/venv/lib/python3.12/site-packages/oslo_db/sqlalchemy/engines.py:325}}
Jun 29 20:52:16.072969 np0000003932 nova-conductor[98848]: DEBUG oslo_db.sqlalchemy.engines [None req-c9acc553-e6a2-48a2-a1b1-1b7518f05be7 None None] MySQL server mode set to STRICT_TRANS_TABLES,STRICT_ALL_TABLES,NO_ZERO_IN_DATE,NO_ZERO_DATE,ERROR_FOR_DIVISION_BY_ZERO,TRADITIONAL,NO_ENGINE_SUBSTITUTION {{(pid=98848) _check_effective_sql_mode /opt/stack/data/venv/lib/python3.12/site-packages/oslo_db/sqlalchemy/engines.py:325}}
Jun 29 20:52:16.073033 np0000003932 nova-conductor[98860]: DEBUG dbcounter [-] [98860] Writer thread running {{(pid=98860) stat_writer /opt/stack/data/venv/lib/python3.12/site-packages/dbcounter.py:102}}
Jun 29 20:52:16.073089 np0000003932 nova-conductor[98848]: DEBUG dbcounter [-] [98848] Writer thread running {{(pid=98848) stat_writer /opt/stack/data/venv/lib/python3.12/site-packages/dbcounter.py:102}}
Jun 29 20:52:16.079175 np0000003932 nova-conductor[98866]: DEBUG oslo_db.sqlalchemy.engines [None req-8615380d-23e4-4120-9e93-fdb32858aac6 None None] MySQL server mode set to STRICT_TRANS_TABLES,STRICT_ALL_TABLES,NO_ZERO_IN_DATE,NO_ZERO_DATE,ERROR_FOR_DIVISION_BY_ZERO,TRADITIONAL,NO_ENGINE_SUBSTITUTION {{(pid=98866) _check_effective_sql_mode /opt/stack/data/venv/lib/python3.12/site-packages/oslo_db/sqlalchemy/engines.py:325}}
Jun 29 20:52:16.081970 np0000003932 nova-conductor[98860]: DEBUG nova.service [None req-0959e371-e355-4c17-8c78-8943e3da76a6 None None] Creating RPC server for service: nova-conductor on topic: conductor {{(pid=98860) start /opt/stack/nova/nova/service.py:196}}
Jun 29 20:52:16.090928 np0000003932 nova-conductor[98866]: DEBUG dbcounter [-] [98866] Writer thread running {{(pid=98866) stat_writer /opt/stack/data/venv/lib/python3.12/site-packages/dbcounter.py:102}}
Jun 29 20:52:16.095961 np0000003932 nova-conductor[98866]: DEBUG nova.service [None req-8615380d-23e4-4120-9e93-fdb32858aac6 None None] Creating RPC server for service: nova-conductor on topic: conductor {{(pid=98866) start /opt/stack/nova/nova/service.py:196}}
Jun 29 20:52:16.096294 np0000003932 nova-conductor[98848]: DEBUG nova.service [None req-c9acc553-e6a2-48a2-a1b1-1b7518f05be7 None None] Creating RPC server for service: nova-conductor on topic: conductor {{(pid=98848) start /opt/stack/nova/nova/service.py:196}}
Jun 29 20:52:16.101453 np0000003932 nova-conductor[98871]: DEBUG oslo_db.sqlalchemy.engines [None req-03b63b1b-c040-46b6-ac90-98d747359f48 None None] MySQL server mode set to STRICT_TRANS_TABLES,STRICT_ALL_TABLES,NO_ZERO_IN_DATE,NO_ZERO_DATE,ERROR_FOR_DIVISION_BY_ZERO,TRADITIONAL,NO_ENGINE_SUBSTITUTION {{(pid=98871) _check_effective_sql_mode /opt/stack/data/venv/lib/python3.12/site-packages/oslo_db/sqlalchemy/engines.py:325}}
Jun 29 20:52:16.114566 np0000003932 nova-conductor[98871]: DEBUG dbcounter [-] [98871] Writer thread running {{(pid=98871) stat_writer /opt/stack/data/venv/lib/python3.12/site-packages/dbcounter.py:102}}
Jun 29 20:52:16.116044 np0000003932 nova-conductor[98860]: DEBUG nova.service [None req-0959e371-e355-4c17-8c78-8943e3da76a6 None None] Join ServiceGroup membership for this service conductor {{(pid=98860) start /opt/stack/nova/nova/service.py:222}}
Jun 29 20:52:16.116149 np0000003932 nova-conductor[98860]: DEBUG nova.servicegroup.drivers.db [None req-0959e371-e355-4c17-8c78-8943e3da76a6 None None] DB_Driver: join new ServiceGroup member np0000003932 to the conductor group, service = {{(pid=98860) join /opt/stack/nova/nova/servicegroup/drivers/db.py:44}}
Jun 29 20:52:16.120002 np0000003932 nova-conductor[98871]: DEBUG nova.service [None req-03b63b1b-c040-46b6-ac90-98d747359f48 None None] Creating RPC server for service: nova-conductor on topic: conductor {{(pid=98871) start /opt/stack/nova/nova/service.py:196}}
Jun 29 20:52:16.120811 np0000003932 nova-conductor[98866]: DEBUG nova.service [None req-8615380d-23e4-4120-9e93-fdb32858aac6 None None] Join ServiceGroup membership for this service conductor {{(pid=98866) start /opt/stack/nova/nova/service.py:222}}
Jun 29 20:52:16.121079 np0000003932 nova-conductor[98866]: DEBUG nova.servicegroup.drivers.db [None req-8615380d-23e4-4120-9e93-fdb32858aac6 None None] DB_Driver: join new ServiceGroup member np0000003932 to the conductor group, service = {{(pid=98866) join /opt/stack/nova/nova/servicegroup/drivers/db.py:44}}
Jun 29 20:52:16.121991 np0000003932 nova-conductor[98848]: DEBUG nova.service [None req-c9acc553-e6a2-48a2-a1b1-1b7518f05be7 None None] Join ServiceGroup membership for this service conductor {{(pid=98848) start /opt/stack/nova/nova/service.py:222}}
Jun 29 20:52:16.122401 np0000003932 nova-conductor[98848]: DEBUG nova.servicegroup.drivers.db [None req-c9acc553-e6a2-48a2-a1b1-1b7518f05be7 None None] DB_Driver: join new ServiceGroup member np0000003932 to the conductor group, service = {{(pid=98848) join /opt/stack/nova/nova/servicegroup/drivers/db.py:44}}
Jun 29 20:52:16.147456 np0000003932 nova-conductor[98871]: DEBUG nova.service [None req-03b63b1b-c040-46b6-ac90-98d747359f48 None None] Join ServiceGroup membership for this service conductor {{(pid=98871) start /opt/stack/nova/nova/service.py:222}}
Jun 29 20:52:16.147757 np0000003932 nova-conductor[98871]: DEBUG nova.servicegroup.drivers.db [None req-03b63b1b-c040-46b6-ac90-98d747359f48 None None] DB_Driver: join new ServiceGroup member np0000003932 to the conductor group, service = {{(pid=98871) join /opt/stack/nova/nova/servicegroup/drivers/db.py:44}}
Jun 29 20:52:21.132481 np0000003932 nova-conductor[98860]: DEBUG oslo.service.backend._threading.loopingcall [-] Fixed interval looping call 'nova.servicegroup.drivers.db.DbDriver._report_state' sleeping for 119.99 seconds {{(pid=98860) _run_loop /opt/stack/data/venv/lib/python3.12/site-packages/oslo_service/backend/_threading/loopingcall.py:125}}
Jun 29 20:52:21.135932 np0000003932 nova-conductor[98848]: DEBUG oslo.service.backend._threading.loopingcall [-] Fixed interval looping call 'nova.servicegroup.drivers.db.DbDriver._report_state' sleeping for 119.99 seconds {{(pid=98848) _run_loop /opt/stack/data/venv/lib/python3.12/site-packages/oslo_service/backend/_threading/loopingcall.py:125}}
Jun 29 20:52:21.136694 np0000003932 nova-conductor[98866]: DEBUG oslo.service.backend._threading.loopingcall [-] Fixed interval looping call 'nova.servicegroup.drivers.db.DbDriver._report_state' sleeping for 119.99 seconds {{(pid=98866) _run_loop /opt/stack/data/venv/lib/python3.12/site-packages/oslo_service/backend/_threading/loopingcall.py:125}}
Jun 29 20:52:21.160314 np0000003932 nova-conductor[98871]: DEBUG oslo.service.backend._threading.loopingcall [-] Fixed interval looping call 'nova.servicegroup.drivers.db.DbDriver._report_state' sleeping for 119.99 seconds {{(pid=98871) _run_loop /opt/stack/data/venv/lib/python3.12/site-packages/oslo_service/backend/_threading/loopingcall.py:125}}
Jun 29 20:52:24.653350 np0000003932 nova-conductor[97366]: DEBUG dbcounter [-] [97366] Writing DB stats nova_api:SELECT=1 {{(pid=97366) stat_writer /opt/stack/data/venv/lib/python3.12/site-packages/dbcounter.py:115}}
Jun 29 20:52:24.786419 np0000003932 nova-conductor[97366]: DEBUG dbcounter [-] [97366] Writing DB stats nova_cell0:SELECT=1 {{(pid=97366) stat_writer /opt/stack/data/venv/lib/python3.12/site-packages/dbcounter.py:115}}
Jun 29 20:52:24.789807 np0000003932 nova-conductor[97366]: DEBUG dbcounter [-] [97366] Writing DB stats nova_cell1:SELECT=1 {{(pid=97366) stat_writer /opt/stack/data/venv/lib/python3.12/site-packages/dbcounter.py:115}}
Jun 29 20:52:31.127977 np0000003932 nova-conductor[98860]: DEBUG dbcounter [-] [98860] Writing DB stats nova_cell0:SELECT=4,nova_cell0:INSERT=1,nova_cell0:UPDATE=1 {{(pid=98860) stat_writer /opt/stack/data/venv/lib/python3.12/site-packages/dbcounter.py:115}}
Jun 29 20:52:31.135414 np0000003932 nova-conductor[98848]: DEBUG dbcounter [-] [98848] Writing DB stats nova_cell0:SELECT=5,nova_cell0:INSERT=1,nova_cell0:UPDATE=1 {{(pid=98848) stat_writer /opt/stack/data/venv/lib/python3.12/site-packages/dbcounter.py:115}}
Jun 29 20:52:31.137190 np0000003932 nova-conductor[98866]: DEBUG dbcounter [-] [98866] Writing DB stats nova_cell0:SELECT=3,nova_cell0:UPDATE=1 {{(pid=98866) stat_writer /opt/stack/data/venv/lib/python3.12/site-packages/dbcounter.py:115}}
Jun 29 20:52:31.157553 np0000003932 nova-conductor[98871]: DEBUG dbcounter [-] [98871] Writing DB stats nova_cell0:SELECT=3 {{(pid=98871) stat_writer /opt/stack/data/venv/lib/python3.12/site-packages/dbcounter.py:115}}
Jun 29 20:52:36.125510 np0000003932 nova-conductor[98848]: DEBUG oslo.service.backend._threading.loopingcall [None req-1e1b178b-aea8-4259-868b-8bd1fa48007f None None] Dynamic interval looping call 'nova.service.Service.periodic_tasks' sleeping for 60.00 seconds {{(pid=98848) _run_loop /opt/stack/data/venv/lib/python3.12/site-packages/oslo_service/backend/_threading/loopingcall.py:125}}
Jun 29 20:52:39.120099 np0000003932 nova-conductor[98860]: DEBUG oslo.service.backend._threading.loopingcall [None req-cdad43a6-30d2-45d3-8666-1f3b04b1daf1 None None] Dynamic interval looping call 'nova.service.Service.periodic_tasks' sleeping for 60.00 seconds {{(pid=98860) _run_loop /opt/stack/data/venv/lib/python3.12/site-packages/oslo_service/backend/_threading/loopingcall.py:125}}
Jun 29 20:53:01.150463 np0000003932 nova-conductor[98871]: DEBUG oslo.service.backend._threading.loopingcall [None req-61353413-b344-4776-a666-3021d97e6cdc None None] Dynamic interval looping call 'nova.service.Service.periodic_tasks' sleeping for 60.00 seconds {{(pid=98871) _run_loop /opt/stack/data/venv/lib/python3.12/site-packages/oslo_service/backend/_threading/loopingcall.py:125}}
Jun 29 20:53:04.123389 np0000003932 nova-conductor[98866]: DEBUG oslo.service.backend._threading.loopingcall [None req-05dea08c-2e43-4eff-a594-034b6428b77e None None] Dynamic interval looping call 'nova.service.Service.periodic_tasks' sleeping for 60.00 seconds {{(pid=98866) _run_loop /opt/stack/data/venv/lib/python3.12/site-packages/oslo_service/backend/_threading/loopingcall.py:125}}
Jun 29 20:53:36.126040 np0000003932 nova-conductor[98848]: DEBUG oslo.service.backend._threading.loopingcall [None req-1e1b178b-aea8-4259-868b-8bd1fa48007f None None] Dynamic interval looping call 'nova.service.Service.periodic_tasks' sleeping for 60.00 seconds {{(pid=98848) _run_loop /opt/stack/data/venv/lib/python3.12/site-packages/oslo_service/backend/_threading/loopingcall.py:125}}
Jun 29 20:53:39.120587 np0000003932 nova-conductor[98860]: DEBUG oslo.service.backend._threading.loopingcall [None req-cdad43a6-30d2-45d3-8666-1f3b04b1daf1 None None] Dynamic interval looping call 'nova.service.Service.periodic_tasks' sleeping for 60.00 seconds {{(pid=98860) _run_loop /opt/stack/data/venv/lib/python3.12/site-packages/oslo_service/backend/_threading/loopingcall.py:125}}
Jun 29 20:54:01.151223 np0000003932 nova-conductor[98871]: DEBUG oslo.service.backend._threading.loopingcall [None req-61353413-b344-4776-a666-3021d97e6cdc None None] Dynamic interval looping call 'nova.service.Service.periodic_tasks' sleeping for 60.00 seconds {{(pid=98871) _run_loop /opt/stack/data/venv/lib/python3.12/site-packages/oslo_service/backend/_threading/loopingcall.py:125}}
Jun 29 20:54:04.123973 np0000003932 nova-conductor[98866]: DEBUG oslo.service.backend._threading.loopingcall [None req-05dea08c-2e43-4eff-a594-034b6428b77e None None] Dynamic interval looping call 'nova.service.Service.periodic_tasks' sleeping for 60.00 seconds {{(pid=98866) _run_loop /opt/stack/data/venv/lib/python3.12/site-packages/oslo_service/backend/_threading/loopingcall.py:125}}
Jun 29 20:54:21.145405 np0000003932 nova-conductor[98860]: DEBUG oslo.service.backend._threading.loopingcall [-] Fixed interval looping call 'nova.servicegroup.drivers.db.DbDriver._report_state' sleeping for 119.98 seconds {{(pid=98860) _run_loop /opt/stack/data/venv/lib/python3.12/site-packages/oslo_service/backend/_threading/loopingcall.py:125}}
Jun 29 20:54:21.145925 np0000003932 nova-conductor[98866]: DEBUG oslo.service.backend._threading.loopingcall [-] Fixed interval looping call 'nova.servicegroup.drivers.db.DbDriver._report_state' sleeping for 119.98 seconds {{(pid=98866) _run_loop /opt/stack/data/venv/lib/python3.12/site-packages/oslo_service/backend/_threading/loopingcall.py:125}}
Jun 29 20:54:21.146540 np0000003932 nova-conductor[98848]: DEBUG oslo.service.backend._threading.loopingcall [-] Fixed interval looping call 'nova.servicegroup.drivers.db.DbDriver._report_state' sleeping for 119.98 seconds {{(pid=98848) _run_loop /opt/stack/data/venv/lib/python3.12/site-packages/oslo_service/backend/_threading/loopingcall.py:125}}
Jun 29 20:54:21.154804 np0000003932 nova-conductor[98871]: DEBUG oslo.service.backend._threading.loopingcall [-] Fixed interval looping call 'nova.servicegroup.drivers.db.DbDriver._report_state' sleeping for 120.00 seconds {{(pid=98871) _run_loop /opt/stack/data/venv/lib/python3.12/site-packages/oslo_service/backend/_threading/loopingcall.py:125}}
Jun 29 20:54:31.126251 np0000003932 nova-conductor[98860]: DEBUG dbcounter [-] [98860] Writing DB stats nova_cell0:SELECT=1,nova_cell0:UPDATE=1 {{(pid=98860) stat_writer /opt/stack/data/venv/lib/python3.12/site-packages/dbcounter.py:115}}
Jun 29 20:54:31.130115 np0000003932 nova-conductor[98866]: DEBUG dbcounter [-] [98866] Writing DB stats nova_cell0:SELECT=1,nova_cell0:UPDATE=1 {{(pid=98866) stat_writer /opt/stack/data/venv/lib/python3.12/site-packages/dbcounter.py:115}}
Jun 29 20:54:31.132387 np0000003932 nova-conductor[98848]: DEBUG dbcounter [-] [98848] Writing DB stats nova_cell0:SELECT=1,nova_cell0:UPDATE=1 {{(pid=98848) stat_writer /opt/stack/data/venv/lib/python3.12/site-packages/dbcounter.py:115}}
Jun 29 20:54:31.152748 np0000003932 nova-conductor[98871]: DEBUG dbcounter [-] [98871] Writing DB stats nova_cell0:SELECT=1 {{(pid=98871) stat_writer /opt/stack/data/venv/lib/python3.12/site-packages/dbcounter.py:115}}
Jun 29 20:54:36.126886 np0000003932 nova-conductor[98848]: DEBUG oslo.service.backend._threading.loopingcall [None req-1e1b178b-aea8-4259-868b-8bd1fa48007f None None] Dynamic interval looping call 'nova.service.Service.periodic_tasks' sleeping for 60.00 seconds {{(pid=98848) _run_loop /opt/stack/data/venv/lib/python3.12/site-packages/oslo_service/backend/_threading/loopingcall.py:125}}
Jun 29 20:54:39.121093 np0000003932 nova-conductor[98860]: DEBUG oslo.service.backend._threading.loopingcall [None req-cdad43a6-30d2-45d3-8666-1f3b04b1daf1 None None] Dynamic interval looping call 'nova.service.Service.periodic_tasks' sleeping for 60.00 seconds {{(pid=98860) _run_loop /opt/stack/data/venv/lib/python3.12/site-packages/oslo_service/backend/_threading/loopingcall.py:125}}
Jun 29 20:54:58.931684 np0000003932 nova-conductor[98860]: DEBUG oslo_db.sqlalchemy.engines [None req-b2dc685a-1bfb-4a24-8896-9e5ab5fa663a tempest-ServerActionsTestOtherA-1462161319 tempest-ServerActionsTestOtherA-1462161319-project-member] Parent process 97366 forked (98860) with an open database connection, which is being discarded and recreated. {{(pid=98860) checkout /opt/stack/data/venv/lib/python3.12/site-packages/oslo_db/sqlalchemy/engines.py:402}}
Jun 29 20:54:58.992725 np0000003932 nova-conductor[98860]: DEBUG dbcounter [-] [98860] Writer thread running {{(pid=98860) stat_writer /opt/stack/data/venv/lib/python3.12/site-packages/dbcounter.py:102}}
Jun 29 20:54:59.123527 np0000003932 nova-conductor[98848]: DEBUG dbcounter [-] [98848] Writer thread running {{(pid=98848) stat_writer /opt/stack/data/venv/lib/python3.12/site-packages/dbcounter.py:102}}
Jun 29 20:55:00.541253 np0000003932 nova-conductor[98860]: DEBUG nova.conductor.manager [None req-b2dc685a-1bfb-4a24-8896-9e5ab5fa663a tempest-ServerActionsTestOtherA-1462161319 tempest-ServerActionsTestOtherA-1462161319-project-member] Took 1.54 seconds to select destinations for 1 instance(s). {{(pid=98860) _schedule_instances /opt/stack/nova/nova/conductor/manager.py:968}}
Jun 29 20:55:00.585204 np0000003932 nova-conductor[98860]: DEBUG oslo_concurrency.lockutils [None req-b2dc685a-1bfb-4a24-8896-9e5ab5fa663a tempest-ServerActionsTestOtherA-1462161319 tempest-ServerActionsTestOtherA-1462161319-project-member] Acquiring lock "449bb922-fd2c-4a70-89d6-ea867ce43418" by "nova.context.set_target_cell..get_or_set_cached_cell_and_set_connections" {{(pid=98860) inner /opt/stack/data/venv/lib/python3.12/site-packages/oslo_concurrency/lockutils.py:511}}
Jun 29 20:55:00.586437 np0000003932 nova-conductor[98860]: DEBUG oslo_concurrency.lockutils [None req-b2dc685a-1bfb-4a24-8896-9e5ab5fa663a tempest-ServerActionsTestOtherA-1462161319 tempest-ServerActionsTestOtherA-1462161319-project-member] Lock "449bb922-fd2c-4a70-89d6-ea867ce43418" acquired by "nova.context.set_target_cell..get_or_set_cached_cell_and_set_connections" :: waited 0.002s {{(pid=98860) inner /opt/stack/data/venv/lib/python3.12/site-packages/oslo_concurrency/lockutils.py:524}}
Jun 29 20:55:00.589521 np0000003932 nova-conductor[98860]: DEBUG oslo_concurrency.lockutils [None req-b2dc685a-1bfb-4a24-8896-9e5ab5fa663a tempest-ServerActionsTestOtherA-1462161319 tempest-ServerActionsTestOtherA-1462161319-project-member] Lock "449bb922-fd2c-4a70-89d6-ea867ce43418" "released" by "nova.context.set_target_cell..get_or_set_cached_cell_and_set_connections" :: held 0.004s {{(pid=98860) inner /opt/stack/data/venv/lib/python3.12/site-packages/oslo_concurrency/lockutils.py:543}}
Jun 29 20:55:00.592281 np0000003932 nova-conductor[98860]: INFO dbcounter [None req-b2dc685a-1bfb-4a24-8896-9e5ab5fa663a tempest-ServerActionsTestOtherA-1462161319 tempest-ServerActionsTestOtherA-1462161319-project-member] Registered counter for database nova_cell1
Jun 29 20:55:00.648124 np0000003932 nova-conductor[98860]: DEBUG oslo_db.sqlalchemy.engines [None req-b2dc685a-1bfb-4a24-8896-9e5ab5fa663a tempest-ServerActionsTestOtherA-1462161319 tempest-ServerActionsTestOtherA-1462161319-project-member] MySQL server mode set to STRICT_TRANS_TABLES,STRICT_ALL_TABLES,NO_ZERO_IN_DATE,NO_ZERO_DATE,ERROR_FOR_DIVISION_BY_ZERO,TRADITIONAL,NO_ENGINE_SUBSTITUTION {{(pid=98860) _check_effective_sql_mode /opt/stack/data/venv/lib/python3.12/site-packages/oslo_db/sqlalchemy/engines.py:325}}
Jun 29 20:55:00.658537 np0000003932 nova-conductor[98860]: DEBUG dbcounter [-] [98860] Writer thread running {{(pid=98860) stat_writer /opt/stack/data/venv/lib/python3.12/site-packages/dbcounter.py:102}}
Jun 29 20:55:00.679884 np0000003932 nova-conductor[98848]: DEBUG nova.conductor.manager [None req-39b1a8e2-44b3-4047-8f96-2aee77e65908 tempest-AttachVolumeTestJSON-1658126879 tempest-AttachVolumeTestJSON-1658126879-project-member] Took 1.55 seconds to select destinations for 1 instance(s). {{(pid=98848) _schedule_instances /opt/stack/nova/nova/conductor/manager.py:968}}
Jun 29 20:55:00.715700 np0000003932 nova-conductor[98848]: DEBUG oslo_concurrency.lockutils [None req-39b1a8e2-44b3-4047-8f96-2aee77e65908 tempest-AttachVolumeTestJSON-1658126879 tempest-AttachVolumeTestJSON-1658126879-project-member] Acquiring lock "449bb922-fd2c-4a70-89d6-ea867ce43418" by "nova.context.set_target_cell..get_or_set_cached_cell_and_set_connections" {{(pid=98848) inner /opt/stack/data/venv/lib/python3.12/site-packages/oslo_concurrency/lockutils.py:511}}
Jun 29 20:55:00.716152 np0000003932 nova-conductor[98848]: DEBUG oslo_concurrency.lockutils [None req-39b1a8e2-44b3-4047-8f96-2aee77e65908 tempest-AttachVolumeTestJSON-1658126879 tempest-AttachVolumeTestJSON-1658126879-project-member] Lock "449bb922-fd2c-4a70-89d6-ea867ce43418" acquired by "nova.context.set_target_cell..get_or_set_cached_cell_and_set_connections" :: waited 0.000s {{(pid=98848) inner /opt/stack/data/venv/lib/python3.12/site-packages/oslo_concurrency/lockutils.py:524}}
Jun 29 20:55:00.717506 np0000003932 nova-conductor[98848]: DEBUG oslo_concurrency.lockutils [None req-39b1a8e2-44b3-4047-8f96-2aee77e65908 tempest-AttachVolumeTestJSON-1658126879 tempest-AttachVolumeTestJSON-1658126879-project-member] Lock "449bb922-fd2c-4a70-89d6-ea867ce43418" "released" by "nova.context.set_target_cell..get_or_set_cached_cell_and_set_connections" :: held 0.001s {{(pid=98848) inner /opt/stack/data/venv/lib/python3.12/site-packages/oslo_concurrency/lockutils.py:543}}
Jun 29 20:55:00.720054 np0000003932 nova-conductor[98848]: INFO dbcounter [None req-39b1a8e2-44b3-4047-8f96-2aee77e65908 tempest-AttachVolumeTestJSON-1658126879 tempest-AttachVolumeTestJSON-1658126879-project-member] Registered counter for database nova_cell1
Jun 29 20:55:00.767545 np0000003932 nova-conductor[98848]: DEBUG oslo_db.sqlalchemy.engines [None req-39b1a8e2-44b3-4047-8f96-2aee77e65908 tempest-AttachVolumeTestJSON-1658126879 tempest-AttachVolumeTestJSON-1658126879-project-member] MySQL server mode set to STRICT_TRANS_TABLES,STRICT_ALL_TABLES,NO_ZERO_IN_DATE,NO_ZERO_DATE,ERROR_FOR_DIVISION_BY_ZERO,TRADITIONAL,NO_ENGINE_SUBSTITUTION {{(pid=98848) _check_effective_sql_mode /opt/stack/data/venv/lib/python3.12/site-packages/oslo_db/sqlalchemy/engines.py:325}}
Jun 29 20:55:00.775903 np0000003932 nova-conductor[98848]: DEBUG dbcounter [-] [98848] Writer thread running {{(pid=98848) stat_writer /opt/stack/data/venv/lib/python3.12/site-packages/dbcounter.py:102}}
Jun 29 20:55:00.856529 np0000003932 nova-conductor[98860]: INFO nova.utils [None req-b2dc685a-1bfb-4a24-8896-9e5ab5fa663a tempest-ServerActionsTestOtherA-1462161319 tempest-ServerActionsTestOtherA-1462161319-project-member] The cell worker thread pool ForkProcess-2.cell_worker is initialized
Jun 29 20:55:00.857149 np0000003932 nova-conductor[98860]: DEBUG oslo_concurrency.lockutils [None req-b2dc685a-1bfb-4a24-8896-9e5ab5fa663a tempest-ServerActionsTestOtherA-1462161319 tempest-ServerActionsTestOtherA-1462161319-project-member] Acquiring lock "00000000-0000-0000-0000-000000000000" by "nova.context.set_target_cell..get_or_set_cached_cell_and_set_connections" {{(pid=98860) inner /opt/stack/data/venv/lib/python3.12/site-packages/oslo_concurrency/lockutils.py:511}}
Jun 29 20:55:00.857149 np0000003932 nova-conductor[98860]: DEBUG oslo_concurrency.lockutils [None req-b2dc685a-1bfb-4a24-8896-9e5ab5fa663a tempest-ServerActionsTestOtherA-1462161319 tempest-ServerActionsTestOtherA-1462161319-project-member] Lock "00000000-0000-0000-0000-000000000000" acquired by "nova.context.set_target_cell..get_or_set_cached_cell_and_set_connections" :: waited 0.000s {{(pid=98860) inner /opt/stack/data/venv/lib/python3.12/site-packages/oslo_concurrency/lockutils.py:524}}
Jun 29 20:55:00.857602 np0000003932 nova-conductor[98860]: DEBUG oslo_concurrency.lockutils [None req-b2dc685a-1bfb-4a24-8896-9e5ab5fa663a tempest-ServerActionsTestOtherA-1462161319 tempest-ServerActionsTestOtherA-1462161319-project-member] Lock "00000000-0000-0000-0000-000000000000" "released" by "nova.context.set_target_cell..get_or_set_cached_cell_and_set_connections" :: held 0.000s {{(pid=98860) inner /opt/stack/data/venv/lib/python3.12/site-packages/oslo_concurrency/lockutils.py:543}}
Jun 29 20:55:00.858770 np0000003932 nova-conductor[98860]: DEBUG oslo_concurrency.lockutils [None req-b2dc685a-1bfb-4a24-8896-9e5ab5fa663a tempest-ServerActionsTestOtherA-1462161319 tempest-ServerActionsTestOtherA-1462161319-project-member] Acquiring lock "449bb922-fd2c-4a70-89d6-ea867ce43418" by "nova.context.set_target_cell..get_or_set_cached_cell_and_set_connections" {{(pid=98860) inner /opt/stack/data/venv/lib/python3.12/site-packages/oslo_concurrency/lockutils.py:511}}
Jun 29 20:55:00.858770 np0000003932 nova-conductor[98860]: DEBUG oslo_concurrency.lockutils [None req-b2dc685a-1bfb-4a24-8896-9e5ab5fa663a tempest-ServerActionsTestOtherA-1462161319 tempest-ServerActionsTestOtherA-1462161319-project-member] Lock "449bb922-fd2c-4a70-89d6-ea867ce43418" acquired by "nova.context.set_target_cell..get_or_set_cached_cell_and_set_connections" :: waited 0.000s {{(pid=98860) inner /opt/stack/data/venv/lib/python3.12/site-packages/oslo_concurrency/lockutils.py:524}}
Jun 29 20:55:00.858770 np0000003932 nova-conductor[98860]: DEBUG oslo_concurrency.lockutils [None req-b2dc685a-1bfb-4a24-8896-9e5ab5fa663a tempest-ServerActionsTestOtherA-1462161319 tempest-ServerActionsTestOtherA-1462161319-project-member] Lock "449bb922-fd2c-4a70-89d6-ea867ce43418" "released" by "nova.context.set_target_cell..get_or_set_cached_cell_and_set_connections" :: held 0.000s {{(pid=98860) inner /opt/stack/data/venv/lib/python3.12/site-packages/oslo_concurrency/lockutils.py:543}}
Jun 29 20:55:00.860477 np0000003932 nova-conductor[98860]: INFO dbcounter [None req-b2dc685a-1bfb-4a24-8896-9e5ab5fa663a tempest-ServerActionsTestOtherA-1462161319 tempest-ServerActionsTestOtherA-1462161319-project-member] Registered counter for database nova_cell0
Jun 29 20:55:00.866977 np0000003932 nova-conductor[98848]: INFO nova.utils [None req-39b1a8e2-44b3-4047-8f96-2aee77e65908 tempest-AttachVolumeTestJSON-1658126879 tempest-AttachVolumeTestJSON-1658126879-project-member] The cell worker thread pool ForkProcess-1.cell_worker is initialized
Jun 29 20:55:00.867620 np0000003932 nova-conductor[98848]: DEBUG oslo_concurrency.lockutils [None req-39b1a8e2-44b3-4047-8f96-2aee77e65908 tempest-AttachVolumeTestJSON-1658126879 tempest-AttachVolumeTestJSON-1658126879-project-member] Acquiring lock "00000000-0000-0000-0000-000000000000" by "nova.context.set_target_cell..get_or_set_cached_cell_and_set_connections" {{(pid=98848) inner /opt/stack/data/venv/lib/python3.12/site-packages/oslo_concurrency/lockutils.py:511}}
Jun 29 20:55:00.867620 np0000003932 nova-conductor[98848]: DEBUG oslo_concurrency.lockutils [None req-39b1a8e2-44b3-4047-8f96-2aee77e65908 tempest-AttachVolumeTestJSON-1658126879 tempest-AttachVolumeTestJSON-1658126879-project-member] Lock "00000000-0000-0000-0000-000000000000" acquired by "nova.context.set_target_cell..get_or_set_cached_cell_and_set_connections" :: waited 0.000s {{(pid=98848) inner /opt/stack/data/venv/lib/python3.12/site-packages/oslo_concurrency/lockutils.py:524}}
Jun 29 20:55:00.868442 np0000003932 nova-conductor[98848]: DEBUG oslo_concurrency.lockutils [None req-39b1a8e2-44b3-4047-8f96-2aee77e65908 tempest-AttachVolumeTestJSON-1658126879 tempest-AttachVolumeTestJSON-1658126879-project-member] Lock "00000000-0000-0000-0000-000000000000" "released" by "nova.context.set_target_cell..get_or_set_cached_cell_and_set_connections" :: held 0.001s {{(pid=98848) inner /opt/stack/data/venv/lib/python3.12/site-packages/oslo_concurrency/lockutils.py:543}}
Jun 29 20:55:00.869616 np0000003932 nova-conductor[98848]: DEBUG oslo_concurrency.lockutils [None req-39b1a8e2-44b3-4047-8f96-2aee77e65908 tempest-AttachVolumeTestJSON-1658126879 tempest-AttachVolumeTestJSON-1658126879-project-member] Acquiring lock "449bb922-fd2c-4a70-89d6-ea867ce43418" by "nova.context.set_target_cell..get_or_set_cached_cell_and_set_connections" {{(pid=98848) inner /opt/stack/data/venv/lib/python3.12/site-packages/oslo_concurrency/lockutils.py:511}}
Jun 29 20:55:00.869850 np0000003932 nova-conductor[98848]: DEBUG oslo_concurrency.lockutils [None req-39b1a8e2-44b3-4047-8f96-2aee77e65908 tempest-AttachVolumeTestJSON-1658126879 tempest-AttachVolumeTestJSON-1658126879-project-member] Lock "449bb922-fd2c-4a70-89d6-ea867ce43418" acquired by "nova.context.set_target_cell..get_or_set_cached_cell_and_set_connections" :: waited 0.000s {{(pid=98848) inner /opt/stack/data/venv/lib/python3.12/site-packages/oslo_concurrency/lockutils.py:524}}
Jun 29 20:55:00.870424 np0000003932 nova-conductor[98848]: DEBUG oslo_concurrency.lockutils [None req-39b1a8e2-44b3-4047-8f96-2aee77e65908 tempest-AttachVolumeTestJSON-1658126879 tempest-AttachVolumeTestJSON-1658126879-project-member] Lock "449bb922-fd2c-4a70-89d6-ea867ce43418" "released" by "nova.context.set_target_cell..get_or_set_cached_cell_and_set_connections" :: held 0.000s {{(pid=98848) inner /opt/stack/data/venv/lib/python3.12/site-packages/oslo_concurrency/lockutils.py:543}}
Jun 29 20:55:00.871959 np0000003932 nova-conductor[98848]: INFO dbcounter [None req-39b1a8e2-44b3-4047-8f96-2aee77e65908 tempest-AttachVolumeTestJSON-1658126879 tempest-AttachVolumeTestJSON-1658126879-project-member] Registered counter for database nova_cell0
