Aug 04 09:48:22.126228 np0000006407 nova-scheduler[96728]: DEBUG cotyledon.oslo_config_glue [-] workarounds.handle_virt_lifecycle_events = True {{(pid=96728) log_opt_values /opt/stack/data/venv/lib/python3.12/site-packages/oslo_config/cfg.py:3545}}
Aug 04 09:48:22.126228 np0000006407 nova-scheduler[96728]: DEBUG cotyledon.oslo_config_glue [-] workarounds.libvirt_disable_apic = False {{(pid=96728) log_opt_values /opt/stack/data/venv/lib/python3.12/site-packages/oslo_config/cfg.py:3545}}
Aug 04 09:48:22.126228 np0000006407 nova-scheduler[96728]: DEBUG cotyledon.oslo_config_glue [-] workarounds.never_download_image_if_on_rbd = False {{(pid=96728) log_opt_values /opt/stack/data/venv/lib/python3.12/site-packages/oslo_config/cfg.py:3545}}
Aug 04 09:48:22.126228 np0000006407 nova-scheduler[96728]: DEBUG cotyledon.oslo_config_glue [-] workarounds.qemu_monitor_announce_self_count = 3 {{(pid=96728) log_opt_values /opt/stack/data/venv/lib/python3.12/site-packages/oslo_config/cfg.py:3545}}
Aug 04 09:48:22.126410 np0000006407 nova-scheduler[96728]: DEBUG cotyledon.oslo_config_glue [-] workarounds.qemu_monitor_announce_self_interval = 1 {{(pid=96728) log_opt_values /opt/stack/data/venv/lib/python3.12/site-packages/oslo_config/cfg.py:3545}}
Aug 04 09:48:22.126410 np0000006407 nova-scheduler[96728]: DEBUG cotyledon.oslo_config_glue [-] workarounds.reserve_disk_resource_for_image_cache = False {{(pid=96728) log_opt_values /opt/stack/data/venv/lib/python3.12/site-packages/oslo_config/cfg.py:3545}}
Aug 04 09:48:22.126410 np0000006407 nova-scheduler[96728]: DEBUG cotyledon.oslo_config_glue [-] workarounds.skip_cpu_compare_at_startup = False {{(pid=96728) log_opt_values /opt/stack/data/venv/lib/python3.12/site-packages/oslo_config/cfg.py:3545}}
Aug 04 09:48:22.126410 np0000006407 nova-scheduler[96728]: DEBUG cotyledon.oslo_config_glue [-] workarounds.skip_cpu_compare_on_dest = False {{(pid=96728) log_opt_values /opt/stack/data/venv/lib/python3.12/site-packages/oslo_config/cfg.py:3545}}
Aug 04 09:48:22.126410 np0000006407 nova-scheduler[96728]: DEBUG cotyledon.oslo_config_glue [-] workarounds.skip_hypervisor_version_check_on_lm = False {{(pid=96728) log_opt_values /opt/stack/data/venv/lib/python3.12/site-packages/oslo_config/cfg.py:3545}}
Aug 04 09:48:22.126410 np0000006407 nova-scheduler[96728]: DEBUG cotyledon.oslo_config_glue [-] workarounds.skip_reserve_in_use_ironic_nodes = False {{(pid=96728) log_opt_values /opt/stack/data/venv/lib/python3.12/site-packages/oslo_config/cfg.py:3545}}
Aug 04 09:48:22.126410 np0000006407 nova-scheduler[96728]: DEBUG cotyledon.oslo_config_glue [-] workarounds.unified_limits_count_pcpu_as_vcpu = False {{(pid=96728) log_opt_values /opt/stack/data/venv/lib/python3.12/site-packages/oslo_config/cfg.py:3545}}
Aug 04 09:48:22.126410 np0000006407 nova-scheduler[96728]: DEBUG cotyledon.oslo_config_glue [-] workarounds.wait_for_vif_plugged_event_during_hard_reboot = [] {{(pid=96728) log_opt_values /opt/stack/data/venv/lib/python3.12/site-packages/oslo_config/cfg.py:3545}}
Aug 04 09:48:22.126622 np0000006407 nova-scheduler[96728]: DEBUG cotyledon.oslo_config_glue [-] wsgi.api_paste_config = /etc/nova/api-paste.ini {{(pid=96728) log_opt_values /opt/stack/data/venv/lib/python3.12/site-packages/oslo_config/cfg.py:3545}}
Aug 04 09:48:22.126622 np0000006407 nova-scheduler[96728]: DEBUG cotyledon.oslo_config_glue [-] wsgi.secure_proxy_ssl_header = None {{(pid=96728) log_opt_values /opt/stack/data/venv/lib/python3.12/site-packages/oslo_config/cfg.py:3545}}
Aug 04 09:48:22.126622 np0000006407 nova-scheduler[96728]: DEBUG cotyledon.oslo_config_glue [-] zvm.ca_file = None {{(pid=96728) log_opt_values /opt/stack/data/venv/lib/python3.12/site-packages/oslo_config/cfg.py:3545}}
Aug 04 09:48:22.126622 np0000006407 nova-scheduler[96728]: DEBUG cotyledon.oslo_config_glue [-] zvm.cloud_connector_url = None {{(pid=96728) log_opt_values /opt/stack/data/venv/lib/python3.12/site-packages/oslo_config/cfg.py:3545}}
Aug 04 09:48:22.126622 np0000006407 nova-scheduler[96728]: DEBUG cotyledon.oslo_config_glue [-] zvm.image_tmp_path = /opt/stack/data/nova/images {{(pid=96728) log_opt_values /opt/stack/data/venv/lib/python3.12/site-packages/oslo_config/cfg.py:3545}}
Aug 04 09:48:22.126622 np0000006407 nova-scheduler[96728]: DEBUG cotyledon.oslo_config_glue [-] zvm.reachable_timeout = 300 {{(pid=96728) log_opt_values /opt/stack/data/venv/lib/python3.12/site-packages/oslo_config/cfg.py:3545}}
Aug 04 09:48:22.126622 np0000006407 nova-scheduler[96728]: DEBUG cotyledon.oslo_config_glue [-] oslo_versionedobjects.fatal_exception_format_errors = False {{(pid=96728) log_opt_values /opt/stack/data/venv/lib/python3.12/site-packages/oslo_config/cfg.py:3545}}
Aug 04 09:48:22.126622 np0000006407 nova-scheduler[96728]: DEBUG cotyledon.oslo_config_glue [-] oslo_middleware.http_basic_auth_user_file = /etc/htpasswd {{(pid=96728) log_opt_values /opt/stack/data/venv/lib/python3.12/site-packages/oslo_config/cfg.py:3545}}
Aug 04 09:48:22.126622 np0000006407 nova-scheduler[96728]: DEBUG cotyledon.oslo_config_glue [-] oslo_messaging_metrics.metrics_buffer_size = 1000 {{(pid=96728) log_opt_values /opt/stack/data/venv/lib/python3.12/site-packages/oslo_config/cfg.py:3545}}
Aug 04 09:48:22.126798 np0000006407 nova-scheduler[96728]: DEBUG cotyledon.oslo_config_glue [-] oslo_messaging_metrics.metrics_enabled = False {{(pid=96728) log_opt_values /opt/stack/data/venv/lib/python3.12/site-packages/oslo_config/cfg.py:3545}}
Aug 04 09:48:22.126798 np0000006407 nova-scheduler[96728]: DEBUG cotyledon.oslo_config_glue [-] oslo_messaging_metrics.metrics_process_name = {{(pid=96728) log_opt_values /opt/stack/data/venv/lib/python3.12/site-packages/oslo_config/cfg.py:3545}}
Aug 04 09:48:22.126798 np0000006407 nova-scheduler[96728]: DEBUG cotyledon.oslo_config_glue [-] oslo_messaging_metrics.metrics_socket_file = /var/tmp/metrics_collector.sock {{(pid=96728) log_opt_values /opt/stack/data/venv/lib/python3.12/site-packages/oslo_config/cfg.py:3545}}
Aug 04 09:48:22.126798 np0000006407 nova-scheduler[96728]: DEBUG cotyledon.oslo_config_glue [-] oslo_messaging_metrics.metrics_thread_stop_timeout = 10 {{(pid=96728) log_opt_values /opt/stack/data/venv/lib/python3.12/site-packages/oslo_config/cfg.py:3545}}
Aug 04 09:48:22.126798 np0000006407 nova-scheduler[96728]: DEBUG cotyledon.oslo_config_glue [-] profiler.connection_string = messaging:// {{(pid=96728) log_opt_values /opt/stack/data/venv/lib/python3.12/site-packages/oslo_config/cfg.py:3545}}
Aug 04 09:48:22.126798 np0000006407 nova-scheduler[96728]: DEBUG cotyledon.oslo_config_glue [-] profiler.enabled = False {{(pid=96728) log_opt_values /opt/stack/data/venv/lib/python3.12/site-packages/oslo_config/cfg.py:3545}}
Aug 04 09:48:22.126798 np0000006407 nova-scheduler[96728]: DEBUG cotyledon.oslo_config_glue [-] profiler.es_doc_type = notification {{(pid=96728) log_opt_values /opt/stack/data/venv/lib/python3.12/site-packages/oslo_config/cfg.py:3545}}
Aug 04 09:48:22.126798 np0000006407 nova-scheduler[96728]: DEBUG cotyledon.oslo_config_glue [-] profiler.es_scroll_size = 10000 {{(pid=96728) log_opt_values /opt/stack/data/venv/lib/python3.12/site-packages/oslo_config/cfg.py:3545}}
Aug 04 09:48:22.126798 np0000006407 nova-scheduler[96728]: DEBUG cotyledon.oslo_config_glue [-] profiler.es_scroll_time = 2m {{(pid=96728) log_opt_values /opt/stack/data/venv/lib/python3.12/site-packages/oslo_config/cfg.py:3545}}
Aug 04 09:48:22.126978 np0000006407 nova-scheduler[96728]: DEBUG cotyledon.oslo_config_glue [-] profiler.filter_error_trace = False {{(pid=96728) log_opt_values /opt/stack/data/venv/lib/python3.12/site-packages/oslo_config/cfg.py:3545}}
Aug 04 09:48:22.126978 np0000006407 nova-scheduler[96728]: DEBUG cotyledon.oslo_config_glue [-] profiler.hmac_keys = **** {{(pid=96728) log_opt_values /opt/stack/data/venv/lib/python3.12/site-packages/oslo_config/cfg.py:3545}}
Aug 04 09:48:22.126978 np0000006407 nova-scheduler[96728]: DEBUG cotyledon.oslo_config_glue [-] profiler.sentinel_service_name = mymaster {{(pid=96728) log_opt_values /opt/stack/data/venv/lib/python3.12/site-packages/oslo_config/cfg.py:3545}}
Aug 04 09:48:22.126978 np0000006407 nova-scheduler[96728]: DEBUG cotyledon.oslo_config_glue [-] profiler.socket_timeout = 0.1 {{(pid=96728) log_opt_values /opt/stack/data/venv/lib/python3.12/site-packages/oslo_config/cfg.py:3545}}
Aug 04 09:48:22.126978 np0000006407 nova-scheduler[96728]: DEBUG cotyledon.oslo_config_glue [-] profiler.trace_requests = False {{(pid=96728) log_opt_values /opt/stack/data/venv/lib/python3.12/site-packages/oslo_config/cfg.py:3545}}
Aug 04 09:48:22.126978 np0000006407 nova-scheduler[96728]: DEBUG cotyledon.oslo_config_glue [-] profiler.trace_sqlalchemy = False {{(pid=96728) log_opt_values /opt/stack/data/venv/lib/python3.12/site-packages/oslo_config/cfg.py:3545}}
Aug 04 09:48:22.126978 np0000006407 nova-scheduler[96728]: DEBUG cotyledon.oslo_config_glue [-] profiler_jaeger.process_tags = {} {{(pid=96728) log_opt_values /opt/stack/data/venv/lib/python3.12/site-packages/oslo_config/cfg.py:3545}}
Aug 04 09:48:22.126978 np0000006407 nova-scheduler[96728]: DEBUG cotyledon.oslo_config_glue [-] profiler_jaeger.service_name_prefix = None {{(pid=96728) log_opt_values /opt/stack/data/venv/lib/python3.12/site-packages/oslo_config/cfg.py:3545}}
Aug 04 09:48:22.126978 np0000006407 nova-scheduler[96728]: DEBUG cotyledon.oslo_config_glue [-] profiler_otlp.service_name_prefix = None {{(pid=96728) log_opt_values /opt/stack/data/venv/lib/python3.12/site-packages/oslo_config/cfg.py:3545}}
Aug 04 09:48:22.127143 np0000006407 nova-scheduler[96728]: DEBUG cotyledon.oslo_config_glue [-] oslo_messaging_rabbit.amqp_auto_delete = False {{(pid=96728) log_opt_values /opt/stack/data/venv/lib/python3.12/site-packages/oslo_config/cfg.py:3545}}
Aug 04 09:48:22.127143 np0000006407 nova-scheduler[96728]: DEBUG cotyledon.oslo_config_glue [-] oslo_messaging_rabbit.amqp_durable_queues = False {{(pid=96728) log_opt_values /opt/stack/data/venv/lib/python3.12/site-packages/oslo_config/cfg.py:3545}}
Aug 04 09:48:22.127143 np0000006407 nova-scheduler[96728]: DEBUG cotyledon.oslo_config_glue [-] oslo_messaging_rabbit.conn_pool_min_size = 2 {{(pid=96728) log_opt_values /opt/stack/data/venv/lib/python3.12/site-packages/oslo_config/cfg.py:3545}}
Aug 04 09:48:22.127143 np0000006407 nova-scheduler[96728]: DEBUG cotyledon.oslo_config_glue [-] oslo_messaging_rabbit.conn_pool_ttl = 1200 {{(pid=96728) log_opt_values /opt/stack/data/venv/lib/python3.12/site-packages/oslo_config/cfg.py:3545}}
Aug 04 09:48:22.127143 np0000006407 nova-scheduler[96728]: DEBUG cotyledon.oslo_config_glue [-] oslo_messaging_rabbit.direct_mandatory_flag = True {{(pid=96728) log_opt_values /opt/stack/data/venv/lib/python3.12/site-packages/oslo_config/cfg.py:3545}}
Aug 04 09:48:22.127143 np0000006407 nova-scheduler[96728]: DEBUG cotyledon.oslo_config_glue [-] oslo_messaging_rabbit.enable_cancel_on_failover = False {{(pid=96728) log_opt_values /opt/stack/data/venv/lib/python3.12/site-packages/oslo_config/cfg.py:3545}}
Aug 04 09:48:22.127143 np0000006407 nova-scheduler[96728]: DEBUG cotyledon.oslo_config_glue [-] oslo_messaging_rabbit.heartbeat_rate = 3 {{(pid=96728) log_opt_values /opt/stack/data/venv/lib/python3.12/site-packages/oslo_config/cfg.py:3545}}
Aug 04 09:48:22.127143 np0000006407 nova-scheduler[96728]: DEBUG cotyledon.oslo_config_glue [-] oslo_messaging_rabbit.heartbeat_timeout_threshold = 60 {{(pid=96728) log_opt_values /opt/stack/data/venv/lib/python3.12/site-packages/oslo_config/cfg.py:3545}}
Aug 04 09:48:22.127143 np0000006407 nova-scheduler[96728]: DEBUG cotyledon.oslo_config_glue [-] oslo_messaging_rabbit.hostname = np0000006407 {{(pid=96728) log_opt_values /opt/stack/data/venv/lib/python3.12/site-packages/oslo_config/cfg.py:3545}}
Aug 04 09:48:22.127330 np0000006407 nova-scheduler[96728]: DEBUG cotyledon.oslo_config_glue [-] oslo_messaging_rabbit.kombu_compression = None {{(pid=96728) log_opt_values /opt/stack/data/venv/lib/python3.12/site-packages/oslo_config/cfg.py:3545}}
Aug 04 09:48:22.127330 np0000006407 nova-scheduler[96728]: DEBUG cotyledon.oslo_config_glue [-] oslo_messaging_rabbit.kombu_failover_strategy = round-robin {{(pid=96728) log_opt_values /opt/stack/data/venv/lib/python3.12/site-packages/oslo_config/cfg.py:3545}}
Aug 04 09:48:22.127330 np0000006407 nova-scheduler[96728]: DEBUG cotyledon.oslo_config_glue [-] oslo_messaging_rabbit.kombu_missing_consumer_retry_timeout = 60 {{(pid=96728) log_opt_values /opt/stack/data/venv/lib/python3.12/site-packages/oslo_config/cfg.py:3545}}
Aug 04 09:48:22.127330 np0000006407 nova-scheduler[96728]: DEBUG cotyledon.oslo_config_glue [-] oslo_messaging_rabbit.kombu_reconnect_delay = 1.0 {{(pid=96728) log_opt_values /opt/stack/data/venv/lib/python3.12/site-packages/oslo_config/cfg.py:3545}}
Aug 04 09:48:22.127330 np0000006407 nova-scheduler[96728]: DEBUG cotyledon.oslo_config_glue [-] oslo_messaging_rabbit.kombu_reconnect_splay = 0.0 {{(pid=96728) log_opt_values /opt/stack/data/venv/lib/python3.12/site-packages/oslo_config/cfg.py:3545}}
Aug 04 09:48:22.127330 np0000006407 nova-scheduler[96728]: DEBUG cotyledon.oslo_config_glue [-] oslo_messaging_rabbit.processname = nova-scheduler {{(pid=96728) log_opt_values /opt/stack/data/venv/lib/python3.12/site-packages/oslo_config/cfg.py:3545}}
Aug 04 09:48:22.127330 np0000006407 nova-scheduler[96728]: DEBUG cotyledon.oslo_config_glue [-] oslo_messaging_rabbit.rabbit_ha_queues = False {{(pid=96728) log_opt_values /opt/stack/data/venv/lib/python3.12/site-packages/oslo_config/cfg.py:3545}}
Aug 04 09:48:22.127330 np0000006407 nova-scheduler[96728]: DEBUG cotyledon.oslo_config_glue [-] oslo_messaging_rabbit.rabbit_interval_max = 30 {{(pid=96728) log_opt_values /opt/stack/data/venv/lib/python3.12/site-packages/oslo_config/cfg.py:3545}}
Aug 04 09:48:22.127330 np0000006407 nova-scheduler[96728]: DEBUG cotyledon.oslo_config_glue [-] oslo_messaging_rabbit.rabbit_login_method = AMQPLAIN {{(pid=96728) log_opt_values /opt/stack/data/venv/lib/python3.12/site-packages/oslo_config/cfg.py:3545}}
Aug 04 09:48:22.127547 np0000006407 nova-scheduler[96728]: DEBUG cotyledon.oslo_config_glue [-] oslo_messaging_rabbit.rabbit_qos_prefetch_count = 0 {{(pid=96728) log_opt_values /opt/stack/data/venv/lib/python3.12/site-packages/oslo_config/cfg.py:3545}}
Aug 04 09:48:22.127547 np0000006407 nova-scheduler[96728]: DEBUG cotyledon.oslo_config_glue [-] oslo_messaging_rabbit.rabbit_quorum_delivery_limit = 0 {{(pid=96728) log_opt_values /opt/stack/data/venv/lib/python3.12/site-packages/oslo_config/cfg.py:3545}}
Aug 04 09:48:22.127547 np0000006407 nova-scheduler[96728]: DEBUG cotyledon.oslo_config_glue [-] oslo_messaging_rabbit.rabbit_quorum_max_memory_bytes = 0 {{(pid=96728) log_opt_values /opt/stack/data/venv/lib/python3.12/site-packages/oslo_config/cfg.py:3545}}
Aug 04 09:48:22.127547 np0000006407 nova-scheduler[96728]: DEBUG cotyledon.oslo_config_glue [-] oslo_messaging_rabbit.rabbit_quorum_max_memory_length = 0 {{(pid=96728) log_opt_values /opt/stack/data/venv/lib/python3.12/site-packages/oslo_config/cfg.py:3545}}
Aug 04 09:48:22.127547 np0000006407 nova-scheduler[96728]: DEBUG cotyledon.oslo_config_glue [-] oslo_messaging_rabbit.rabbit_quorum_queue = False {{(pid=96728) log_opt_values /opt/stack/data/venv/lib/python3.12/site-packages/oslo_config/cfg.py:3545}}
Aug 04 09:48:22.127547 np0000006407 nova-scheduler[96728]: DEBUG cotyledon.oslo_config_glue [-] oslo_messaging_rabbit.rabbit_retry_backoff = 2 {{(pid=96728) log_opt_values /opt/stack/data/venv/lib/python3.12/site-packages/oslo_config/cfg.py:3545}}
Aug 04 09:48:22.127547 np0000006407 nova-scheduler[96728]: DEBUG cotyledon.oslo_config_glue [-] oslo_messaging_rabbit.rabbit_retry_interval = 1 {{(pid=96728) log_opt_values /opt/stack/data/venv/lib/python3.12/site-packages/oslo_config/cfg.py:3545}}
Aug 04 09:48:22.127547 np0000006407 nova-scheduler[96728]: DEBUG cotyledon.oslo_config_glue [-] oslo_messaging_rabbit.rabbit_stream_fanout = False {{(pid=96728) log_opt_values /opt/stack/data/venv/lib/python3.12/site-packages/oslo_config/cfg.py:3545}}
Aug 04 09:48:22.127732 np0000006407 nova-scheduler[96728]: DEBUG cotyledon.oslo_config_glue [-] oslo_messaging_rabbit.rabbit_transient_queues_ttl = 1800 {{(pid=96728) log_opt_values /opt/stack/data/venv/lib/python3.12/site-packages/oslo_config/cfg.py:3545}}
Aug 04 09:48:22.127732 np0000006407 nova-scheduler[96728]: DEBUG cotyledon.oslo_config_glue [-] oslo_messaging_rabbit.rabbit_transient_quorum_queue = False {{(pid=96728) log_opt_values /opt/stack/data/venv/lib/python3.12/site-packages/oslo_config/cfg.py:3545}}
Aug 04 09:48:22.127732 np0000006407 nova-scheduler[96728]: DEBUG cotyledon.oslo_config_glue [-] oslo_messaging_rabbit.rpc_conn_pool_size = 30 {{(pid=96728) log_opt_values /opt/stack/data/venv/lib/python3.12/site-packages/oslo_config/cfg.py:3545}}
Aug 04 09:48:22.127732 np0000006407 nova-scheduler[96728]: DEBUG cotyledon.oslo_config_glue [-] oslo_messaging_rabbit.ssl = False {{(pid=96728) log_opt_values /opt/stack/data/venv/lib/python3.12/site-packages/oslo_config/cfg.py:3545}}
Aug 04 09:48:22.127732 np0000006407 nova-scheduler[96728]: DEBUG cotyledon.oslo_config_glue [-] oslo_messaging_rabbit.ssl_ca_file = {{(pid=96728) log_opt_values /opt/stack/data/venv/lib/python3.12/site-packages/oslo_config/cfg.py:3545}}
Aug 04 09:48:22.127732 np0000006407 nova-scheduler[96728]: DEBUG cotyledon.oslo_config_glue [-] oslo_messaging_rabbit.ssl_cert_file = {{(pid=96728) log_opt_values /opt/stack/data/venv/lib/python3.12/site-packages/oslo_config/cfg.py:3545}}
Aug 04 09:48:22.127732 np0000006407 nova-scheduler[96728]: DEBUG cotyledon.oslo_config_glue [-] oslo_messaging_rabbit.ssl_enforce_fips_mode = False {{(pid=96728) log_opt_values /opt/stack/data/venv/lib/python3.12/site-packages/oslo_config/cfg.py:3545}}
Aug 04 09:48:22.127732 np0000006407 nova-scheduler[96728]: DEBUG cotyledon.oslo_config_glue [-] oslo_messaging_rabbit.ssl_enforce_hostname_verification = True {{(pid=96728) log_opt_values /opt/stack/data/venv/lib/python3.12/site-packages/oslo_config/cfg.py:3545}}
Aug 04 09:48:22.127732 np0000006407 nova-scheduler[96728]: DEBUG cotyledon.oslo_config_glue [-] oslo_messaging_rabbit.ssl_key_file = {{(pid=96728) log_opt_values /opt/stack/data/venv/lib/python3.12/site-packages/oslo_config/cfg.py:3545}}
Aug 04 09:48:22.127950 np0000006407 nova-scheduler[96728]: DEBUG cotyledon.oslo_config_glue [-] oslo_messaging_rabbit.ssl_version = {{(pid=96728) log_opt_values /opt/stack/data/venv/lib/python3.12/site-packages/oslo_config/cfg.py:3545}}
Aug 04 09:48:22.127950 np0000006407 nova-scheduler[96728]: DEBUG cotyledon.oslo_config_glue [-] oslo_messaging_rabbit.use_queue_manager = False {{(pid=96728) log_opt_values /opt/stack/data/venv/lib/python3.12/site-packages/oslo_config/cfg.py:3545}}
Aug 04 09:48:22.127950 np0000006407 nova-scheduler[96728]: DEBUG cotyledon.oslo_config_glue [-] oslo_messaging_notifications.driver = ['messagingv2'] {{(pid=96728) log_opt_values /opt/stack/data/venv/lib/python3.12/site-packages/oslo_config/cfg.py:3545}}
Aug 04 09:48:22.127950 np0000006407 nova-scheduler[96728]: DEBUG cotyledon.oslo_config_glue [-] oslo_messaging_notifications.retry = -1 {{(pid=96728) log_opt_values /opt/stack/data/venv/lib/python3.12/site-packages/oslo_config/cfg.py:3545}}
Aug 04 09:48:22.127950 np0000006407 nova-scheduler[96728]: DEBUG cotyledon.oslo_config_glue [-] oslo_messaging_notifications.topics = ['notifications'] {{(pid=96728) log_opt_values /opt/stack/data/venv/lib/python3.12/site-packages/oslo_config/cfg.py:3545}}
Aug 04 09:48:22.127950 np0000006407 nova-scheduler[96728]: DEBUG cotyledon.oslo_config_glue [-] oslo_messaging_notifications.transport_url = **** {{(pid=96728) log_opt_values /opt/stack/data/venv/lib/python3.12/site-packages/oslo_config/cfg.py:3545}}
Aug 04 09:48:22.127950 np0000006407 nova-scheduler[96728]: DEBUG cotyledon.oslo_config_glue [-] oslo_limit.auth_section = None {{(pid=96728) log_opt_values /opt/stack/data/venv/lib/python3.12/site-packages/oslo_config/cfg.py:3545}}
Aug 04 09:48:22.127950 np0000006407 nova-scheduler[96728]: DEBUG cotyledon.oslo_config_glue [-] oslo_limit.auth_type = None {{(pid=96728) log_opt_values /opt/stack/data/venv/lib/python3.12/site-packages/oslo_config/cfg.py:3545}}
Aug 04 09:48:22.127950 np0000006407 nova-scheduler[96728]: DEBUG cotyledon.oslo_config_glue [-] oslo_limit.cafile = None {{(pid=96728) log_opt_values /opt/stack/data/venv/lib/python3.12/site-packages/oslo_config/cfg.py:3545}}
Aug 04 09:48:22.128154 np0000006407 nova-scheduler[96728]: DEBUG cotyledon.oslo_config_glue [-] oslo_limit.certfile = None {{(pid=96728) log_opt_values /opt/stack/data/venv/lib/python3.12/site-packages/oslo_config/cfg.py:3545}}
Aug 04 09:48:22.128154 np0000006407 nova-scheduler[96728]: DEBUG cotyledon.oslo_config_glue [-] oslo_limit.collect_timing = False {{(pid=96728) log_opt_values /opt/stack/data/venv/lib/python3.12/site-packages/oslo_config/cfg.py:3545}}
Aug 04 09:48:22.128154 np0000006407 nova-scheduler[96728]: DEBUG cotyledon.oslo_config_glue [-] oslo_limit.connect_retries = None {{(pid=96728) log_opt_values /opt/stack/data/venv/lib/python3.12/site-packages/oslo_config/cfg.py:3545}}
Aug 04 09:48:22.128154 np0000006407 nova-scheduler[96728]: DEBUG cotyledon.oslo_config_glue [-] oslo_limit.connect_retry_delay = None {{(pid=96728) log_opt_values /opt/stack/data/venv/lib/python3.12/site-packages/oslo_config/cfg.py:3545}}
Aug 04 09:48:22.128154 np0000006407 nova-scheduler[96728]: DEBUG cotyledon.oslo_config_glue [-] oslo_limit.endpoint_id = None {{(pid=96728) log_opt_values /opt/stack/data/venv/lib/python3.12/site-packages/oslo_config/cfg.py:3545}}
Aug 04 09:48:22.128154 np0000006407 nova-scheduler[96728]: DEBUG cotyledon.oslo_config_glue [-] oslo_limit.endpoint_interface = public {{(pid=96728) log_opt_values /opt/stack/data/venv/lib/python3.12/site-packages/oslo_config/cfg.py:3545}}
Aug 04 09:48:22.128154 np0000006407 nova-scheduler[96728]: DEBUG cotyledon.oslo_config_glue [-] oslo_limit.endpoint_override = None {{(pid=96728) log_opt_values /opt/stack/data/venv/lib/python3.12/site-packages/oslo_config/cfg.py:3545}}
Aug 04 09:48:22.128154 np0000006407 nova-scheduler[96728]: DEBUG cotyledon.oslo_config_glue [-] oslo_limit.endpoint_region_name = None {{(pid=96728) log_opt_values /opt/stack/data/venv/lib/python3.12/site-packages/oslo_config/cfg.py:3545}}
Aug 04 09:48:22.128154 np0000006407 nova-scheduler[96728]: DEBUG cotyledon.oslo_config_glue [-] oslo_limit.endpoint_service_name = None {{(pid=96728) log_opt_values /opt/stack/data/venv/lib/python3.12/site-packages/oslo_config/cfg.py:3545}}
Aug 04 09:48:22.128328 np0000006407 nova-scheduler[96728]: DEBUG cotyledon.oslo_config_glue [-] oslo_limit.endpoint_service_type = None {{(pid=96728) log_opt_values /opt/stack/data/venv/lib/python3.12/site-packages/oslo_config/cfg.py:3545}}
Aug 04 09:48:22.128328 np0000006407 nova-scheduler[96728]: DEBUG cotyledon.oslo_config_glue [-] oslo_limit.insecure = False {{(pid=96728) log_opt_values /opt/stack/data/venv/lib/python3.12/site-packages/oslo_config/cfg.py:3545}}
Aug 04 09:48:22.128328 np0000006407 nova-scheduler[96728]: DEBUG cotyledon.oslo_config_glue [-] oslo_limit.keyfile = None {{(pid=96728) log_opt_values /opt/stack/data/venv/lib/python3.12/site-packages/oslo_config/cfg.py:3545}}
Aug 04 09:48:22.128328 np0000006407 nova-scheduler[96728]: DEBUG cotyledon.oslo_config_glue [-] oslo_limit.max_version = None {{(pid=96728) log_opt_values /opt/stack/data/venv/lib/python3.12/site-packages/oslo_config/cfg.py:3545}}
Aug 04 09:48:22.128328 np0000006407 nova-scheduler[96728]: DEBUG cotyledon.oslo_config_glue [-] oslo_limit.min_version = None {{(pid=96728) log_opt_values /opt/stack/data/venv/lib/python3.12/site-packages/oslo_config/cfg.py:3545}}
Aug 04 09:48:22.128328 np0000006407 nova-scheduler[96728]: DEBUG cotyledon.oslo_config_glue [-] oslo_limit.region_name = None {{(pid=96728) log_opt_values /opt/stack/data/venv/lib/python3.12/site-packages/oslo_config/cfg.py:3545}}
Aug 04 09:48:22.128328 np0000006407 nova-scheduler[96728]: DEBUG cotyledon.oslo_config_glue [-] oslo_limit.retriable_status_codes = None {{(pid=96728) log_opt_values /opt/stack/data/venv/lib/python3.12/site-packages/oslo_config/cfg.py:3545}}
Aug 04 09:48:22.128328 np0000006407 nova-scheduler[96728]: DEBUG cotyledon.oslo_config_glue [-] oslo_limit.service_name = None {{(pid=96728) log_opt_values /opt/stack/data/venv/lib/python3.12/site-packages/oslo_config/cfg.py:3545}}
Aug 04 09:48:22.128328 np0000006407 nova-scheduler[96728]: DEBUG cotyledon.oslo_config_glue [-] oslo_limit.service_type = None {{(pid=96728) log_opt_values /opt/stack/data/venv/lib/python3.12/site-packages/oslo_config/cfg.py:3545}}
Aug 04 09:48:22.128530 np0000006407 nova-scheduler[96728]: DEBUG cotyledon.oslo_config_glue [-] oslo_limit.split_loggers = False {{(pid=96728) log_opt_values /opt/stack/data/venv/lib/python3.12/site-packages/oslo_config/cfg.py:3545}}
Aug 04 09:48:22.128530 np0000006407 nova-scheduler[96728]: DEBUG cotyledon.oslo_config_glue [-] oslo_limit.status_code_retries = None {{(pid=96728) log_opt_values /opt/stack/data/venv/lib/python3.12/site-packages/oslo_config/cfg.py:3545}}
Aug 04 09:48:22.128530 np0000006407 nova-scheduler[96728]: DEBUG cotyledon.oslo_config_glue [-] oslo_limit.status_code_retry_delay = None {{(pid=96728) log_opt_values /opt/stack/data/venv/lib/python3.12/site-packages/oslo_config/cfg.py:3545}}
Aug 04 09:48:22.128530 np0000006407 nova-scheduler[96728]: DEBUG cotyledon.oslo_config_glue [-] oslo_limit.timeout = None {{(pid=96728) log_opt_values /opt/stack/data/venv/lib/python3.12/site-packages/oslo_config/cfg.py:3545}}
Aug 04 09:48:22.128530 np0000006407 nova-scheduler[96728]: DEBUG cotyledon.oslo_config_glue [-] oslo_limit.valid_interfaces = None {{(pid=96728) log_opt_values /opt/stack/data/venv/lib/python3.12/site-packages/oslo_config/cfg.py:3545}}
Aug 04 09:48:22.128530 np0000006407 nova-scheduler[96728]: DEBUG cotyledon.oslo_config_glue [-] oslo_limit.version = None {{(pid=96728) log_opt_values /opt/stack/data/venv/lib/python3.12/site-packages/oslo_config/cfg.py:3545}}
Aug 04 09:48:22.128530 np0000006407 nova-scheduler[96728]: DEBUG cotyledon.oslo_config_glue [-] oslo_reports.file_event_handler = None {{(pid=96728) log_opt_values /opt/stack/data/venv/lib/python3.12/site-packages/oslo_config/cfg.py:3545}}
Aug 04 09:48:22.128530 np0000006407 nova-scheduler[96728]: DEBUG cotyledon.oslo_config_glue [-] oslo_reports.file_event_handler_interval = 1 {{(pid=96728) log_opt_values /opt/stack/data/venv/lib/python3.12/site-packages/oslo_config/cfg.py:3545}}
Aug 04 09:48:22.128530 np0000006407 nova-scheduler[96728]: DEBUG cotyledon.oslo_config_glue [-] oslo_reports.log_dir = None {{(pid=96728) log_opt_values /opt/stack/data/venv/lib/python3.12/site-packages/oslo_config/cfg.py:3545}}
Aug 04 09:48:22.128734 np0000006407 nova-scheduler[96728]: DEBUG cotyledon.oslo_config_glue [-] ******************************************************************************** {{(pid=96728) log_opt_values /opt/stack/data/venv/lib/python3.12/site-packages/oslo_config/cfg.py:3552}}
Aug 04 09:48:22.128734 np0000006407 nova-scheduler[96728]: DEBUG cotyledon._service_worker [-] Run service ServiceWrapper(3) [96728] {{(pid=96728) wait_forever /opt/stack/data/venv/lib/python3.12/site-packages/cotyledon/_service_worker.py:218}}
Aug 04 09:48:22.128734 np0000006407 nova-scheduler[96728]: INFO nova.service [-] Starting scheduler node (version 33.1.0)
Aug 04 09:48:22.128734 np0000006407 nova-scheduler[96728]: INFO dbcounter [None req-f9621077-9681-4b8a-8047-cc77f144982a None None] Registered counter for database nova_cell0
Aug 04 09:48:22.131676 np0000006407 nova-scheduler[96698]: DEBUG oslo_db.sqlalchemy.engines [None req-024c8991-00d6-4eba-b315-9c4bf3705c0b None None] MySQL server mode set to STRICT_TRANS_TABLES,STRICT_ALL_TABLES,NO_ZERO_IN_DATE,NO_ZERO_DATE,ERROR_FOR_DIVISION_BY_ZERO,TRADITIONAL,NO_ENGINE_SUBSTITUTION {{(pid=96698) _check_effective_sql_mode /opt/stack/data/venv/lib/python3.12/site-packages/oslo_db/sqlalchemy/engines.py:325}}
Aug 04 09:48:22.140094 np0000006407 nova-scheduler[96726]: DEBUG oslo_db.sqlalchemy.engines [None req-bea8271a-a429-4d0a-bb8b-a0c2150604e2 None None] MySQL server mode set to STRICT_TRANS_TABLES,STRICT_ALL_TABLES,NO_ZERO_IN_DATE,NO_ZERO_DATE,ERROR_FOR_DIVISION_BY_ZERO,TRADITIONAL,NO_ENGINE_SUBSTITUTION {{(pid=96726) _check_effective_sql_mode /opt/stack/data/venv/lib/python3.12/site-packages/oslo_db/sqlalchemy/engines.py:325}}
Aug 04 09:48:22.142258 np0000006407 nova-scheduler[96698]: DEBUG dbcounter [-] [96698] Writer thread running {{(pid=96698) stat_writer /opt/stack/data/venv/lib/python3.12/site-packages/dbcounter.py:102}}
Aug 04 09:48:22.147953 np0000006407 nova-scheduler[96668]: DEBUG oslo_db.sqlalchemy.engines [None req-ea8d7895-6aea-4b29-8ff7-8b481187a092 None None] MySQL server mode set to STRICT_TRANS_TABLES,STRICT_ALL_TABLES,NO_ZERO_IN_DATE,NO_ZERO_DATE,ERROR_FOR_DIVISION_BY_ZERO,TRADITIONAL,NO_ENGINE_SUBSTITUTION {{(pid=96668) _check_effective_sql_mode /opt/stack/data/venv/lib/python3.12/site-packages/oslo_db/sqlalchemy/engines.py:325}}
Aug 04 09:48:22.150732 np0000006407 nova-scheduler[96726]: DEBUG dbcounter [-] [96726] Writer thread running {{(pid=96726) stat_writer /opt/stack/data/venv/lib/python3.12/site-packages/dbcounter.py:102}}
Aug 04 09:48:22.157772 np0000006407 nova-scheduler[96698]: DEBUG nova.service [None req-024c8991-00d6-4eba-b315-9c4bf3705c0b None None] Creating RPC server for service: nova-scheduler on topic: scheduler {{(pid=96698) start /opt/stack/nova/nova/service.py:196}}
Aug 04 09:48:22.160360 np0000006407 nova-scheduler[96668]: DEBUG dbcounter [-] [96668] Writer thread running {{(pid=96668) stat_writer /opt/stack/data/venv/lib/python3.12/site-packages/dbcounter.py:102}}
Aug 04 09:48:22.163782 np0000006407 nova-scheduler[96668]: DEBUG nova.service [None req-ea8d7895-6aea-4b29-8ff7-8b481187a092 None None] Creating RPC server for service: nova-scheduler on topic: scheduler {{(pid=96668) start /opt/stack/nova/nova/service.py:196}}
Aug 04 09:48:22.167929 np0000006407 nova-scheduler[96726]: DEBUG nova.service [None req-bea8271a-a429-4d0a-bb8b-a0c2150604e2 None None] Creating RPC server for service: nova-scheduler on topic: scheduler {{(pid=96726) start /opt/stack/nova/nova/service.py:196}}
Aug 04 09:48:22.172608 np0000006407 nova-scheduler[96728]: DEBUG oslo_db.sqlalchemy.engines [None req-f9621077-9681-4b8a-8047-cc77f144982a None None] MySQL server mode set to STRICT_TRANS_TABLES,STRICT_ALL_TABLES,NO_ZERO_IN_DATE,NO_ZERO_DATE,ERROR_FOR_DIVISION_BY_ZERO,TRADITIONAL,NO_ENGINE_SUBSTITUTION {{(pid=96728) _check_effective_sql_mode /opt/stack/data/venv/lib/python3.12/site-packages/oslo_db/sqlalchemy/engines.py:325}}
Aug 04 09:48:22.183365 np0000006407 nova-scheduler[96698]: DEBUG nova.service [None req-024c8991-00d6-4eba-b315-9c4bf3705c0b None None] Join ServiceGroup membership for this service scheduler {{(pid=96698) start /opt/stack/nova/nova/service.py:222}}
Aug 04 09:48:22.183580 np0000006407 nova-scheduler[96668]: DEBUG nova.service [None req-ea8d7895-6aea-4b29-8ff7-8b481187a092 None None] Join ServiceGroup membership for this service scheduler {{(pid=96668) start /opt/stack/nova/nova/service.py:222}}
Aug 04 09:48:22.183631 np0000006407 nova-scheduler[96698]: DEBUG nova.servicegroup.drivers.db [None req-024c8991-00d6-4eba-b315-9c4bf3705c0b None None] DB_Driver: join new ServiceGroup member np0000006407 to the scheduler group, service = {{(pid=96698) join /opt/stack/nova/nova/servicegroup/drivers/db.py:44}}
Aug 04 09:48:22.183817 np0000006407 nova-scheduler[96668]: DEBUG nova.servicegroup.drivers.db [None req-ea8d7895-6aea-4b29-8ff7-8b481187a092 None None] DB_Driver: join new ServiceGroup member np0000006407 to the scheduler group, service = {{(pid=96668) join /opt/stack/nova/nova/servicegroup/drivers/db.py:44}}
Aug 04 09:48:22.184726 np0000006407 nova-scheduler[96726]: DEBUG nova.service [None req-bea8271a-a429-4d0a-bb8b-a0c2150604e2 None None] Join ServiceGroup membership for this service scheduler {{(pid=96726) start /opt/stack/nova/nova/service.py:222}}
Aug 04 09:48:22.184870 np0000006407 nova-scheduler[96726]: DEBUG nova.servicegroup.drivers.db [None req-bea8271a-a429-4d0a-bb8b-a0c2150604e2 None None] DB_Driver: join new ServiceGroup member np0000006407 to the scheduler group, service = {{(pid=96726) join /opt/stack/nova/nova/servicegroup/drivers/db.py:44}}
Aug 04 09:48:22.185034 np0000006407 nova-scheduler[96728]: DEBUG dbcounter [-] [96728] Writer thread running {{(pid=96728) stat_writer /opt/stack/data/venv/lib/python3.12/site-packages/dbcounter.py:102}}
Aug 04 09:48:22.189354 np0000006407 nova-scheduler[96728]: DEBUG nova.service [None req-f9621077-9681-4b8a-8047-cc77f144982a None None] Creating RPC server for service: nova-scheduler on topic: scheduler {{(pid=96728) start /opt/stack/nova/nova/service.py:196}}
Aug 04 09:48:22.209569 np0000006407 nova-scheduler[96728]: DEBUG nova.service [None req-f9621077-9681-4b8a-8047-cc77f144982a None None] Join ServiceGroup membership for this service scheduler {{(pid=96728) start /opt/stack/nova/nova/service.py:222}}
Aug 04 09:48:22.209805 np0000006407 nova-scheduler[96728]: DEBUG nova.servicegroup.drivers.db [None req-f9621077-9681-4b8a-8047-cc77f144982a None None] DB_Driver: join new ServiceGroup member np0000006407 to the scheduler group, service = {{(pid=96728) join /opt/stack/nova/nova/servicegroup/drivers/db.py:44}}
Aug 04 09:48:26.211885 np0000006407 nova-scheduler[96728]: DEBUG oslo.service.backend._threading.loopingcall [None req-592d938e-12aa-4d1c-9592-b0f1cd46fe06 None None] Dynamic interval looping call 'nova.service.Service.periodic_tasks' sleeping for 60.00 seconds {{(pid=96728) _run_loop /opt/stack/data/venv/lib/python3.12/site-packages/oslo_service/backend/_threading/loopingcall.py:125}}
Aug 04 09:48:27.206371 np0000006407 nova-scheduler[96668]: DEBUG oslo.service.backend._threading.loopingcall [-] Fixed interval looping call 'nova.servicegroup.drivers.db.DbDriver._report_state' sleeping for 119.98 seconds {{(pid=96668) _run_loop /opt/stack/data/venv/lib/python3.12/site-packages/oslo_service/backend/_threading/loopingcall.py:125}}
Aug 04 09:48:27.208010 np0000006407 nova-scheduler[96698]: DEBUG oslo.service.backend._threading.loopingcall [-] Fixed interval looping call 'nova.servicegroup.drivers.db.DbDriver._report_state' sleeping for 119.98 seconds {{(pid=96698) _run_loop /opt/stack/data/venv/lib/python3.12/site-packages/oslo_service/backend/_threading/loopingcall.py:125}}
Aug 04 09:48:27.209477 np0000006407 nova-scheduler[96726]: DEBUG oslo.service.backend._threading.loopingcall [-] Fixed interval looping call 'nova.servicegroup.drivers.db.DbDriver._report_state' sleeping for 119.98 seconds {{(pid=96726) _run_loop /opt/stack/data/venv/lib/python3.12/site-packages/oslo_service/backend/_threading/loopingcall.py:125}}
Aug 04 09:48:27.220481 np0000006407 nova-scheduler[96728]: DEBUG oslo.service.backend._threading.loopingcall [-] Fixed interval looping call 'nova.servicegroup.drivers.db.DbDriver._report_state' sleeping for 119.99 seconds {{(pid=96728) _run_loop /opt/stack/data/venv/lib/python3.12/site-packages/oslo_service/backend/_threading/loopingcall.py:125}}
Aug 04 09:48:30.774656 np0000006407 nova-scheduler[95444]: DEBUG dbcounter [-] [95444] Writing DB stats nova_api:SELECT=3 {{(pid=95444) stat_writer /opt/stack/data/venv/lib/python3.12/site-packages/dbcounter.py:115}}
Aug 04 09:48:30.893092 np0000006407 nova-scheduler[95444]: DEBUG dbcounter [-] [95444] Writing DB stats nova_cell0:SELECT=1 {{(pid=95444) stat_writer /opt/stack/data/venv/lib/python3.12/site-packages/dbcounter.py:115}}
Aug 04 09:48:30.896299 np0000006407 nova-scheduler[95444]: DEBUG dbcounter [-] [95444] Writing DB stats nova_cell1:SELECT=1 {{(pid=95444) stat_writer /opt/stack/data/venv/lib/python3.12/site-packages/dbcounter.py:115}}
Aug 04 09:48:37.200502 np0000006407 nova-scheduler[96668]: DEBUG dbcounter [-] [96668] Writing DB stats nova_cell0:SELECT=3,nova_cell0:UPDATE=1 {{(pid=96668) stat_writer /opt/stack/data/venv/lib/python3.12/site-packages/dbcounter.py:115}}
Aug 04 09:48:37.200895 np0000006407 nova-scheduler[96726]: DEBUG dbcounter [-] [96726] Writing DB stats nova_cell0:SELECT=4,nova_cell0:INSERT=1,nova_cell0:UPDATE=1 {{(pid=96726) stat_writer /opt/stack/data/venv/lib/python3.12/site-packages/dbcounter.py:115}}
Aug 04 09:48:37.202934 np0000006407 nova-scheduler[96698]: DEBUG dbcounter [-] [96698] Writing DB stats nova_cell0:SELECT=4,nova_cell0:INSERT=1,nova_cell0:UPDATE=1 {{(pid=96698) stat_writer /opt/stack/data/venv/lib/python3.12/site-packages/dbcounter.py:115}}
Aug 04 09:48:37.217264 np0000006407 nova-scheduler[96728]: DEBUG dbcounter [-] [96728] Writing DB stats nova_cell0:SELECT=3 {{(pid=96728) stat_writer /opt/stack/data/venv/lib/python3.12/site-packages/dbcounter.py:115}}
Aug 04 09:48:38.187976 np0000006407 nova-scheduler[96698]: DEBUG oslo.service.backend._threading.loopingcall [None req-57e808e6-cc0a-40a7-b600-9c5c0219d43d None None] Dynamic interval looping call 'nova.service.Service.periodic_tasks' sleeping for 60.00 seconds {{(pid=96698) _run_loop /opt/stack/data/venv/lib/python3.12/site-packages/oslo_service/backend/_threading/loopingcall.py:125}}
Aug 04 09:48:59.187083 np0000006407 nova-scheduler[96668]: DEBUG oslo.service.backend._threading.loopingcall [None req-ce9c1af8-fe63-4243-a3a0-0495e61ad235 None None] Dynamic interval looping call 'nova.service.Service.periodic_tasks' sleeping for 60.00 seconds {{(pid=96668) _run_loop /opt/stack/data/venv/lib/python3.12/site-packages/oslo_service/backend/_threading/loopingcall.py:125}}
Aug 04 09:49:03.186994 np0000006407 nova-scheduler[96726]: DEBUG oslo.service.backend._threading.loopingcall [None req-df83ab0b-017d-4d0c-966e-f6a08bfc5423 None None] Dynamic interval looping call 'nova.service.Service.periodic_tasks' sleeping for 60.00 seconds {{(pid=96726) _run_loop /opt/stack/data/venv/lib/python3.12/site-packages/oslo_service/backend/_threading/loopingcall.py:125}}
Aug 04 09:49:26.212376 np0000006407 nova-scheduler[96728]: DEBUG oslo.service.backend._threading.loopingcall [None req-592d938e-12aa-4d1c-9592-b0f1cd46fe06 None None] Dynamic interval looping call 'nova.service.Service.periodic_tasks' sleeping for 60.00 seconds {{(pid=96728) _run_loop /opt/stack/data/venv/lib/python3.12/site-packages/oslo_service/backend/_threading/loopingcall.py:125}}
Aug 04 09:49:38.188510 np0000006407 nova-scheduler[96698]: DEBUG oslo.service.backend._threading.loopingcall [None req-57e808e6-cc0a-40a7-b600-9c5c0219d43d None None] Dynamic interval looping call 'nova.service.Service.periodic_tasks' sleeping for 60.00 seconds {{(pid=96698) _run_loop /opt/stack/data/venv/lib/python3.12/site-packages/oslo_service/backend/_threading/loopingcall.py:125}}
Aug 04 09:49:59.187623 np0000006407 nova-scheduler[96668]: DEBUG oslo.service.backend._threading.loopingcall [None req-ce9c1af8-fe63-4243-a3a0-0495e61ad235 None None] Dynamic interval looping call 'nova.service.Service.periodic_tasks' sleeping for 60.00 seconds {{(pid=96668) _run_loop /opt/stack/data/venv/lib/python3.12/site-packages/oslo_service/backend/_threading/loopingcall.py:125}}
Aug 04 09:50:03.187577 np0000006407 nova-scheduler[96726]: DEBUG oslo.service.backend._threading.loopingcall [None req-df83ab0b-017d-4d0c-966e-f6a08bfc5423 None None] Dynamic interval looping call 'nova.service.Service.periodic_tasks' sleeping for 60.00 seconds {{(pid=96726) _run_loop /opt/stack/data/venv/lib/python3.12/site-packages/oslo_service/backend/_threading/loopingcall.py:125}}
Aug 04 09:50:26.212862 np0000006407 nova-scheduler[96728]: DEBUG oslo.service.backend._threading.loopingcall [None req-592d938e-12aa-4d1c-9592-b0f1cd46fe06 None None] Dynamic interval looping call 'nova.service.Service.periodic_tasks' sleeping for 60.00 seconds {{(pid=96728) _run_loop /opt/stack/data/venv/lib/python3.12/site-packages/oslo_service/backend/_threading/loopingcall.py:125}}
Aug 04 09:50:27.196280 np0000006407 nova-scheduler[96668]: DEBUG oslo.service.backend._threading.loopingcall [-] Fixed interval looping call 'nova.servicegroup.drivers.db.DbDriver._report_state' sleeping for 119.99 seconds {{(pid=96668) _run_loop /opt/stack/data/venv/lib/python3.12/site-packages/oslo_service/backend/_threading/loopingcall.py:125}}
Aug 04 09:50:27.196785 np0000006407 nova-scheduler[96698]: DEBUG oslo.service.backend._threading.loopingcall [-] Fixed interval looping call 'nova.servicegroup.drivers.db.DbDriver._report_state' sleeping for 119.99 seconds {{(pid=96698) _run_loop /opt/stack/data/venv/lib/python3.12/site-packages/oslo_service/backend/_threading/loopingcall.py:125}}
Aug 04 09:50:27.197383 np0000006407 nova-scheduler[96726]: DEBUG oslo.service.backend._threading.loopingcall [-] Fixed interval looping call 'nova.servicegroup.drivers.db.DbDriver._report_state' sleeping for 119.99 seconds {{(pid=96726) _run_loop /opt/stack/data/venv/lib/python3.12/site-packages/oslo_service/backend/_threading/loopingcall.py:125}}
Aug 04 09:50:27.214678 np0000006407 nova-scheduler[96728]: DEBUG oslo.service.backend._threading.loopingcall [-] Fixed interval looping call 'nova.servicegroup.drivers.db.DbDriver._report_state' sleeping for 120.00 seconds {{(pid=96728) _run_loop /opt/stack/data/venv/lib/python3.12/site-packages/oslo_service/backend/_threading/loopingcall.py:125}}
Aug 04 09:50:32.173335 np0000006407 nova-scheduler[96698]: DEBUG nova.scheduler.manager [None req-05bcbb1c-4f8d-49d3-93f1-741ce1a457a5 tempest-ServersNegativeTestJSON-660918795 tempest-ServersNegativeTestJSON-660918795-project-member] Starting to schedule for instances: ['c14a0773-35fd-4b1e-8c61-cd862bac31b1'] {{(pid=96698) select_destinations /opt/stack/nova/nova/scheduler/manager.py:209}}
Aug 04 09:50:32.173820 np0000006407 nova-scheduler[96698]: DEBUG nova.scheduler.request_filter [None req-05bcbb1c-4f8d-49d3-93f1-741ce1a457a5 tempest-ServersNegativeTestJSON-660918795 tempest-ServersNegativeTestJSON-660918795-project-member] compute_status_filter request filter added forbidden trait COMPUTE_STATUS_DISABLED {{(pid=96698) compute_status_filter /opt/stack/nova/nova/scheduler/request_filter.py:253}}
Aug 04 09:50:32.173958 np0000006407 nova-scheduler[96698]: DEBUG nova.scheduler.request_filter [None req-05bcbb1c-4f8d-49d3-93f1-741ce1a457a5 tempest-ServersNegativeTestJSON-660918795 tempest-ServersNegativeTestJSON-660918795-project-member] Request filter 'compute_status_filter' took 0.0 seconds {{(pid=96698) wrapper /opt/stack/nova/nova/scheduler/request_filter.py:46}}
Aug 04 09:50:32.174180 np0000006407 nova-scheduler[96698]: DEBUG nova.scheduler.request_filter [None req-05bcbb1c-4f8d-49d3-93f1-741ce1a457a5 tempest-ServersNegativeTestJSON-660918795 tempest-ServersNegativeTestJSON-660918795-project-member] Request filter 'accelerators_filter' took 0.0 seconds {{(pid=96698) wrapper /opt/stack/nova/nova/scheduler/request_filter.py:46}}
Aug 04 09:50:32.174415 np0000006407 nova-scheduler[96698]: DEBUG nova.scheduler.request_filter [None req-05bcbb1c-4f8d-49d3-93f1-741ce1a457a5 tempest-ServersNegativeTestJSON-660918795 tempest-ServersNegativeTestJSON-660918795-project-member] Request filter 'packed_virtqueue_filter' took 0.0 seconds {{(pid=96698) wrapper /opt/stack/nova/nova/scheduler/request_filter.py:46}}
Aug 04 09:50:32.175687 np0000006407 nova-scheduler[96698]: DEBUG nova.scheduler.request_filter [None req-05bcbb1c-4f8d-49d3-93f1-741ce1a457a5 tempest-ServersNegativeTestJSON-660918795 tempest-ServersNegativeTestJSON-660918795-project-member] Request filter 'remote_managed_ports_filter' took 0.0 seconds {{(pid=96698) wrapper /opt/stack/nova/nova/scheduler/request_filter.py:46}}
Aug 04 09:50:32.175841 np0000006407 nova-scheduler[96698]: DEBUG nova.scheduler.request_filter [None req-05bcbb1c-4f8d-49d3-93f1-741ce1a457a5 tempest-ServersNegativeTestJSON-660918795 tempest-ServersNegativeTestJSON-660918795-project-member] ephemeral_encryption_filter skipped {{(pid=96698) ephemeral_encryption_filter /opt/stack/nova/nova/scheduler/request_filter.py:426}}
Aug 04 09:50:32.175966 np0000006407 nova-scheduler[96698]: DEBUG nova.scheduler.request_filter [None req-05bcbb1c-4f8d-49d3-93f1-741ce1a457a5 tempest-ServersNegativeTestJSON-660918795 tempest-ServersNegativeTestJSON-660918795-project-member] virtio_sound_filter skipped {{(pid=96698) virtio_sound_filter /opt/stack/nova/nova/scheduler/request_filter.py:460}}
Aug 04 09:50:32.176124 np0000006407 nova-scheduler[96698]: DEBUG nova.scheduler.request_filter [None req-05bcbb1c-4f8d-49d3-93f1-741ce1a457a5 tempest-ServersNegativeTestJSON-660918795 tempest-ServersNegativeTestJSON-660918795-project-member] tpm_secret_security_filter skipped {{(pid=96698) tpm_secret_security_filter /opt/stack/nova/nova/scheduler/request_filter.py:477}}
Aug 04 09:50:32.746470 np0000006407 nova-scheduler[96698]: INFO nova.utils [None req-05bcbb1c-4f8d-49d3-93f1-741ce1a457a5 tempest-ServersNegativeTestJSON-660918795 tempest-ServersNegativeTestJSON-660918795-project-member] The cell worker thread pool ForkProcess-2.cell_worker is initialized
Aug 04 09:50:32.746790 np0000006407 nova-scheduler[96698]: DEBUG oslo_concurrency.lockutils [None req-05bcbb1c-4f8d-49d3-93f1-741ce1a457a5 tempest-ServersNegativeTestJSON-660918795 tempest-ServersNegativeTestJSON-660918795-project-member] Acquiring lock "9bf43086-a6de-4656-9ad2-35f721b1b5b8" by "nova.context.set_target_cell..get_or_set_cached_cell_and_set_connections" {{(pid=96698) inner /opt/stack/data/venv/lib/python3.12/site-packages/oslo_concurrency/lockutils.py:512}}
Aug 04 09:50:32.746963 np0000006407 nova-scheduler[96698]: DEBUG oslo_concurrency.lockutils [None req-05bcbb1c-4f8d-49d3-93f1-741ce1a457a5 tempest-ServersNegativeTestJSON-660918795 tempest-ServersNegativeTestJSON-660918795-project-member] Lock "9bf43086-a6de-4656-9ad2-35f721b1b5b8" acquired by "nova.context.set_target_cell..get_or_set_cached_cell_and_set_connections" :: waited 0.000s {{(pid=96698) inner /opt/stack/data/venv/lib/python3.12/site-packages/oslo_concurrency/lockutils.py:525}}
Aug 04 09:50:32.748173 np0000006407 nova-scheduler[96698]: DEBUG oslo_concurrency.lockutils [None req-05bcbb1c-4f8d-49d3-93f1-741ce1a457a5 tempest-ServersNegativeTestJSON-660918795 tempest-ServersNegativeTestJSON-660918795-project-member] Lock "9bf43086-a6de-4656-9ad2-35f721b1b5b8" "released" by "nova.context.set_target_cell..get_or_set_cached_cell_and_set_connections" :: held 0.001s {{(pid=96698) inner /opt/stack/data/venv/lib/python3.12/site-packages/oslo_concurrency/lockutils.py:544}}
Aug 04 09:50:32.749995 np0000006407 nova-scheduler[96698]: INFO dbcounter [None req-05bcbb1c-4f8d-49d3-93f1-741ce1a457a5 tempest-ServersNegativeTestJSON-660918795 tempest-ServersNegativeTestJSON-660918795-project-member] Registered counter for database nova_cell1
Aug 04 09:50:32.788608 np0000006407 nova-scheduler[96698]: DEBUG oslo_db.sqlalchemy.engines [None req-05bcbb1c-4f8d-49d3-93f1-741ce1a457a5 tempest-ServersNegativeTestJSON-660918795 tempest-ServersNegativeTestJSON-660918795-project-member] MySQL server mode set to STRICT_TRANS_TABLES,STRICT_ALL_TABLES,NO_ZERO_IN_DATE,NO_ZERO_DATE,ERROR_FOR_DIVISION_BY_ZERO,TRADITIONAL,NO_ENGINE_SUBSTITUTION {{(pid=96698) _check_effective_sql_mode /opt/stack/data/venv/lib/python3.12/site-packages/oslo_db/sqlalchemy/engines.py:325}}
Aug 04 09:50:32.794723 np0000006407 nova-scheduler[96698]: DEBUG dbcounter [-] [96698] Writer thread running {{(pid=96698) stat_writer /opt/stack/data/venv/lib/python3.12/site-packages/dbcounter.py:102}}
Aug 04 09:50:32.805214 np0000006407 nova-scheduler[96698]: DEBUG oslo_db.sqlalchemy.engines [None req-05bcbb1c-4f8d-49d3-93f1-741ce1a457a5 tempest-ServersNegativeTestJSON-660918795 tempest-ServersNegativeTestJSON-660918795-project-member] Parent process 95444 forked (96698) with an open database connection, which is being discarded and recreated. {{(pid=96698) checkout /opt/stack/data/venv/lib/python3.12/site-packages/oslo_db/sqlalchemy/engines.py:402}}
Aug 04 09:50:32.846358 np0000006407 nova-scheduler[96698]: DEBUG dbcounter [-] [96698] Writer thread running {{(pid=96698) stat_writer /opt/stack/data/venv/lib/python3.12/site-packages/dbcounter.py:102}}
Aug 04 09:50:32.851744 np0000006407 nova-scheduler[96698]: DEBUG oslo_concurrency.lockutils [None req-05bcbb1c-4f8d-49d3-93f1-741ce1a457a5 tempest-ServersNegativeTestJSON-660918795 tempest-ServersNegativeTestJSON-660918795-project-member] Acquiring lock "9bf43086-a6de-4656-9ad2-35f721b1b5b8" by "nova.context.set_target_cell..get_or_set_cached_cell_and_set_connections" {{(pid=96698) inner /opt/stack/data/venv/lib/python3.12/site-packages/oslo_concurrency/lockutils.py:512}}
Aug 04 09:50:32.851927 np0000006407 nova-scheduler[96698]: DEBUG oslo_concurrency.lockutils [None req-05bcbb1c-4f8d-49d3-93f1-741ce1a457a5 tempest-ServersNegativeTestJSON-660918795 tempest-ServersNegativeTestJSON-660918795-project-member] Lock "9bf43086-a6de-4656-9ad2-35f721b1b5b8" acquired by "nova.context.set_target_cell..get_or_set_cached_cell_and_set_connections" :: waited 0.000s {{(pid=96698) inner /opt/stack/data/venv/lib/python3.12/site-packages/oslo_concurrency/lockutils.py:525}}
Aug 04 09:50:32.852193 np0000006407 nova-scheduler[96698]: DEBUG oslo_concurrency.lockutils [None req-05bcbb1c-4f8d-49d3-93f1-741ce1a457a5 tempest-ServersNegativeTestJSON-660918795 tempest-ServersNegativeTestJSON-660918795-project-member] Lock "9bf43086-a6de-4656-9ad2-35f721b1b5b8" "released" by "nova.context.set_target_cell..get_or_set_cached_cell_and_set_connections" :: held 0.000s {{(pid=96698) inner /opt/stack/data/venv/lib/python3.12/site-packages/oslo_concurrency/lockutils.py:544}}
