Aug 04 09:47:55.743401 np0000006407 devstack@neutron-api.service[90859]: DEBUG neutron.api.extensions [None req-59af8302-f93c-4f2a-9f02-7091602c5418 None None] Ext name="Network IP Availability Details Extension" alias="network-ip-availability-details" description="Add ip_availability_details attribute to network-ip-availabilities resource." updated="2025-10-31T00:00:00-00:00" {{(pid=90859) _check_extension /opt/stack/neutron/neutron/api/extensions.py:415}}
Aug 04 09:47:55.743498 np0000006407 devstack@neutron-api.service[90858]: DEBUG neutron.api.extensions [None req-cf835bd0-9905-4898-af91-3069fb8a4cd3 None None] Ext name="Neutron L3 Router" alias="router" description="Router abstraction for basic L3 forwarding between L2 Neutron networks and access to external networks via a NAT gateway." updated="2012-07-20T10:00:00-00:00" {{(pid=90858) _check_extension /opt/stack/neutron/neutron/api/extensions.py:415}}
Aug 04 09:47:55.743622 np0000006407 devstack@neutron-api.service[90859]: INFO neutron.api.extensions [None req-59af8302-f93c-4f2a-9f02-7091602c5418 None None] Loaded extension: network-ip-availability-details
Aug 04 09:47:55.743677 np0000006407 devstack@neutron-api.service[90858]: INFO neutron.api.extensions [None req-cf835bd0-9905-4898-af91-3069fb8a4cd3 None None] Loaded extension: router
Aug 04 09:47:55.743718 np0000006407 devstack@neutron-api.service[90859]: DEBUG neutron.api.extensions [None req-59af8302-f93c-4f2a-9f02-7091602c5418 None None] Loading extension file: network_segment_range.py {{(pid=90859) _load_all_extensions_from_path /opt/stack/neutron/neutron/api/extensions.py:449}}
Aug 04 09:47:55.743750 np0000006407 devstack@neutron-api.service[90858]: DEBUG neutron.api.extensions [None req-cf835bd0-9905-4898-af91-3069fb8a4cd3 None None] Loading extension file: l3_agent_scheduler_ha_chassis_priority.py {{(pid=90858) _load_all_extensions_from_path /opt/stack/neutron/neutron/api/extensions.py:449}}
Aug 04 09:47:55.743775 np0000006407 devstack@neutron-api.service[90856]: DEBUG neutron_lib.callbacks.manager [None req-2920c9d3-831c-4c44-8878-359d5274aa63 None None] Subscribe: > router before_delete 55550000, False {{(pid=90856) subscribe /opt/stack/data/venv/lib/python3.12/site-packages/neutron_lib/callbacks/manager.py:52}}
Aug 04 09:47:55.743931 np0000006407 devstack@neutron-api.service[90856]: DEBUG neutron_lib.callbacks.manager [None req-2920c9d3-831c-4c44-8878-359d5274aa63 None None] Subscribe: port before_update 55550000, False {{(pid=90856) subscribe /opt/stack/data/venv/lib/python3.12/site-packages/neutron_lib/callbacks/manager.py:52}}
Aug 04 09:47:55.743972 np0000006407 devstack@neutron-api.service[90858]: DEBUG neutron.api.extensions [None req-cf835bd0-9905-4898-af91-3069fb8a4cd3 None None] Ext name="L3 Agent Scheduler HA Chassis Priority" alias="l3-agent-scheduler-ha-chassis-priority" description="Exposes the HA_Chassis priority in the L3 Agent Scheduler API responses and allows setting priority when scheduling a router to a chassis." updated="2026-03-31T00:00:00-00:00" {{(pid=90858) _check_extension /opt/stack/neutron/neutron/api/extensions.py:415}}
Aug 04 09:47:55.744035 np0000006407 devstack@neutron-api.service[90859]: DEBUG neutron.api.extensions [None req-59af8302-f93c-4f2a-9f02-7091602c5418 None None] Ext name="Neutron Network Segment Range" alias="network-segment-range" description="Provides support for the network segment range management" updated="2018-11-29T00:00:00-00:00" {{(pid=90859) _check_extension /opt/stack/neutron/neutron/api/extensions.py:415}}
Aug 04 09:47:55.744072 np0000006407 devstack@neutron-api.service[90856]: DEBUG neutron_lib.callbacks.manager [None req-2920c9d3-831c-4c44-8878-359d5274aa63 None None] Subscribe: port after_update 55550000, False {{(pid=90856) subscribe /opt/stack/data/venv/lib/python3.12/site-packages/neutron_lib/callbacks/manager.py:52}}
Aug 04 09:47:55.744175 np0000006407 devstack@neutron-api.service[90856]: DEBUG neutron_lib.callbacks.manager [None req-2920c9d3-831c-4c44-8878-359d5274aa63 None None] Subscribe: > port precommit_delete 55550000, False {{(pid=90856) subscribe /opt/stack/data/venv/lib/python3.12/site-packages/neutron_lib/callbacks/manager.py:52}}
Aug 04 09:47:55.744214 np0000006407 devstack@neutron-api.service[90858]: INFO neutron.api.extensions [None req-cf835bd0-9905-4898-af91-3069fb8a4cd3 None None] Loaded extension: l3-agent-scheduler-ha-chassis-priority
Aug 04 09:47:55.744239 np0000006407 devstack@neutron-api.service[90859]: INFO neutron.api.extensions [None req-59af8302-f93c-4f2a-9f02-7091602c5418 None None] Extension network-segment-range not supported by any of loaded plugins
Aug 04 09:47:55.744265 np0000006407 devstack@neutron-api.service[90858]: DEBUG neutron.api.extensions [None req-cf835bd0-9905-4898-af91-3069fb8a4cd3 None None] Loading extension file: l3_conntrack_helper.py {{(pid=90858) _load_all_extensions_from_path /opt/stack/neutron/neutron/api/extensions.py:449}}
Aug 04 09:47:55.744296 np0000006407 devstack@neutron-api.service[90856]: DEBUG neutron_lib.callbacks.manager [None req-2920c9d3-831c-4c44-8878-359d5274aa63 None None] Subscribe: port before_update 55550000, False {{(pid=90856) subscribe /opt/stack/data/venv/lib/python3.12/site-packages/neutron_lib/callbacks/manager.py:52}}
Aug 04 09:47:55.744323 np0000006407 devstack@neutron-api.service[90859]: DEBUG neutron.api.extensions [None req-59af8302-f93c-4f2a-9f02-7091602c5418 None None] Loading extension file: pagination.py {{(pid=90859) _load_all_extensions_from_path /opt/stack/neutron/neutron/api/extensions.py:449}}
Aug 04 09:47:55.744381 np0000006407 devstack@neutron-api.service[90856]: DEBUG neutron_lib.callbacks.manager [None req-2920c9d3-831c-4c44-8878-359d5274aa63 None None] Subscribe: port before_delete 55550000, False {{(pid=90856) subscribe /opt/stack/data/venv/lib/python3.12/site-packages/neutron_lib/callbacks/manager.py:52}}
Aug 04 09:47:55.744512 np0000006407 devstack@neutron-api.service[90856]: DEBUG neutron_lib.callbacks.manager [None req-2920c9d3-831c-4c44-8878-359d5274aa63 None None] Subscribe: > router precommit_create 55550000, False {{(pid=90856) subscribe /opt/stack/data/venv/lib/python3.12/site-packages/neutron_lib/callbacks/manager.py:52}}
Aug 04 09:47:55.744557 np0000006407 devstack@neutron-api.service[90859]: DEBUG neutron.api.extensions [None req-59af8302-f93c-4f2a-9f02-7091602c5418 None None] Ext name="Pagination support" alias="pagination" description="Extension that indicates that pagination is enabled." updated="2016-06-12T00:00:00-00:00" {{(pid=90859) _check_extension /opt/stack/neutron/neutron/api/extensions.py:415}}
Aug 04 09:47:55.744627 np0000006407 devstack@neutron-api.service[90856]: DEBUG neutron_lib.callbacks.manager [None req-2920c9d3-831c-4c44-8878-359d5274aa63 None None] Subscribe: > router precommit_create 55550000, False {{(pid=90856) subscribe /opt/stack/data/venv/lib/python3.12/site-packages/neutron_lib/callbacks/manager.py:52}}
Aug 04 09:47:55.744659 np0000006407 devstack@neutron-api.service[90859]: INFO neutron.api.extensions [None req-59af8302-f93c-4f2a-9f02-7091602c5418 None None] Loaded extension: pagination
Aug 04 09:47:55.744708 np0000006407 devstack@neutron-api.service[90859]: DEBUG neutron.api.extensions [None req-59af8302-f93c-4f2a-9f02-7091602c5418 None None] Loading extension file: port_device_profile.py {{(pid=90859) _load_all_extensions_from_path /opt/stack/neutron/neutron/api/extensions.py:449}}
Aug 04 09:47:55.744735 np0000006407 devstack@neutron-api.service[90856]: DEBUG neutron_lib.callbacks.manager [None req-2920c9d3-831c-4c44-8878-359d5274aa63 None None] Subscribe: > router precommit_update 55550000, False {{(pid=90856) subscribe /opt/stack/data/venv/lib/python3.12/site-packages/neutron_lib/callbacks/manager.py:52}}
Aug 04 09:47:55.744845 np0000006407 devstack@neutron-api.service[90856]: DEBUG neutron_lib.callbacks.manager [None req-2920c9d3-831c-4c44-8878-359d5274aa63 None None] Subscribe: subnet after_update 55550000, False {{(pid=90856) subscribe /opt/stack/data/venv/lib/python3.12/site-packages/neutron_lib/callbacks/manager.py:52}}
Aug 04 09:47:55.744925 np0000006407 devstack@neutron-api.service[90859]: DEBUG neutron.api.extensions [None req-59af8302-f93c-4f2a-9f02-7091602c5418 None None] Ext name="Port device profile" alias="port-device-profile" description="Expose the port device profile (Cyborg)" updated="2020-12-17T10:00:00-00:00" {{(pid=90859) _check_extension /opt/stack/neutron/neutron/api/extensions.py:415}}
Aug 04 09:47:55.744955 np0000006407 devstack@neutron-api.service[90858]: DEBUG neutron.api.extensions [None req-cf835bd0-9905-4898-af91-3069fb8a4cd3 None None] Ext name="L3 Conntrack helper" alias="l3-conntrack-helper" description="Allow adding CT target rules for conntrack helper" updated="2019-04-04T10:00:00-00:00" {{(pid=90858) _check_extension /opt/stack/neutron/neutron/api/extensions.py:415}}
Aug 04 09:47:55.745066 np0000006407 devstack@neutron-api.service[90856]: DEBUG neutron.quota.resource_registry [None req-2920c9d3-831c-4c44-8878-359d5274aa63 None None] Tracking information for resource: router configured {{(pid=90856) set_tracked_resource /opt/stack/neutron/neutron/quota/resource_registry.py:203}}
Aug 04 09:47:55.745118 np0000006407 devstack@neutron-api.service[90859]: INFO neutron.api.extensions [None req-59af8302-f93c-4f2a-9f02-7091602c5418 None None] Loaded extension: port-device-profile
Aug 04 09:47:55.745169 np0000006407 devstack@neutron-api.service[90858]: INFO neutron.api.extensions [None req-cf835bd0-9905-4898-af91-3069fb8a4cd3 None None] Extension l3-conntrack-helper not supported by any of loaded plugins
Aug 04 09:47:55.745212 np0000006407 devstack@neutron-api.service[90859]: DEBUG neutron.api.extensions [None req-59af8302-f93c-4f2a-9f02-7091602c5418 None None] Loading extension file: port_hardware_offload_type.py {{(pid=90859) _load_all_extensions_from_path /opt/stack/neutron/neutron/api/extensions.py:449}}
Aug 04 09:47:55.745254 np0000006407 devstack@neutron-api.service[90856]: DEBUG neutron.quota.resource_registry [None req-2920c9d3-831c-4c44-8878-359d5274aa63 None None] Tracking information for resource: floatingip configured {{(pid=90856) set_tracked_resource /opt/stack/neutron/neutron/quota/resource_registry.py:203}}
Aug 04 09:47:55.745293 np0000006407 devstack@neutron-api.service[90856]: INFO neutron.services.ovn_l3.plugin [None req-2920c9d3-831c-4c44-8878-359d5274aa63 None None] Starting OVNL3RouterPlugin
Aug 04 09:47:55.745335 np0000006407 devstack@neutron-api.service[90858]: DEBUG neutron.api.extensions [None req-cf835bd0-9905-4898-af91-3069fb8a4cd3 None None] Loading extension file: l3_enable_default_route_bfd.py {{(pid=90858) _load_all_extensions_from_path /opt/stack/neutron/neutron/api/extensions.py:449}}
Aug 04 09:47:55.745375 np0000006407 devstack@neutron-api.service[90859]: DEBUG neutron.api.extensions [None req-59af8302-f93c-4f2a-9f02-7091602c5418 None None] Ext name="Port hardware offload" alias="port-hardware-offload-type" description="Expose port hardware offload extension" updated="2023-05-09T10:00:00-00:00" {{(pid=90859) _check_extension /opt/stack/neutron/neutron/api/extensions.py:415}}
Aug 04 09:47:55.745547 np0000006407 devstack@neutron-api.service[90856]: DEBUG neutron_lib.callbacks.manager [None req-2920c9d3-831c-4c44-8878-359d5274aa63 None None] Subscribe: > port_forwarding_plugin after_init 55550000, False {{(pid=90856) subscribe /opt/stack/data/venv/lib/python3.12/site-packages/neutron_lib/callbacks/manager.py:52}}
Aug 04 09:47:55.745618 np0000006407 devstack@neutron-api.service[90858]: DEBUG neutron.api.extensions [None req-cf835bd0-9905-4898-af91-3069fb8a4cd3 None None] Ext name="Enable Default Route BFD" alias="enable-default-route-bfd" description="Enables configurable BFD behavior for default routes" updated="2023-02-27T00:00:00-00:00" {{(pid=90858) _check_extension /opt/stack/neutron/neutron/api/extensions.py:415}}
Aug 04 09:47:55.745661 np0000006407 devstack@neutron-api.service[90859]: INFO neutron.api.extensions [None req-59af8302-f93c-4f2a-9f02-7091602c5418 None None] Extension port-hardware-offload-type not supported by any of loaded plugins
Aug 04 09:47:55.745661 np0000006407 devstack@neutron-api.service[90859]: DEBUG neutron.api.extensions [None req-59af8302-f93c-4f2a-9f02-7091602c5418 None None] Loading extension file: port_hint_ovs_tx_steering.py {{(pid=90859) _load_all_extensions_from_path /opt/stack/neutron/neutron/api/extensions.py:449}}
Aug 04 09:47:55.745725 np0000006407 devstack@neutron-api.service[90858]: INFO neutron.api.extensions [None req-cf835bd0-9905-4898-af91-3069fb8a4cd3 None None] Loaded extension: enable-default-route-bfd
Aug 04 09:47:55.745752 np0000006407 devstack@neutron-api.service[90856]: DEBUG neutron_lib.callbacks.manager [None req-2920c9d3-831c-4c44-8878-359d5274aa63 None None] Subscribe: > router before_create 55550100, False {{(pid=90856) subscribe /opt/stack/data/venv/lib/python3.12/site-packages/neutron_lib/callbacks/manager.py:52}}
Aug 04 09:47:55.745810 np0000006407 devstack@neutron-api.service[90858]: DEBUG neutron.api.extensions [None req-cf835bd0-9905-4898-af91-3069fb8a4cd3 None None] Loading extension file: l3_enable_default_route_ecmp.py {{(pid=90858) _load_all_extensions_from_path /opt/stack/neutron/neutron/api/extensions.py:449}}
Aug 04 09:47:55.745859 np0000006407 devstack@neutron-api.service[90856]: DEBUG neutron_lib.callbacks.manager [None req-2920c9d3-831c-4c44-8878-359d5274aa63 None None] Subscribe: > router precommit_delete 55550100, False {{(pid=90856) subscribe /opt/stack/data/venv/lib/python3.12/site-packages/neutron_lib/callbacks/manager.py:52}}
Aug 04 09:47:55.745893 np0000006407 devstack@neutron-api.service[90859]: DEBUG neutron.api.extensions [None req-59af8302-f93c-4f2a-9f02-7091602c5418 None None] Ext name="Port hint: Open vSwitch Tx steering" alias="port-hint-ovs-tx-steering" description="Enable Port hint: Open vSwitch Tx steering" updated="2023-01-01T00:00:00-00:00" {{(pid=90859) _check_extension /opt/stack/neutron/neutron/api/extensions.py:415}}
Aug 04 09:47:55.745973 np0000006407 devstack@neutron-api.service[90856]: DEBUG neutron_lib.callbacks.manager [None req-2920c9d3-831c-4c44-8878-359d5274aa63 None None] Subscribe: > router precommit_create 55550100, False {{(pid=90856) subscribe /opt/stack/data/venv/lib/python3.12/site-packages/neutron_lib/callbacks/manager.py:52}}
Aug 04 09:47:55.746020 np0000006407 devstack@neutron-api.service[90859]: INFO neutron.api.extensions [None req-59af8302-f93c-4f2a-9f02-7091602c5418 None None] Extension port-hint-ovs-tx-steering not supported by any of loaded plugins
Aug 04 09:47:55.746054 np0000006407 devstack@neutron-api.service[90858]: DEBUG neutron.api.extensions [None req-cf835bd0-9905-4898-af91-3069fb8a4cd3 None None] Ext name="Enable Default Route ECMP" alias="enable-default-route-ecmp" description="Enables configurable ECMP behavior for default routes" updated="2023-02-27T00:00:00-00:00" {{(pid=90858) _check_extension /opt/stack/neutron/neutron/api/extensions.py:415}}
Aug 04 09:47:55.746104 np0000006407 devstack@neutron-api.service[90856]: DEBUG neutron_lib.callbacks.manager [None req-2920c9d3-831c-4c44-8878-359d5274aa63 None None] Subscribe: > router precommit_update 55550100, False {{(pid=90856) subscribe /opt/stack/data/venv/lib/python3.12/site-packages/neutron_lib/callbacks/manager.py:52}}
Aug 04 09:47:55.746222 np0000006407 devstack@neutron-api.service[90859]: DEBUG neutron.api.extensions [None req-59af8302-f93c-4f2a-9f02-7091602c5418 None None] Loading extension file: port_hints.py {{(pid=90859) _load_all_extensions_from_path /opt/stack/neutron/neutron/api/extensions.py:449}}
Aug 04 09:47:55.746270 np0000006407 devstack@neutron-api.service[90858]: INFO neutron.api.extensions [None req-cf835bd0-9905-4898-af91-3069fb8a4cd3 None None] Loaded extension: enable-default-route-ecmp
Aug 04 09:47:55.746337 np0000006407 devstack@neutron-api.service[90859]: DEBUG neutron.api.extensions [None req-59af8302-f93c-4f2a-9f02-7091602c5418 None None] Ext name="Port hints" alias="port-hints" description="Backend specific port hints to allow backend specific tuning" updated="2023-01-01T00:00:00-00:00" {{(pid=90859) _check_extension /opt/stack/neutron/neutron/api/extensions.py:415}}
Aug 04 09:47:55.746371 np0000006407 devstack@neutron-api.service[90858]: DEBUG neutron.api.extensions [None req-cf835bd0-9905-4898-af91-3069fb8a4cd3 None None] Loading extension file: l3_ext_gw_mode.py {{(pid=90858) _load_all_extensions_from_path /opt/stack/neutron/neutron/api/extensions.py:449}}
Aug 04 09:47:55.746500 np0000006407 devstack@neutron-api.service[90859]: INFO neutron.api.extensions [None req-59af8302-f93c-4f2a-9f02-7091602c5418 None None] Extension port-hints not supported by any of loaded plugins
Aug 04 09:47:55.746583 np0000006407 devstack@neutron-api.service[90859]: DEBUG neutron.api.extensions [None req-59af8302-f93c-4f2a-9f02-7091602c5418 None None] Loading extension file: port_mac_address_override.py {{(pid=90859) _load_all_extensions_from_path /opt/stack/neutron/neutron/api/extensions.py:449}}
Aug 04 09:47:55.746613 np0000006407 devstack@neutron-api.service[90858]: DEBUG neutron.api.extensions [None req-cf835bd0-9905-4898-af91-3069fb8a4cd3 None None] Ext name="Neutron L3 Configurable external gateway mode" alias="ext-gw-mode" description="Extension of the router abstraction for specifying whether SNAT should occur on the external gateway" updated="2013-03-28T10:00:00-00:00" {{(pid=90858) _check_extension /opt/stack/neutron/neutron/api/extensions.py:415}}
Aug 04 09:47:55.746750 np0000006407 devstack@neutron-api.service[90858]: INFO neutron.api.extensions [None req-cf835bd0-9905-4898-af91-3069fb8a4cd3 None None] Loaded extension: ext-gw-mode
Aug 04 09:47:55.746801 np0000006407 devstack@neutron-api.service[90859]: DEBUG neutron.api.extensions [None req-59af8302-f93c-4f2a-9f02-7091602c5418 None None] Ext name="Neutron Port MAC address override" alias="port-mac-override" description="Allow overriding the MAC address of a direct-physical Port via the active binding profile" updated="2022-03-18T10:00:00-00:00" {{(pid=90859) _check_extension /opt/stack/neutron/neutron/api/extensions.py:415}}
Aug 04 09:47:55.746831 np0000006407 devstack@neutron-api.service[90858]: DEBUG neutron.api.extensions [None req-cf835bd0-9905-4898-af91-3069fb8a4cd3 None None] Loading extension file: l3_ext_ha_mode.py {{(pid=90858) _load_all_extensions_from_path /opt/stack/neutron/neutron/api/extensions.py:449}}
Aug 04 09:47:55.746944 np0000006407 devstack@neutron-api.service[90859]: INFO neutron.api.extensions [None req-59af8302-f93c-4f2a-9f02-7091602c5418 None None] Extension port-mac-override not supported by any of loaded plugins
Aug 04 09:47:55.747023 np0000006407 devstack@neutron-api.service[90859]: DEBUG neutron.api.extensions [None req-59af8302-f93c-4f2a-9f02-7091602c5418 None None] Loading extension file: port_mac_address_regenerate.py {{(pid=90859) _load_all_extensions_from_path /opt/stack/neutron/neutron/api/extensions.py:449}}
Aug 04 09:47:55.747054 np0000006407 devstack@neutron-api.service[90858]: DEBUG neutron.api.extensions [None req-cf835bd0-9905-4898-af91-3069fb8a4cd3 None None] Ext name="HA Router extension" alias="l3-ha" description="Adds HA capability to routers." updated="2014-04-26T00:00:00-00:00" {{(pid=90858) _check_extension /opt/stack/neutron/neutron/api/extensions.py:415}}
Aug 04 09:47:55.747248 np0000006407 devstack@neutron-api.service[90858]: INFO neutron.api.extensions [None req-cf835bd0-9905-4898-af91-3069fb8a4cd3 None None] Loaded extension: l3-ha
Aug 04 09:47:55.747285 np0000006407 devstack@neutron-api.service[90859]: DEBUG neutron.api.extensions [None req-59af8302-f93c-4f2a-9f02-7091602c5418 None None] Ext name="Neutron Port MAC address regenerate" alias="port-mac-address-regenerate" description="Network port MAC address regenerate" updated="2018-05-03T10:00:00-00:00" {{(pid=90859) _check_extension /opt/stack/neutron/neutron/api/extensions.py:415}}
Aug 04 09:47:55.747339 np0000006407 devstack@neutron-api.service[90858]: DEBUG neutron.api.extensions [None req-cf835bd0-9905-4898-af91-3069fb8a4cd3 None None] Loading extension file: l3_ext_ndp_proxy.py {{(pid=90858) _load_all_extensions_from_path /opt/stack/neutron/neutron/api/extensions.py:449}}
Aug 04 09:47:55.747398 np0000006407 devstack@neutron-api.service[90859]: INFO neutron.api.extensions [None req-59af8302-f93c-4f2a-9f02-7091602c5418 None None] Loaded extension: port-mac-address-regenerate
Aug 04 09:47:55.747499 np0000006407 devstack@neutron-api.service[90859]: DEBUG neutron.api.extensions [None req-59af8302-f93c-4f2a-9f02-7091602c5418 None None] Loading extension file: port_numa_affinity_policy.py {{(pid=90859) _load_all_extensions_from_path /opt/stack/neutron/neutron/api/extensions.py:449}}
Aug 04 09:47:55.747587 np0000006407 devstack@neutron-api.service[90858]: DEBUG neutron.api.extensions [None req-cf835bd0-9905-4898-af91-3069fb8a4cd3 None None] Ext name="Router support to enable NDP proxy" alias="l3-ext-ndp-proxy" description="Router extension to enable ndp proxy" updated="2020-08-25T00:00:00-00:00" {{(pid=90858) _check_extension /opt/stack/neutron/neutron/api/extensions.py:415}}
Aug 04 09:47:55.747715 np0000006407 devstack@neutron-api.service[90859]: DEBUG neutron.api.extensions [None req-59af8302-f93c-4f2a-9f02-7091602c5418 None None] Ext name="Port NUMA affinity policy" alias="port-numa-affinity-policy" description="Expose the port NUMA affinity policy" updated="2020-07-08T10:00:00-00:00" {{(pid=90859) _check_extension /opt/stack/neutron/neutron/api/extensions.py:415}}
Aug 04 09:47:55.747743 np0000006407 devstack@neutron-api.service[90858]: INFO neutron.api.extensions [None req-cf835bd0-9905-4898-af91-3069fb8a4cd3 None None] Extension l3-ext-ndp-proxy not supported by any of loaded plugins
Aug 04 09:47:55.747824 np0000006407 devstack@neutron-api.service[90858]: DEBUG neutron.api.extensions [None req-cf835bd0-9905-4898-af91-3069fb8a4cd3 None None] Loading extension file: l3_extra_gws.py {{(pid=90858) _load_all_extensions_from_path /opt/stack/neutron/neutron/api/extensions.py:449}}
Aug 04 09:47:55.747854 np0000006407 devstack@neutron-api.service[90859]: INFO neutron.api.extensions [None req-59af8302-f93c-4f2a-9f02-7091602c5418 None None] Loaded extension: port-numa-affinity-policy
Aug 04 09:47:55.747928 np0000006407 devstack@neutron-api.service[90859]: DEBUG neutron.api.extensions [None req-59af8302-f93c-4f2a-9f02-7091602c5418 None None] Loading extension file: port_numa_affinity_policy_socket.py {{(pid=90859) _load_all_extensions_from_path /opt/stack/neutron/neutron/api/extensions.py:449}}
Aug 04 09:47:55.748042 np0000006407 devstack@neutron-api.service[90858]: DEBUG neutron.api.extensions [None req-cf835bd0-9905-4898-af91-3069fb8a4cd3 None None] Ext name="Neutron L3 External Gateway Multihoming" alias="external-gateway-multihoming" description="Allow multiple external gateway ports per router" updated="2023-01-18T00:00:00-00:00" {{(pid=90858) _check_extension /opt/stack/neutron/neutron/api/extensions.py:415}}
Aug 04 09:47:55.748169 np0000006407 devstack@neutron-api.service[90859]: DEBUG neutron.api.extensions [None req-59af8302-f93c-4f2a-9f02-7091602c5418 None None] Ext name="Port NUMA affinity policy "socket"" alias="port-numa-affinity-policy-socket" description="Adds "socket" to the supported port NUMA affinity policies" updated="2024-02-09T10:00:00-00:00" {{(pid=90859) _check_extension /opt/stack/neutron/neutron/api/extensions.py:415}}
Aug 04 09:47:55.748212 np0000006407 devstack@neutron-api.service[90858]: INFO neutron.api.extensions [None req-cf835bd0-9905-4898-af91-3069fb8a4cd3 None None] Loaded extension: external-gateway-multihoming
Aug 04 09:47:55.748300 np0000006407 devstack@neutron-api.service[90858]: DEBUG neutron.api.extensions [None req-cf835bd0-9905-4898-af91-3069fb8a4cd3 None None] Loading extension file: l3_flavors.py {{(pid=90858) _load_all_extensions_from_path /opt/stack/neutron/neutron/api/extensions.py:449}}
Aug 04 09:47:55.748326 np0000006407 devstack@neutron-api.service[90859]: INFO neutron.api.extensions [None req-59af8302-f93c-4f2a-9f02-7091602c5418 None None] Loaded extension: port-numa-affinity-policy-socket
Aug 04 09:47:55.748404 np0000006407 devstack@neutron-api.service[90859]: DEBUG neutron.api.extensions [None req-59af8302-f93c-4f2a-9f02-7091602c5418 None None] Loading extension file: port_resource_request.py {{(pid=90859) _load_all_extensions_from_path /opt/stack/neutron/neutron/api/extensions.py:449}}
Aug 04 09:47:55.748721 np0000006407 devstack@neutron-api.service[90858]: DEBUG neutron.api.extensions [None req-cf835bd0-9905-4898-af91-3069fb8a4cd3 None None] Ext name="Router Flavor Extension" alias="l3-flavors" description="Flavor support for routers." updated="2016-05-17T00:00:00-00:00" {{(pid=90858) _check_extension /opt/stack/neutron/neutron/api/extensions.py:415}}
Aug 04 09:47:55.748796 np0000006407 devstack@neutron-api.service[90859]: DEBUG neutron.api.extensions [None req-59af8302-f93c-4f2a-9f02-7091602c5418 None None] Ext name="Port Resource Request" alias="port-resource-request" description="Expose resource request to Port" updated="2018-05-08T10:00:00-00:00" {{(pid=90859) _check_extension /opt/stack/neutron/neutron/api/extensions.py:415}}
Aug 04 09:47:55.748942 np0000006407 devstack@neutron-api.service[90859]: INFO neutron.api.extensions [None req-59af8302-f93c-4f2a-9f02-7091602c5418 None None] Extension port-resource-request not supported by any of loaded plugins
Aug 04 09:47:55.749053 np0000006407 devstack@neutron-api.service[90858]: INFO neutron.api.extensions [None req-cf835bd0-9905-4898-af91-3069fb8a4cd3 None None] Loaded extension: l3-flavors
Aug 04 09:47:55.749095 np0000006407 devstack@neutron-api.service[90859]: DEBUG neutron.api.extensions [None req-59af8302-f93c-4f2a-9f02-7091602c5418 None None] Loading extension file: port_resource_request_groups.py {{(pid=90859) _load_all_extensions_from_path /opt/stack/neutron/neutron/api/extensions.py:449}}
Aug 04 09:47:55.749125 np0000006407 devstack@neutron-api.service[90858]: DEBUG neutron.api.extensions [None req-cf835bd0-9905-4898-af91-3069fb8a4cd3 None None] Loading extension file: l3_ndp_proxy.py {{(pid=90858) _load_all_extensions_from_path /opt/stack/neutron/neutron/api/extensions.py:449}}
Aug 04 09:47:55.749379 np0000006407 devstack@neutron-api.service[90859]: DEBUG neutron.api.extensions [None req-59af8302-f93c-4f2a-9f02-7091602c5418 None None] Ext name="Port Resource Request Groups" alias="port-resource-request-groups" description="Support requesting multiple groups of resources and traits from the same RP subtree in resource_request" updated="2021-08-02T10:00:00-00:00" {{(pid=90859) _check_extension /opt/stack/neutron/neutron/api/extensions.py:415}}
Aug 04 09:47:55.749515 np0000006407 devstack@neutron-api.service[90858]: DEBUG neutron.api.extensions [None req-cf835bd0-9905-4898-af91-3069fb8a4cd3 None None] Ext name="name" alias="l3-ndp-proxy" description="description" updated="2021-06-29T10:00:00-00:00" {{(pid=90858) _check_extension /opt/stack/neutron/neutron/api/extensions.py:415}}
Aug 04 09:47:55.749642 np0000006407 devstack@neutron-api.service[90859]: INFO neutron.api.extensions [None req-59af8302-f93c-4f2a-9f02-7091602c5418 None None] Extension port-resource-request-groups not supported by any of loaded plugins
Aug 04 09:47:55.749703 np0000006407 devstack@neutron-api.service[90858]: INFO neutron.api.extensions [None req-cf835bd0-9905-4898-af91-3069fb8a4cd3 None None] Extension l3-ndp-proxy not supported by any of loaded plugins
Aug 04 09:47:55.749757 np0000006407 devstack@neutron-api.service[90859]: DEBUG neutron.api.extensions [None req-59af8302-f93c-4f2a-9f02-7091602c5418 None None] Loading extension file: port_trusted_vif.py {{(pid=90859) _load_all_extensions_from_path /opt/stack/neutron/neutron/api/extensions.py:449}}
Aug 04 09:47:55.749797 np0000006407 devstack@neutron-api.service[90858]: DEBUG neutron.api.extensions [None req-cf835bd0-9905-4898-af91-3069fb8a4cd3 None None] Loading extension file: l3_port_ip_change_not_allowed.py {{(pid=90858) _load_all_extensions_from_path /opt/stack/neutron/neutron/api/extensions.py:449}}
Aug 04 09:47:55.749957 np0000006407 devstack@neutron-api.service[90856]: DEBUG neutron.services.provider_configuration [None req-2920c9d3-831c-4c44-8878-359d5274aa63 None None] Service providers = [] {{(pid=90856) parse_service_provider_opt /opt/stack/neutron/neutron/services/provider_configuration.py:170}}
Aug 04 09:47:55.750004 np0000006407 devstack@neutron-api.service[90859]: DEBUG neutron.api.extensions [None req-59af8302-f93c-4f2a-9f02-7091602c5418 None None] Ext name="Port trusted vif" alias="port-trusted-vif" description="Expose port 'trusted' attribute in the API" updated="2024-07-10T10:00:00-00:00" {{(pid=90859) _check_extension /opt/stack/neutron/neutron/api/extensions.py:415}}
Aug 04 09:47:55.750037 np0000006407 devstack@neutron-api.service[90858]: DEBUG neutron.api.extensions [None req-cf835bd0-9905-4898-af91-3069fb8a4cd3 None None] Ext name="Prevent L3 router ports IP address change extension" alias="l3-port-ip-change-not-allowed" description="Prevent change of IP address for some L3 router ports" updated="2018-10-09T10:00:00-00:00" {{(pid=90858) _check_extension /opt/stack/neutron/neutron/api/extensions.py:415}}
Aug 04 09:47:55.750069 np0000006407 devstack@neutron-api.service[90856]: DEBUG neutron.db.servicetype_db [None req-2920c9d3-831c-4c44-8878-359d5274aa63 None None] Adding provider configuration for service L3_ROUTER_NAT {{(pid=90856) add_provider_configuration /opt/stack/neutron/neutron/db/servicetype_db.py:45}}
Aug 04 09:47:55.750121 np0000006407 devstack@neutron-api.service[90859]: INFO neutron.api.extensions [None req-59af8302-f93c-4f2a-9f02-7091602c5418 None None] Extension port-trusted-vif not supported by any of loaded plugins
Aug 04 09:47:55.750197 np0000006407 devstack@neutron-api.service[90858]: INFO neutron.api.extensions [None req-cf835bd0-9905-4898-af91-3069fb8a4cd3 None None] Extension l3-port-ip-change-not-allowed not supported by any of loaded plugins
Aug 04 09:47:55.750241 np0000006407 devstack@neutron-api.service[90859]: DEBUG neutron.api.extensions [None req-59af8302-f93c-4f2a-9f02-7091602c5418 None None] Loading extension file: portbindings.py {{(pid=90859) _load_all_extensions_from_path /opt/stack/neutron/neutron/api/extensions.py:449}}
Aug 04 09:47:55.750275 np0000006407 devstack@neutron-api.service[90858]: DEBUG neutron.api.extensions [None req-cf835bd0-9905-4898-af91-3069fb8a4cd3 None None] Loading extension file: l3agentscheduler.py {{(pid=90858) _load_all_extensions_from_path /opt/stack/neutron/neutron/api/extensions.py:449}}
Aug 04 09:47:55.750473 np0000006407 devstack@neutron-api.service[90859]: DEBUG neutron.api.extensions [None req-59af8302-f93c-4f2a-9f02-7091602c5418 None None] Ext name="Port Binding" alias="binding" description="Expose port bindings of a virtual port to external application" updated="2014-02-03T10:00:00-00:00" {{(pid=90859) _check_extension /opt/stack/neutron/neutron/api/extensions.py:415}}
Aug 04 09:47:55.750628 np0000006407 devstack@neutron-api.service[90859]: INFO neutron.api.extensions [None req-59af8302-f93c-4f2a-9f02-7091602c5418 None None] Loaded extension: binding
Aug 04 09:47:55.750709 np0000006407 devstack@neutron-api.service[90859]: DEBUG neutron.api.extensions [None req-59af8302-f93c-4f2a-9f02-7091602c5418 None None] Loading extension file: portbindings_extended.py {{(pid=90859) _load_all_extensions_from_path /opt/stack/neutron/neutron/api/extensions.py:449}}
Aug 04 09:47:55.750915 np0000006407 devstack@neutron-api.service[90858]: DEBUG neutron.api.extensions [None req-cf835bd0-9905-4898-af91-3069fb8a4cd3 None None] Ext name="L3 Agent Scheduler" alias="l3_agent_scheduler" description="Schedule routers among l3 agents" updated="2013-02-07T10:00:00-00:00" {{(pid=90858) _check_extension /opt/stack/neutron/neutron/api/extensions.py:415}}
Aug 04 09:47:55.750977 np0000006407 devstack@neutron-api.service[90859]: DEBUG neutron.api.extensions [None req-59af8302-f93c-4f2a-9f02-7091602c5418 None None] Ext name="Port Bindings Extended" alias="binding-extended" description="Expose port bindings of a virtual port to external application" updated="2017-07-17T10:00:00-00:00" {{(pid=90859) _check_extension /opt/stack/neutron/neutron/api/extensions.py:415}}
Aug 04 09:47:55.751064 np0000006407 devstack@neutron-api.service[90858]: INFO neutron.api.extensions [None req-cf835bd0-9905-4898-af91-3069fb8a4cd3 None None] Loaded extension: l3_agent_scheduler
Aug 04 09:47:55.751154 np0000006407 devstack@neutron-api.service[90859]: INFO neutron.api.extensions [None req-59af8302-f93c-4f2a-9f02-7091602c5418 None None] Loaded extension: binding-extended
Aug 04 09:47:55.751198 np0000006407 devstack@neutron-api.service[90858]: DEBUG neutron.api.extensions [None req-cf835bd0-9905-4898-af91-3069fb8a4cd3 None None] Loading extension file: local_ip.py {{(pid=90858) _load_all_extensions_from_path /opt/stack/neutron/neutron/api/extensions.py:449}}
Aug 04 09:47:55.751239 np0000006407 devstack@neutron-api.service[90859]: DEBUG neutron.api.extensions [None req-59af8302-f93c-4f2a-9f02-7091602c5418 None None] Loading extension file: portsecurity.py {{(pid=90859) _load_all_extensions_from_path /opt/stack/neutron/neutron/api/extensions.py:449}}
Aug 04 09:47:55.751472 np0000006407 devstack@neutron-api.service[90859]: DEBUG neutron.api.extensions [None req-59af8302-f93c-4f2a-9f02-7091602c5418 None None] Ext name="Port Security" alias="port-security" description="Provides port security" updated="2012-07-23T10:00:00-00:00" {{(pid=90859) _check_extension /opt/stack/neutron/neutron/api/extensions.py:415}}
Aug 04 09:47:55.751518 np0000006407 devstack@neutron-api.service[90856]: DEBUG neutron_lib.callbacks.manager [None req-2920c9d3-831c-4c44-8878-359d5274aa63 None None] Subscribe: > router precommit_create 55549900, False {{(pid=90856) subscribe /opt/stack/data/venv/lib/python3.12/site-packages/neutron_lib/callbacks/manager.py:52}}
Aug 04 09:47:55.751555 np0000006407 devstack@neutron-api.service[90858]: DEBUG neutron.api.extensions [None req-cf835bd0-9905-4898-af91-3069fb8a4cd3 None None] Ext name="Local IP" alias="local_ip" description="Support Node Local Virtual IP" updated="2021-07-26T10:00:00-00:00" {{(pid=90858) _check_extension /opt/stack/neutron/neutron/api/extensions.py:415}}
Aug 04 09:47:55.751639 np0000006407 devstack@neutron-api.service[90856]: DEBUG neutron_lib.callbacks.manager [None req-2920c9d3-831c-4c44-8878-359d5274aa63 None None] Subscribe: > router_interface after_create 55550000, False {{(pid=90856) subscribe /opt/stack/data/venv/lib/python3.12/site-packages/neutron_lib/callbacks/manager.py:52}}
Aug 04 09:47:55.751687 np0000006407 devstack@neutron-api.service[90858]: INFO neutron.api.extensions [None req-cf835bd0-9905-4898-af91-3069fb8a4cd3 None None] Extension local_ip not supported by any of loaded plugins
Aug 04 09:47:55.751718 np0000006407 devstack@neutron-api.service[90859]: INFO neutron.api.extensions [None req-59af8302-f93c-4f2a-9f02-7091602c5418 None None] Loaded extension: port-security
Aug 04 09:47:55.751745 np0000006407 devstack@neutron-api.service[90858]: DEBUG neutron.api.extensions [None req-cf835bd0-9905-4898-af91-3069fb8a4cd3 None None] Loading extension file: logging.py {{(pid=90858) _load_all_extensions_from_path /opt/stack/neutron/neutron/api/extensions.py:449}}
Aug 04 09:47:55.751774 np0000006407 devstack@neutron-api.service[90856]: DEBUG neutron_lib.callbacks.manager [None req-2920c9d3-831c-4c44-8878-359d5274aa63 None None] Subscribe: > floatingip after_create 55550000, False {{(pid=90856) subscribe /opt/stack/data/venv/lib/python3.12/site-packages/neutron_lib/callbacks/manager.py:52}}
Aug 04 09:47:55.751803 np0000006407 devstack@neutron-api.service[90859]: DEBUG neutron.api.extensions [None req-59af8302-f93c-4f2a-9f02-7091602c5418 None None] Loading extension file: project_id.py {{(pid=90859) _load_all_extensions_from_path /opt/stack/neutron/neutron/api/extensions.py:449}}
Aug 04 09:47:55.751871 np0000006407 devstack@neutron-api.service[90856]: DEBUG neutron_lib.callbacks.manager [None req-2920c9d3-831c-4c44-8878-359d5274aa63 None None] Subscribe: > floatingip precommit_create 55550000, False {{(pid=90856) subscribe /opt/stack/data/venv/lib/python3.12/site-packages/neutron_lib/callbacks/manager.py:52}}
Aug 04 09:47:55.751988 np0000006407 devstack@neutron-api.service[90856]: DEBUG neutron_lib.callbacks.manager [None req-2920c9d3-831c-4c44-8878-359d5274aa63 None None] Subscribe: > floatingip precommit_update 55550000, False {{(pid=90856) subscribe /opt/stack/data/venv/lib/python3.12/site-packages/neutron_lib/callbacks/manager.py:52}}
Aug 04 09:47:55.752074 np0000006407 devstack@neutron-api.service[90858]: DEBUG neutron.api.extensions [None req-cf835bd0-9905-4898-af91-3069fb8a4cd3 None None] Ext name="Logging API Extension" alias="logging" description="Provides a logging API for resources such as security group and firewall." updated="2017-01-01T10:00:00-00:00" {{(pid=90858) _check_extension /opt/stack/neutron/neutron/api/extensions.py:415}}
Aug 04 09:47:55.752125 np0000006407 devstack@neutron-api.service[90856]: DEBUG neutron_lib.callbacks.manager [None req-2920c9d3-831c-4c44-8878-359d5274aa63 None None] Subscribe: > floatingip after_delete 55550000, False {{(pid=90856) subscribe /opt/stack/data/venv/lib/python3.12/site-packages/neutron_lib/callbacks/manager.py:52}}
Aug 04 09:47:55.752162 np0000006407 devstack@neutron-api.service[90859]: DEBUG neutron.api.extensions [None req-59af8302-f93c-4f2a-9f02-7091602c5418 None None] Ext name="project_id field enabled" alias="project-id" description="Extension that indicates that project_id field is enabled." updated="2016-09-09T09:09:09-09:09" {{(pid=90859) _check_extension /opt/stack/neutron/neutron/api/extensions.py:415}}
Aug 04 09:47:55.752216 np0000006407 devstack@neutron-api.service[90856]: DEBUG neutron_lib.callbacks.manager [None req-2920c9d3-831c-4c44-8878-359d5274aa63 None None] Subscribe: > floatingip after_status_update 55550000, False {{(pid=90856) subscribe /opt/stack/data/venv/lib/python3.12/site-packages/neutron_lib/callbacks/manager.py:52}}
Aug 04 09:47:55.752244 np0000006407 devstack@neutron-api.service[90859]: INFO neutron.api.extensions [None req-59af8302-f93c-4f2a-9f02-7091602c5418 None None] Loaded extension: project-id
Aug 04 09:47:55.752270 np0000006407 devstack@neutron-api.service[90858]: INFO neutron.api.extensions [None req-cf835bd0-9905-4898-af91-3069fb8a4cd3 None None] Extension logging not supported by any of loaded plugins
Aug 04 09:47:55.752326 np0000006407 devstack@neutron-api.service[90856]: DEBUG neutron_lib.callbacks.manager [None req-2920c9d3-831c-4c44-8878-359d5274aa63 None None] Subscribe: > floatingip after_update 55550000, False {{(pid=90856) subscribe /opt/stack/data/venv/lib/python3.12/site-packages/neutron_lib/callbacks/manager.py:52}}
Aug 04 09:47:55.752353 np0000006407 devstack@neutron-api.service[90859]: DEBUG neutron.api.extensions [None req-59af8302-f93c-4f2a-9f02-7091602c5418 None None] Loading extension file: providernet.py {{(pid=90859) _load_all_extensions_from_path /opt/stack/neutron/neutron/api/extensions.py:449}}
Aug 04 09:47:55.752385 np0000006407 devstack@neutron-api.service[90858]: DEBUG neutron.api.extensions [None req-cf835bd0-9905-4898-af91-3069fb8a4cd3 None None] Loading extension file: metering.py {{(pid=90858) _load_all_extensions_from_path /opt/stack/neutron/neutron/api/extensions.py:449}}
Aug 04 09:47:55.752451 np0000006407 devstack@neutron-api.service[90856]: DEBUG neutron_lib.callbacks.manager [None req-2920c9d3-831c-4c44-8878-359d5274aa63 None None] Subscribe: > port_forwarding after_create 55550000, False {{(pid=90856) subscribe /opt/stack/data/venv/lib/python3.12/site-packages/neutron_lib/callbacks/manager.py:52}}
Aug 04 09:47:55.752566 np0000006407 devstack@neutron-api.service[90856]: DEBUG neutron_lib.callbacks.manager [None req-2920c9d3-831c-4c44-8878-359d5274aa63 None None] Subscribe: > router_interface after_delete 55550000, False {{(pid=90856) subscribe /opt/stack/data/venv/lib/python3.12/site-packages/neutron_lib/callbacks/manager.py:52}}
Aug 04 09:47:55.752652 np0000006407 devstack@neutron-api.service[90859]: DEBUG neutron.api.extensions [None req-59af8302-f93c-4f2a-9f02-7091602c5418 None None] Ext name="Provider Network" alias="provider" description="Expose mapping of virtual networks to physical networks" updated="2012-09-07T10:00:00-00:00" {{(pid=90859) _check_extension /opt/stack/neutron/neutron/api/extensions.py:415}}
Aug 04 09:47:55.752681 np0000006407 devstack@neutron-api.service[90858]: DEBUG neutron.api.extensions [None req-cf835bd0-9905-4898-af91-3069fb8a4cd3 None None] Ext name="Neutron Metering" alias="metering" description="Neutron Metering extension." updated="2013-06-12T10:00:00-00:00" {{(pid=90858) _check_extension /opt/stack/neutron/neutron/api/extensions.py:415}}
Aug 04 09:47:55.752706 np0000006407 devstack@neutron-api.service[90856]: DEBUG neutron_lib.callbacks.manager [None req-2920c9d3-831c-4c44-8878-359d5274aa63 None None] Subscribe: > router after_create 55550000, False {{(pid=90856) subscribe /opt/stack/data/venv/lib/python3.12/site-packages/neutron_lib/callbacks/manager.py:52}}
Aug 04 09:47:55.752778 np0000006407 devstack@neutron-api.service[90856]: DEBUG neutron_lib.callbacks.manager [None req-2920c9d3-831c-4c44-8878-359d5274aa63 None None] Subscribe: > router precommit_create 55550000, False {{(pid=90856) subscribe /opt/stack/data/venv/lib/python3.12/site-packages/neutron_lib/callbacks/manager.py:52}}
Aug 04 09:47:55.752813 np0000006407 devstack@neutron-api.service[90858]: INFO neutron.api.extensions [None req-cf835bd0-9905-4898-af91-3069fb8a4cd3 None None] Extension metering not supported by any of loaded plugins
Aug 04 09:47:55.752883 np0000006407 devstack@neutron-api.service[90858]: DEBUG neutron.api.extensions [None req-cf835bd0-9905-4898-af91-3069fb8a4cd3 None None] Loading extension file: metering_source_and_destination_fields.py {{(pid=90858) _load_all_extensions_from_path /opt/stack/neutron/neutron/api/extensions.py:449}}
Aug 04 09:47:55.752917 np0000006407 devstack@neutron-api.service[90856]: DEBUG neutron_lib.callbacks.manager [None req-2920c9d3-831c-4c44-8878-359d5274aa63 None None] Subscribe: > router after_delete 55550000, False {{(pid=90856) subscribe /opt/stack/data/venv/lib/python3.12/site-packages/neutron_lib/callbacks/manager.py:52}}
Aug 04 09:47:55.752943 np0000006407 devstack@neutron-api.service[90859]: INFO neutron.api.extensions [None req-59af8302-f93c-4f2a-9f02-7091602c5418 None None] Loaded extension: provider
Aug 04 09:47:55.752988 np0000006407 devstack@neutron-api.service[90856]: DEBUG neutron_lib.callbacks.manager [None req-2920c9d3-831c-4c44-8878-359d5274aa63 None None] Subscribe: > router after_update 55550000, False {{(pid=90856) subscribe /opt/stack/data/venv/lib/python3.12/site-packages/neutron_lib/callbacks/manager.py:52}}
Aug 04 09:47:55.753015 np0000006407 devstack@neutron-api.service[90859]: DEBUG neutron.api.extensions [None req-59af8302-f93c-4f2a-9f02-7091602c5418 None None] Loading extension file: pvlan.py {{(pid=90859) _load_all_extensions_from_path /opt/stack/neutron/neutron/api/extensions.py:449}}
Aug 04 09:47:55.753107 np0000006407 devstack@neutron-api.service[90856]: DEBUG neutron.services.service_base [None req-2920c9d3-831c-4c44-8878-359d5274aa63 None None] Loaded 'neutron.services.ovn_l3.service_providers.ovn.OvnDriver' provider for service L3_ROUTER_NAT {{(pid=90856) load_drivers /opt/stack/neutron/neutron/services/service_base.py:49}}
Aug 04 09:47:55.753153 np0000006407 devstack@neutron-api.service[90858]: DEBUG neutron.api.extensions [None req-cf835bd0-9905-4898-af91-3069fb8a4cd3 None None] Ext name="Neutron Metering with source and destination filtering" alias="metering_source_and_destination_fields" description="Neutron Metering extension that enables the use of source and destination IP prefixes to create metering label rules." updated="2020-08-21T08:12:00-00:00" {{(pid=90858) _check_extension /opt/stack/neutron/neutron/api/extensions.py:415}}
Aug 04 09:47:55.753257 np0000006407 devstack@neutron-api.service[90856]: DEBUG neutron_lib.callbacks.manager [None req-2920c9d3-831c-4c44-8878-359d5274aa63 None None] Subscribe: > process after_init 55550001, True {{(pid=90856) subscribe /opt/stack/data/venv/lib/python3.12/site-packages/neutron_lib/callbacks/manager.py:52}}
Aug 04 09:47:55.753307 np0000006407 devstack@neutron-api.service[90858]: INFO neutron.api.extensions [None req-cf835bd0-9905-4898-af91-3069fb8a4cd3 None None] Extension metering_source_and_destination_fields not supported by any of loaded plugins
Aug 04 09:47:55.753339 np0000006407 devstack@neutron-api.service[90859]: DEBUG neutron.api.extensions [None req-59af8302-f93c-4f2a-9f02-7091602c5418 None None] Ext name="Private VLAN" alias="pvlan" description="The Private VLAN semantics extension." updated="2026-02-03T10:00:00-00:00" {{(pid=90859) _check_extension /opt/stack/neutron/neutron/api/extensions.py:415}}
Aug 04 09:47:55.753420 np0000006407 devstack@neutron-api.service[90858]: DEBUG neutron.api.extensions [None req-cf835bd0-9905-4898-af91-3069fb8a4cd3 None None] Loading extension file: multiprovidernet.py {{(pid=90858) _load_all_extensions_from_path /opt/stack/neutron/neutron/api/extensions.py:449}}
Aug 04 09:47:55.753477 np0000006407 devstack@neutron-api.service[90856]: DEBUG neutron.manager [None req-2920c9d3-831c-4c44-8878-359d5274aa63 None None] Successfully loaded L3_ROUTER_NAT plugin. Description: L3 Router Service Plugin for basic L3 forwarding using OVN {{(pid=90856) _create_and_add_service_plugin /opt/stack/neutron/neutron/manager.py:236}}
Aug 04 09:47:55.753540 np0000006407 devstack@neutron-api.service[90856]: INFO neutron.manager [None req-2920c9d3-831c-4c44-8878-359d5274aa63 None None] Loading Plugin: auto_allocate
Aug 04 09:47:55.753580 np0000006407 devstack@neutron-api.service[90859]: INFO neutron.api.extensions [None req-59af8302-f93c-4f2a-9f02-7091602c5418 None None] Extension pvlan not supported by any of loaded plugins
Aug 04 09:47:55.753672 np0000006407 devstack@neutron-api.service[90858]: DEBUG neutron.api.extensions [None req-cf835bd0-9905-4898-af91-3069fb8a4cd3 None None] Ext name="Multi Provider Network" alias="multi-provider" description="Expose mapping of virtual networks to multiple physical networks" updated="2013-06-27T10:00:00-00:00" {{(pid=90858) _check_extension /opt/stack/neutron/neutron/api/extensions.py:415}}
Aug 04 09:47:55.753704 np0000006407 devstack@neutron-api.service[90859]: DEBUG neutron.api.extensions [None req-59af8302-f93c-4f2a-9f02-7091602c5418 None None] Loading extension file: qinq.py {{(pid=90859) _load_all_extensions_from_path /opt/stack/neutron/neutron/api/extensions.py:449}}
Aug 04 09:47:55.753854 np0000006407 devstack@neutron-api.service[90858]: INFO neutron.api.extensions [None req-cf835bd0-9905-4898-af91-3069fb8a4cd3 None None] Loaded extension: multi-provider
Aug 04 09:47:55.753955 np0000006407 devstack@neutron-api.service[90858]: DEBUG neutron.api.extensions [None req-cf835bd0-9905-4898-af91-3069fb8a4cd3 None None] Loading extension file: netmtu.py {{(pid=90858) _load_all_extensions_from_path /opt/stack/neutron/neutron/api/extensions.py:449}}
Aug 04 09:47:55.754210 np0000006407 devstack@neutron-api.service[90858]: DEBUG neutron.api.extensions [None req-cf835bd0-9905-4898-af91-3069fb8a4cd3 None None] Ext name="Network MTU" alias="net-mtu" description="Provides MTU attribute for a network resource." updated="2015-03-25T10:00:00-00:00" {{(pid=90858) _check_extension /opt/stack/neutron/neutron/api/extensions.py:415}}
Aug 04 09:47:55.754382 np0000006407 devstack@neutron-api.service[90858]: INFO neutron.api.extensions [None req-cf835bd0-9905-4898-af91-3069fb8a4cd3 None None] Loaded extension: net-mtu
Aug 04 09:47:55.754427 np0000006407 devstack@neutron-api.service[90858]: DEBUG neutron.api.extensions [None req-cf835bd0-9905-4898-af91-3069fb8a4cd3 None None] Loading extension file: netmtu_writable.py {{(pid=90858) _load_all_extensions_from_path /opt/stack/neutron/neutron/api/extensions.py:449}}
Aug 04 09:47:55.754639 np0000006407 devstack@neutron-api.service[90856]: DEBUG neutron_lib.callbacks.manager [None req-2920c9d3-831c-4c44-8878-359d5274aa63 None None] Subscribe: network precommit_update 55550000, False {{(pid=90856) subscribe /opt/stack/data/venv/lib/python3.12/site-packages/neutron_lib/callbacks/manager.py:52}}
Aug 04 09:47:55.754677 np0000006407 devstack@neutron-api.service[90858]: DEBUG neutron.api.extensions [None req-cf835bd0-9905-4898-af91-3069fb8a4cd3 None None] Ext name="Network MTU (writable)" alias="net-mtu-writable" description="Provides a writable MTU attribute for a network resource." updated="2017-07-12T00:00:00-00:00" {{(pid=90858) _check_extension /opt/stack/neutron/neutron/api/extensions.py:415}}
Aug 04 09:47:55.754758 np0000006407 devstack@neutron-api.service[90856]: DEBUG neutron_lib.callbacks.manager [None req-2920c9d3-831c-4c44-8878-359d5274aa63 None None] Subscribe: network precommit_create 55550000, False {{(pid=90856) subscribe /opt/stack/data/venv/lib/python3.12/site-packages/neutron_lib/callbacks/manager.py:52}}
Aug 04 09:47:55.754821 np0000006407 devstack@neutron-api.service[90858]: INFO neutron.api.extensions [None req-cf835bd0-9905-4898-af91-3069fb8a4cd3 None None] Loaded extension: net-mtu-writable
Aug 04 09:47:55.754904 np0000006407 devstack@neutron-api.service[90858]: DEBUG neutron.api.extensions [None req-cf835bd0-9905-4898-af91-3069fb8a4cd3 None None] Loading extension file: network_availability_zone.py {{(pid=90858) _load_all_extensions_from_path /opt/stack/neutron/neutron/api/extensions.py:449}}
