May 27 16:59:23.460699 np0000001529 devstack@neutron-api.service[89864]: 'Trunk': {'1.1'}}
May 27 16:59:23.460699 np0000001529 devstack@neutron-api.service[89864]: consumer versions:
May 27 16:59:23.460699 np0000001529 devstack@neutron-api.service[89864]: { OVN Controller Gateway agent@np0000001529: {},
May 27 16:59:23.460699 np0000001529 devstack@neutron-api.service[89864]: OVN Neutron agent@np0000001529: {}}
May 27 16:59:23.460699 np0000001529 devstack@neutron-api.service[89864]: {{(pid=89864) report /opt/stack/neutron/neutron/api/rpc/callbacks/version_manager.py:183}}
May 27 16:59:23.470860 np0000001529 devstack@neutron-api.service[89864]: INFO neutron.plugins.ml2.drivers.ovn.mech_driver.ovsdb.extensions.qos [None req-e0832430-0b56-41e5-a592-5ac109406f32 admin admin] Starting OVNClientQosExtension
May 27 16:59:23.471000 np0000001529 devstack@neutron-api.service[89864]: INFO neutron.plugins.ml2.drivers.ovn.mech_driver.ovsdb.extensions.placement [None req-e0832430-0b56-41e5-a592-5ac109406f32 admin admin] Starting OVNClientPlacementExtension
May 27 16:59:23.499512 np0000001529 devstack@neutron-api.service[89864]: INFO neutron.db.ovn_revision_numbers_db [None req-e0832430-0b56-41e5-a592-5ac109406f32 admin admin] Successfully bumped revision number for resource 2fc37dea-eb02-4bbd-81fe-5cce2d033308 (type: subnets) to 0
May 27 16:59:23.500642 np0000001529 devstack@neutron-api.service[89864]: DEBUG neutron.pecan_wsgi.hooks.policy_enforcement [None req-e0832430-0b56-41e5-a592-5ac109406f32 admin admin] Attributes excluded by policy engine: ['standard_attr_id', 'shared', 'network'] {{(pid=89864) _exclude_attributes_by_policy /opt/stack/neutron/neutron/pecan_wsgi/hooks/policy_enforcement.py:256}}
May 27 16:59:23.500975 np0000001529 devstack@neutron-api.service[89864]: DEBUG neutron_lib.callbacks.manager [None req-e0832430-0b56-41e5-a592-5ac109406f32 admin admin] Publish callbacks [] for subnet (None), before_response {{(pid=89864) _notify_loop /opt/stack/data/venv/lib/python3.12/site-packages/neutron_lib/callbacks/manager.py:184}}
May 27 16:59:23.510418 np0000001529 devstack@neutron-api.service[89864]: [pid: 89864|app: 0|req: 7/21] 10.4.3.233 () {68 vars in 1324 bytes} [Wed May 27 16:59:23 2026] POST /networking/v2.0/subnets => generated 640 bytes in 427 msecs (HTTP/1.1 201) 4 headers in 162 bytes (1 switches on core 0)
May 27 16:59:23.551775 np0000001529 devstack@neutron-api.service[89863]: DEBUG neutron.plugins.ml2.drivers.ovn.mech_driver.ovsdb.ovsdb_monitor [None req-08df09c3-0fc0-4573-8d2b-46946fda58f6 None None] Hash Ring: Node f4a66d0587cf5d8c97f3da702db7dd35 (host: np0000001529) handling event "update" for row 225d0afd-139f-49f4-b4a5-06c6991f50a7 (table: Connection) {{(pid=89863) notify /opt/stack/neutron/neutron/plugins/ml2/drivers/ovn/mech_driver/ovsdb/ovsdb_monitor.py:986}}
May 27 16:59:23.791041 np0000001529 devstack@neutron-api.service[89865]: DEBUG neutron.api.wsgi [None req-3da8d933-c85b-4181-8083-dec9eaf4610a admin admin] Missing Content-Type {{(pid=89865) get_content_type /opt/stack/neutron/neutron/api/wsgi.py:80}}
May 27 16:59:23.824480 np0000001529 devstack@neutron-api.service[89865]: [pid: 89865|app: 0|req: 7/22] 10.4.3.233 () {64 vars in 1381 bytes} [Wed May 27 16:59:23 2026] GET /networking/v2.0/routers/6948aec3-4528-4aba-9d49-89d88c99d28f => generated 599 bytes in 35 msecs (HTTP/1.1 200) 4 headers in 157 bytes (1 switches on core 0)
May 27 16:59:23.857206 np0000001529 devstack@neutron-api.service[89863]: DEBUG neutron.pecan_wsgi.hooks.policy_enforcement [None req-d6d09c2d-94ad-49ba-8a7c-a0fe13a4e393 admin admin] Attributes excluded by policy engine: ['standard_attr_id'] {{(pid=89863) _exclude_attributes_by_policy /opt/stack/neutron/neutron/pecan_wsgi/hooks/policy_enforcement.py:256}}
May 27 16:59:23.857206 np0000001529 devstack@neutron-api.service[89863]: [pid: 89863|app: 0|req: 9/23] 10.4.3.233 () {64 vars in 1384 bytes} [Wed May 27 16:59:23 2026] GET /networking/v2.0/networks/16246f33-e037-4f84-a037-df4db030b36b => generated 717 bytes in 25 msecs (HTTP/1.1 200) 4 headers in 157 bytes (1 switches on core 0)
May 27 16:59:23.867149 np0000001529 devstack@neutron-api.service[89864]: DEBUG neutron.api.wsgi [None req-dabeec27-5da1-40d7-9c7b-a8044fad9d25 admin admin] Missing Content-Type {{(pid=89864) get_content_type /opt/stack/neutron/neutron/api/wsgi.py:80}}
May 27 16:59:23.867438 np0000001529 devstack@neutron-api.service[89864]: DEBUG neutron.api.wsgi [None req-dabeec27-5da1-40d7-9c7b-a8044fad9d25 admin admin] https://10.4.3.233/networking/v2.0/extensions/external-gateway-multihoming returned with HTTP 200 {{(pid=89864) __call__ /opt/stack/neutron/neutron/api/wsgi.py:540}}
May 27 16:59:23.867822 np0000001529 devstack@neutron-api.service[89864]: [pid: 89864|app: 0|req: 8/24] 10.4.3.233 () {64 vars in 1366 bytes} [Wed May 27 16:59:23 2026] GET /networking/v2.0/extensions/external-gateway-multihoming => generated 227 bytes in 3 msecs (HTTP/1.1 200) 4 headers in 157 bytes (1 switches on core 0)
May 27 16:59:24.000525 np0000001529 devstack@neutron-api.service[89863]: DEBUG futurist.periodics [-] Submitting periodic callback 'neutron.plugins.ml2.drivers.ovn.mech_driver.ovsdb.maintenance.HashRingHealthCheckPeriodics.touch_hash_ring_node' {{(pid=89863) _process_scheduled /opt/stack/data/venv/lib/python3.12/site-packages/futurist/periodics.py:784}}
May 27 16:59:24.001263 np0000001529 devstack@neutron-api.service[89863]: DEBUG neutron.plugins.ml2.drivers.ovn.mech_driver.ovsdb.maintenance [-] Touching Hash Ring node "f4a66d0587cf5d8c97f3da702db7dd35" from periodic health check thread {{(pid=89863) touch_hash_ring_node /opt/stack/neutron/neutron/plugins/ml2/drivers/ovn/mech_driver/ovsdb/maintenance.py:1466}}
May 27 16:59:24.021273 np0000001529 devstack@neutron-api.service[89865]: DEBUG neutron_lib.callbacks.manager [None req-ee36b9a6-ce2e-4933-9800-35f205bcfcba admin admin] Publish callbacks [] for router_gateway (6948aec3-4528-4aba-9d49-89d88c99d28f), precommit_update {{(pid=89865) _notify_loop /opt/stack/data/venv/lib/python3.12/site-packages/neutron_lib/callbacks/manager.py:184}}
May 27 16:59:24.100294 np0000001529 devstack@neutron-api.service[89865]: DEBUG neutron_lib.callbacks.manager [None req-ee36b9a6-ce2e-4933-9800-35f205bcfcba admin admin] Publish callbacks [] for router_gateway (6948aec3-4528-4aba-9d49-89d88c99d28f), before_create {{(pid=89865) _notify_loop /opt/stack/data/venv/lib/python3.12/site-packages/neutron_lib/callbacks/manager.py:184}}
May 27 16:59:24.118602 np0000001529 devstack@neutron-api.service[89865]: DEBUG neutron_lib.callbacks.manager [None req-ee36b9a6-ce2e-4933-9800-35f205bcfcba admin admin] Publish callbacks ['neutron.plugins.ml2.plugin.SecurityGroupDbMixin._ensure_default_security_group_handler-86614'] for port (None), before_create {{(pid=89865) _notify_loop /opt/stack/data/venv/lib/python3.12/site-packages/neutron_lib/callbacks/manager.py:184}}
May 27 16:59:24.159837 np0000001529 devstack@neutron-api.service[89865]: DEBUG neutron.db.db_base_plugin_common [None req-ee36b9a6-ce2e-4933-9800-35f205bcfcba admin admin] Allocated IP 172.24.5.98 (16246f33-e037-4f84-a037-df4db030b36b/2fc37dea-eb02-4bbd-81fe-5cce2d033308/36c7aa53-cfd7-4e4a-ace1-bdb99c8fa63c) {{(pid=89865) _store_ip_allocation /opt/stack/neutron/neutron/db/db_base_plugin_common.py:131}}
May 27 16:59:24.200356 np0000001529 devstack@neutron-api.service[89865]: DEBUG neutron_lib.callbacks.manager [None req-ee36b9a6-ce2e-4933-9800-35f205bcfcba admin admin] Publish callbacks ['neutron.plugins.ml2.drivers.ovn.mech_driver.mech_driver.OVNMechanismDriver._validate_allowed_address_pairs-2037547'] for allowed_address_pair (36c7aa53-cfd7-4e4a-ace1-bdb99c8fa63c), before_create {{(pid=89865) _notify_loop /opt/stack/data/venv/lib/python3.12/site-packages/neutron_lib/callbacks/manager.py:184}}
May 27 16:59:24.200829 np0000001529 devstack@neutron-api.service[89865]: DEBUG neutron_lib.callbacks.manager [None req-ee36b9a6-ce2e-4933-9800-35f205bcfcba admin admin] Publish callbacks [] for port (36c7aa53-cfd7-4e4a-ace1-bdb99c8fa63c), precommit_create {{(pid=89865) _notify_loop /opt/stack/data/venv/lib/python3.12/site-packages/neutron_lib/callbacks/manager.py:184}}
May 27 16:59:24.201007 np0000001529 devstack@neutron-api.service[89865]: DEBUG neutron.plugins.ml2.drivers.ovn.mech_driver.mech_driver [None req-ee36b9a6-ce2e-4933-9800-35f205bcfcba admin admin] No provisioning block for port 36c7aa53-cfd7-4e4a-ace1-bdb99c8fa63c since it does not have a host {{(pid=89865) _is_port_provisioning_required /opt/stack/neutron/neutron/plugins/ml2/drivers/ovn/mech_driver/mech_driver.py:896}}
May 27 16:59:24.201106 np0000001529 devstack@neutron-api.service[89865]: DEBUG neutron.db.ovn_revision_numbers_db [None req-ee36b9a6-ce2e-4933-9800-35f205bcfcba admin admin] create_initial_revision uuid=36c7aa53-cfd7-4e4a-ace1-bdb99c8fa63c, type=ports, rev=-1 {{(pid=89865) create_initial_revision /opt/stack/neutron/neutron/db/ovn_revision_numbers_db.py:98}}
May 27 16:59:24.251023 np0000001529 devstack@neutron-api.service[89865]: DEBUG neutron.db.ovn_revision_numbers_db [None req-ee36b9a6-ce2e-4933-9800-35f205bcfcba admin admin] create_initial_revision uuid=36c7aa53-cfd7-4e4a-ace1-bdb99c8fa63c, type=router_ports, rev=-1 {{(pid=89865) create_initial_revision /opt/stack/neutron/neutron/db/ovn_revision_numbers_db.py:98}}
May 27 16:59:24.272423 np0000001529 devstack@neutron-api.service[89865]: DEBUG neutron_lib.callbacks.manager [None req-ee36b9a6-ce2e-4933-9800-35f205bcfcba admin admin] Publish callbacks ['neutron.plugins.ml2.ovo_rpc._ObjectChangeHandler.handle_event-6771774'] for port (36c7aa53-cfd7-4e4a-ace1-bdb99c8fa63c), after_create {{(pid=89865) _notify_loop /opt/stack/data/venv/lib/python3.12/site-packages/neutron_lib/callbacks/manager.py:184}}
May 27 16:59:24.296228 np0000001529 devstack@neutron-api.service[89865]: DEBUG neutron.api.rpc.handlers.resources_rpc [None req-ee36b9a6-ce2e-4933-9800-35f205bcfcba admin admin] Pushing event updated for resources: {'Port': ['ID=36c7aa53-cfd7-4e4a-ace1-bdb99c8fa63c,revision_number=1']} {{(pid=89865) push /opt/stack/neutron/neutron/api/rpc/handlers/resources_rpc.py:237}}
May 27 16:59:24.318457 np0000001529 devstack@neutron-api.service[89865]: DEBUG ovsdbapp.backend.ovs_idl.transaction [-] Running txn n=1 command(idx=0): AddLSwitchPortCommand(_result=None, lport=36c7aa53-cfd7-4e4a-ace1-bdb99c8fa63c, lswitch=neutron-16246f33-e037-4f84-a037-df4db030b36b, may_exist=True, network_uuid=16246f33-e037-4f84-a037-df4db030b36b, columns={'addresses': ['unknown'], 'external_ids': {'neutron:port_name': '', 'neutron:device_id': '6948aec3-4528-4aba-9d49-89d88c99d28f', 'neutron:project_id': '', 'neutron:cidrs': '172.24.5.98/24', 'neutron:device_owner': 'network:router_gateway', 'neutron:subnet_pool_addr_scope4': '', 'neutron:subnet_pool_addr_scope6': '', 'neutron:network_name': 'neutron-16246f33-e037-4f84-a037-df4db030b36b', 'neutron:security_group_ids': '', 'neutron:revision_number': '1', 'neutron:vnic_type': 'normal', 'neutron:port_capabilities': '', 'neutron:mtu': ''}, 'parent_name': [], 'tag': [], 'enabled': True, 'options': {}, 'type': '', 'port_security': [], 'dhcpv4_options': [], 'dhcpv6_options': []}) {{(pid=89865) do_commit /opt/stack/data/venv/lib/python3.12/site-packages/ovsdbapp/backend/ovs_idl/transaction.py:89}}
May 27 16:59:24.318909 np0000001529 devstack@neutron-api.service[89865]: DEBUG ovsdbapp.backend.ovs_idl.transaction [-] Running txn n=1 command(idx=1): QoSDelCommand(_result=None, switch=neutron-16246f33-e037-4f84-a037-df4db030b36b, conditions=[('direction', '=', 'to-lport'), ('priority', '=', 2002), ('match', '=', 'outport == "36c7aa53-cfd7-4e4a-ace1-bdb99c8fa63c"')], if_exists=True) {{(pid=89865) do_commit /opt/stack/data/venv/lib/python3.12/site-packages/ovsdbapp/backend/ovs_idl/transaction.py:89}}
May 27 16:59:24.319068 np0000001529 devstack@neutron-api.service[89865]: DEBUG ovsdbapp.backend.ovs_idl.transaction [-] Running txn n=1 command(idx=2): QoSDelCommand(_result=None, switch=neutron-16246f33-e037-4f84-a037-df4db030b36b, conditions=[('direction', '=', 'from-lport'), ('priority', '=', 2002), ('match', '=', 'inport == "36c7aa53-cfd7-4e4a-ace1-bdb99c8fa63c"')], if_exists=True) {{(pid=89865) do_commit /opt/stack/data/venv/lib/python3.12/site-packages/ovsdbapp/backend/ovs_idl/transaction.py:89}}
May 27 16:59:24.319233 np0000001529 devstack@neutron-api.service[89865]: DEBUG ovsdbapp.backend.ovs_idl.transaction [-] Running txn n=1 command(idx=3): UpdateLSwitchPortQosOptionsCommand(_result=None, lport=AddLSwitchPortCommand(_result=d5c4ed00-0547-4ae4-b5c5-b14e10e23b71, lport=36c7aa53-cfd7-4e4a-ace1-bdb99c8fa63c, lswitch=neutron-16246f33-e037-4f84-a037-df4db030b36b, may_exist=True, network_uuid=16246f33-e037-4f84-a037-df4db030b36b, columns={'addresses': ['unknown'], 'external_ids': {'neutron:port_name': '', 'neutron:device_id': '6948aec3-4528-4aba-9d49-89d88c99d28f', 'neutron:project_id': '', 'neutron:cidrs': '172.24.5.98/24', 'neutron:device_owner': 'network:router_gateway', 'neutron:subnet_pool_addr_scope4': '', 'neutron:subnet_pool_addr_scope6': '', 'neutron:network_name': 'neutron-16246f33-e037-4f84-a037-df4db030b36b', 'neutron:security_group_ids': '', 'neutron:revision_number': '1', 'neutron:vnic_type': 'normal', 'neutron:port_capabilities': '', 'neutron:mtu': ''}, 'parent_name': [], 'enabled': True, 'options': {}, 'type': '', 'port_security': []}), if_exists=True, qos={'qos_max_rate': None, 'qos_burst': None, 'qos_min_rate': None}) {{(pid=89865) do_commit /opt/stack/data/venv/lib/python3.12/site-packages/ovsdbapp/backend/ovs_idl/transaction.py:89}}
May 27 16:59:24.321963 np0000001529 devstack@neutron-api.service[89865]: DEBUG neutron.plugins.ml2.drivers.ovn.mech_driver.ovsdb.ovsdb_monitor [-] Hash Ring: Node 48d2f7ef29fa53dfa49af80de93c6f8c (host: np0000001529) handling event "update" for row 16246f33-e037-4f84-a037-df4db030b36b (table: Logical_Switch) {{(pid=89865) notify /opt/stack/neutron/neutron/plugins/ml2/drivers/ovn/mech_driver/ovsdb/ovsdb_monitor.py:986}}
May 27 16:59:24.323212 np0000001529 devstack@neutron-api.service[89863]: DEBUG neutron.plugins.ml2.drivers.ovn.mech_driver.ovsdb.ovsdb_monitor [None req-08df09c3-0fc0-4573-8d2b-46946fda58f6 None None] Touching Hash Ring node "f4a66d0587cf5d8c97f3da702db7dd35" from IDL notify handler {{(pid=89863) notify /opt/stack/neutron/neutron/plugins/ml2/drivers/ovn/mech_driver/ovsdb/ovsdb_monitor.py:978}}
May 27 16:59:24.325340 np0000001529 devstack@neutron-api.service[89864]: DEBUG neutron.plugins.ml2.drivers.ovn.mech_driver.ovsdb.ovsdb_monitor [-] Hash Ring: Node 5840e73758f45814b7705670f5b66c82 (host: np0000001529) handling event "create" for row 07445a32-633e-4c90-a497-98b91ac0cbb4 (table: Port_Binding) {{(pid=89864) notify /opt/stack/neutron/neutron/plugins/ml2/drivers/ovn/mech_driver/ovsdb/ovsdb_monitor.py:986}}
May 27 16:59:24.327636 np0000001529 devstack@neutron-api.service[89863]: DEBUG neutron.plugins.ml2.drivers.ovn.mech_driver.ovsdb.ovsdb_monitor [None req-342dcef4-76a3-4ca4-992b-e42d7aa7483e None None] Touching Hash Ring node "f4a66d0587cf5d8c97f3da702db7dd35" from IDL notify handler {{(pid=89863) notify /opt/stack/neutron/neutron/plugins/ml2/drivers/ovn/mech_driver/ovsdb/ovsdb_monitor.py:978}}
May 27 16:59:24.328858 np0000001529 devstack@neutron-api.service[89863]: DEBUG neutron.plugins.ml2.drivers.ovn.mech_driver.ovsdb.ovsdb_monitor [None req-08df09c3-0fc0-4573-8d2b-46946fda58f6 None None] Hash Ring: Node f4a66d0587cf5d8c97f3da702db7dd35 (host: np0000001529) handling event "update" for row 16246f33-e037-4f84-a037-df4db030b36b (table: Logical_Switch) {{(pid=89863) notify /opt/stack/neutron/neutron/plugins/ml2/drivers/ovn/mech_driver/ovsdb/ovsdb_monitor.py:986}}
May 27 16:59:24.330312 np0000001529 devstack@neutron-api.service[89863]: DEBUG neutron.plugins.ml2.drivers.ovn.mech_driver.ovsdb.ovsdb_monitor [None req-08df09c3-0fc0-4573-8d2b-46946fda58f6 None None] Touching Hash Ring node "f4a66d0587cf5d8c97f3da702db7dd35" from IDL notify handler {{(pid=89863) notify /opt/stack/neutron/neutron/plugins/ml2/drivers/ovn/mech_driver/ovsdb/ovsdb_monitor.py:978}}
May 27 16:59:24.332661 np0000001529 devstack@neutron-api.service[89863]: DEBUG neutron.plugins.ml2.drivers.ovn.mech_driver.ovsdb.ovsdb_monitor [None req-342dcef4-76a3-4ca4-992b-e42d7aa7483e None None] Hash Ring: Node f4a66d0587cf5d8c97f3da702db7dd35 (host: np0000001529) handling event "create" for row 07445a32-633e-4c90-a497-98b91ac0cbb4 (table: Port_Binding) {{(pid=89863) notify /opt/stack/neutron/neutron/plugins/ml2/drivers/ovn/mech_driver/ovsdb/ovsdb_monitor.py:986}}
May 27 16:59:24.333512 np0000001529 devstack@neutron-api.service[89863]: DEBUG neutron.plugins.ml2.drivers.ovn.mech_driver.ovsdb.ovsdb_monitor [None req-08df09c3-0fc0-4573-8d2b-46946fda58f6 None None] Hash Ring: Node f4a66d0587cf5d8c97f3da702db7dd35 (host: np0000001529) handling event "create" for row 92b0984d-9bd9-48c7-8432-46a6601e1d05 (table: Logical_Switch_Port) {{(pid=89863) notify /opt/stack/neutron/neutron/plugins/ml2/drivers/ovn/mech_driver/ovsdb/ovsdb_monitor.py:986}}
May 27 16:59:24.334393 np0000001529 devstack@neutron-api.service[89863]: DEBUG ovsdbapp.backend.ovs_idl.event [None req-08df09c3-0fc0-4573-8d2b-46946fda58f6 None None] Matched CREATE: LogicalSwitchPortCreateEvent(events=('create',), table='Logical_Switch_Port', conditions=[], old_conditions=None), priority=20 to row=Logical_Switch_Port(uuid=92b0984d-9bd9-48c7-8432-46a6601e1d05, addresses=['unknown'], dhcpv4_options=[], dhcpv6_options=[], dynamic_addresses=[], enabled=True, external_ids={'neutron:cidrs': '172.24.5.98/24', 'neutron:device_id': '6948aec3-4528-4aba-9d49-89d88c99d28f', 'neutron:device_owner': 'network:router_gateway', 'neutron:mtu': '', 'neutron:network_name': 'neutron-16246f33-e037-4f84-a037-df4db030b36b', 'neutron:port_capabilities': '', 'neutron:port_name': '', 'neutron:project_id': '', 'neutron:revision_number': '1', 'neutron:security_group_ids': '', 'neutron:subnet_pool_addr_scope4': '', 'neutron:subnet_pool_addr_scope6': '', 'neutron:vnic_type': 'normal'}, ha_chassis_group=[], mirror_rules=[], name='36c7aa53-cfd7-4e4a-ace1-bdb99c8fa63c', options={}, parent_name=[], port_security=[], tag=[], tag_request=[], type='', up=[]) old= {{(pid=89863) matches /opt/stack/data/venv/lib/python3.12/site-packages/ovsdbapp/backend/ovs_idl/event.py:55}}
May 27 16:59:24.335794 np0000001529 devstack@neutron-api.service[89863]: DEBUG neutron.plugins.ml2.drivers.ovn.mech_driver.ovsdb.ovsdb_monitor [None req-08df09c3-0fc0-4573-8d2b-46946fda58f6 None None] Touching Hash Ring node "f4a66d0587cf5d8c97f3da702db7dd35" from IDL notify handler {{(pid=89863) notify /opt/stack/neutron/neutron/plugins/ml2/drivers/ovn/mech_driver/ovsdb/ovsdb_monitor.py:978}}
May 27 16:59:24.338002 np0000001529 devstack@neutron-api.service[89863]: DEBUG neutron.plugins.ml2.drivers.ovn.mech_driver.ovsdb.ovsdb_monitor [None req-08df09c3-0fc0-4573-8d2b-46946fda58f6 None None] Hash Ring: Node f4a66d0587cf5d8c97f3da702db7dd35 (host: np0000001529) handling event "update" for row 92b0984d-9bd9-48c7-8432-46a6601e1d05 (table: Logical_Switch_Port) {{(pid=89863) notify /opt/stack/neutron/neutron/plugins/ml2/drivers/ovn/mech_driver/ovsdb/ovsdb_monitor.py:986}}
May 27 16:59:24.353667 np0000001529 devstack@neutron-api.service[89865]: INFO neutron.db.ovn_revision_numbers_db [None req-ee36b9a6-ce2e-4933-9800-35f205bcfcba admin admin] Successfully bumped revision number for resource 36c7aa53-cfd7-4e4a-ace1-bdb99c8fa63c (type: ports) to 1
May 27 16:59:24.473391 np0000001529 devstack@neutron-api.service[89865]: DEBUG neutron_lib.callbacks.manager [None req-ee36b9a6-ce2e-4933-9800-35f205bcfcba admin admin] Publish callbacks [] for router_gateway (6948aec3-4528-4aba-9d49-89d88c99d28f), after_create {{(pid=89865) _notify_loop /opt/stack/data/venv/lib/python3.12/site-packages/neutron_lib/callbacks/manager.py:184}}
May 27 16:59:24.654129 np0000001529 devstack@neutron-api.service[89865]: DEBUG neutron_lib.callbacks.manager [None req-ee36b9a6-ce2e-4933-9800-35f205bcfcba admin admin] Publish callbacks ['neutron.services.ovn_l3.plugin.ExtraGatewaysDbOnlyMixin._process_bfd_ecmp_update-789592', 'neutron.services.ovn_l3.service_providers.driver_controller.DriverController._update_router_provider-799297'] for router (6948aec3-4528-4aba-9d49-89d88c99d28f), precommit_update {{(pid=89865) _notify_loop /opt/stack/data/venv/lib/python3.12/site-packages/neutron_lib/callbacks/manager.py:184}}
May 27 16:59:24.657609 np0000001529 devstack@neutron-api.service[89865]: DEBUG neutron_lib.callbacks.manager [None req-ee36b9a6-ce2e-4933-9800-35f205bcfcba admin admin] Publish callbacks ['neutron.services.ovn_l3.service_providers.ovn.OvnDriver._process_router_update-817642'] for router (6948aec3-4528-4aba-9d49-89d88c99d28f), after_update {{(pid=89865) _notify_loop /opt/stack/data/venv/lib/python3.12/site-packages/neutron_lib/callbacks/manager.py:184}}
May 27 16:59:24.906720 np0000001529 devstack@neutron-api.service[89864]: DEBUG futurist.periodics [-] Submitting periodic callback 'neutron.plugins.ml2.drivers.ovn.mech_driver.ovsdb.maintenance.HashRingHealthCheckPeriodics.touch_hash_ring_node' {{(pid=89864) _process_scheduled /opt/stack/data/venv/lib/python3.12/site-packages/futurist/periodics.py:784}}
May 27 16:59:24.907150 np0000001529 devstack@neutron-api.service[89864]: DEBUG neutron.plugins.ml2.drivers.ovn.mech_driver.ovsdb.maintenance [-] Touching Hash Ring node "5840e73758f45814b7705670f5b66c82" from periodic health check thread {{(pid=89864) touch_hash_ring_node /opt/stack/neutron/neutron/plugins/ml2/drivers/ovn/mech_driver/ovsdb/maintenance.py:1466}}
May 27 16:59:24.922596 np0000001529 devstack@neutron-api.service[89865]: DEBUG futurist.periodics [-] Submitting periodic callback 'neutron.plugins.ml2.drivers.ovn.mech_driver.ovsdb.maintenance.HashRingHealthCheckPeriodics.touch_hash_ring_node' {{(pid=89865) _process_scheduled /opt/stack/data/venv/lib/python3.12/site-packages/futurist/periodics.py:784}}
May 27 16:59:24.925127 np0000001529 devstack@neutron-api.service[89865]: DEBUG neutron.plugins.ml2.drivers.ovn.mech_driver.ovsdb.maintenance [-] Touching Hash Ring node "48d2f7ef29fa53dfa49af80de93c6f8c" from periodic health check thread {{(pid=89865) touch_hash_ring_node /opt/stack/neutron/neutron/plugins/ml2/drivers/ovn/mech_driver/ovsdb/maintenance.py:1466}}
May 27 16:59:25.130936 np0000001529 devstack@neutron-api.service[89865]: DEBUG ovsdbapp.backend.ovs_idl.transaction [-] Running txn n=1 command(idx=0): CheckRevisionNumberCommand(_result=None, name=neutron-6948aec3-4528-4aba-9d49-89d88c99d28f, resource={'id': '6948aec3-4528-4aba-9d49-89d88c99d28f', 'name': 'router1', 'project_id': '5aff890b1b634fb3b3c6421af11ec88f', 'admin_state_up': True, 'status': 'ACTIVE', 'enable_snat': True, 'external_gateway_info': {'network_id': '16246f33-e037-4f84-a037-df4db030b36b', 'external_fixed_ips': [{'subnet_id': '2fc37dea-eb02-4bbd-81fe-5cce2d033308', 'ip_address': '172.24.5.98'}], 'enable_snat': True}, 'gw_port_id': '36c7aa53-cfd7-4e4a-ace1-bdb99c8fa63c', 'description': '', 'availability_zones': [], 'distributed': False, 'ha': True, 'ha_vr_id': 0, 'availability_zone_hints': [], 'enable_default_route_ecmp': False, 'enable_default_route_bfd': False, 'external_gateways': [{'network_id': '16246f33-e037-4f84-a037-df4db030b36b', 'external_fixed_ips': [{'ip_address': '172.24.5.98', 'subnet_id': '2fc37dea-eb02-4bbd-81fe-5cce2d033308'}]}], 'routes': [], 'flavor_id': None, 'tags': [], 'created_at': '2026-05-27T16:59:19Z', 'updated_at': '2026-05-27T16:59:24Z', 'revision_number': 3, 'tenant_id': '5aff890b1b634fb3b3c6421af11ec88f'}, resource_type=routers, if_exists=True) {{(pid=89865) do_commit /opt/stack/data/venv/lib/python3.12/site-packages/ovsdbapp/backend/ovs_idl/transaction.py:89}}
May 27 16:59:25.131247 np0000001529 devstack@neutron-api.service[89865]: DEBUG ovsdbapp.backend.ovs_idl.transaction [-] Running txn n=1 command(idx=1): DeleteLRouterExtGwCommand(_result=None, lrouter=neutron-6948aec3-4528-4aba-9d49-89d88c99d28f, if_exists=True, maintain_bfd=True) {{(pid=89865) do_commit /opt/stack/data/venv/lib/python3.12/site-packages/ovsdbapp/backend/ovs_idl/transaction.py:89}}
May 27 16:59:25.131436 np0000001529 devstack@neutron-api.service[89865]: DEBUG ovsdbapp.backend.ovs_idl.transaction [-] Running txn n=1 command(idx=2): DeleteNATRuleInLRouterCommand(_result=None, lrouter=neutron-6948aec3-4528-4aba-9d49-89d88c99d28f, type=snat, logical_ip=10.1.0.0/26, external_ip=172.24.5.98, if_exists=True) {{(pid=89865) do_commit /opt/stack/data/venv/lib/python3.12/site-packages/ovsdbapp/backend/ovs_idl/transaction.py:89}}
May 27 16:59:25.131546 np0000001529 devstack@neutron-api.service[89865]: DEBUG ovsdbapp.backend.ovs_idl.transaction [-] Running txn n=1 command(idx=3): DelStaticRoutesCommand(_result=None, lrouter=neutron-6948aec3-4528-4aba-9d49-89d88c99d28f, routes=[('0.0.0.0/0', '172.24.5.1')], if_exists=True) {{(pid=89865) do_commit /opt/stack/data/venv/lib/python3.12/site-packages/ovsdbapp/backend/ovs_idl/transaction.py:89}}
May 27 16:59:25.131671 np0000001529 devstack@neutron-api.service[89865]: DEBUG ovsdbapp.backend.ovs_idl.transaction [-] Running txn n=1 command(idx=4): DelLRouterPortCommand(_result=None, name=lrp-36c7aa53-cfd7-4e4a-ace1-bdb99c8fa63c, lrouter=neutron-6948aec3-4528-4aba-9d49-89d88c99d28f, if_exists=True) {{(pid=89865) do_commit /opt/stack/data/venv/lib/python3.12/site-packages/ovsdbapp/backend/ovs_idl/transaction.py:89}}
May 27 16:59:25.131762 np0000001529 devstack@neutron-api.service[89865]: DEBUG ovsdbapp.backend.ovs_idl.transaction [-] Running txn n=1 command(idx=5): AddLRouterPortCommand(_result=None, name=lrp-36c7aa53-cfd7-4e4a-ace1-bdb99c8fa63c, lrouter=neutron-6948aec3-4528-4aba-9d49-89d88c99d28f, may_exist=True, columns={'mac': 'fa:16:3e:13:30:5b', 'networks': ['172.24.5.98/24'], 'external_ids': {'neutron:revision_number': '1', 'neutron:subnet_ids': '2fc37dea-eb02-4bbd-81fe-5cce2d033308', 'neutron:network_name': 'neutron-16246f33-e037-4f84-a037-df4db030b36b', 'neutron:is_ext_gw': 'True', 'neutron:router_name': 'neutron-6948aec3-4528-4aba-9d49-89d88c99d28f'}, 'options': {'reside-on-redirect-chassis': 'true', 'gateway_mtu': '1372'}}) {{(pid=89865) do_commit /opt/stack/data/venv/lib/python3.12/site-packages/ovsdbapp/backend/ovs_idl/transaction.py:89}}
May 27 16:59:25.132061 np0000001529 devstack@neutron-api.service[89865]: DEBUG ovsdbapp.backend.ovs_idl.transaction [-] Running txn n=1 command(idx=6): ScheduleNewGatewayCommand(_result=None, g_name=lrp-36c7aa53-cfd7-4e4a-ace1-bdb99c8fa63c, sb_api=, lrouter_name=neutron-6948aec3-4528-4aba-9d49-89d88c99d28f, ovn_client=, scheduler=, physnet=public, az_hints=[]) {{(pid=89865) do_commit /opt/stack/data/venv/lib/python3.12/site-packages/ovsdbapp/backend/ovs_idl/transaction.py:89}}
May 27 16:59:25.132443 np0000001529 devstack@neutron-api.service[89865]: DEBUG neutron.plugins.ml2.drivers.ovn.mech_driver.ovsdb.ovn_client [-] Chassis candidates for scheduling gateway router ports for "public" physical network: ['88ec2b94-bce3-41c2-bf1e-8c0608dba691'] {{(pid=89865) get_candidates_for_scheduling /opt/stack/neutron/neutron/plugins/ml2/drivers/ovn/mech_driver/ovsdb/ovn_client.py:1718}}
May 27 16:59:25.132762 np0000001529 devstack@neutron-api.service[89865]: DEBUG neutron.scheduler.l3_ovn_scheduler [-] Gateway lrp-36c7aa53-cfd7-4e4a-ace1-bdb99c8fa63c scheduled on chassis ['88ec2b94-bce3-41c2-bf1e-8c0608dba691'] {{(pid=89865) _schedule_gateway /opt/stack/neutron/neutron/scheduler/l3_ovn_scheduler.py:88}}
May 27 16:59:25.133040 np0000001529 devstack@neutron-api.service[89865]: DEBUG ovsdbapp.backend.ovs_idl.transaction [-] Running txn n=1 command(idx=7): SetLRouterPortInLSwitchPortCommand(_result=None, lswitch_port=36c7aa53-cfd7-4e4a-ace1-bdb99c8fa63c, lrouter_port=lrp-36c7aa53-cfd7-4e4a-ace1-bdb99c8fa63c, is_gw_port=True, if_exists=True, lsp_address=router) {{(pid=89865) do_commit /opt/stack/data/venv/lib/python3.12/site-packages/ovsdbapp/backend/ovs_idl/transaction.py:89}}
May 27 16:59:25.133211 np0000001529 devstack@neutron-api.service[89865]: DEBUG ovsdbapp.backend.ovs_idl.transaction [-] Running txn n=1 command(idx=8): AddStaticRouteCommand(_result=None, lrouter=neutron-6948aec3-4528-4aba-9d49-89d88c99d28f, maintain_bfd=False, columns={'ip_prefix': '0.0.0.0/0', 'nexthop': '172.24.5.1', 'external_ids': {'neutron:is_ext_gw': 'true', 'neutron:subnet_id': '2fc37dea-eb02-4bbd-81fe-5cce2d033308', 'neutron:is_static_route': 'true'}}) {{(pid=89865) do_commit /opt/stack/data/venv/lib/python3.12/site-packages/ovsdbapp/backend/ovs_idl/transaction.py:89}}
May 27 16:59:25.133370 np0000001529 devstack@neutron-api.service[89865]: DEBUG ovsdbapp.backend.ovs_idl.transaction [-] Running txn n=1 command(idx=9): AddNATRuleInLRouterCommand(_result=None, lrouter=neutron-6948aec3-4528-4aba-9d49-89d88c99d28f, columns={'type': 'snat', 'logical_ip': '10.1.0.0/26', 'external_ip': '172.24.5.98'}) {{(pid=89865) do_commit /opt/stack/data/venv/lib/python3.12/site-packages/ovsdbapp/backend/ovs_idl/transaction.py:89}}
May 27 16:59:25.133516 np0000001529 devstack@neutron-api.service[89865]: DEBUG ovsdbapp.backend.ovs_idl.transaction [-] Running txn n=1 command(idx=10): UpdateLRouterCommand(_result=None, name=neutron-6948aec3-4528-4aba-9d49-89d88c99d28f, columns={'external_ids': {'neutron:router_name': 'router1', 'neutron:revision_number': '3', 'neutron:availability_zone_hints': ''}, 'enabled': True}, if_exists=True) {{(pid=89865) do_commit /opt/stack/data/venv/lib/python3.12/site-packages/ovsdbapp/backend/ovs_idl/transaction.py:89}}
May 27 16:59:25.133719 np0000001529 devstack@neutron-api.service[89865]: DEBUG ovsdbapp.backend.ovs_idl.transaction [-] Running txn n=1 command(idx=11): QoSDelCommand(_result=None, switch=neutron-16246f33-e037-4f84-a037-df4db030b36b, conditions=[('direction', '=', 'from-lport'), ('priority', '=', 2002), ('match', '=', 'inport == "36c7aa53-cfd7-4e4a-ace1-bdb99c8fa63c"')], if_exists=True) {{(pid=89865) do_commit /opt/stack/data/venv/lib/python3.12/site-packages/ovsdbapp/backend/ovs_idl/transaction.py:89}}
May 27 16:59:25.133857 np0000001529 devstack@neutron-api.service[89865]: DEBUG ovsdbapp.backend.ovs_idl.transaction [-] Running txn n=1 command(idx=12): QoSDelCommand(_result=None, switch=neutron-16246f33-e037-4f84-a037-df4db030b36b, conditions=[('direction', '=', 'to-lport'), ('priority', '=', 2002), ('match', '=', 'outport == "36c7aa53-cfd7-4e4a-ace1-bdb99c8fa63c"')], if_exists=True) {{(pid=89865) do_commit /opt/stack/data/venv/lib/python3.12/site-packages/ovsdbapp/backend/ovs_idl/transaction.py:89}}
May 27 16:59:25.138541 np0000001529 devstack@neutron-api.service[89865]: DEBUG neutron.plugins.ml2.drivers.ovn.mech_driver.ovsdb.ovsdb_monitor [None req-2c0fb4c3-5e68-4035-9e5f-27e4525826ee None None] Touching Hash Ring node "48d2f7ef29fa53dfa49af80de93c6f8c" from IDL notify handler {{(pid=89865) notify /opt/stack/neutron/neutron/plugins/ml2/drivers/ovn/mech_driver/ovsdb/ovsdb_monitor.py:978}}
May 27 16:59:25.140640 np0000001529 devstack@neutron-api.service[89863]: DEBUG neutron.plugins.ml2.drivers.ovn.mech_driver.ovsdb.ovsdb_monitor [None req-08df09c3-0fc0-4573-8d2b-46946fda58f6 None None] Touching Hash Ring node "f4a66d0587cf5d8c97f3da702db7dd35" from IDL notify handler {{(pid=89863) notify /opt/stack/neutron/neutron/plugins/ml2/drivers/ovn/mech_driver/ovsdb/ovsdb_monitor.py:978}}
May 27 16:59:25.141661 np0000001529 devstack@neutron-api.service[89864]: DEBUG neutron.plugins.ml2.drivers.ovn.mech_driver.ovsdb.ovsdb_monitor [None req-51bca179-5d11-4089-a246-cfb1c10e2d2b None None] Touching Hash Ring node "5840e73758f45814b7705670f5b66c82" from IDL notify handler {{(pid=89864) notify /opt/stack/neutron/neutron/plugins/ml2/drivers/ovn/mech_driver/ovsdb/ovsdb_monitor.py:978}}
May 27 16:59:25.144733 np0000001529 devstack@neutron-api.service[89865]: DEBUG neutron.plugins.ml2.drivers.ovn.mech_driver.ovsdb.ovsdb_monitor [None req-c5d829a9-aa23-4a64-ac33-ea7f76a3ba5d None None] Touching Hash Ring node "48d2f7ef29fa53dfa49af80de93c6f8c" from IDL notify handler {{(pid=89865) notify /opt/stack/neutron/neutron/plugins/ml2/drivers/ovn/mech_driver/ovsdb/ovsdb_monitor.py:978}}
May 27 16:59:25.145866 np0000001529 devstack@neutron-api.service[89865]: DEBUG neutron.plugins.ml2.drivers.ovn.mech_driver.ovsdb.ovsdb_monitor [None req-2c0fb4c3-5e68-4035-9e5f-27e4525826ee None None] Hash Ring: Node 48d2f7ef29fa53dfa49af80de93c6f8c (host: np0000001529) handling event "update" for row c86761b7-2fc5-4446-87d2-92fece5e0255 (table: Logical_Router) {{(pid=89865) notify /opt/stack/neutron/neutron/plugins/ml2/drivers/ovn/mech_driver/ovsdb/ovsdb_monitor.py:986}}
May 27 16:59:25.147095 np0000001529 devstack@neutron-api.service[89865]: DEBUG neutron.plugins.ml2.drivers.ovn.mech_driver.ovsdb.ovsdb_monitor [None req-2c0fb4c3-5e68-4035-9e5f-27e4525826ee None None] Touching Hash Ring node "48d2f7ef29fa53dfa49af80de93c6f8c" from IDL notify handler {{(pid=89865) notify /opt/stack/neutron/neutron/plugins/ml2/drivers/ovn/mech_driver/ovsdb/ovsdb_monitor.py:978}}
May 27 16:59:25.147216 np0000001529 devstack@neutron-api.service[89864]: DEBUG neutron.plugins.ml2.drivers.ovn.mech_driver.ovsdb.ovsdb_monitor [None req-2f00567a-afaf-4301-a92d-f3c961d93f43 None None] Touching Hash Ring node "5840e73758f45814b7705670f5b66c82" from IDL notify handler {{(pid=89864) notify /opt/stack/neutron/neutron/plugins/ml2/drivers/ovn/mech_driver/ovsdb/ovsdb_monitor.py:978}}
May 27 16:59:25.147319 np0000001529 devstack@neutron-api.service[89863]: DEBUG neutron.plugins.ml2.drivers.ovn.mech_driver.ovsdb.ovsdb_monitor [None req-342dcef4-76a3-4ca4-992b-e42d7aa7483e None None] Touching Hash Ring node "f4a66d0587cf5d8c97f3da702db7dd35" from IDL notify handler {{(pid=89863) notify /opt/stack/neutron/neutron/plugins/ml2/drivers/ovn/mech_driver/ovsdb/ovsdb_monitor.py:978}}
May 27 16:59:25.151047 np0000001529 devstack@neutron-api.service[89863]: DEBUG neutron.plugins.ml2.drivers.ovn.mech_driver.ovsdb.ovsdb_monitor [None req-08df09c3-0fc0-4573-8d2b-46946fda58f6 None None] Hash Ring: Node f4a66d0587cf5d8c97f3da702db7dd35 (host: np0000001529) handling event "create" for row 9302cf70-c2e7-40bf-8b95-30ec29fd9231 (table: HA_Chassis) {{(pid=89863) notify /opt/stack/neutron/neutron/plugins/ml2/drivers/ovn/mech_driver/ovsdb/ovsdb_monitor.py:986}}
May 27 16:59:25.151859 np0000001529 devstack@neutron-api.service[89863]: DEBUG neutron.plugins.ml2.drivers.ovn.mech_driver.ovsdb.ovsdb_monitor [None req-342dcef4-76a3-4ca4-992b-e42d7aa7483e None None] Hash Ring: Node f4a66d0587cf5d8c97f3da702db7dd35 (host: np0000001529) handling event "update" for row 07445a32-633e-4c90-a497-98b91ac0cbb4 (table: Port_Binding) {{(pid=89863) notify /opt/stack/neutron/neutron/plugins/ml2/drivers/ovn/mech_driver/ovsdb/ovsdb_monitor.py:986}}
May 27 16:59:25.153634 np0000001529 devstack@neutron-api.service[89863]: DEBUG neutron.plugins.ml2.drivers.ovn.mech_driver.ovsdb.ovsdb_monitor [None req-08df09c3-0fc0-4573-8d2b-46946fda58f6 None None] Touching Hash Ring node "f4a66d0587cf5d8c97f3da702db7dd35" from IDL notify handler {{(pid=89863) notify /opt/stack/neutron/neutron/plugins/ml2/drivers/ovn/mech_driver/ovsdb/ovsdb_monitor.py:978}}
May 27 16:59:25.154389 np0000001529 devstack@neutron-api.service[89864]: DEBUG neutron.plugins.ml2.drivers.ovn.mech_driver.ovsdb.ovsdb_monitor [None req-51bca179-5d11-4089-a246-cfb1c10e2d2b None None] Hash Ring: Node 5840e73758f45814b7705670f5b66c82 (host: np0000001529) handling event "create" for row 9302cf70-c2e7-40bf-8b95-30ec29fd9231 (table: HA_Chassis) {{(pid=89864) notify /opt/stack/neutron/neutron/plugins/ml2/drivers/ovn/mech_driver/ovsdb/ovsdb_monitor.py:986}}
May 27 16:59:25.154836 np0000001529 devstack@neutron-api.service[89863]: DEBUG neutron.plugins.ml2.drivers.ovn.mech_driver.ovsdb.ovsdb_monitor [None req-342dcef4-76a3-4ca4-992b-e42d7aa7483e None None] Touching Hash Ring node "f4a66d0587cf5d8c97f3da702db7dd35" from IDL notify handler {{(pid=89863) notify /opt/stack/neutron/neutron/plugins/ml2/drivers/ovn/mech_driver/ovsdb/ovsdb_monitor.py:978}}
May 27 16:59:25.155397 np0000001529 devstack@neutron-api.service[89865]: DEBUG neutron.plugins.ml2.drivers.ovn.mech_driver.ovsdb.ovsdb_monitor [None req-2c0fb4c3-5e68-4035-9e5f-27e4525826ee None None] Hash Ring: Node 48d2f7ef29fa53dfa49af80de93c6f8c (host: np0000001529) handling event "create" for row 0d2cb545-7d17-4594-ac1e-3e04a61d2711 (table: Logical_Router_Port) {{(pid=89865) notify /opt/stack/neutron/neutron/plugins/ml2/drivers/ovn/mech_driver/ovsdb/ovsdb_monitor.py:986}}
May 27 16:59:25.156653 np0000001529 devstack@neutron-api.service[89865]: DEBUG ovsdbapp.backend.ovs_idl.event [None req-2c0fb4c3-5e68-4035-9e5f-27e4525826ee None None] Matched CREATE: LogicalRouterPortEvent(events=('create', 'delete'), table='Logical_Router_Port', conditions=None, old_conditions=None), priority=20 to row=Logical_Router_Port(uuid=0d2cb545-7d17-4594-ac1e-3e04a61d2711, enabled=[], external_ids={'neutron:is_ext_gw': 'True', 'neutron:network_name': 'neutron-16246f33-e037-4f84-a037-df4db030b36b', 'neutron:revision_number': '1', 'neutron:router_name': 'neutron-6948aec3-4528-4aba-9d49-89d88c99d28f', 'neutron:subnet_ids': '2fc37dea-eb02-4bbd-81fe-5cce2d033308'}, gateway_chassis=[], ha_chassis_group=c70ee6a5-c018-4c6e-b0ed-974c71a70192, ipv6_prefix=[], ipv6_ra_configs={}, mac='fa:16:3e:13:30:5b', name='lrp-36c7aa53-cfd7-4e4a-ace1-bdb99c8fa63c', networks=['172.24.5.98/24'], options={'gateway_mtu': '1372', 'reside-on-redirect-chassis': 'true'}, peer=[], status={}) old= {{(pid=89865) matches /opt/stack/data/venv/lib/python3.12/site-packages/ovsdbapp/backend/ovs_idl/event.py:55}}
May 27 16:59:25.158180 np0000001529 devstack@neutron-api.service[89865]: DEBUG neutron.plugins.ml2.drivers.ovn.mech_driver.ovsdb.ovsdb_monitor [None req-2c0fb4c3-5e68-4035-9e5f-27e4525826ee None None] Touching Hash Ring node "48d2f7ef29fa53dfa49af80de93c6f8c" from IDL notify handler {{(pid=89865) notify /opt/stack/neutron/neutron/plugins/ml2/drivers/ovn/mech_driver/ovsdb/ovsdb_monitor.py:978}}
May 27 16:59:25.158240 np0000001529 devstack@neutron-api.service[89863]: DEBUG neutron.plugins.ml2.drivers.ovn.mech_driver.ovsdb.ovsdb_monitor [None req-08df09c3-0fc0-4573-8d2b-46946fda58f6 None None] Hash Ring: Node f4a66d0587cf5d8c97f3da702db7dd35 (host: np0000001529) handling event "create" for row c70ee6a5-c018-4c6e-b0ed-974c71a70192 (table: HA_Chassis_Group) {{(pid=89863) notify /opt/stack/neutron/neutron/plugins/ml2/drivers/ovn/mech_driver/ovsdb/ovsdb_monitor.py:986}}
May 27 16:59:25.159221 np0000001529 devstack@neutron-api.service[89863]: DEBUG neutron.plugins.ml2.drivers.ovn.mech_driver.ovsdb.ovsdb_monitor [None req-342dcef4-76a3-4ca4-992b-e42d7aa7483e None None] Hash Ring: Node f4a66d0587cf5d8c97f3da702db7dd35 (host: np0000001529) handling event "create" for row bb8def76-eddd-447b-9dc6-b549f71ac78b (table: Port_Binding) {{(pid=89863) notify /opt/stack/neutron/neutron/plugins/ml2/drivers/ovn/mech_driver/ovsdb/ovsdb_monitor.py:986}}
May 27 16:59:25.159933 np0000001529 devstack@neutron-api.service[89863]: DEBUG neutron.plugins.ml2.drivers.ovn.mech_driver.ovsdb.ovsdb_monitor [None req-08df09c3-0fc0-4573-8d2b-46946fda58f6 None None] Touching Hash Ring node "f4a66d0587cf5d8c97f3da702db7dd35" from IDL notify handler {{(pid=89863) notify /opt/stack/neutron/neutron/plugins/ml2/drivers/ovn/mech_driver/ovsdb/ovsdb_monitor.py:978}}
May 27 16:59:25.161486 np0000001529 devstack@neutron-api.service[89865]: DEBUG neutron.plugins.ml2.drivers.ovn.mech_driver.ovsdb.ovsdb_monitor [None req-2c0fb4c3-5e68-4035-9e5f-27e4525826ee None None] Hash Ring: Node 48d2f7ef29fa53dfa49af80de93c6f8c (host: np0000001529) handling event "create" for row 63f17ba7-ced1-4b05-aa12-09b3cefd4078 (table: Logical_Router_Static_Route) {{(pid=89865) notify /opt/stack/neutron/neutron/plugins/ml2/drivers/ovn/mech_driver/ovsdb/ovsdb_monitor.py:986}}
May 27 16:59:25.161759 np0000001529 devstack@neutron-api.service[89863]: DEBUG neutron.plugins.ml2.drivers.ovn.mech_driver.ovsdb.ovsdb_monitor [None req-342dcef4-76a3-4ca4-992b-e42d7aa7483e None None] Touching Hash Ring node "f4a66d0587cf5d8c97f3da702db7dd35" from IDL notify handler {{(pid=89863) notify /opt/stack/neutron/neutron/plugins/ml2/drivers/ovn/mech_driver/ovsdb/ovsdb_monitor.py:978}}
May 27 16:59:25.162357 np0000001529 devstack@neutron-api.service[89865]: DEBUG neutron.plugins.ml2.drivers.ovn.mech_driver.ovsdb.ovsdb_monitor [None req-2c0fb4c3-5e68-4035-9e5f-27e4525826ee None None] Touching Hash Ring node "48d2f7ef29fa53dfa49af80de93c6f8c" from IDL notify handler {{(pid=89865) notify /opt/stack/neutron/neutron/plugins/ml2/drivers/ovn/mech_driver/ovsdb/ovsdb_monitor.py:978}}
May 27 16:59:25.163552 np0000001529 devstack@neutron-api.service[89863]: DEBUG neutron.plugins.ml2.drivers.ovn.mech_driver.ovsdb.ovsdb_monitor [None req-08df09c3-0fc0-4573-8d2b-46946fda58f6 None None] Hash Ring: Node f4a66d0587cf5d8c97f3da702db7dd35 (host: np0000001529) handling event "update" for row c86761b7-2fc5-4446-87d2-92fece5e0255 (table: Logical_Router) {{(pid=89863) notify /opt/stack/neutron/neutron/plugins/ml2/drivers/ovn/mech_driver/ovsdb/ovsdb_monitor.py:986}}
May 27 16:59:25.164456 np0000001529 devstack@neutron-api.service[89865]: DEBUG neutron.plugins.ml2.drivers.ovn.mech_driver.ovsdb.ovsdb_monitor [None req-2c0fb4c3-5e68-4035-9e5f-27e4525826ee None None] Hash Ring: Node 48d2f7ef29fa53dfa49af80de93c6f8c (host: np0000001529) handling event "create" for row df4d2f90-2640-4107-b42f-4c59e4ebf1d8 (table: NAT) {{(pid=89865) notify /opt/stack/neutron/neutron/plugins/ml2/drivers/ovn/mech_driver/ovsdb/ovsdb_monitor.py:986}}
May 27 16:59:25.165055 np0000001529 devstack@neutron-api.service[89863]: DEBUG neutron.plugins.ml2.drivers.ovn.mech_driver.ovsdb.ovsdb_monitor [None req-08df09c3-0fc0-4573-8d2b-46946fda58f6 None None] Touching Hash Ring node "f4a66d0587cf5d8c97f3da702db7dd35" from IDL notify handler {{(pid=89863) notify /opt/stack/neutron/neutron/plugins/ml2/drivers/ovn/mech_driver/ovsdb/ovsdb_monitor.py:978}}
May 27 16:59:25.166384 np0000001529 devstack@neutron-api.service[89863]: DEBUG neutron.plugins.ml2.drivers.ovn.mech_driver.ovsdb.ovsdb_monitor [None req-342dcef4-76a3-4ca4-992b-e42d7aa7483e None None] Hash Ring: Node f4a66d0587cf5d8c97f3da702db7dd35 (host: np0000001529) handling event "create" for row e54560bd-974a-46ec-af83-b735fa3e3681 (table: Port_Binding) {{(pid=89863) notify /opt/stack/neutron/neutron/plugins/ml2/drivers/ovn/mech_driver/ovsdb/ovsdb_monitor.py:986}}
May 27 16:59:25.166463 np0000001529 devstack@neutron-api.service[89865]: DEBUG neutron.plugins.ml2.drivers.ovn.mech_driver.ovsdb.ovsdb_monitor [None req-2c0fb4c3-5e68-4035-9e5f-27e4525826ee None None] Touching Hash Ring node "48d2f7ef29fa53dfa49af80de93c6f8c" from IDL notify handler {{(pid=89865) notify /opt/stack/neutron/neutron/plugins/ml2/drivers/ovn/mech_driver/ovsdb/ovsdb_monitor.py:978}}
May 27 16:59:25.168013 np0000001529 devstack@neutron-api.service[89863]: DEBUG neutron.plugins.ml2.drivers.ovn.mech_driver.ovsdb.ovsdb_monitor [None req-08df09c3-0fc0-4573-8d2b-46946fda58f6 None None] Hash Ring: Node f4a66d0587cf5d8c97f3da702db7dd35 (host: np0000001529) handling event "create" for row 0d2cb545-7d17-4594-ac1e-3e04a61d2711 (table: Logical_Router_Port) {{(pid=89863) notify /opt/stack/neutron/neutron/plugins/ml2/drivers/ovn/mech_driver/ovsdb/ovsdb_monitor.py:986}}
May 27 16:59:25.168469 np0000001529 devstack@neutron-api.service[89865]: DEBUG neutron.plugins.ml2.drivers.ovn.mech_driver.ovsdb.ovsdb_monitor [None req-2c0fb4c3-5e68-4035-9e5f-27e4525826ee None None] Hash Ring: Node 48d2f7ef29fa53dfa49af80de93c6f8c (host: np0000001529) handling event "update" for row 0d2cb545-7d17-4594-ac1e-3e04a61d2711 (table: Logical_Router_Port) {{(pid=89865) notify /opt/stack/neutron/neutron/plugins/ml2/drivers/ovn/mech_driver/ovsdb/ovsdb_monitor.py:986}}
May 27 16:59:25.169637 np0000001529 devstack@neutron-api.service[89863]: DEBUG ovsdbapp.backend.ovs_idl.event [None req-08df09c3-0fc0-4573-8d2b-46946fda58f6 None None] Matched CREATE: LogicalRouterPortEvent(events=('create', 'delete'), table='Logical_Router_Port', conditions=None, old_conditions=None), priority=20 to row=Logical_Router_Port(uuid=0d2cb545-7d17-4594-ac1e-3e04a61d2711, enabled=[], external_ids={'neutron:is_ext_gw': 'True', 'neutron:network_name': 'neutron-16246f33-e037-4f84-a037-df4db030b36b', 'neutron:revision_number': '1', 'neutron:router_name': 'neutron-6948aec3-4528-4aba-9d49-89d88c99d28f', 'neutron:subnet_ids': '2fc37dea-eb02-4bbd-81fe-5cce2d033308'}, gateway_chassis=[], ha_chassis_group=c70ee6a5-c018-4c6e-b0ed-974c71a70192, ipv6_prefix=[], ipv6_ra_configs={}, mac='fa:16:3e:13:30:5b', name='lrp-36c7aa53-cfd7-4e4a-ace1-bdb99c8fa63c', networks=['172.24.5.98/24'], options={'gateway_mtu': '1372', 'reside-on-redirect-chassis': 'true'}, peer=[], status={}) old= {{(pid=89863) matches /opt/stack/data/venv/lib/python3.12/site-packages/ovsdbapp/backend/ovs_idl/event.py:55}}
May 27 16:59:25.170734 np0000001529 devstack@neutron-api.service[89863]: DEBUG neutron.plugins.ml2.drivers.ovn.mech_driver.ovsdb.ovsdb_monitor [None req-342dcef4-76a3-4ca4-992b-e42d7aa7483e None None] Touching Hash Ring node "f4a66d0587cf5d8c97f3da702db7dd35" from IDL notify handler {{(pid=89863) notify /opt/stack/neutron/neutron/plugins/ml2/drivers/ovn/mech_driver/ovsdb/ovsdb_monitor.py:978}}
May 27 16:59:25.172028 np0000001529 devstack@neutron-api.service[89863]: DEBUG neutron.plugins.ml2.drivers.ovn.mech_driver.ovsdb.ovsdb_monitor [None req-08df09c3-0fc0-4573-8d2b-46946fda58f6 None None] Touching Hash Ring node "f4a66d0587cf5d8c97f3da702db7dd35" from IDL notify handler {{(pid=89863) notify /opt/stack/neutron/neutron/plugins/ml2/drivers/ovn/mech_driver/ovsdb/ovsdb_monitor.py:978}}
May 27 16:59:25.175095 np0000001529 devstack@neutron-api.service[89863]: DEBUG neutron.plugins.ml2.drivers.ovn.mech_driver.ovsdb.ovsdb_monitor [None req-08df09c3-0fc0-4573-8d2b-46946fda58f6 None None] Hash Ring: Node f4a66d0587cf5d8c97f3da702db7dd35 (host: np0000001529) handling event "create" for row 63f17ba7-ced1-4b05-aa12-09b3cefd4078 (table: Logical_Router_Static_Route) {{(pid=89863) notify /opt/stack/neutron/neutron/plugins/ml2/drivers/ovn/mech_driver/ovsdb/ovsdb_monitor.py:986}}
May 27 16:59:25.176257 np0000001529 devstack@neutron-api.service[89863]: DEBUG neutron.plugins.ml2.drivers.ovn.mech_driver.ovsdb.ovsdb_monitor [None req-08df09c3-0fc0-4573-8d2b-46946fda58f6 None None] Touching Hash Ring node "f4a66d0587cf5d8c97f3da702db7dd35" from IDL notify handler {{(pid=89863) notify /opt/stack/neutron/neutron/plugins/ml2/drivers/ovn/mech_driver/ovsdb/ovsdb_monitor.py:978}}
May 27 16:59:25.177332 np0000001529 devstack@neutron-api.service[89863]: DEBUG neutron.plugins.ml2.drivers.ovn.mech_driver.ovsdb.ovsdb_monitor [None req-342dcef4-76a3-4ca4-992b-e42d7aa7483e None None] Hash Ring: Node f4a66d0587cf5d8c97f3da702db7dd35 (host: np0000001529) handling event "update" for row bb8def76-eddd-447b-9dc6-b549f71ac78b (table: Port_Binding) {{(pid=89863) notify /opt/stack/neutron/neutron/plugins/ml2/drivers/ovn/mech_driver/ovsdb/ovsdb_monitor.py:986}}
May 27 16:59:25.179447 np0000001529 devstack@neutron-api.service[89863]: DEBUG ovsdbapp.backend.ovs_idl.event [None req-342dcef4-76a3-4ca4-992b-e42d7aa7483e None None] Matched UPDATE: PortBindingChassisEvent(events=('update',), table='Port_Binding', conditions=None, old_conditions=None), priority=20 to row=Port_Binding(uuid=bb8def76-eddd-447b-9dc6-b549f71ac78b, additional_chassis=[], additional_encap=[], chassis=1b5aea0c-1c07-4bcd-973f-6ea25e1327af, datapath=be354e9e-7a22-4c3f-9e08-ae3ab35f885e, encap=[], external_ids={'neutron:is_ext_gw': 'True', 'neutron:network_name': 'neutron-16246f33-e037-4f84-a037-df4db030b36b', 'neutron:revision_number': '1', 'neutron:router_name': 'neutron-6948aec3-4528-4aba-9d49-89d88c99d28f', 'neutron:subnet_ids': '2fc37dea-eb02-4bbd-81fe-5cce2d033308'}, gateway_chassis=[], logical_port='cr-lrp-36c7aa53-cfd7-4e4a-ace1-bdb99c8fa63c', mac=['fa:16:3e:13:30:5b 172.24.5.98/24'], mirror_rules=[], nat_addresses=[], options={'always-redirect': 'true', 'distributed-port': 'lrp-36c7aa53-cfd7-4e4a-ace1-bdb99c8fa63c'}, parent_port=[], port_security=[], requested_additional_chassis=[], requested_chassis=[], tag=[], tunnel_key=3, type='chassisredirect', up=True, virtual_parent=[]) old=Port_Binding(uuid=bb8def76-eddd-447b-9dc6-b549f71ac78b, chassis=[], up=False) {{(pid=89863) matches /opt/stack/data/venv/lib/python3.12/site-packages/ovsdbapp/backend/ovs_idl/event.py:55}}
May 27 16:59:25.180958 np0000001529 devstack@neutron-api.service[89863]: INFO neutron.plugins.ml2.drivers.ovn.mech_driver.ovsdb.ovsdb_monitor [-] Router 6948aec3-4528-4aba-9d49-89d88c99d28f is bound to host np0000001529
May 27 16:59:25.183646 np0000001529 devstack@neutron-api.service[89863]: DEBUG neutron.plugins.ml2.drivers.ovn.mech_driver.ovsdb.ovsdb_monitor [None req-08df09c3-0fc0-4573-8d2b-46946fda58f6 None None] Hash Ring: Node f4a66d0587cf5d8c97f3da702db7dd35 (host: np0000001529) handling event "update" for row 92b0984d-9bd9-48c7-8432-46a6601e1d05 (table: Logical_Switch_Port) {{(pid=89863) notify /opt/stack/neutron/neutron/plugins/ml2/drivers/ovn/mech_driver/ovsdb/ovsdb_monitor.py:986}}
May 27 16:59:25.197186 np0000001529 devstack@neutron-api.service[89864]: DEBUG neutron.plugins.ml2.drivers.ovn.mech_driver.ovsdb.ovsdb_monitor [None req-2f00567a-afaf-4301-a92d-f3c961d93f43 None None] Hash Ring: Node 5840e73758f45814b7705670f5b66c82 (host: np0000001529) handling event "update" for row 07445a32-633e-4c90-a497-98b91ac0cbb4 (table: Port_Binding) {{(pid=89864) notify /opt/stack/neutron/neutron/plugins/ml2/drivers/ovn/mech_driver/ovsdb/ovsdb_monitor.py:986}}
