May 27 16:59:09.827806 np0000001529 neutron-periodic-workers[91798]: DEBUG cotyledon.oslo_config_glue [-] database.mysql_wsrep_sync_wait = None {{(pid=91798) log_opt_values /opt/stack/data/venv/lib/python3.12/site-packages/oslo_config/cfg.py:3256}}
May 27 16:59:09.827842 np0000001529 neutron-periodic-workers[91798]: DEBUG cotyledon.oslo_config_glue [-] database.pool_timeout = None {{(pid=91798) log_opt_values /opt/stack/data/venv/lib/python3.12/site-packages/oslo_config/cfg.py:3256}}
May 27 16:59:09.827871 np0000001529 neutron-periodic-workers[91798]: DEBUG cotyledon.oslo_config_glue [-] database.retry_interval = 10 {{(pid=91798) log_opt_values /opt/stack/data/venv/lib/python3.12/site-packages/oslo_config/cfg.py:3256}}
May 27 16:59:09.827928 np0000001529 neutron-periodic-workers[91798]: DEBUG cotyledon.oslo_config_glue [-] database.slave_connection = **** {{(pid=91798) log_opt_values /opt/stack/data/venv/lib/python3.12/site-packages/oslo_config/cfg.py:3256}}
May 27 16:59:09.827955 np0000001529 neutron-periodic-workers[91798]: DEBUG cotyledon.oslo_config_glue [-] database.sqlite_synchronous = True {{(pid=91798) log_opt_values /opt/stack/data/venv/lib/python3.12/site-packages/oslo_config/cfg.py:3256}}
May 27 16:59:09.827995 np0000001529 neutron-periodic-workers[91798]: DEBUG cotyledon.oslo_config_glue [-] database.synchronous_reader = True {{(pid=91798) log_opt_values /opt/stack/data/venv/lib/python3.12/site-packages/oslo_config/cfg.py:3256}}
May 27 16:59:09.828021 np0000001529 neutron-periodic-workers[91798]: DEBUG cotyledon.oslo_config_glue [-] database.use_db_reconnect = False {{(pid=91798) log_opt_values /opt/stack/data/venv/lib/python3.12/site-packages/oslo_config/cfg.py:3256}}
May 27 16:59:09.828099 np0000001529 neutron-periodic-workers[91798]: DEBUG cotyledon.oslo_config_glue [-] ovn.bfd_min_rx = 1000 {{(pid=91798) log_opt_values /opt/stack/data/venv/lib/python3.12/site-packages/oslo_config/cfg.py:3256}}
May 27 16:59:09.828121 np0000001529 neutron-periodic-workers[91798]: DEBUG cotyledon.oslo_config_glue [-] ovn.bfd_min_tx = 100 {{(pid=91798) log_opt_values /opt/stack/data/venv/lib/python3.12/site-packages/oslo_config/cfg.py:3256}}
May 27 16:59:09.828156 np0000001529 neutron-periodic-workers[91798]: DEBUG cotyledon.oslo_config_glue [-] ovn.bfd_mult = 3 {{(pid=91798) log_opt_values /opt/stack/data/venv/lib/python3.12/site-packages/oslo_config/cfg.py:3256}}
May 27 16:59:09.828186 np0000001529 neutron-periodic-workers[91798]: DEBUG cotyledon.oslo_config_glue [-] ovn.broadcast_arps_to_all_routers = True {{(pid=91798) log_opt_values /opt/stack/data/venv/lib/python3.12/site-packages/oslo_config/cfg.py:3256}}
May 27 16:59:09.828226 np0000001529 neutron-periodic-workers[91798]: DEBUG cotyledon.oslo_config_glue [-] ovn.dhcp_default_lease_time = 43200 {{(pid=91798) log_opt_values /opt/stack/data/venv/lib/python3.12/site-packages/oslo_config/cfg.py:3256}}
May 27 16:59:09.828255 np0000001529 neutron-periodic-workers[91798]: DEBUG cotyledon.oslo_config_glue [-] ovn.disable_ovn_dhcp_for_baremetal_ports = False {{(pid=91798) log_opt_values /opt/stack/data/venv/lib/python3.12/site-packages/oslo_config/cfg.py:3256}}
May 27 16:59:09.828294 np0000001529 neutron-periodic-workers[91798]: DEBUG cotyledon.oslo_config_glue [-] ovn.dns_records_ovn_owned = False {{(pid=91798) log_opt_values /opt/stack/data/venv/lib/python3.12/site-packages/oslo_config/cfg.py:3256}}
May 27 16:59:09.828328 np0000001529 neutron-periodic-workers[91798]: DEBUG cotyledon.oslo_config_glue [-] ovn.dns_servers = [] {{(pid=91798) log_opt_values /opt/stack/data/venv/lib/python3.12/site-packages/oslo_config/cfg.py:3256}}
May 27 16:59:09.828359 np0000001529 neutron-periodic-workers[91798]: DEBUG cotyledon.oslo_config_glue [-] ovn.enable_distributed_floating_ip = False {{(pid=91798) log_opt_values /opt/stack/data/venv/lib/python3.12/site-packages/oslo_config/cfg.py:3256}}
May 27 16:59:09.828385 np0000001529 neutron-periodic-workers[91798]: DEBUG cotyledon.oslo_config_glue [-] ovn.fdb_age_threshold = 300 {{(pid=91798) log_opt_values /opt/stack/data/venv/lib/python3.12/site-packages/oslo_config/cfg.py:3256}}
May 27 16:59:09.828422 np0000001529 neutron-periodic-workers[91798]: DEBUG cotyledon.oslo_config_glue [-] ovn.ha_failover_strategy = normal {{(pid=91798) log_opt_values /opt/stack/data/venv/lib/python3.12/site-packages/oslo_config/cfg.py:3256}}
May 27 16:59:09.828469 np0000001529 neutron-periodic-workers[91798]: DEBUG cotyledon.oslo_config_glue [-] ovn.live_migration_activation_strategy = rarp {{(pid=91798) log_opt_values /opt/stack/data/venv/lib/python3.12/site-packages/oslo_config/cfg.py:3256}}
May 27 16:59:09.828503 np0000001529 neutron-periodic-workers[91798]: DEBUG cotyledon.oslo_config_glue [-] ovn.localnet_learn_fdb = False {{(pid=91798) log_opt_values /opt/stack/data/venv/lib/python3.12/site-packages/oslo_config/cfg.py:3256}}
May 27 16:59:09.828503 np0000001529 neutron-periodic-workers[91798]: DEBUG cotyledon.oslo_config_glue [-] ovn.mac_binding_age_threshold = 300 {{(pid=91798) log_opt_values /opt/stack/data/venv/lib/python3.12/site-packages/oslo_config/cfg.py:3256}}
May 27 16:59:09.828547 np0000001529 neutron-periodic-workers[91798]: DEBUG cotyledon.oslo_config_glue [-] ovn.neutron_sync_mode = log {{(pid=91798) log_opt_values /opt/stack/data/venv/lib/python3.12/site-packages/oslo_config/cfg.py:3256}}
May 27 16:59:09.828683 np0000001529 neutron-periodic-workers[91798]: DEBUG cotyledon.oslo_config_glue [-] ovn.ovn_dhcp4_global_options = {} {{(pid=91798) log_opt_values /opt/stack/data/venv/lib/python3.12/site-packages/oslo_config/cfg.py:3256}}
May 27 16:59:09.828683 np0000001529 neutron-periodic-workers[91798]: DEBUG cotyledon.oslo_config_glue [-] ovn.ovn_dhcp6_global_options = {} {{(pid=91798) log_opt_values /opt/stack/data/venv/lib/python3.12/site-packages/oslo_config/cfg.py:3256}}
May 27 16:59:09.828683 np0000001529 neutron-periodic-workers[91798]: DEBUG cotyledon.oslo_config_glue [-] ovn.ovn_l3_scheduler = leastloaded {{(pid=91798) log_opt_values /opt/stack/data/venv/lib/python3.12/site-packages/oslo_config/cfg.py:3256}}
May 27 16:59:09.828753 np0000001529 neutron-periodic-workers[91798]: DEBUG cotyledon.oslo_config_glue [-] ovn.ovn_metadata_enabled = True {{(pid=91798) log_opt_values /opt/stack/data/venv/lib/python3.12/site-packages/oslo_config/cfg.py:3256}}
May 27 16:59:09.828753 np0000001529 neutron-periodic-workers[91798]: DEBUG cotyledon.oslo_config_glue [-] ovn.ovn_nb_ca_cert = /opt/stack/data/CA/int-ca/ca-chain.pem {{(pid=91798) log_opt_values /opt/stack/data/venv/lib/python3.12/site-packages/oslo_config/cfg.py:3256}}
May 27 16:59:09.828845 np0000001529 neutron-periodic-workers[91798]: DEBUG cotyledon.oslo_config_glue [-] ovn.ovn_nb_certificate = /opt/stack/data/CA/int-ca/devstack-cert.crt {{(pid=91798) log_opt_values /opt/stack/data/venv/lib/python3.12/site-packages/oslo_config/cfg.py:3256}}
May 27 16:59:09.828845 np0000001529 neutron-periodic-workers[91798]: DEBUG cotyledon.oslo_config_glue [-] ovn.ovn_nb_connection = ['ssl:10.4.3.233:6641'] {{(pid=91798) log_opt_values /opt/stack/data/venv/lib/python3.12/site-packages/oslo_config/cfg.py:3256}}
May 27 16:59:09.828905 np0000001529 neutron-periodic-workers[91798]: DEBUG cotyledon.oslo_config_glue [-] ovn.ovn_nb_private_key = /opt/stack/data/CA/int-ca/private/devstack-cert.key {{(pid=91798) log_opt_values /opt/stack/data/venv/lib/python3.12/site-packages/oslo_config/cfg.py:3256}}
May 27 16:59:09.828905 np0000001529 neutron-periodic-workers[91798]: DEBUG cotyledon.oslo_config_glue [-] ovn.ovn_router_indirect_snat = False {{(pid=91798) log_opt_values /opt/stack/data/venv/lib/python3.12/site-packages/oslo_config/cfg.py:3256}}
May 27 16:59:09.828952 np0000001529 neutron-periodic-workers[91798]: DEBUG cotyledon.oslo_config_glue [-] ovn.ovn_sb_ca_cert = /opt/stack/data/CA/int-ca/ca-chain.pem {{(pid=91798) log_opt_values /opt/stack/data/venv/lib/python3.12/site-packages/oslo_config/cfg.py:3256}}
May 27 16:59:09.828976 np0000001529 neutron-periodic-workers[91798]: DEBUG cotyledon.oslo_config_glue [-] ovn.ovn_sb_certificate = /opt/stack/data/CA/int-ca/devstack-cert.crt {{(pid=91798) log_opt_values /opt/stack/data/venv/lib/python3.12/site-packages/oslo_config/cfg.py:3256}}
May 27 16:59:09.829000 np0000001529 neutron-periodic-workers[91798]: DEBUG cotyledon.oslo_config_glue [-] ovn.ovn_sb_connection = ['ssl:10.4.3.233:6642'] {{(pid=91798) log_opt_values /opt/stack/data/venv/lib/python3.12/site-packages/oslo_config/cfg.py:3256}}
May 27 16:59:09.829023 np0000001529 neutron-periodic-workers[91798]: DEBUG cotyledon.oslo_config_glue [-] ovn.ovn_sb_private_key = /opt/stack/data/CA/int-ca/private/devstack-cert.key {{(pid=91798) log_opt_values /opt/stack/data/venv/lib/python3.12/site-packages/oslo_config/cfg.py:3256}}
May 27 16:59:09.829073 np0000001529 neutron-periodic-workers[91798]: DEBUG cotyledon.oslo_config_glue [-] ovn.ovs_create_tap = False {{(pid=91798) log_opt_values /opt/stack/data/venv/lib/python3.12/site-packages/oslo_config/cfg.py:3256}}
May 27 16:59:09.829103 np0000001529 neutron-periodic-workers[91798]: DEBUG cotyledon.oslo_config_glue [-] ovn.ovsdb_connection_timeout = 180 {{(pid=91798) log_opt_values /opt/stack/data/venv/lib/python3.12/site-packages/oslo_config/cfg.py:3256}}
May 27 16:59:09.829136 np0000001529 neutron-periodic-workers[91798]: DEBUG cotyledon.oslo_config_glue [-] ovn.ovsdb_log_level = INFO {{(pid=91798) log_opt_values /opt/stack/data/venv/lib/python3.12/site-packages/oslo_config/cfg.py:3256}}
May 27 16:59:09.829136 np0000001529 neutron-periodic-workers[91798]: DEBUG cotyledon.oslo_config_glue [-] ovn.ovsdb_probe_interval = 60000 {{(pid=91798) log_opt_values /opt/stack/data/venv/lib/python3.12/site-packages/oslo_config/cfg.py:3256}}
May 27 16:59:09.829180 np0000001529 neutron-periodic-workers[91798]: DEBUG cotyledon.oslo_config_glue [-] ovn.ovsdb_retry_max_interval = 180 {{(pid=91798) log_opt_values /opt/stack/data/venv/lib/python3.12/site-packages/oslo_config/cfg.py:3256}}
May 27 16:59:09.829230 np0000001529 neutron-periodic-workers[91798]: DEBUG cotyledon.oslo_config_glue [-] ovn.stateless_nat_enabled = False {{(pid=91798) log_opt_values /opt/stack/data/venv/lib/python3.12/site-packages/oslo_config/cfg.py:3256}}
May 27 16:59:09.829261 np0000001529 neutron-periodic-workers[91798]: DEBUG cotyledon.oslo_config_glue [-] ovn.vhost_sock_dir = /var/run/openvswitch {{(pid=91798) log_opt_values /opt/stack/data/venv/lib/python3.12/site-packages/oslo_config/cfg.py:3256}}
May 27 16:59:09.829312 np0000001529 neutron-periodic-workers[91798]: DEBUG cotyledon.oslo_config_glue [-] OVS.bridge_mac_table_size = 50000 {{(pid=91798) log_opt_values /opt/stack/data/venv/lib/python3.12/site-packages/oslo_config/cfg.py:3256}}
May 27 16:59:09.829373 np0000001529 neutron-periodic-workers[91798]: DEBUG cotyledon.oslo_config_glue [-] OVS.igmp_flood = False {{(pid=91798) log_opt_values /opt/stack/data/venv/lib/python3.12/site-packages/oslo_config/cfg.py:3256}}
May 27 16:59:09.829373 np0000001529 neutron-periodic-workers[91798]: DEBUG cotyledon.oslo_config_glue [-] OVS.igmp_flood_reports = True {{(pid=91798) log_opt_values /opt/stack/data/venv/lib/python3.12/site-packages/oslo_config/cfg.py:3256}}
May 27 16:59:09.829417 np0000001529 neutron-periodic-workers[91798]: DEBUG cotyledon.oslo_config_glue [-] OVS.igmp_flood_unregistered = False {{(pid=91798) log_opt_values /opt/stack/data/venv/lib/python3.12/site-packages/oslo_config/cfg.py:3256}}
May 27 16:59:09.829417 np0000001529 neutron-periodic-workers[91798]: DEBUG cotyledon.oslo_config_glue [-] OVS.igmp_snooping_enable = False {{(pid=91798) log_opt_values /opt/stack/data/venv/lib/python3.12/site-packages/oslo_config/cfg.py:3256}}
May 27 16:59:09.829465 np0000001529 neutron-periodic-workers[91798]: DEBUG cotyledon.oslo_config_glue [-] OVS.ovsdb_timeout = 10 {{(pid=91798) log_opt_values /opt/stack/data/venv/lib/python3.12/site-packages/oslo_config/cfg.py:3256}}
May 27 16:59:09.829519 np0000001529 neutron-periodic-workers[91798]: DEBUG cotyledon.oslo_config_glue [-] ovn_nb_global.fdb_removal_limit = 0 {{(pid=91798) log_opt_values /opt/stack/data/venv/lib/python3.12/site-packages/oslo_config/cfg.py:3256}}
May 27 16:59:09.829595 np0000001529 neutron-periodic-workers[91798]: DEBUG cotyledon.oslo_config_glue [-] ovn_nb_global.ignore_lsp_down = False {{(pid=91798) log_opt_values /opt/stack/data/venv/lib/python3.12/site-packages/oslo_config/cfg.py:3256}}
May 27 16:59:09.829622 np0000001529 neutron-periodic-workers[91798]: DEBUG cotyledon.oslo_config_glue [-] ovn_nb_global.mac_binding_removal_limit = 0 {{(pid=91798) log_opt_values /opt/stack/data/venv/lib/python3.12/site-packages/oslo_config/cfg.py:3256}}
May 27 16:59:09.829657 np0000001529 neutron-periodic-workers[91798]: DEBUG cotyledon.oslo_config_glue [-] ******************************************************************************** {{(pid=91798) log_opt_values /opt/stack/data/venv/lib/python3.12/site-packages/oslo_config/cfg.py:3263}}
May 27 16:59:09.830127 np0000001529 neutron-periodic-workers[91798]: DEBUG cotyledon._service_worker [-] Run service ServiceWrapper(0) [91798] {{(pid=91798) wait_forever /opt/stack/data/venv/lib/python3.12/site-packages/cotyledon/_service_worker.py:218}}
May 27 16:59:19.502788 np0000001529 neutron-periodic-workers[90874]: DEBUG dbcounter [-] [90874] Writing DB stats neutron:SELECT=4 {{(pid=90874) stat_writer /opt/stack/data/venv/lib/python3.12/site-packages/dbcounter.py:115}}
May 27 17:00:02.817056 np0000001529 neutron-periodic-workers[91782]: DEBUG oslo_db.sqlalchemy.engines [None req-e81d61ba-5aac-4760-baee-4e139223a323 None None] Parent process 90874 forked (91782) with an open database connection, which is being discarded and recreated. {{(pid=91782) checkout /opt/stack/data/venv/lib/python3.12/site-packages/oslo_db/sqlalchemy/engines.py:402}}
May 27 17:00:02.862338 np0000001529 neutron-periodic-workers[91782]: DEBUG dbcounter [-] [91782] Writer thread running {{(pid=91782) stat_writer /opt/stack/data/venv/lib/python3.12/site-packages/dbcounter.py:102}}
May 27 17:00:02.866777 np0000001529 neutron-periodic-workers[91782]: DEBUG neutron.db.agents_db [None req-e81d61ba-5aac-4760-baee-4e139223a323 None None] Agent healthcheck: found 0 active agents {{(pid=91782) agent_health_check /opt/stack/neutron/neutron/db/agents_db.py:322}}
May 27 17:00:02.867027 np0000001529 neutron-periodic-workers[91782]: DEBUG oslo.service.backend._threading.loopingcall [None req-e81d61ba-5aac-4760-baee-4e139223a323 None None] Fixed interval looping call 'neutron.plugins.ml2.plugin.AgentDbMixin.agent_health_check' sleeping for 36.94 seconds {{(pid=91782) _run_loop /opt/stack/data/venv/lib/python3.12/site-packages/oslo_service/backend/_threading/loopingcall.py:125}}
May 27 17:00:12.862882 np0000001529 neutron-periodic-workers[91782]: DEBUG dbcounter [-] [91782] Writing DB stats neutron:SELECT=1 {{(pid=91782) stat_writer /opt/stack/data/venv/lib/python3.12/site-packages/dbcounter.py:115}}
May 27 17:00:13.871447 np0000001529 neutron-periodic-workers[91778]: DEBUG dbcounter [-] [91778] Writer thread running {{(pid=91778) stat_writer /opt/stack/data/venv/lib/python3.12/site-packages/dbcounter.py:102}}
May 27 17:00:13.880111 np0000001529 neutron-periodic-workers[91778]: DEBUG oslo.service.backend._threading.loopingcall [None req-804aeb9b-181e-4a93-aef6-224fefbc9c93 None None] Fixed interval looping call 'neutron.plugins.ml2.plugin.DhcpAgentSchedulerDbMixin.remove_networks_from_down_agents' sleeping for 36.94 seconds {{(pid=91778) _run_loop /opt/stack/data/venv/lib/python3.12/site-packages/oslo_service/backend/_threading/loopingcall.py:125}}
May 27 17:00:23.878931 np0000001529 neutron-periodic-workers[91778]: DEBUG dbcounter [-] [91778] Writing DB stats neutron:SELECT=3 {{(pid=91778) stat_writer /opt/stack/data/venv/lib/python3.12/site-packages/dbcounter.py:115}}
May 27 17:00:39.811604 np0000001529 neutron-periodic-workers[91782]: DEBUG neutron.db.agents_db [None req-e81d61ba-5aac-4760-baee-4e139223a323 None None] Agent healthcheck: found 0 active agents {{(pid=91782) agent_health_check /opt/stack/neutron/neutron/db/agents_db.py:322}}
May 27 17:00:39.812147 np0000001529 neutron-periodic-workers[91782]: DEBUG oslo.service.backend._threading.loopingcall [None req-e81d61ba-5aac-4760-baee-4e139223a323 None None] Fixed interval looping call 'neutron.plugins.ml2.plugin.AgentDbMixin.agent_health_check' sleeping for 37.00 seconds {{(pid=91782) _run_loop /opt/stack/data/venv/lib/python3.12/site-packages/oslo_service/backend/_threading/loopingcall.py:125}}
May 27 17:00:49.809854 np0000001529 neutron-periodic-workers[91782]: DEBUG dbcounter [-] [91782] Writing DB stats neutron:SELECT=1 {{(pid=91782) stat_writer /opt/stack/data/venv/lib/python3.12/site-packages/dbcounter.py:115}}
May 27 17:00:50.828849 np0000001529 neutron-periodic-workers[91778]: DEBUG oslo.service.backend._threading.loopingcall [None req-804aeb9b-181e-4a93-aef6-224fefbc9c93 None None] Fixed interval looping call 'neutron.plugins.ml2.plugin.DhcpAgentSchedulerDbMixin.remove_networks_from_down_agents' sleeping for 36.99 seconds {{(pid=91778) _run_loop /opt/stack/data/venv/lib/python3.12/site-packages/oslo_service/backend/_threading/loopingcall.py:125}}
May 27 17:01:00.825440 np0000001529 neutron-periodic-workers[91778]: DEBUG dbcounter [-] [91778] Writing DB stats neutron:SELECT=3 {{(pid=91778) stat_writer /opt/stack/data/venv/lib/python3.12/site-packages/dbcounter.py:115}}
May 27 17:01:02.861445 np0000001529 neutron-periodic-workers[91771]: DEBUG dbcounter [-] [91771] Writer thread running {{(pid=91771) stat_writer /opt/stack/data/venv/lib/python3.12/site-packages/dbcounter.py:102}}
May 27 17:01:02.874671 np0000001529 neutron-periodic-workers[91771]: DEBUG oslo.service.backend._threading.loopingcall [None req-d975cb42-72fa-4bd9-8f25-7b3ff6e9fdcb None None] Fixed interval looping call 'neutron.services.ovn_l3.plugin.L3_NAT_dbonly_mixin._clean_garbage' sleeping for 299.92 seconds {{(pid=91771) _run_loop /opt/stack/data/venv/lib/python3.12/site-packages/oslo_service/backend/_threading/loopingcall.py:125}}
May 27 17:01:09.881186 np0000001529 neutron-periodic-workers[91798]: DEBUG dbcounter [-] [91798] Writer thread running {{(pid=91798) stat_writer /opt/stack/data/venv/lib/python3.12/site-packages/dbcounter.py:102}}
May 27 17:01:09.883428 np0000001529 neutron-periodic-workers[91798]: DEBUG oslo.service.backend._threading.loopingcall [None req-7466588d-470c-46bf-8d44-46368621726d None None] Fixed interval looping call 'neutron.db.quota.driver_nolock.DbQuotaNoLockDriver._remove_expired_reservations' sleeping for 119.95 seconds {{(pid=91798) _run_loop /opt/stack/data/venv/lib/python3.12/site-packages/oslo_service/backend/_threading/loopingcall.py:125}}
May 27 17:01:12.861876 np0000001529 neutron-periodic-workers[91771]: DEBUG dbcounter [-] [91771] Writing DB stats neutron:SELECT=1 {{(pid=91771) stat_writer /opt/stack/data/venv/lib/python3.12/site-packages/dbcounter.py:115}}
May 27 17:01:16.815486 np0000001529 neutron-periodic-workers[91782]: DEBUG neutron.db.agents_db [None req-e81d61ba-5aac-4760-baee-4e139223a323 None None] Agent healthcheck: found 0 active agents {{(pid=91782) agent_health_check /opt/stack/neutron/neutron/db/agents_db.py:322}}
May 27 17:01:16.815956 np0000001529 neutron-periodic-workers[91782]: DEBUG oslo.service.backend._threading.loopingcall [None req-e81d61ba-5aac-4760-baee-4e139223a323 None None] Fixed interval looping call 'neutron.plugins.ml2.plugin.AgentDbMixin.agent_health_check' sleeping for 37.00 seconds {{(pid=91782) _run_loop /opt/stack/data/venv/lib/python3.12/site-packages/oslo_service/backend/_threading/loopingcall.py:125}}
May 27 17:01:19.881671 np0000001529 neutron-periodic-workers[91798]: DEBUG dbcounter [-] [91798] Writing DB stats neutron:DELETE=1 {{(pid=91798) stat_writer /opt/stack/data/venv/lib/python3.12/site-packages/dbcounter.py:115}}
May 27 17:01:26.814415 np0000001529 neutron-periodic-workers[91782]: DEBUG dbcounter [-] [91782] Writing DB stats neutron:SELECT=1 {{(pid=91782) stat_writer /opt/stack/data/venv/lib/python3.12/site-packages/dbcounter.py:115}}
May 27 17:01:27.825880 np0000001529 neutron-periodic-workers[91778]: DEBUG oslo.service.backend._threading.loopingcall [None req-804aeb9b-181e-4a93-aef6-224fefbc9c93 None None] Fixed interval looping call 'neutron.plugins.ml2.plugin.DhcpAgentSchedulerDbMixin.remove_networks_from_down_agents' sleeping for 36.99 seconds {{(pid=91778) _run_loop /opt/stack/data/venv/lib/python3.12/site-packages/oslo_service/backend/_threading/loopingcall.py:125}}
May 27 17:01:37.824865 np0000001529 neutron-periodic-workers[91778]: DEBUG dbcounter [-] [91778] Writing DB stats neutron:SELECT=3 {{(pid=91778) stat_writer /opt/stack/data/venv/lib/python3.12/site-packages/dbcounter.py:115}}
May 27 17:01:53.819150 np0000001529 neutron-periodic-workers[91782]: DEBUG neutron.db.agents_db [None req-e81d61ba-5aac-4760-baee-4e139223a323 None None] Agent healthcheck: found 0 active agents {{(pid=91782) agent_health_check /opt/stack/neutron/neutron/db/agents_db.py:322}}
May 27 17:01:53.819679 np0000001529 neutron-periodic-workers[91782]: DEBUG oslo.service.backend._threading.loopingcall [None req-e81d61ba-5aac-4760-baee-4e139223a323 None None] Fixed interval looping call 'neutron.plugins.ml2.plugin.AgentDbMixin.agent_health_check' sleeping for 37.00 seconds {{(pid=91782) _run_loop /opt/stack/data/venv/lib/python3.12/site-packages/oslo_service/backend/_threading/loopingcall.py:125}}
May 27 17:02:03.818106 np0000001529 neutron-periodic-workers[91782]: DEBUG dbcounter [-] [91782] Writing DB stats neutron:SELECT=1 {{(pid=91782) stat_writer /opt/stack/data/venv/lib/python3.12/site-packages/dbcounter.py:115}}
May 27 17:02:04.824679 np0000001529 neutron-periodic-workers[91778]: DEBUG oslo.service.backend._threading.loopingcall [None req-804aeb9b-181e-4a93-aef6-224fefbc9c93 None None] Fixed interval looping call 'neutron.plugins.ml2.plugin.DhcpAgentSchedulerDbMixin.remove_networks_from_down_agents' sleeping for 36.99 seconds {{(pid=91778) _run_loop /opt/stack/data/venv/lib/python3.12/site-packages/oslo_service/backend/_threading/loopingcall.py:125}}
May 27 17:02:14.823280 np0000001529 neutron-periodic-workers[91778]: DEBUG dbcounter [-] [91778] Writing DB stats neutron:SELECT=3 {{(pid=91778) stat_writer /opt/stack/data/venv/lib/python3.12/site-packages/dbcounter.py:115}}
May 27 17:02:30.827852 np0000001529 neutron-periodic-workers[91782]: DEBUG neutron.db.agents_db [None req-e81d61ba-5aac-4760-baee-4e139223a323 None None] Agent healthcheck: found 0 active agents {{(pid=91782) agent_health_check /opt/stack/neutron/neutron/db/agents_db.py:322}}
May 27 17:02:30.828429 np0000001529 neutron-periodic-workers[91782]: DEBUG oslo.service.backend._threading.loopingcall [None req-e81d61ba-5aac-4760-baee-4e139223a323 None None] Fixed interval looping call 'neutron.plugins.ml2.plugin.AgentDbMixin.agent_health_check' sleeping for 36.99 seconds {{(pid=91782) _run_loop /opt/stack/data/venv/lib/python3.12/site-packages/oslo_service/backend/_threading/loopingcall.py:125}}
May 27 17:02:40.824923 np0000001529 neutron-periodic-workers[91782]: DEBUG dbcounter [-] [91782] Writing DB stats neutron:SELECT=1 {{(pid=91782) stat_writer /opt/stack/data/venv/lib/python3.12/site-packages/dbcounter.py:115}}
May 27 17:02:41.823438 np0000001529 neutron-periodic-workers[91778]: DEBUG oslo.service.backend._threading.loopingcall [None req-804aeb9b-181e-4a93-aef6-224fefbc9c93 None None] Fixed interval looping call 'neutron.plugins.ml2.plugin.DhcpAgentSchedulerDbMixin.remove_networks_from_down_agents' sleeping for 36.99 seconds {{(pid=91778) _run_loop /opt/stack/data/venv/lib/python3.12/site-packages/oslo_service/backend/_threading/loopingcall.py:125}}
May 27 17:02:51.889245 np0000001529 neutron-periodic-workers[91778]: DEBUG dbcounter [-] [91778] Writing DB stats neutron:SELECT=3 {{(pid=91778) stat_writer /opt/stack/data/venv/lib/python3.12/site-packages/dbcounter.py:115}}
May 27 17:03:07.830065 np0000001529 neutron-periodic-workers[91782]: DEBUG neutron.db.agents_db [None req-e81d61ba-5aac-4760-baee-4e139223a323 None None] Agent healthcheck: found 0 active agents {{(pid=91782) agent_health_check /opt/stack/neutron/neutron/db/agents_db.py:322}}
May 27 17:03:07.830395 np0000001529 neutron-periodic-workers[91782]: DEBUG oslo.service.backend._threading.loopingcall [None req-e81d61ba-5aac-4760-baee-4e139223a323 None None] Fixed interval looping call 'neutron.plugins.ml2.plugin.AgentDbMixin.agent_health_check' sleeping for 36.99 seconds {{(pid=91782) _run_loop /opt/stack/data/venv/lib/python3.12/site-packages/oslo_service/backend/_threading/loopingcall.py:125}}
May 27 17:03:09.840275 np0000001529 neutron-periodic-workers[91798]: DEBUG oslo.service.backend._threading.loopingcall [None req-7466588d-470c-46bf-8d44-46368621726d None None] Fixed interval looping call 'neutron.db.quota.driver_nolock.DbQuotaNoLockDriver._remove_expired_reservations' sleeping for 119.99 seconds {{(pid=91798) _run_loop /opt/stack/data/venv/lib/python3.12/site-packages/oslo_service/backend/_threading/loopingcall.py:125}}
May 27 17:03:17.830649 np0000001529 neutron-periodic-workers[91782]: DEBUG dbcounter [-] [91782] Writing DB stats neutron:SELECT=1 {{(pid=91782) stat_writer /opt/stack/data/venv/lib/python3.12/site-packages/dbcounter.py:115}}
May 27 17:03:18.823953 np0000001529 neutron-periodic-workers[91778]: DEBUG oslo.service.backend._threading.loopingcall [None req-804aeb9b-181e-4a93-aef6-224fefbc9c93 None None] Fixed interval looping call 'neutron.plugins.ml2.plugin.DhcpAgentSchedulerDbMixin.remove_networks_from_down_agents' sleeping for 36.99 seconds {{(pid=91778) _run_loop /opt/stack/data/venv/lib/python3.12/site-packages/oslo_service/backend/_threading/loopingcall.py:125}}
May 27 17:03:19.837356 np0000001529 neutron-periodic-workers[91798]: DEBUG dbcounter [-] [91798] Writing DB stats neutron:DELETE=1 {{(pid=91798) stat_writer /opt/stack/data/venv/lib/python3.12/site-packages/dbcounter.py:115}}
May 27 17:03:28.822675 np0000001529 neutron-periodic-workers[91778]: DEBUG dbcounter [-] [91778] Writing DB stats neutron:SELECT=3 {{(pid=91778) stat_writer /opt/stack/data/venv/lib/python3.12/site-packages/dbcounter.py:115}}
May 27 17:03:44.833916 np0000001529 neutron-periodic-workers[91782]: DEBUG neutron.db.agents_db [None req-e81d61ba-5aac-4760-baee-4e139223a323 None None] Agent healthcheck: found 0 active agents {{(pid=91782) agent_health_check /opt/stack/neutron/neutron/db/agents_db.py:322}}
May 27 17:03:44.834275 np0000001529 neutron-periodic-workers[91782]: DEBUG oslo.service.backend._threading.loopingcall [None req-e81d61ba-5aac-4760-baee-4e139223a323 None None] Fixed interval looping call 'neutron.plugins.ml2.plugin.AgentDbMixin.agent_health_check' sleeping for 36.99 seconds {{(pid=91782) _run_loop /opt/stack/data/venv/lib/python3.12/site-packages/oslo_service/backend/_threading/loopingcall.py:125}}
May 27 17:03:54.833713 np0000001529 neutron-periodic-workers[91782]: DEBUG dbcounter [-] [91782] Writing DB stats neutron:SELECT=1 {{(pid=91782) stat_writer /opt/stack/data/venv/lib/python3.12/site-packages/dbcounter.py:115}}
May 27 17:03:55.827305 np0000001529 neutron-periodic-workers[91778]: DEBUG oslo.service.backend._threading.loopingcall [None req-804aeb9b-181e-4a93-aef6-224fefbc9c93 None None] Fixed interval looping call 'neutron.plugins.ml2.plugin.DhcpAgentSchedulerDbMixin.remove_networks_from_down_agents' sleeping for 36.99 seconds {{(pid=91778) _run_loop /opt/stack/data/venv/lib/python3.12/site-packages/oslo_service/backend/_threading/loopingcall.py:125}}
May 27 17:04:05.824502 np0000001529 neutron-periodic-workers[91778]: DEBUG dbcounter [-] [91778] Writing DB stats neutron:SELECT=3 {{(pid=91778) stat_writer /opt/stack/data/venv/lib/python3.12/site-packages/dbcounter.py:115}}
May 27 17:04:21.829849 np0000001529 neutron-periodic-workers[91782]: DEBUG neutron.db.agents_db [None req-e81d61ba-5aac-4760-baee-4e139223a323 None None] Agent healthcheck: found 0 active agents {{(pid=91782) agent_health_check /opt/stack/neutron/neutron/db/agents_db.py:322}}
May 27 17:04:21.829849 np0000001529 neutron-periodic-workers[91782]: DEBUG oslo.service.backend._threading.loopingcall [None req-e81d61ba-5aac-4760-baee-4e139223a323 None None] Fixed interval looping call 'neutron.plugins.ml2.plugin.AgentDbMixin.agent_health_check' sleeping for 36.99 seconds {{(pid=91782) _run_loop /opt/stack/data/venv/lib/python3.12/site-packages/oslo_service/backend/_threading/loopingcall.py:125}}
May 27 17:04:31.832844 np0000001529 neutron-periodic-workers[91782]: DEBUG dbcounter [-] [91782] Writing DB stats neutron:SELECT=1 {{(pid=91782) stat_writer /opt/stack/data/venv/lib/python3.12/site-packages/dbcounter.py:115}}
May 27 17:04:32.828861 np0000001529 neutron-periodic-workers[91778]: DEBUG oslo.service.backend._threading.loopingcall [None req-804aeb9b-181e-4a93-aef6-224fefbc9c93 None None] Fixed interval looping call 'neutron.plugins.ml2.plugin.DhcpAgentSchedulerDbMixin.remove_networks_from_down_agents' sleeping for 36.99 seconds {{(pid=91778) _run_loop /opt/stack/data/venv/lib/python3.12/site-packages/oslo_service/backend/_threading/loopingcall.py:125}}
May 27 17:04:42.827559 np0000001529 neutron-periodic-workers[91778]: DEBUG dbcounter [-] [91778] Writing DB stats neutron:SELECT=3 {{(pid=91778) stat_writer /opt/stack/data/venv/lib/python3.12/site-packages/dbcounter.py:115}}
May 27 17:04:58.824603 np0000001529 neutron-periodic-workers[91782]: DEBUG neutron.db.agents_db [None req-e81d61ba-5aac-4760-baee-4e139223a323 None None] Agent healthcheck: found 0 active agents {{(pid=91782) agent_health_check /opt/stack/neutron/neutron/db/agents_db.py:322}}
May 27 17:04:58.825086 np0000001529 neutron-periodic-workers[91782]: DEBUG oslo.service.backend._threading.loopingcall [None req-e81d61ba-5aac-4760-baee-4e139223a323 None None] Fixed interval looping call 'neutron.plugins.ml2.plugin.AgentDbMixin.agent_health_check' sleeping for 37.00 seconds {{(pid=91782) _run_loop /opt/stack/data/venv/lib/python3.12/site-packages/oslo_service/backend/_threading/loopingcall.py:125}}
May 27 17:05:08.824034 np0000001529 neutron-periodic-workers[91782]: DEBUG dbcounter [-] [91782] Writing DB stats neutron:SELECT=1 {{(pid=91782) stat_writer /opt/stack/data/venv/lib/python3.12/site-packages/dbcounter.py:115}}
May 27 17:05:09.828198 np0000001529 neutron-periodic-workers[91778]: DEBUG oslo.service.backend._threading.loopingcall [None req-804aeb9b-181e-4a93-aef6-224fefbc9c93 None None] Fixed interval looping call 'neutron.plugins.ml2.plugin.DhcpAgentSchedulerDbMixin.remove_networks_from_down_agents' sleeping for 36.99 seconds {{(pid=91778) _run_loop /opt/stack/data/venv/lib/python3.12/site-packages/oslo_service/backend/_threading/loopingcall.py:125}}
May 27 17:05:09.834673 np0000001529 neutron-periodic-workers[91798]: DEBUG oslo.service.backend._threading.loopingcall [None req-7466588d-470c-46bf-8d44-46368621726d None None] Fixed interval looping call 'neutron.db.quota.driver_nolock.DbQuotaNoLockDriver._remove_expired_reservations' sleeping for 120.00 seconds {{(pid=91798) _run_loop /opt/stack/data/venv/lib/python3.12/site-packages/oslo_service/backend/_threading/loopingcall.py:125}}
May 27 17:05:19.827213 np0000001529 neutron-periodic-workers[91778]: DEBUG dbcounter [-] [91778] Writing DB stats neutron:SELECT=3 {{(pid=91778) stat_writer /opt/stack/data/venv/lib/python3.12/site-packages/dbcounter.py:115}}
May 27 17:05:19.832753 np0000001529 neutron-periodic-workers[91798]: DEBUG dbcounter [-] [91798] Writing DB stats neutron:DELETE=1 {{(pid=91798) stat_writer /opt/stack/data/venv/lib/python3.12/site-packages/dbcounter.py:115}}
May 27 17:05:35.836252 np0000001529 neutron-periodic-workers[91782]: DEBUG neutron.db.agents_db [None req-e81d61ba-5aac-4760-baee-4e139223a323 None None] Agent healthcheck: found 0 active agents {{(pid=91782) agent_health_check /opt/stack/neutron/neutron/db/agents_db.py:322}}
May 27 17:05:35.836735 np0000001529 neutron-periodic-workers[91782]: DEBUG oslo.service.backend._threading.loopingcall [None req-e81d61ba-5aac-4760-baee-4e139223a323 None None] Fixed interval looping call 'neutron.plugins.ml2.plugin.AgentDbMixin.agent_health_check' sleeping for 36.99 seconds {{(pid=91782) _run_loop /opt/stack/data/venv/lib/python3.12/site-packages/oslo_service/backend/_threading/loopingcall.py:125}}
May 27 17:05:45.832191 np0000001529 neutron-periodic-workers[91782]: DEBUG dbcounter [-] [91782] Writing DB stats neutron:SELECT=1 {{(pid=91782) stat_writer /opt/stack/data/venv/lib/python3.12/site-packages/dbcounter.py:115}}
May 27 17:05:46.826157 np0000001529 neutron-periodic-workers[91778]: DEBUG oslo.service.backend._threading.loopingcall [None req-804aeb9b-181e-4a93-aef6-224fefbc9c93 None None] Fixed interval looping call 'neutron.plugins.ml2.plugin.DhcpAgentSchedulerDbMixin.remove_networks_from_down_agents' sleeping for 36.99 seconds {{(pid=91778) _run_loop /opt/stack/data/venv/lib/python3.12/site-packages/oslo_service/backend/_threading/loopingcall.py:125}}
May 27 17:05:56.825580 np0000001529 neutron-periodic-workers[91778]: DEBUG dbcounter [-] [91778] Writing DB stats neutron:SELECT=3 {{(pid=91778) stat_writer /opt/stack/data/venv/lib/python3.12/site-packages/dbcounter.py:115}}
May 27 17:06:02.806699 np0000001529 neutron-periodic-workers[91771]: DEBUG oslo.service.backend._threading.loopingcall [None req-d975cb42-72fa-4bd9-8f25-7b3ff6e9fdcb None None] Fixed interval looping call 'neutron.services.ovn_l3.plugin.L3_NAT_dbonly_mixin._clean_garbage' sleeping for 299.99 seconds {{(pid=91771) _run_loop /opt/stack/data/venv/lib/python3.12/site-packages/oslo_service/backend/_threading/loopingcall.py:125}}
May 27 17:06:12.797519 np0000001529 neutron-periodic-workers[91771]: DEBUG dbcounter [-] [91771] Writing DB stats neutron:SELECT=1 {{(pid=91771) stat_writer /opt/stack/data/venv/lib/python3.12/site-packages/dbcounter.py:115}}
May 27 17:06:12.830400 np0000001529 neutron-periodic-workers[91782]: DEBUG neutron.db.agents_db [None req-e81d61ba-5aac-4760-baee-4e139223a323 None None] Agent healthcheck: found 0 active agents {{(pid=91782) agent_health_check /opt/stack/neutron/neutron/db/agents_db.py:322}}
May 27 17:06:12.830953 np0000001529 neutron-periodic-workers[91782]: DEBUG oslo.service.backend._threading.loopingcall [None req-e81d61ba-5aac-4760-baee-4e139223a323 None None] Fixed interval looping call 'neutron.plugins.ml2.plugin.AgentDbMixin.agent_health_check' sleeping for 37.00 seconds {{(pid=91782) _run_loop /opt/stack/data/venv/lib/python3.12/site-packages/oslo_service/backend/_threading/loopingcall.py:125}}
May 27 17:06:22.831642 np0000001529 neutron-periodic-workers[91782]: DEBUG dbcounter [-] [91782] Writing DB stats neutron:SELECT=1 {{(pid=91782) stat_writer /opt/stack/data/venv/lib/python3.12/site-packages/dbcounter.py:115}}
May 27 17:06:23.827556 np0000001529 neutron-periodic-workers[91778]: DEBUG oslo.service.backend._threading.loopingcall [None req-804aeb9b-181e-4a93-aef6-224fefbc9c93 None None] Fixed interval looping call 'neutron.plugins.ml2.plugin.DhcpAgentSchedulerDbMixin.remove_networks_from_down_agents' sleeping for 36.99 seconds {{(pid=91778) _run_loop /opt/stack/data/venv/lib/python3.12/site-packages/oslo_service/backend/_threading/loopingcall.py:125}}
May 27 17:06:33.823894 np0000001529 neutron-periodic-workers[91778]: DEBUG dbcounter [-] [91778] Writing DB stats neutron:SELECT=3 {{(pid=91778) stat_writer /opt/stack/data/venv/lib/python3.12/site-packages/dbcounter.py:115}}
May 27 17:06:49.838396 np0000001529 neutron-periodic-workers[91782]: DEBUG neutron.db.agents_db [None req-e81d61ba-5aac-4760-baee-4e139223a323 None None] Agent healthcheck: found 0 active agents {{(pid=91782) agent_health_check /opt/stack/neutron/neutron/db/agents_db.py:322}}
May 27 17:06:49.838813 np0000001529 neutron-periodic-workers[91782]: DEBUG oslo.service.backend._threading.loopingcall [None req-e81d61ba-5aac-4760-baee-4e139223a323 None None] Fixed interval looping call 'neutron.plugins.ml2.plugin.AgentDbMixin.agent_health_check' sleeping for 36.99 seconds {{(pid=91782) _run_loop /opt/stack/data/venv/lib/python3.12/site-packages/oslo_service/backend/_threading/loopingcall.py:125}}
May 27 17:06:59.837062 np0000001529 neutron-periodic-workers[91782]: DEBUG dbcounter [-] [91782] Writing DB stats neutron:SELECT=1 {{(pid=91782) stat_writer /opt/stack/data/venv/lib/python3.12/site-packages/dbcounter.py:115}}
May 27 17:07:00.825771 np0000001529 neutron-periodic-workers[91778]: DEBUG oslo.service.backend._threading.loopingcall [None req-804aeb9b-181e-4a93-aef6-224fefbc9c93 None None] Fixed interval looping call 'neutron.plugins.ml2.plugin.DhcpAgentSchedulerDbMixin.remove_networks_from_down_agents' sleeping for 36.99 seconds {{(pid=91778) _run_loop /opt/stack/data/venv/lib/python3.12/site-packages/oslo_service/backend/_threading/loopingcall.py:125}}
May 27 17:07:09.837811 np0000001529 neutron-periodic-workers[91798]: DEBUG oslo.service.backend._threading.loopingcall [None req-7466588d-470c-46bf-8d44-46368621726d None None] Fixed interval looping call 'neutron.db.quota.driver_nolock.DbQuotaNoLockDriver._remove_expired_reservations' sleeping for 120.00 seconds {{(pid=91798) _run_loop /opt/stack/data/venv/lib/python3.12/site-packages/oslo_service/backend/_threading/loopingcall.py:125}}
May 27 17:07:10.824871 np0000001529 neutron-periodic-workers[91778]: DEBUG dbcounter [-] [91778] Writing DB stats neutron:SELECT=3 {{(pid=91778) stat_writer /opt/stack/data/venv/lib/python3.12/site-packages/dbcounter.py:115}}
May 27 17:07:19.837328 np0000001529 neutron-periodic-workers[91798]: DEBUG dbcounter [-] [91798] Writing DB stats neutron:DELETE=1 {{(pid=91798) stat_writer /opt/stack/data/venv/lib/python3.12/site-packages/dbcounter.py:115}}
May 27 17:07:26.833133 np0000001529 neutron-periodic-workers[91782]: DEBUG neutron.db.agents_db [None req-e81d61ba-5aac-4760-baee-4e139223a323 None None] Agent healthcheck: found 0 active agents {{(pid=91782) agent_health_check /opt/stack/neutron/neutron/db/agents_db.py:322}}
May 27 17:07:26.833518 np0000001529 neutron-periodic-workers[91782]: DEBUG oslo.service.backend._threading.loopingcall [None req-e81d61ba-5aac-4760-baee-4e139223a323 None None] Fixed interval looping call 'neutron.plugins.ml2.plugin.AgentDbMixin.agent_health_check' sleeping for 37.00 seconds {{(pid=91782) _run_loop /opt/stack/data/venv/lib/python3.12/site-packages/oslo_service/backend/_threading/loopingcall.py:125}}
May 27 17:07:36.832298 np0000001529 neutron-periodic-workers[91782]: DEBUG dbcounter [-] [91782] Writing DB stats neutron:SELECT=1 {{(pid=91782) stat_writer /opt/stack/data/venv/lib/python3.12/site-packages/dbcounter.py:115}}
May 27 17:07:37.824943 np0000001529 neutron-periodic-workers[91778]: DEBUG oslo.service.backend._threading.loopingcall [None req-804aeb9b-181e-4a93-aef6-224fefbc9c93 None None] Fixed interval looping call 'neutron.plugins.ml2.plugin.DhcpAgentSchedulerDbMixin.remove_networks_from_down_agents' sleeping for 36.99 seconds {{(pid=91778) _run_loop /opt/stack/data/venv/lib/python3.12/site-packages/oslo_service/backend/_threading/loopingcall.py:125}}
May 27 17:07:47.825001 np0000001529 neutron-periodic-workers[91778]: DEBUG dbcounter [-] [91778] Writing DB stats neutron:SELECT=3 {{(pid=91778) stat_writer /opt/stack/data/venv/lib/python3.12/site-packages/dbcounter.py:115}}
May 27 17:08:03.846951 np0000001529 neutron-periodic-workers[91782]: DEBUG neutron.db.agents_db [None req-e81d61ba-5aac-4760-baee-4e139223a323 None None] Agent healthcheck: found 0 active agents {{(pid=91782) agent_health_check /opt/stack/neutron/neutron/db/agents_db.py:322}}
May 27 17:08:03.847333 np0000001529 neutron-periodic-workers[91782]: DEBUG oslo.service.backend._threading.loopingcall [None req-e81d61ba-5aac-4760-baee-4e139223a323 None None] Fixed interval looping call 'neutron.plugins.ml2.plugin.AgentDbMixin.agent_health_check' sleeping for 36.99 seconds {{(pid=91782) _run_loop /opt/stack/data/venv/lib/python3.12/site-packages/oslo_service/backend/_threading/loopingcall.py:125}}
May 27 17:08:13.840673 np0000001529 neutron-periodic-workers[91782]: DEBUG dbcounter [-] [91782] Writing DB stats neutron:SELECT=1 {{(pid=91782) stat_writer /opt/stack/data/venv/lib/python3.12/site-packages/dbcounter.py:115}}
May 27 17:08:14.823100 np0000001529 neutron-periodic-workers[91778]: DEBUG oslo.service.backend._threading.loopingcall [None req-804aeb9b-181e-4a93-aef6-224fefbc9c93 None None] Fixed interval looping call 'neutron.plugins.ml2.plugin.DhcpAgentSchedulerDbMixin.remove_networks_from_down_agents' sleeping for 36.99 seconds {{(pid=91778) _run_loop /opt/stack/data/venv/lib/python3.12/site-packages/oslo_service/backend/_threading/loopingcall.py:125}}
May 27 17:08:24.821904 np0000001529 neutron-periodic-workers[91778]: DEBUG dbcounter [-] [91778] Writing DB stats neutron:SELECT=3 {{(pid=91778) stat_writer /opt/stack/data/venv/lib/python3.12/site-packages/dbcounter.py:115}}
May 27 17:08:40.844055 np0000001529 neutron-periodic-workers[91782]: DEBUG neutron.db.agents_db [None req-e81d61ba-5aac-4760-baee-4e139223a323 None None] Agent healthcheck: found 0 active agents {{(pid=91782) agent_health_check /opt/stack/neutron/neutron/db/agents_db.py:322}}
May 27 17:08:40.844055 np0000001529 neutron-periodic-workers[91782]: DEBUG oslo.service.backend._threading.loopingcall [None req-e81d61ba-5aac-4760-baee-4e139223a323 None None] Fixed interval looping call 'neutron.plugins.ml2.plugin.AgentDbMixin.agent_health_check' sleeping for 36.99 seconds {{(pid=91782) _run_loop /opt/stack/data/venv/lib/python3.12/site-packages/oslo_service/backend/_threading/loopingcall.py:125}}
May 27 17:08:50.840380 np0000001529 neutron-periodic-workers[91782]: DEBUG dbcounter [-] [91782] Writing DB stats neutron:SELECT=1 {{(pid=91782) stat_writer /opt/stack/data/venv/lib/python3.12/site-packages/dbcounter.py:115}}
May 27 17:08:51.822003 np0000001529 neutron-periodic-workers[91778]: DEBUG oslo.service.backend._threading.loopingcall [None req-804aeb9b-181e-4a93-aef6-224fefbc9c93 None None] Fixed interval looping call 'neutron.plugins.ml2.plugin.DhcpAgentSchedulerDbMixin.remove_networks_from_down_agents' sleeping for 36.99 seconds {{(pid=91778) _run_loop /opt/stack/data/venv/lib/python3.12/site-packages/oslo_service/backend/_threading/loopingcall.py:125}}
May 27 17:09:01.820771 np0000001529 neutron-periodic-workers[91778]: DEBUG dbcounter [-] [91778] Writing DB stats neutron:SELECT=3 {{(pid=91778) stat_writer /opt/stack/data/venv/lib/python3.12/site-packages/dbcounter.py:115}}
May 27 17:09:09.841794 np0000001529 neutron-periodic-workers[91798]: DEBUG oslo.service.backend._threading.loopingcall [None req-7466588d-470c-46bf-8d44-46368621726d None None] Fixed interval looping call 'neutron.db.quota.driver_nolock.DbQuotaNoLockDriver._remove_expired_reservations' sleeping for 120.00 seconds {{(pid=91798) _run_loop /opt/stack/data/venv/lib/python3.12/site-packages/oslo_service/backend/_threading/loopingcall.py:125}}
May 27 17:09:17.841403 np0000001529 neutron-periodic-workers[91782]: DEBUG neutron.db.agents_db [None req-e81d61ba-5aac-4760-baee-4e139223a323 None None] Agent healthcheck: found 0 active agents {{(pid=91782) agent_health_check /opt/stack/neutron/neutron/db/agents_db.py:322}}
May 27 17:09:17.841811 np0000001529 neutron-periodic-workers[91782]: DEBUG oslo.service.backend._threading.loopingcall [None req-e81d61ba-5aac-4760-baee-4e139223a323 None None] Fixed interval looping call 'neutron.plugins.ml2.plugin.AgentDbMixin.agent_health_check' sleeping for 36.99 seconds {{(pid=91782) _run_loop /opt/stack/data/venv/lib/python3.12/site-packages/oslo_service/backend/_threading/loopingcall.py:125}}
May 27 17:09:19.842605 np0000001529 neutron-periodic-workers[91798]: DEBUG dbcounter [-] [91798] Writing DB stats neutron:DELETE=1 {{(pid=91798) stat_writer /opt/stack/data/venv/lib/python3.12/site-packages/dbcounter.py:115}}
May 27 17:09:27.839247 np0000001529 neutron-periodic-workers[91782]: DEBUG dbcounter [-] [91782] Writing DB stats neutron:SELECT=1 {{(pid=91782) stat_writer /opt/stack/data/venv/lib/python3.12/site-packages/dbcounter.py:115}}
May 27 17:09:28.820051 np0000001529 neutron-periodic-workers[91778]: DEBUG oslo.service.backend._threading.loopingcall [None req-804aeb9b-181e-4a93-aef6-224fefbc9c93 None None] Fixed interval looping call 'neutron.plugins.ml2.plugin.DhcpAgentSchedulerDbMixin.remove_networks_from_down_agents' sleeping for 36.99 seconds {{(pid=91778) _run_loop /opt/stack/data/venv/lib/python3.12/site-packages/oslo_service/backend/_threading/loopingcall.py:125}}
May 27 17:09:38.819058 np0000001529 neutron-periodic-workers[91778]: DEBUG dbcounter [-] [91778] Writing DB stats neutron:SELECT=3 {{(pid=91778) stat_writer /opt/stack/data/venv/lib/python3.12/site-packages/dbcounter.py:115}}
May 27 17:09:54.841845 np0000001529 neutron-periodic-workers[91782]: DEBUG neutron.db.agents_db [None req-e81d61ba-5aac-4760-baee-4e139223a323 None None] Agent healthcheck: found 0 active agents {{(pid=91782) agent_health_check /opt/stack/neutron/neutron/db/agents_db.py:322}}
May 27 17:09:54.841845 np0000001529 neutron-periodic-workers[91782]: DEBUG oslo.service.backend._threading.loopingcall [None req-e81d61ba-5aac-4760-baee-4e139223a323 None None] Fixed interval looping call 'neutron.plugins.ml2.plugin.AgentDbMixin.agent_health_check' sleeping for 37.00 seconds {{(pid=91782) _run_loop /opt/stack/data/venv/lib/python3.12/site-packages/oslo_service/backend/_threading/loopingcall.py:125}}
May 27 17:10:04.834246 np0000001529 neutron-periodic-workers[91782]: DEBUG dbcounter [-] [91782] Writing DB stats neutron:SELECT=1 {{(pid=91782) stat_writer /opt/stack/data/venv/lib/python3.12/site-packages/dbcounter.py:115}}
May 27 17:10:05.819378 np0000001529 neutron-periodic-workers[91778]: DEBUG oslo.service.backend._threading.loopingcall [None req-804aeb9b-181e-4a93-aef6-224fefbc9c93 None None] Fixed interval looping call 'neutron.plugins.ml2.plugin.DhcpAgentSchedulerDbMixin.remove_networks_from_down_agents' sleeping for 36.99 seconds {{(pid=91778) _run_loop /opt/stack/data/venv/lib/python3.12/site-packages/oslo_service/backend/_threading/loopingcall.py:125}}
May 27 17:10:15.823297 np0000001529 neutron-periodic-workers[91778]: DEBUG dbcounter [-] [91778] Writing DB stats neutron:SELECT=3 {{(pid=91778) stat_writer /opt/stack/data/venv/lib/python3.12/site-packages/dbcounter.py:115}}
May 27 17:10:31.838911 np0000001529 neutron-periodic-workers[91782]: DEBUG neutron.db.agents_db [None req-e81d61ba-5aac-4760-baee-4e139223a323 None None] Agent healthcheck: found 0 active agents {{(pid=91782) agent_health_check /opt/stack/neutron/neutron/db/agents_db.py:322}}
May 27 17:10:31.839201 np0000001529 neutron-periodic-workers[91782]: DEBUG oslo.service.backend._threading.loopingcall [None req-e81d61ba-5aac-4760-baee-4e139223a323 None None] Fixed interval looping call 'neutron.plugins.ml2.plugin.AgentDbMixin.agent_health_check' sleeping for 37.00 seconds {{(pid=91782) _run_loop /opt/stack/data/venv/lib/python3.12/site-packages/oslo_service/backend/_threading/loopingcall.py:125}}
May 27 17:10:41.838698 np0000001529 neutron-periodic-workers[91782]: DEBUG dbcounter [-] [91782] Writing DB stats neutron:SELECT=1 {{(pid=91782) stat_writer /opt/stack/data/venv/lib/python3.12/site-packages/dbcounter.py:115}}
May 27 17:10:42.815354 np0000001529 neutron-periodic-workers[91778]: DEBUG oslo.service.backend._threading.loopingcall [None req-804aeb9b-181e-4a93-aef6-224fefbc9c93 None None] Fixed interval looping call 'neutron.plugins.ml2.plugin.DhcpAgentSchedulerDbMixin.remove_networks_from_down_agents' sleeping for 36.99 seconds {{(pid=91778) _run_loop /opt/stack/data/venv/lib/python3.12/site-packages/oslo_service/backend/_threading/loopingcall.py:125}}
May 27 17:10:52.817229 np0000001529 neutron-periodic-workers[91778]: DEBUG dbcounter [-] [91778] Writing DB stats neutron:SELECT=3 {{(pid=91778) stat_writer /opt/stack/data/venv/lib/python3.12/site-packages/dbcounter.py:115}}
May 27 17:11:02.805331 np0000001529 neutron-periodic-workers[91771]: DEBUG oslo.service.backend._threading.loopingcall [None req-d975cb42-72fa-4bd9-8f25-7b3ff6e9fdcb None None] Fixed interval looping call 'neutron.services.ovn_l3.plugin.L3_NAT_dbonly_mixin._clean_garbage' sleeping for 299.99 seconds {{(pid=91771) _run_loop /opt/stack/data/venv/lib/python3.12/site-packages/oslo_service/backend/_threading/loopingcall.py:125}}
May 27 17:11:08.842292 np0000001529 neutron-periodic-workers[91782]: DEBUG neutron.db.agents_db [None req-e81d61ba-5aac-4760-baee-4e139223a323 None None] Agent healthcheck: found 0 active agents {{(pid=91782) agent_health_check /opt/stack/neutron/neutron/db/agents_db.py:322}}
May 27 17:11:08.842640 np0000001529 neutron-periodic-workers[91782]: DEBUG oslo.service.backend._threading.loopingcall [None req-e81d61ba-5aac-4760-baee-4e139223a323 None None] Fixed interval looping call 'neutron.plugins.ml2.plugin.AgentDbMixin.agent_health_check' sleeping for 37.00 seconds {{(pid=91782) _run_loop /opt/stack/data/venv/lib/python3.12/site-packages/oslo_service/backend/_threading/loopingcall.py:125}}
May 27 17:11:09.845238 np0000001529 neutron-periodic-workers[91798]: DEBUG oslo.service.backend._threading.loopingcall [None req-7466588d-470c-46bf-8d44-46368621726d None None] Fixed interval looping call 'neutron.db.quota.driver_nolock.DbQuotaNoLockDriver._remove_expired_reservations' sleeping for 120.00 seconds {{(pid=91798) _run_loop /opt/stack/data/venv/lib/python3.12/site-packages/oslo_service/backend/_threading/loopingcall.py:125}}
May 27 17:11:12.799388 np0000001529 neutron-periodic-workers[91771]: DEBUG dbcounter [-] [91771] Writing DB stats neutron:SELECT=1 {{(pid=91771) stat_writer /opt/stack/data/venv/lib/python3.12/site-packages/dbcounter.py:115}}
