Jun 30 20:15:09.307192 np0000004031 devstack@g-api.service[99670]: DEBUG glance_store.location [-] Registering scheme filesystem with {'store': , 'location_class': , 'store_entry': 'file'} {{(pid=99670) register_scheme_map /opt/stack/data/venv/lib/python3.12/site-packages/glance_store/location.py:146}}
Jun 30 20:15:09.307260 np0000004031 devstack@g-api.service[99670]: DEBUG glance_store.backend [-] Attempting to import store swift {{(pid=99670) _load_store /opt/stack/data/venv/lib/python3.12/site-packages/glance_store/backend.py:215}}
Jun 30 20:15:09.307511 np0000004031 devstack@g-api.service[99670]: WARNING oslo_config.cfg [-] Deprecated: Option "default_store" from group "glance_store" is deprecated for removal (
Jun 30 20:15:09.307511 np0000004031 devstack@g-api.service[99670]: This option is deprecated against new config option
Jun 30 20:15:09.307511 np0000004031 devstack@g-api.service[99670]: ``default_backend`` which acts similar to ``default_store`` config
Jun 30 20:15:09.307511 np0000004031 devstack@g-api.service[99670]: option.
Jun 30 20:15:09.307511 np0000004031 devstack@g-api.service[99670]: This option is scheduled for removal in the U development
Jun 30 20:15:09.307511 np0000004031 devstack@g-api.service[99670]: cycle.
Jun 30 20:15:09.307511 np0000004031 devstack@g-api.service[99670]: ). Its value may be silently ignored in the future.
Jun 30 20:15:09.309207 np0000004031 devstack@g-api.service[99670]: DEBUG glance_store.capabilities [-] Store glance_store._drivers.swift.store.SingleTenantStore doesn't support updating dynamic storage capabilities. Please overwrite 'update_capabilities' method of the store to implement updating logics if needed. {{(pid=99670) update_capabilities /opt/stack/data/venv/lib/python3.12/site-packages/glance_store/capabilities.py:91}}
Jun 30 20:15:09.309291 np0000004031 devstack@g-api.service[99670]: DEBUG glance_store.backend [-] Registering store swift with schemes ('swift+https', 'swift', 'swift+http', 'swift+config') {{(pid=99670) create_stores /opt/stack/data/venv/lib/python3.12/site-packages/glance_store/backend.py:261}}
Jun 30 20:15:09.309369 np0000004031 devstack@g-api.service[99670]: DEBUG glance_store.driver [-] Late loading location class glance_store._drivers.swift.store.StoreLocation {{(pid=99670) get_store_location_class /opt/stack/data/venv/lib/python3.12/site-packages/glance_store/driver.py:134}}
Jun 30 20:15:09.309459 np0000004031 devstack@g-api.service[99670]: DEBUG glance_store.location [-] Registering scheme swift+https with {'store': , 'location_class': , 'store_entry': 'swift'} {{(pid=99670) register_scheme_map /opt/stack/data/venv/lib/python3.12/site-packages/glance_store/location.py:146}}
Jun 30 20:15:09.309538 np0000004031 devstack@g-api.service[99670]: DEBUG glance_store.location [-] Registering scheme swift with {'store': , 'location_class': , 'store_entry': 'swift'} {{(pid=99670) register_scheme_map /opt/stack/data/venv/lib/python3.12/site-packages/glance_store/location.py:146}}
Jun 30 20:15:09.309609 np0000004031 devstack@g-api.service[99670]: DEBUG glance_store.location [-] Registering scheme swift+http with {'store': , 'location_class': , 'store_entry': 'swift'} {{(pid=99670) register_scheme_map /opt/stack/data/venv/lib/python3.12/site-packages/glance_store/location.py:146}}
Jun 30 20:15:09.309675 np0000004031 devstack@g-api.service[99670]: DEBUG glance_store.location [-] Registering scheme swift+config with {'store': , 'location_class': , 'store_entry': 'swift'} {{(pid=99670) register_scheme_map /opt/stack/data/venv/lib/python3.12/site-packages/glance_store/location.py:146}}
Jun 30 20:15:09.309836 np0000004031 devstack@g-api.service[99670]: DEBUG glance_store.backend [-] Attempting to import store swift {{(pid=99670) _load_store /opt/stack/data/venv/lib/python3.12/site-packages/glance_store/backend.py:215}}
Jun 30 20:15:09.311423 np0000004031 devstack@g-api.service[99670]: DEBUG glance_store.capabilities [-] Store glance_store._drivers.swift.store.SingleTenantStore doesn't support updating dynamic storage capabilities. Please overwrite 'update_capabilities' method of the store to implement updating logics if needed. {{(pid=99670) update_capabilities /opt/stack/data/venv/lib/python3.12/site-packages/glance_store/capabilities.py:91}}
Jun 30 20:15:09.311517 np0000004031 devstack@g-api.service[99670]: DEBUG glance_store.driver [-] Late loading location class glance_store._drivers.swift.store.StoreLocation {{(pid=99670) get_store_location_class /opt/stack/data/venv/lib/python3.12/site-packages/glance_store/driver.py:134}}
Jun 30 20:15:09.311609 np0000004031 devstack@g-api.service[99670]: DEBUG glance_store.location [-] Registering scheme swift+https with {'store': , 'location_class': , 'store_entry': 'swift'} {{(pid=99670) register_scheme_map /opt/stack/data/venv/lib/python3.12/site-packages/glance_store/location.py:146}}
Jun 30 20:15:09.311685 np0000004031 devstack@g-api.service[99670]: DEBUG glance_store.location [-] Registering scheme swift+https with {'store': , 'location_class': , 'store_entry': 'swift'} {{(pid=99670) register_scheme_map /opt/stack/data/venv/lib/python3.12/site-packages/glance_store/location.py:146}}
Jun 30 20:15:09.311771 np0000004031 devstack@g-api.service[99670]: DEBUG glance_store.location [-] Registering scheme swift with {'store': , 'location_class': , 'store_entry': 'swift'} {{(pid=99670) register_scheme_map /opt/stack/data/venv/lib/python3.12/site-packages/glance_store/location.py:146}}
Jun 30 20:15:09.311854 np0000004031 devstack@g-api.service[99670]: DEBUG glance_store.location [-] Registering scheme swift+https with {'store': , 'location_class': , 'store_entry': 'swift'} {{(pid=99670) register_scheme_map /opt/stack/data/venv/lib/python3.12/site-packages/glance_store/location.py:146}}
Jun 30 20:15:09.311927 np0000004031 devstack@g-api.service[99670]: DEBUG glance_store.location [-] Registering scheme swift with {'store': , 'location_class': , 'store_entry': 'swift'} {{(pid=99670) register_scheme_map /opt/stack/data/venv/lib/python3.12/site-packages/glance_store/location.py:146}}
Jun 30 20:15:09.312011 np0000004031 devstack@g-api.service[99670]: DEBUG glance_store.location [-] Registering scheme swift+http with {'store': , 'location_class': , 'store_entry': 'swift'} {{(pid=99670) register_scheme_map /opt/stack/data/venv/lib/python3.12/site-packages/glance_store/location.py:146}}
Jun 30 20:15:09.312089 np0000004031 devstack@g-api.service[99670]: DEBUG glance_store.location [-] Registering scheme swift+https with {'store': , 'location_class': , 'store_entry': 'swift'} {{(pid=99670) register_scheme_map /opt/stack/data/venv/lib/python3.12/site-packages/glance_store/location.py:146}}
Jun 30 20:15:09.312163 np0000004031 devstack@g-api.service[99670]: DEBUG glance_store.location [-] Registering scheme swift with {'store': , 'location_class': , 'store_entry': 'swift'} {{(pid=99670) register_scheme_map /opt/stack/data/venv/lib/python3.12/site-packages/glance_store/location.py:146}}
Jun 30 20:15:09.312236 np0000004031 devstack@g-api.service[99670]: DEBUG glance_store.location [-] Registering scheme swift+http with {'store': , 'location_class': , 'store_entry': 'swift'} {{(pid=99670) register_scheme_map /opt/stack/data/venv/lib/python3.12/site-packages/glance_store/location.py:146}}
Jun 30 20:15:09.312303 np0000004031 devstack@g-api.service[99670]: DEBUG glance_store.location [-] Registering scheme swift+config with {'store': , 'location_class': , 'store_entry': 'swift'} {{(pid=99670) register_scheme_map /opt/stack/data/venv/lib/python3.12/site-packages/glance_store/location.py:146}}
Jun 30 20:15:09.312669 np0000004031 devstack@g-api.service[99670]: DEBUG glance.sqlite_migration [-] SQLite caching database not located, skipping migration {{(pid=99670) get_db_path /opt/stack/glance/glance/sqlite_migration.py:68}}
Jun 30 20:15:09.312938 np0000004031 devstack@g-api.service[99670]: WARNING glance.common.wsgi_app [-] Import methods are enabled but staging directory /tmp/staging/ does not exist; Imports will fail!
Jun 30 20:15:09.428004 np0000004031 devstack@g-api.service[99672]: DEBUG glance.common.config [None req-e4717eb2-f09a-4b84-95e1-54dd80952d75 None None] Loading glance-api-keystone+cachemanagement from /etc/glance/glance-api-paste.ini {{(pid=99672) load_paste_app /opt/stack/glance/glance/common/config.py:759}}
Jun 30 20:15:09.463461 np0000004031 devstack@g-api.service[99670]: DEBUG glance.common.config [None req-4696cc76-13b9-44eb-80f3-1e84507c3374 None None] Loading glance-api-keystone+cachemanagement from /etc/glance/glance-api-paste.ini {{(pid=99670) load_paste_app /opt/stack/glance/glance/common/config.py:759}}
Jun 30 20:15:09.484641 np0000004031 devstack@g-api.service[99671]: DEBUG glance.common.config [None req-f68d29f2-6385-4a7e-ae8a-696deb1646ee None None] Loading glance-api-keystone+cachemanagement from /etc/glance/glance-api-paste.ini {{(pid=99671) load_paste_app /opt/stack/glance/glance/common/config.py:759}}
Jun 30 20:15:10.241636 np0000004031 devstack@g-api.service[99672]: INFO glance.image_cache [None req-e4717eb2-f09a-4b84-95e1-54dd80952d75 None None] Image cache loaded driver 'centralized_db'.
Jun 30 20:15:10.263225 np0000004031 devstack@g-api.service[99670]: INFO glance.image_cache [None req-4696cc76-13b9-44eb-80f3-1e84507c3374 None None] Image cache loaded driver 'centralized_db'.
Jun 30 20:15:10.292376 np0000004031 devstack@g-api.service[99671]: INFO glance.image_cache [None req-f68d29f2-6385-4a7e-ae8a-696deb1646ee None None] Image cache loaded driver 'centralized_db'.
Jun 30 20:15:10.296561 np0000004031 devstack@g-api.service[99672]: INFO dbcounter [None req-e4717eb2-f09a-4b84-95e1-54dd80952d75 None None] Registered counter for database glance
Jun 30 20:15:10.310788 np0000004031 devstack@g-api.service[99670]: INFO dbcounter [None req-4696cc76-13b9-44eb-80f3-1e84507c3374 None None] Registered counter for database glance
Jun 30 20:15:10.345525 np0000004031 devstack@g-api.service[99672]: DEBUG oslo_db.sqlalchemy.engines [None req-e4717eb2-f09a-4b84-95e1-54dd80952d75 None None] MySQL server mode set to STRICT_TRANS_TABLES,STRICT_ALL_TABLES,NO_ZERO_IN_DATE,NO_ZERO_DATE,ERROR_FOR_DIVISION_BY_ZERO,TRADITIONAL,NO_ENGINE_SUBSTITUTION {{(pid=99672) _check_effective_sql_mode /opt/stack/data/venv/lib/python3.12/site-packages/oslo_db/sqlalchemy/engines.py:325}}
Jun 30 20:15:10.352630 np0000004031 devstack@g-api.service[99670]: DEBUG oslo_db.sqlalchemy.engines [None req-4696cc76-13b9-44eb-80f3-1e84507c3374 None None] MySQL server mode set to STRICT_TRANS_TABLES,STRICT_ALL_TABLES,NO_ZERO_IN_DATE,NO_ZERO_DATE,ERROR_FOR_DIVISION_BY_ZERO,TRADITIONAL,NO_ENGINE_SUBSTITUTION {{(pid=99670) _check_effective_sql_mode /opt/stack/data/venv/lib/python3.12/site-packages/oslo_db/sqlalchemy/engines.py:325}}
Jun 30 20:15:10.358521 np0000004031 devstack@g-api.service[99671]: INFO dbcounter [None req-f68d29f2-6385-4a7e-ae8a-696deb1646ee None None] Registered counter for database glance
Jun 30 20:15:10.366701 np0000004031 devstack@g-api.service[99672]: DEBUG dbcounter [-] [99672] Writer thread running {{(pid=99672) stat_writer /opt/stack/data/venv/lib/python3.12/site-packages/dbcounter.py:102}}
Jun 30 20:15:10.372091 np0000004031 devstack@g-api.service[99670]: DEBUG dbcounter [-] [99670] Writer thread running {{(pid=99670) stat_writer /opt/stack/data/venv/lib/python3.12/site-packages/dbcounter.py:102}}
Jun 30 20:15:10.374124 np0000004031 devstack@g-api.service[99670]: DEBUG glance.image_cache.drivers.centralized_db [None req-4696cc76-13b9-44eb-80f3-1e84507c3374 None None] Node reference is already recorded, ignoring it {{(pid=99670) configure /opt/stack/glance/glance/image_cache/drivers/centralized_db.py:71}}
Jun 30 20:15:10.379279 np0000004031 devstack@g-api.service[99672]: INFO glance.image_cache [None req-e4717eb2-f09a-4b84-95e1-54dd80952d75 None None] Image cache loaded driver 'centralized_db'.
Jun 30 20:15:10.379364 np0000004031 devstack@g-api.service[99670]: INFO glance.image_cache [None req-4696cc76-13b9-44eb-80f3-1e84507c3374 None None] Image cache loaded driver 'centralized_db'.
Jun 30 20:15:10.387450 np0000004031 devstack@g-api.service[99670]: DEBUG glance.image_cache.drivers.centralized_db [None req-4696cc76-13b9-44eb-80f3-1e84507c3374 None None] Node reference is already recorded, ignoring it {{(pid=99670) configure /opt/stack/glance/glance/image_cache/drivers/centralized_db.py:71}}
Jun 30 20:15:10.397665 np0000004031 devstack@g-api.service[99671]: DEBUG oslo_db.sqlalchemy.engines [None req-f68d29f2-6385-4a7e-ae8a-696deb1646ee None None] MySQL server mode set to STRICT_TRANS_TABLES,STRICT_ALL_TABLES,NO_ZERO_IN_DATE,NO_ZERO_DATE,ERROR_FOR_DIVISION_BY_ZERO,TRADITIONAL,NO_ENGINE_SUBSTITUTION {{(pid=99671) _check_effective_sql_mode /opt/stack/data/venv/lib/python3.12/site-packages/oslo_db/sqlalchemy/engines.py:325}}
Jun 30 20:15:10.419173 np0000004031 devstack@g-api.service[99671]: DEBUG dbcounter [-] [99671] Writer thread running {{(pid=99671) stat_writer /opt/stack/data/venv/lib/python3.12/site-packages/dbcounter.py:102}}
Jun 30 20:15:10.421884 np0000004031 devstack@g-api.service[99671]: DEBUG glance.image_cache.drivers.centralized_db [None req-f68d29f2-6385-4a7e-ae8a-696deb1646ee None None] Node reference is already recorded, ignoring it {{(pid=99671) configure /opt/stack/glance/glance/image_cache/drivers/centralized_db.py:71}}
Jun 30 20:15:10.428059 np0000004031 devstack@g-api.service[99671]: INFO glance.image_cache [None req-f68d29f2-6385-4a7e-ae8a-696deb1646ee None None] Image cache loaded driver 'centralized_db'.
Jun 30 20:15:10.480759 np0000004031 devstack@g-api.service[99672]: DEBUG glance.image_cache.drivers.centralized_db [None req-e4717eb2-f09a-4b84-95e1-54dd80952d75 None None] Node reference is already recorded, ignoring it {{(pid=99672) configure /opt/stack/glance/glance/image_cache/drivers/centralized_db.py:71}}
Jun 30 20:15:10.481624 np0000004031 devstack@g-api.service[99670]: DEBUG glance.api.v2.cached_images [None req-4696cc76-13b9-44eb-80f3-1e84507c3374 None None] Started cache worker thread {{(pid=99670) __init__ /opt/stack/glance/glance/api/v2/cached_images.py:69}}
Jun 30 20:15:10.482342 np0000004031 devstack@g-api.service[99670]: INFO glance.image_cache [None req-4696cc76-13b9-44eb-80f3-1e84507c3374 None None] Image cache loaded driver 'centralized_db'.
Jun 30 20:15:10.486194 np0000004031 devstack@g-api.service[99672]: DEBUG glance.api.v2.cached_images [None req-e4717eb2-f09a-4b84-95e1-54dd80952d75 None None] Started cache worker thread {{(pid=99672) __init__ /opt/stack/glance/glance/api/v2/cached_images.py:69}}
Jun 30 20:15:10.487094 np0000004031 devstack@g-api.service[99672]: INFO glance.image_cache [None req-e4717eb2-f09a-4b84-95e1-54dd80952d75 None None] Image cache loaded driver 'centralized_db'.
Jun 30 20:15:10.489646 np0000004031 devstack@g-api.service[99670]: DEBUG glance.image_cache.drivers.centralized_db [None req-4696cc76-13b9-44eb-80f3-1e84507c3374 None None] Node reference is already recorded, ignoring it {{(pid=99670) configure /opt/stack/glance/glance/image_cache/drivers/centralized_db.py:71}}
Jun 30 20:15:10.496129 np0000004031 devstack@g-api.service[99670]: INFO glance.api.middleware.cache_manage [None req-4696cc76-13b9-44eb-80f3-1e84507c3374 None None] Initialized image cache management middleware
Jun 30 20:15:10.496284 np0000004031 devstack@g-api.service[99672]: DEBUG glance.image_cache.drivers.centralized_db [None req-e4717eb2-f09a-4b84-95e1-54dd80952d75 None None] Node reference is already recorded, ignoring it {{(pid=99672) configure /opt/stack/glance/glance/image_cache/drivers/centralized_db.py:71}}
Jun 30 20:15:10.496340 np0000004031 devstack@g-api.service[99670]: INFO glance.image_cache [None req-4696cc76-13b9-44eb-80f3-1e84507c3374 None None] Image cache loaded driver 'centralized_db'.
Jun 30 20:15:10.503754 np0000004031 devstack@g-api.service[99672]: INFO glance.api.middleware.cache_manage [None req-e4717eb2-f09a-4b84-95e1-54dd80952d75 None None] Initialized image cache management middleware
Jun 30 20:15:10.504027 np0000004031 devstack@g-api.service[99672]: INFO glance.image_cache [None req-e4717eb2-f09a-4b84-95e1-54dd80952d75 None None] Image cache loaded driver 'centralized_db'.
Jun 30 20:15:10.504530 np0000004031 devstack@g-api.service[99670]: DEBUG glance.image_cache.drivers.centralized_db [None req-4696cc76-13b9-44eb-80f3-1e84507c3374 None None] Node reference is already recorded, ignoring it {{(pid=99670) configure /opt/stack/glance/glance/image_cache/drivers/centralized_db.py:71}}
Jun 30 20:15:10.507916 np0000004031 devstack@g-api.service[99670]: INFO glance.api.middleware.cache [None req-4696cc76-13b9-44eb-80f3-1e84507c3374 None None] Initialized image cache middleware
Jun 30 20:15:10.513888 np0000004031 devstack@g-api.service[99672]: DEBUG glance.image_cache.drivers.centralized_db [None req-e4717eb2-f09a-4b84-95e1-54dd80952d75 None None] Node reference is already recorded, ignoring it {{(pid=99672) configure /opt/stack/glance/glance/image_cache/drivers/centralized_db.py:71}}
Jun 30 20:15:10.518370 np0000004031 devstack@g-api.service[99670]: DEBUG glance.common.config [None req-4696cc76-13b9-44eb-80f3-1e84507c3374 None None] ******************************************************************************** {{(pid=99670) log_opt_values /opt/stack/data/venv/lib/python3.12/site-packages/oslo_config/cfg.py:3226}}
Jun 30 20:15:10.518478 np0000004031 devstack@g-api.service[99670]: DEBUG glance.common.config [None req-4696cc76-13b9-44eb-80f3-1e84507c3374 None None] Configuration options gathered from: {{(pid=99670) log_opt_values /opt/stack/data/venv/lib/python3.12/site-packages/oslo_config/cfg.py:3227}}
Jun 30 20:15:10.518792 np0000004031 devstack@g-api.service[99670]: DEBUG glance.common.config [None req-4696cc76-13b9-44eb-80f3-1e84507c3374 None None] command line args: [] {{(pid=99670) log_opt_values /opt/stack/data/venv/lib/python3.12/site-packages/oslo_config/cfg.py:3228}}
Jun 30 20:15:10.518925 np0000004031 devstack@g-api.service[99670]: DEBUG glance.common.config [None req-4696cc76-13b9-44eb-80f3-1e84507c3374 None None] config files: ['/etc/glance/glance-image-import.conf', '/etc/glance/glance-api.conf'] {{(pid=99670) log_opt_values /opt/stack/data/venv/lib/python3.12/site-packages/oslo_config/cfg.py:3229}}
Jun 30 20:15:10.518966 np0000004031 devstack@g-api.service[99670]: DEBUG glance.common.config [None req-4696cc76-13b9-44eb-80f3-1e84507c3374 None None] ================================================================================ {{(pid=99670) log_opt_values /opt/stack/data/venv/lib/python3.12/site-packages/oslo_config/cfg.py:3234}}
Jun 30 20:15:10.519099 np0000004031 devstack@g-api.service[99670]: DEBUG glance.common.config [None req-4696cc76-13b9-44eb-80f3-1e84507c3374 None None] allow_anonymous_access = False {{(pid=99670) log_opt_values /opt/stack/data/venv/lib/python3.12/site-packages/oslo_config/cfg.py:3242}}
Jun 30 20:15:10.519204 np0000004031 devstack@g-api.service[99670]: DEBUG glance.common.config [None req-4696cc76-13b9-44eb-80f3-1e84507c3374 None None] api_limit_max = 1000 {{(pid=99670) log_opt_values /opt/stack/data/venv/lib/python3.12/site-packages/oslo_config/cfg.py:3242}}
Jun 30 20:15:10.519310 np0000004031 devstack@g-api.service[99670]: DEBUG glance.common.config [None req-4696cc76-13b9-44eb-80f3-1e84507c3374 None None] backlog = 4096 {{(pid=99670) log_opt_values /opt/stack/data/venv/lib/python3.12/site-packages/oslo_config/cfg.py:3242}}
Jun 30 20:15:10.519463 np0000004031 devstack@g-api.service[99670]: DEBUG glance.common.config [None req-4696cc76-13b9-44eb-80f3-1e84507c3374 None None] bind_host = 0.0.0.0 {{(pid=99670) log_opt_values /opt/stack/data/venv/lib/python3.12/site-packages/oslo_config/cfg.py:3242}}
Jun 30 20:15:10.519574 np0000004031 devstack@g-api.service[99670]: DEBUG glance.common.config [None req-4696cc76-13b9-44eb-80f3-1e84507c3374 None None] bind_port = 19292 {{(pid=99670) log_opt_values /opt/stack/data/venv/lib/python3.12/site-packages/oslo_config/cfg.py:3242}}
Jun 30 20:15:10.519670 np0000004031 devstack@g-api.service[99670]: DEBUG glance.common.config [None req-4696cc76-13b9-44eb-80f3-1e84507c3374 None None] client_socket_timeout = 900 {{(pid=99670) log_opt_values /opt/stack/data/venv/lib/python3.12/site-packages/oslo_config/cfg.py:3242}}
Jun 30 20:15:10.519774 np0000004031 devstack@g-api.service[99670]: DEBUG glance.common.config [None req-4696cc76-13b9-44eb-80f3-1e84507c3374 None None] config_dir = [] {{(pid=99670) log_opt_values /opt/stack/data/venv/lib/python3.12/site-packages/oslo_config/cfg.py:3242}}
Jun 30 20:15:10.519846 np0000004031 devstack@g-api.service[99670]: DEBUG glance.common.config [None req-4696cc76-13b9-44eb-80f3-1e84507c3374 None None] config_file = ['/etc/glance/glance-image-import.conf', '/etc/glance/glance-api.conf'] {{(pid=99670) log_opt_values /opt/stack/data/venv/lib/python3.12/site-packages/oslo_config/cfg.py:3242}}
Jun 30 20:15:10.519938 np0000004031 devstack@g-api.service[99670]: DEBUG glance.common.config [None req-4696cc76-13b9-44eb-80f3-1e84507c3374 None None] config_source = [] {{(pid=99670) log_opt_values /opt/stack/data/venv/lib/python3.12/site-packages/oslo_config/cfg.py:3242}}
Jun 30 20:15:10.520052 np0000004031 devstack@g-api.service[99670]: DEBUG glance.common.config [None req-4696cc76-13b9-44eb-80f3-1e84507c3374 None None] control_exchange = glance {{(pid=99670) log_opt_values /opt/stack/data/venv/lib/python3.12/site-packages/oslo_config/cfg.py:3242}}
Jun 30 20:15:10.520120 np0000004031 devstack@g-api.service[99670]: DEBUG glance.common.config [None req-4696cc76-13b9-44eb-80f3-1e84507c3374 None None] debug = True {{(pid=99670) log_opt_values /opt/stack/data/venv/lib/python3.12/site-packages/oslo_config/cfg.py:3242}}
Jun 30 20:15:10.520162 np0000004031 devstack@g-api.service[99672]: INFO glance.api.middleware.cache [None req-e4717eb2-f09a-4b84-95e1-54dd80952d75 None None] Initialized image cache middleware
Jun 30 20:15:10.520268 np0000004031 devstack@g-api.service[99670]: DEBUG glance.common.config [None req-4696cc76-13b9-44eb-80f3-1e84507c3374 None None] default_log_levels = ['amqp=WARN', 'boto=WARN', 'sqlalchemy=WARN', 'suds=INFO', 'oslo.messaging=INFO', 'oslo_messaging=INFO', 'iso8601=WARN', 'requests.packages.urllib3.connectionpool=WARN', 'urllib3.connectionpool=WARN', 'websocket=WARN', 'requests.packages.urllib3.util.retry=WARN', 'urllib3.util.retry=WARN', 'keystonemiddleware=WARN', 'routes.middleware=WARN', 'stevedore=WARN', 'taskflow=WARN', 'keystoneauth=WARN', 'oslo.cache=INFO', 'oslo_policy=INFO', 'dogpile.core.dogpile=INFO'] {{(pid=99670) log_opt_values /opt/stack/data/venv/lib/python3.12/site-packages/oslo_config/cfg.py:3242}}
Jun 30 20:15:10.520358 np0000004031 devstack@g-api.service[99670]: DEBUG glance.common.config [None req-4696cc76-13b9-44eb-80f3-1e84507c3374 None None] default_publisher_id = image.localhost {{(pid=99670) log_opt_values /opt/stack/data/venv/lib/python3.12/site-packages/oslo_config/cfg.py:3242}}
Jun 30 20:15:10.520474 np0000004031 devstack@g-api.service[99670]: DEBUG glance.common.config [None req-4696cc76-13b9-44eb-80f3-1e84507c3374 None None] delayed_delete = False {{(pid=99670) log_opt_values /opt/stack/data/venv/lib/python3.12/site-packages/oslo_config/cfg.py:3242}}
Jun 30 20:15:10.520570 np0000004031 devstack@g-api.service[99670]: DEBUG glance.common.config [None req-4696cc76-13b9-44eb-80f3-1e84507c3374 None None] digest_algorithm = sha256 {{(pid=99670) log_opt_values /opt/stack/data/venv/lib/python3.12/site-packages/oslo_config/cfg.py:3242}}
Jun 30 20:15:10.520659 np0000004031 devstack@g-api.service[99670]: DEBUG glance.common.config [None req-4696cc76-13b9-44eb-80f3-1e84507c3374 None None] disabled_notifications = [] {{(pid=99670) log_opt_values /opt/stack/data/venv/lib/python3.12/site-packages/oslo_config/cfg.py:3242}}
Jun 30 20:15:10.520753 np0000004031 devstack@g-api.service[99670]: DEBUG glance.common.config [None req-4696cc76-13b9-44eb-80f3-1e84507c3374 None None] do_secure_hash = True {{(pid=99670) log_opt_values /opt/stack/data/venv/lib/python3.12/site-packages/oslo_config/cfg.py:3242}}
Jun 30 20:15:10.520839 np0000004031 devstack@g-api.service[99670]: DEBUG glance.common.config [None req-4696cc76-13b9-44eb-80f3-1e84507c3374 None None] enabled_backends = None {{(pid=99670) log_opt_values /opt/stack/data/venv/lib/python3.12/site-packages/oslo_config/cfg.py:3242}}
Jun 30 20:15:10.520940 np0000004031 devstack@g-api.service[99670]: DEBUG glance.common.config [None req-4696cc76-13b9-44eb-80f3-1e84507c3374 None None] enabled_import_methods = ['glance-direct', 'web-download', 'copy-image'] {{(pid=99670) log_opt_values /opt/stack/data/venv/lib/python3.12/site-packages/oslo_config/cfg.py:3242}}
Jun 30 20:15:10.521071 np0000004031 devstack@g-api.service[99670]: DEBUG glance.common.config [None req-4696cc76-13b9-44eb-80f3-1e84507c3374 None None] fatal_deprecations = False {{(pid=99670) log_opt_values /opt/stack/data/venv/lib/python3.12/site-packages/oslo_config/cfg.py:3242}}
Jun 30 20:15:10.521169 np0000004031 devstack@g-api.service[99670]: DEBUG glance.common.config [None req-4696cc76-13b9-44eb-80f3-1e84507c3374 None None] hashing_algorithm = sha512 {{(pid=99670) log_opt_values /opt/stack/data/venv/lib/python3.12/site-packages/oslo_config/cfg.py:3242}}
Jun 30 20:15:10.521253 np0000004031 devstack@g-api.service[99670]: DEBUG glance.common.config [None req-4696cc76-13b9-44eb-80f3-1e84507c3374 None None] http_keepalive = True {{(pid=99670) log_opt_values /opt/stack/data/venv/lib/python3.12/site-packages/oslo_config/cfg.py:3242}}
Jun 30 20:15:10.521338 np0000004031 devstack@g-api.service[99670]: DEBUG glance.common.config [None req-4696cc76-13b9-44eb-80f3-1e84507c3374 None None] http_retries = 3 {{(pid=99670) log_opt_values /opt/stack/data/venv/lib/python3.12/site-packages/oslo_config/cfg.py:3242}}
Jun 30 20:15:10.521450 np0000004031 devstack@g-api.service[99670]: DEBUG glance.common.config [None req-4696cc76-13b9-44eb-80f3-1e84507c3374 None None] image_cache_dir = /opt/stack/data/glance/cache/ {{(pid=99670) log_opt_values /opt/stack/data/venv/lib/python3.12/site-packages/oslo_config/cfg.py:3242}}
Jun 30 20:15:10.521556 np0000004031 devstack@g-api.service[99670]: DEBUG glance.common.config [None req-4696cc76-13b9-44eb-80f3-1e84507c3374 None None] image_cache_driver = centralized_db {{(pid=99670) log_opt_values /opt/stack/data/venv/lib/python3.12/site-packages/oslo_config/cfg.py:3242}}
Jun 30 20:15:10.521643 np0000004031 devstack@g-api.service[99670]: DEBUG glance.common.config [None req-4696cc76-13b9-44eb-80f3-1e84507c3374 None None] image_cache_max_size = 10737418240 {{(pid=99670) log_opt_values /opt/stack/data/venv/lib/python3.12/site-packages/oslo_config/cfg.py:3242}}
Jun 30 20:15:10.521747 np0000004031 devstack@g-api.service[99670]: DEBUG glance.common.config [None req-4696cc76-13b9-44eb-80f3-1e84507c3374 None None] image_cache_sqlite_db = cache.db {{(pid=99670) log_opt_values /opt/stack/data/venv/lib/python3.12/site-packages/oslo_config/cfg.py:3242}}
Jun 30 20:15:10.521834 np0000004031 devstack@g-api.service[99670]: DEBUG glance.common.config [None req-4696cc76-13b9-44eb-80f3-1e84507c3374 None None] image_cache_stall_time = 86400 {{(pid=99670) log_opt_values /opt/stack/data/venv/lib/python3.12/site-packages/oslo_config/cfg.py:3242}}
Jun 30 20:15:10.521919 np0000004031 devstack@g-api.service[99670]: DEBUG glance.common.config [None req-4696cc76-13b9-44eb-80f3-1e84507c3374 None None] image_location_quota = 10 {{(pid=99670) log_opt_values /opt/stack/data/venv/lib/python3.12/site-packages/oslo_config/cfg.py:3242}}
Jun 30 20:15:10.522023 np0000004031 devstack@g-api.service[99670]: DEBUG glance.common.config [None req-4696cc76-13b9-44eb-80f3-1e84507c3374 None None] image_member_quota = 128 {{(pid=99670) log_opt_values /opt/stack/data/venv/lib/python3.12/site-packages/oslo_config/cfg.py:3242}}
Jun 30 20:15:10.522109 np0000004031 devstack@g-api.service[99670]: DEBUG glance.common.config [None req-4696cc76-13b9-44eb-80f3-1e84507c3374 None None] image_property_quota = 128 {{(pid=99670) log_opt_values /opt/stack/data/venv/lib/python3.12/site-packages/oslo_config/cfg.py:3242}}
Jun 30 20:15:10.522191 np0000004031 devstack@g-api.service[99670]: DEBUG glance.common.config [None req-4696cc76-13b9-44eb-80f3-1e84507c3374 None None] image_size_cap = 1099511627776 {{(pid=99670) log_opt_values /opt/stack/data/venv/lib/python3.12/site-packages/oslo_config/cfg.py:3242}}
Jun 30 20:15:10.522271 np0000004031 devstack@g-api.service[99670]: DEBUG glance.common.config [None req-4696cc76-13b9-44eb-80f3-1e84507c3374 None None] image_tag_quota = 128 {{(pid=99670) log_opt_values /opt/stack/data/venv/lib/python3.12/site-packages/oslo_config/cfg.py:3242}}
Jun 30 20:15:10.522358 np0000004031 devstack@g-api.service[99670]: DEBUG glance.common.config [None req-4696cc76-13b9-44eb-80f3-1e84507c3374 None None] instance_format = [instance: %(uuid)s] {{(pid=99670) log_opt_values /opt/stack/data/venv/lib/python3.12/site-packages/oslo_config/cfg.py:3242}}
Jun 30 20:15:10.522474 np0000004031 devstack@g-api.service[99670]: DEBUG glance.common.config [None req-4696cc76-13b9-44eb-80f3-1e84507c3374 None None] instance_uuid_format = [instance: %(uuid)s] {{(pid=99670) log_opt_values /opt/stack/data/venv/lib/python3.12/site-packages/oslo_config/cfg.py:3242}}
Jun 30 20:15:10.522563 np0000004031 devstack@g-api.service[99670]: DEBUG glance.common.config [None req-4696cc76-13b9-44eb-80f3-1e84507c3374 None None] limit_param_default = 25 {{(pid=99670) log_opt_values /opt/stack/data/venv/lib/python3.12/site-packages/oslo_config/cfg.py:3242}}
Jun 30 20:15:10.522655 np0000004031 devstack@g-api.service[99670]: DEBUG glance.common.config [None req-4696cc76-13b9-44eb-80f3-1e84507c3374 None None] log_color = False {{(pid=99670) log_opt_values /opt/stack/data/venv/lib/python3.12/site-packages/oslo_config/cfg.py:3242}}
Jun 30 20:15:10.522759 np0000004031 devstack@g-api.service[99670]: DEBUG glance.common.config [None req-4696cc76-13b9-44eb-80f3-1e84507c3374 None None] log_config_append = None {{(pid=99670) log_opt_values /opt/stack/data/venv/lib/python3.12/site-packages/oslo_config/cfg.py:3242}}
Jun 30 20:15:10.522878 np0000004031 devstack@g-api.service[99670]: DEBUG glance.common.config [None req-4696cc76-13b9-44eb-80f3-1e84507c3374 None None] log_date_format = %Y-%m-%d %H:%M:%S {{(pid=99670) log_opt_values /opt/stack/data/venv/lib/python3.12/site-packages/oslo_config/cfg.py:3242}}
Jun 30 20:15:10.522970 np0000004031 devstack@g-api.service[99670]: DEBUG glance.common.config [None req-4696cc76-13b9-44eb-80f3-1e84507c3374 None None] log_dir = None {{(pid=99670) log_opt_values /opt/stack/data/venv/lib/python3.12/site-packages/oslo_config/cfg.py:3242}}
Jun 30 20:15:10.523092 np0000004031 devstack@g-api.service[99670]: DEBUG glance.common.config [None req-4696cc76-13b9-44eb-80f3-1e84507c3374 None None] log_file = None {{(pid=99670) log_opt_values /opt/stack/data/venv/lib/python3.12/site-packages/oslo_config/cfg.py:3242}}
Jun 30 20:15:10.523182 np0000004031 devstack@g-api.service[99670]: DEBUG glance.common.config [None req-4696cc76-13b9-44eb-80f3-1e84507c3374 None None] log_rotate_interval = 1 {{(pid=99670) log_opt_values /opt/stack/data/venv/lib/python3.12/site-packages/oslo_config/cfg.py:3242}}
Jun 30 20:15:10.523305 np0000004031 devstack@g-api.service[99670]: DEBUG glance.common.config [None req-4696cc76-13b9-44eb-80f3-1e84507c3374 None None] log_rotate_interval_type = days {{(pid=99670) log_opt_values /opt/stack/data/venv/lib/python3.12/site-packages/oslo_config/cfg.py:3242}}
Jun 30 20:15:10.523474 np0000004031 devstack@g-api.service[99670]: DEBUG glance.common.config [None req-4696cc76-13b9-44eb-80f3-1e84507c3374 None None] log_rotation_type = none {{(pid=99670) log_opt_values /opt/stack/data/venv/lib/python3.12/site-packages/oslo_config/cfg.py:3242}}
Jun 30 20:15:10.523591 np0000004031 devstack@g-api.service[99670]: DEBUG glance.common.config [None req-4696cc76-13b9-44eb-80f3-1e84507c3374 None None] logging_context_format_string = %(color)s%(levelname)s %(name)s [%(global_request_id)s %(request_id)s %(project_name)s %(user_name)s%(color)s] %(instance)s%(color)s%(message)s {{(pid=99670) log_opt_values /opt/stack/data/venv/lib/python3.12/site-packages/oslo_config/cfg.py:3242}}
Jun 30 20:15:10.523701 np0000004031 devstack@g-api.service[99670]: DEBUG glance.common.config [None req-4696cc76-13b9-44eb-80f3-1e84507c3374 None None] logging_debug_format_suffix = {{(pid=%(process)d) %(funcName)s %(pathname)s:%(lineno)d}} {{(pid=99670) log_opt_values /opt/stack/data/venv/lib/python3.12/site-packages/oslo_config/cfg.py:3242}}
Jun 30 20:15:10.523821 np0000004031 devstack@g-api.service[99670]: DEBUG glance.common.config [None req-4696cc76-13b9-44eb-80f3-1e84507c3374 None None] logging_default_format_string = %(color)s%(levelname)s %(name)s [-%(color)s] %(instance)s%(color)s%(message)s {{(pid=99670) log_opt_values /opt/stack/data/venv/lib/python3.12/site-packages/oslo_config/cfg.py:3242}}
Jun 30 20:15:10.523919 np0000004031 devstack@g-api.service[99670]: DEBUG glance.common.config [None req-4696cc76-13b9-44eb-80f3-1e84507c3374 None None] logging_exception_prefix = ERROR %(name)s %(instance)s {{(pid=99670) log_opt_values /opt/stack/data/venv/lib/python3.12/site-packages/oslo_config/cfg.py:3242}}
Jun 30 20:15:10.524000 np0000004031 devstack@g-api.service[99670]: DEBUG glance.common.config [None req-4696cc76-13b9-44eb-80f3-1e84507c3374 None None] logging_user_identity_format = %(user)s %(project)s %(domain)s %(system_scope)s %(user_domain)s %(project_domain)s {{(pid=99670) log_opt_values /opt/stack/data/venv/lib/python3.12/site-packages/oslo_config/cfg.py:3242}}
Jun 30 20:15:10.524093 np0000004031 devstack@g-api.service[99670]: DEBUG glance.common.config [None req-4696cc76-13b9-44eb-80f3-1e84507c3374 None None] max_header_line = 16384 {{(pid=99670) log_opt_values /opt/stack/data/venv/lib/python3.12/site-packages/oslo_config/cfg.py:3242}}
Jun 30 20:15:10.524179 np0000004031 devstack@g-api.service[99670]: DEBUG glance.common.config [None req-4696cc76-13b9-44eb-80f3-1e84507c3374 None None] max_logfile_count = 30 {{(pid=99670) log_opt_values /opt/stack/data/venv/lib/python3.12/site-packages/oslo_config/cfg.py:3242}}
Jun 30 20:15:10.524294 np0000004031 devstack@g-api.service[99670]: DEBUG glance.common.config [None req-4696cc76-13b9-44eb-80f3-1e84507c3374 None None] max_logfile_size_mb = 200 {{(pid=99670) log_opt_values /opt/stack/data/venv/lib/python3.12/site-packages/oslo_config/cfg.py:3242}}
Jun 30 20:15:10.524340 np0000004031 devstack@g-api.service[99670]: DEBUG glance.common.config [None req-4696cc76-13b9-44eb-80f3-1e84507c3374 None None] max_request_id_length = 64 {{(pid=99670) log_opt_values /opt/stack/data/venv/lib/python3.12/site-packages/oslo_config/cfg.py:3242}}
Jun 30 20:15:10.524453 np0000004031 devstack@g-api.service[99670]: DEBUG glance.common.config [None req-4696cc76-13b9-44eb-80f3-1e84507c3374 None None] metadata_encryption_key = **** {{(pid=99670) log_opt_values /opt/stack/data/venv/lib/python3.12/site-packages/oslo_config/cfg.py:3242}}
Jun 30 20:15:10.524549 np0000004031 devstack@g-api.service[99670]: DEBUG glance.common.config [None req-4696cc76-13b9-44eb-80f3-1e84507c3374 None None] node_staging_uri = file:///tmp/staging/ {{(pid=99670) log_opt_values /opt/stack/data/venv/lib/python3.12/site-packages/oslo_config/cfg.py:3242}}
Jun 30 20:15:10.524633 np0000004031 devstack@g-api.service[99670]: DEBUG glance.common.config [None req-4696cc76-13b9-44eb-80f3-1e84507c3374 None None] property_protection_file = None {{(pid=99670) log_opt_values /opt/stack/data/venv/lib/python3.12/site-packages/oslo_config/cfg.py:3242}}
Jun 30 20:15:10.524734 np0000004031 devstack@g-api.service[99670]: DEBUG glance.common.config [None req-4696cc76-13b9-44eb-80f3-1e84507c3374 None None] property_protection_rule_format = roles {{(pid=99670) log_opt_values /opt/stack/data/venv/lib/python3.12/site-packages/oslo_config/cfg.py:3242}}
Jun 30 20:15:10.524828 np0000004031 devstack@g-api.service[99670]: DEBUG glance.common.config [None req-4696cc76-13b9-44eb-80f3-1e84507c3374 None None] public_endpoint = https://10.4.3.188/image {{(pid=99670) log_opt_values /opt/stack/data/venv/lib/python3.12/site-packages/oslo_config/cfg.py:3242}}
Jun 30 20:15:10.524913 np0000004031 devstack@g-api.service[99670]: DEBUG glance.common.config [None req-4696cc76-13b9-44eb-80f3-1e84507c3374 None None] publish_errors = False {{(pid=99670) log_opt_values /opt/stack/data/venv/lib/python3.12/site-packages/oslo_config/cfg.py:3242}}
Jun 30 20:15:10.525023 np0000004031 devstack@g-api.service[99670]: DEBUG glance.common.config [None req-4696cc76-13b9-44eb-80f3-1e84507c3374 None None] pydev_worker_debug_host = None {{(pid=99670) log_opt_values /opt/stack/data/venv/lib/python3.12/site-packages/oslo_config/cfg.py:3242}}
Jun 30 20:15:10.525129 np0000004031 devstack@g-api.service[99670]: DEBUG glance.common.config [None req-4696cc76-13b9-44eb-80f3-1e84507c3374 None None] pydev_worker_debug_port = 5678 {{(pid=99670) log_opt_values /opt/stack/data/venv/lib/python3.12/site-packages/oslo_config/cfg.py:3242}}
Jun 30 20:15:10.525215 np0000004031 devstack@g-api.service[99670]: DEBUG glance.common.config [None req-4696cc76-13b9-44eb-80f3-1e84507c3374 None None] rate_limit_burst = 0 {{(pid=99670) log_opt_values /opt/stack/data/venv/lib/python3.12/site-packages/oslo_config/cfg.py:3242}}
Jun 30 20:15:10.525304 np0000004031 devstack@g-api.service[99670]: DEBUG glance.common.config [None req-4696cc76-13b9-44eb-80f3-1e84507c3374 None None] rate_limit_except_level = CRITICAL {{(pid=99670) log_opt_values /opt/stack/data/venv/lib/python3.12/site-packages/oslo_config/cfg.py:3242}}
Jun 30 20:15:10.525392 np0000004031 devstack@g-api.service[99670]: DEBUG glance.common.config [None req-4696cc76-13b9-44eb-80f3-1e84507c3374 None None] rate_limit_interval = 0 {{(pid=99670) log_opt_values /opt/stack/data/venv/lib/python3.12/site-packages/oslo_config/cfg.py:3242}}
Jun 30 20:15:10.525501 np0000004031 devstack@g-api.service[99670]: DEBUG glance.common.config [None req-4696cc76-13b9-44eb-80f3-1e84507c3374 None None] scrub_pool_size = 1 {{(pid=99670) log_opt_values /opt/stack/data/venv/lib/python3.12/site-packages/oslo_config/cfg.py:3242}}
Jun 30 20:15:10.525584 np0000004031 devstack@g-api.service[99670]: DEBUG glance.common.config [None req-4696cc76-13b9-44eb-80f3-1e84507c3374 None None] scrub_time = 0 {{(pid=99670) log_opt_values /opt/stack/data/venv/lib/python3.12/site-packages/oslo_config/cfg.py:3242}}
Jun 30 20:15:10.525665 np0000004031 devstack@g-api.service[99670]: DEBUG glance.common.config [None req-4696cc76-13b9-44eb-80f3-1e84507c3374 None None] shell_completion = None {{(pid=99670) log_opt_values /opt/stack/data/venv/lib/python3.12/site-packages/oslo_config/cfg.py:3242}}
Jun 30 20:15:10.525767 np0000004031 devstack@g-api.service[99670]: DEBUG glance.common.config [None req-4696cc76-13b9-44eb-80f3-1e84507c3374 None None] show_image_direct_url = False {{(pid=99670) log_opt_values /opt/stack/data/venv/lib/python3.12/site-packages/oslo_config/cfg.py:3242}}
Jun 30 20:15:10.525968 np0000004031 devstack@g-api.service[99670]: WARNING oslo_config.cfg [None req-4696cc76-13b9-44eb-80f3-1e84507c3374 None None] Deprecated: Option "show_multiple_locations" from group "DEFAULT" is deprecated for removal (Use of this option, deprecated since Newton, is a security risk and will be removed once we figure out a way to satisfy those use cases that currently require it. An earlier announcement that the same functionality can be achieved with greater granularity by using policies is incorrect. You cannot work around this option via policy configuration at the present time, though that is the direction we believe the fix will take. Please keep an eye on the Glance release notes to stay up to date on progress in addressing this issue.). Its value may be silently ignored in the future.
Jun 30 20:15:10.526090 np0000004031 devstack@g-api.service[99670]: DEBUG glance.common.config [None req-4696cc76-13b9-44eb-80f3-1e84507c3374 None None] show_multiple_locations = False {{(pid=99670) log_opt_values /opt/stack/data/venv/lib/python3.12/site-packages/oslo_config/cfg.py:3242}}
Jun 30 20:15:10.526182 np0000004031 devstack@g-api.service[99670]: DEBUG glance.common.config [None req-4696cc76-13b9-44eb-80f3-1e84507c3374 None None] syslog_log_facility = LOG_USER {{(pid=99670) log_opt_values /opt/stack/data/venv/lib/python3.12/site-packages/oslo_config/cfg.py:3242}}
Jun 30 20:15:10.526269 np0000004031 devstack@g-api.service[99670]: DEBUG glance.common.config [None req-4696cc76-13b9-44eb-80f3-1e84507c3374 None None] tcp_keepidle = 600 {{(pid=99670) log_opt_values /opt/stack/data/venv/lib/python3.12/site-packages/oslo_config/cfg.py:3242}}
Jun 30 20:15:10.526306 np0000004031 devstack@g-api.service[99671]: DEBUG glance.image_cache.drivers.centralized_db [None req-f68d29f2-6385-4a7e-ae8a-696deb1646ee None None] Node reference is already recorded, ignoring it {{(pid=99671) configure /opt/stack/glance/glance/image_cache/drivers/centralized_db.py:71}}
Jun 30 20:15:10.526356 np0000004031 devstack@g-api.service[99670]: DEBUG glance.common.config [None req-4696cc76-13b9-44eb-80f3-1e84507c3374 None None] transport_url = **** {{(pid=99670) log_opt_values /opt/stack/data/venv/lib/python3.12/site-packages/oslo_config/cfg.py:3242}}
Jun 30 20:15:10.526467 np0000004031 devstack@g-api.service[99670]: DEBUG glance.common.config [None req-4696cc76-13b9-44eb-80f3-1e84507c3374 None None] use_journal = False {{(pid=99670) log_opt_values /opt/stack/data/venv/lib/python3.12/site-packages/oslo_config/cfg.py:3242}}
Jun 30 20:15:10.526555 np0000004031 devstack@g-api.service[99670]: DEBUG glance.common.config [None req-4696cc76-13b9-44eb-80f3-1e84507c3374 None None] use_json = False {{(pid=99670) log_opt_values /opt/stack/data/venv/lib/python3.12/site-packages/oslo_config/cfg.py:3242}}
Jun 30 20:15:10.526646 np0000004031 devstack@g-api.service[99670]: DEBUG glance.common.config [None req-4696cc76-13b9-44eb-80f3-1e84507c3374 None None] use_keystone_limits = True {{(pid=99670) log_opt_values /opt/stack/data/venv/lib/python3.12/site-packages/oslo_config/cfg.py:3242}}
Jun 30 20:15:10.526741 np0000004031 devstack@g-api.service[99670]: DEBUG glance.common.config [None req-4696cc76-13b9-44eb-80f3-1e84507c3374 None None] use_stderr = False {{(pid=99670) log_opt_values /opt/stack/data/venv/lib/python3.12/site-packages/oslo_config/cfg.py:3242}}
Jun 30 20:15:10.526832 np0000004031 devstack@g-api.service[99670]: DEBUG glance.common.config [None req-4696cc76-13b9-44eb-80f3-1e84507c3374 None None] use_syslog = False {{(pid=99670) log_opt_values /opt/stack/data/venv/lib/python3.12/site-packages/oslo_config/cfg.py:3242}}
Jun 30 20:15:10.526919 np0000004031 devstack@g-api.service[99670]: DEBUG glance.common.config [None req-4696cc76-13b9-44eb-80f3-1e84507c3374 None None] user_storage_quota = 0 {{(pid=99670) log_opt_values /opt/stack/data/venv/lib/python3.12/site-packages/oslo_config/cfg.py:3242}}
Jun 30 20:15:10.527039 np0000004031 devstack@g-api.service[99670]: DEBUG glance.common.config [None req-4696cc76-13b9-44eb-80f3-1e84507c3374 None None] worker_self_reference_url = http://127.0.0.1:60999 {{(pid=99670) log_opt_values /opt/stack/data/venv/lib/python3.12/site-packages/oslo_config/cfg.py:3242}}
Jun 30 20:15:10.527137 np0000004031 devstack@g-api.service[99670]: DEBUG glance.common.config [None req-4696cc76-13b9-44eb-80f3-1e84507c3374 None None] workers = None {{(pid=99670) log_opt_values /opt/stack/data/venv/lib/python3.12/site-packages/oslo_config/cfg.py:3242}}
Jun 30 20:15:10.527244 np0000004031 devstack@g-api.service[99670]: DEBUG glance.common.config [None req-4696cc76-13b9-44eb-80f3-1e84507c3374 None None] oslo_concurrency.disable_process_locking = False {{(pid=99670) log_opt_values /opt/stack/data/venv/lib/python3.12/site-packages/oslo_config/cfg.py:3253}}
Jun 30 20:15:10.527342 np0000004031 devstack@g-api.service[99670]: DEBUG glance.common.config [None req-4696cc76-13b9-44eb-80f3-1e84507c3374 None None] oslo_concurrency.lock_path = /opt/stack/data/glance/locks {{(pid=99670) log_opt_values /opt/stack/data/venv/lib/python3.12/site-packages/oslo_config/cfg.py:3253}}
Jun 30 20:15:10.527460 np0000004031 devstack@g-api.service[99670]: DEBUG glance.common.config [None req-4696cc76-13b9-44eb-80f3-1e84507c3374 None None] oslo_middleware.enable_proxy_headers_parsing = False {{(pid=99670) log_opt_values /opt/stack/data/venv/lib/python3.12/site-packages/oslo_config/cfg.py:3253}}
Jun 30 20:15:10.527556 np0000004031 devstack@g-api.service[99670]: DEBUG glance.common.config [None req-4696cc76-13b9-44eb-80f3-1e84507c3374 None None] oslo_middleware.http_basic_auth_user_file = /etc/htpasswd {{(pid=99670) log_opt_values /opt/stack/data/venv/lib/python3.12/site-packages/oslo_config/cfg.py:3253}}
Jun 30 20:15:10.527646 np0000004031 devstack@g-api.service[99670]: DEBUG glance.common.config [None req-4696cc76-13b9-44eb-80f3-1e84507c3374 None None] paste_deploy.config_file = None {{(pid=99670) log_opt_values /opt/stack/data/venv/lib/python3.12/site-packages/oslo_config/cfg.py:3253}}
Jun 30 20:15:10.527747 np0000004031 devstack@g-api.service[99670]: DEBUG glance.common.config [None req-4696cc76-13b9-44eb-80f3-1e84507c3374 None None] paste_deploy.flavor = keystone+cachemanagement {{(pid=99670) log_opt_values /opt/stack/data/venv/lib/python3.12/site-packages/oslo_config/cfg.py:3253}}
Jun 30 20:15:10.527886 np0000004031 devstack@g-api.service[99670]: DEBUG glance.common.config [None req-4696cc76-13b9-44eb-80f3-1e84507c3374 None None] image_format.container_formats = ['ami', 'ari', 'aki', 'bare', 'ovf', 'ova', 'docker', 'compressed'] {{(pid=99670) log_opt_values /opt/stack/data/venv/lib/python3.12/site-packages/oslo_config/cfg.py:3253}}
Jun 30 20:15:10.528026 np0000004031 devstack@g-api.service[99670]: DEBUG glance.common.config [None req-4696cc76-13b9-44eb-80f3-1e84507c3374 None None] image_format.disk_formats = ['ami', 'ari', 'aki', 'vhd', 'vhdx', 'vmdk', 'raw', 'qcow2', 'vdi', 'iso', 'ploop'] {{(pid=99670) log_opt_values /opt/stack/data/venv/lib/python3.12/site-packages/oslo_config/cfg.py:3253}}
Jun 30 20:15:10.528117 np0000004031 devstack@g-api.service[99670]: DEBUG glance.common.config [None req-4696cc76-13b9-44eb-80f3-1e84507c3374 None None] image_format.gpt_safety_checks_nonfatal = [] {{(pid=99670) log_opt_values /opt/stack/data/venv/lib/python3.12/site-packages/oslo_config/cfg.py:3253}}
Jun 30 20:15:10.528204 np0000004031 devstack@g-api.service[99670]: DEBUG glance.common.config [None req-4696cc76-13b9-44eb-80f3-1e84507c3374 None None] image_format.require_image_format_match = True {{(pid=99670) log_opt_values /opt/stack/data/venv/lib/python3.12/site-packages/oslo_config/cfg.py:3253}}
Jun 30 20:15:10.528299 np0000004031 devstack@g-api.service[99670]: DEBUG glance.common.config [None req-4696cc76-13b9-44eb-80f3-1e84507c3374 None None] image_format.vmdk_allowed_types = ['streamOptimized', 'monolithicSparse'] {{(pid=99670) log_opt_values /opt/stack/data/venv/lib/python3.12/site-packages/oslo_config/cfg.py:3253}}
Jun 30 20:15:10.528396 np0000004031 devstack@g-api.service[99670]: DEBUG glance.common.config [None req-4696cc76-13b9-44eb-80f3-1e84507c3374 None None] task.task_executor = taskflow {{(pid=99670) log_opt_values /opt/stack/data/venv/lib/python3.12/site-packages/oslo_config/cfg.py:3253}}
Jun 30 20:15:10.528510 np0000004031 devstack@g-api.service[99670]: DEBUG glance.common.config [None req-4696cc76-13b9-44eb-80f3-1e84507c3374 None None] task.task_time_to_live = 48 {{(pid=99670) log_opt_values /opt/stack/data/venv/lib/python3.12/site-packages/oslo_config/cfg.py:3253}}
Jun 30 20:15:10.528605 np0000004031 devstack@g-api.service[99670]: DEBUG glance.common.config [None req-4696cc76-13b9-44eb-80f3-1e84507c3374 None None] task.work_dir = None {{(pid=99670) log_opt_values /opt/stack/data/venv/lib/python3.12/site-packages/oslo_config/cfg.py:3253}}
Jun 30 20:15:10.528700 np0000004031 devstack@g-api.service[99670]: DEBUG glance.common.config [None req-4696cc76-13b9-44eb-80f3-1e84507c3374 None None] wsgi.python_interpreter = /opt/stack/data/venv/bin/python3 {{(pid=99670) log_opt_values /opt/stack/data/venv/lib/python3.12/site-packages/oslo_config/cfg.py:3253}}
Jun 30 20:15:10.528797 np0000004031 devstack@g-api.service[99670]: DEBUG glance.common.config [None req-4696cc76-13b9-44eb-80f3-1e84507c3374 None None] wsgi.task_pool_threads = 16 {{(pid=99670) log_opt_values /opt/stack/data/venv/lib/python3.12/site-packages/oslo_config/cfg.py:3253}}
Jun 30 20:15:10.528889 np0000004031 devstack@g-api.service[99670]: DEBUG glance.common.config [None req-4696cc76-13b9-44eb-80f3-1e84507c3374 None None] import_filtering_opts.allowed_hosts = [] {{(pid=99670) log_opt_values /opt/stack/data/venv/lib/python3.12/site-packages/oslo_config/cfg.py:3253}}
Jun 30 20:15:10.528985 np0000004031 devstack@g-api.service[99670]: DEBUG glance.common.config [None req-4696cc76-13b9-44eb-80f3-1e84507c3374 None None] import_filtering_opts.allowed_ports = [80, 443] {{(pid=99670) log_opt_values /opt/stack/data/venv/lib/python3.12/site-packages/oslo_config/cfg.py:3253}}
Jun 30 20:15:10.529122 np0000004031 devstack@g-api.service[99670]: DEBUG glance.common.config [None req-4696cc76-13b9-44eb-80f3-1e84507c3374 None None] import_filtering_opts.allowed_schemes = ['http', 'https'] {{(pid=99670) log_opt_values /opt/stack/data/venv/lib/python3.12/site-packages/oslo_config/cfg.py:3253}}
Jun 30 20:15:10.529212 np0000004031 devstack@g-api.service[99670]: DEBUG glance.common.config [None req-4696cc76-13b9-44eb-80f3-1e84507c3374 None None] import_filtering_opts.disallowed_hosts = [] {{(pid=99670) log_opt_values /opt/stack/data/venv/lib/python3.12/site-packages/oslo_config/cfg.py:3253}}
