Jun 30 20:17:28.871405 np0000004031 devstack@g-api.service[99670]: DEBUG swiftclient [None req-d98adf8f-a307-40c7-8196-fe96e2015cf6 tempest-AttachSCSIVolumeTestJSON-186942063 tempest-AttachSCSIVolumeTestJSON-186942063-project-admin] RESP STATUS: 204 No Content {{(pid=99670) http_log /opt/stack/data/venv/lib/python3.12/site-packages/swiftclient/client.py:161}}
Jun 30 20:17:28.871583 np0000004031 devstack@g-api.service[99670]: DEBUG swiftclient [None req-d98adf8f-a307-40c7-8196-fe96e2015cf6 tempest-AttachSCSIVolumeTestJSON-186942063 tempest-AttachSCSIVolumeTestJSON-186942063-project-admin] RESP HEADERS: {'Date': 'Tue, 30 Jun 2026 20:17:28 GMT', 'Server': 'Apache/2.4.58 (Ubuntu)', 'Content-Type': 'text/plain; charset=utf-8', 'X-Container-Object-Count': '3', 'X-Container-Bytes-Used': '64356352', 'X-Timestamp': '1782850518.52793', 'Last-Modified': 'Tue, 30 Jun 2026 20:15:19 GMT', 'Accept-Ranges': 'bytes', 'X-Storage-Policy': 'Policy-0', 'X-Container-Sharding': 'False', 'Vary': 'Accept', 'X-Trans-Id': 'tx3cb4e823461f47d7a159b-006a442458', 'X-Openstack-Request-Id': 'tx3cb4e823461f47d7a159b-006a442458', 'Connection': 'close'} {{(pid=99670) http_log /opt/stack/data/venv/lib/python3.12/site-packages/swiftclient/client.py:162}}
Jun 30 20:17:28.871740 np0000004031 devstack@g-api.service[99670]: DEBUG glance_store._drivers.swift.store [None req-d98adf8f-a307-40c7-8196-fe96e2015cf6 tempest-AttachSCSIVolumeTestJSON-186942063 tempest-AttachSCSIVolumeTestJSON-186942063-project-admin] Adding image object 'd035cef6-d186-4cc1-8624-39b1d4b154a0' to Swift {{(pid=99670) add /opt/stack/data/venv/lib/python3.12/site-packages/glance_store/_drivers/swift/store.py:970}}
Jun 30 20:17:28.871816 np0000004031 devstack@g-api.service[99670]: DEBUG glance_store._drivers.swift.store [None req-d98adf8f-a307-40c7-8196-fe96e2015cf6 tempest-AttachSCSIVolumeTestJSON-186942063 tempest-AttachSCSIVolumeTestJSON-186942063-project-admin] Cannot determine image size because it is either not provided in the request or chunked-transfer encoding is used. Adding image as a segmented object to Swift. {{(pid=99670) add /opt/stack/data/venv/lib/python3.12/site-packages/glance_store/_drivers/swift/store.py:994}}
Jun 30 20:17:28.878536 np0000004031 devstack@g-api.service[99670]: DEBUG oslo_utils.imageutils.format_inspector [None req-d98adf8f-a307-40c7-8196-fe96e2015cf6 tempest-AttachSCSIVolumeTestJSON-186942063 tempest-AttachSCSIVolumeTestJSON-186942063-project-admin] Format inspector for vmdk does not match, excluding from consideration (Signature KDMV not found: b'QFI\xfb') {{(pid=99670) _process_chunk /opt/stack/data/venv/lib/python3.12/site-packages/oslo_utils/imageutils/format_inspector.py:1758}}
Jun 30 20:17:28.883462 np0000004031 devstack@g-api.service[99670]: DEBUG oslo_utils.imageutils.format_inspector [None req-d98adf8f-a307-40c7-8196-fe96e2015cf6 tempest-AttachSCSIVolumeTestJSON-186942063 tempest-AttachSCSIVolumeTestJSON-186942063-project-admin] Format inspector for vhdx does not match, excluding from consideration (Region signature not found at 30000) {{(pid=99670) _process_chunk /opt/stack/data/venv/lib/python3.12/site-packages/oslo_utils/imageutils/format_inspector.py:1758}}
Jun 30 20:17:29.166482 np0000004031 devstack@g-api.service[99670]: DEBUG swiftclient [None req-d98adf8f-a307-40c7-8196-fe96e2015cf6 tempest-AttachSCSIVolumeTestJSON-186942063 tempest-AttachSCSIVolumeTestJSON-186942063-project-admin] REQ: curl -i https://10.4.3.188:8080/v1/AUTH_f77fc487b56a4fc29e9d9d76b34775bd/glance/d035cef6-d186-4cc1-8624-39b1d4b154a0-00001 -X PUT -H "X-Auth-Token: gAAAAABqRCRYMbNA..." {{(pid=99670) http_log /opt/stack/data/venv/lib/python3.12/site-packages/swiftclient/client.py:160}}
Jun 30 20:17:29.167131 np0000004031 devstack@g-api.service[99670]: DEBUG swiftclient [None req-d98adf8f-a307-40c7-8196-fe96e2015cf6 tempest-AttachSCSIVolumeTestJSON-186942063 tempest-AttachSCSIVolumeTestJSON-186942063-project-admin] RESP STATUS: 201 Created {{(pid=99670) http_log /opt/stack/data/venv/lib/python3.12/site-packages/swiftclient/client.py:161}}
Jun 30 20:17:29.167131 np0000004031 devstack@g-api.service[99670]: DEBUG swiftclient [None req-d98adf8f-a307-40c7-8196-fe96e2015cf6 tempest-AttachSCSIVolumeTestJSON-186942063 tempest-AttachSCSIVolumeTestJSON-186942063-project-admin] RESP HEADERS: {'Date': 'Tue, 30 Jun 2026 20:17:29 GMT', 'Server': 'Apache/2.4.58 (Ubuntu)', 'Content-Type': 'text/html; charset=UTF-8', 'Content-Length': '0', 'Etag': '87617e24a5e30cb3b87fda8c0764838f', 'Last-Modified': 'Tue, 30 Jun 2026 20:17:29 GMT', 'X-Trans-Id': 'tx4f78a6bff51445f8b84f5-006a442458', 'X-Openstack-Request-Id': 'tx4f78a6bff51445f8b84f5-006a442458', 'Connection': 'close'} {{(pid=99670) http_log /opt/stack/data/venv/lib/python3.12/site-packages/swiftclient/client.py:162}}
Jun 30 20:17:29.167131 np0000004031 devstack@g-api.service[99670]: DEBUG glance_store._drivers.swift.store [None req-d98adf8f-a307-40c7-8196-fe96e2015cf6 tempest-AttachSCSIVolumeTestJSON-186942063 tempest-AttachSCSIVolumeTestJSON-186942063-project-admin] Wrote chunk d035cef6-d186-4cc1-8624-39b1d4b154a0-00001 (1/?) of length 21692416 to Swift returning MD5 of content: 87617e24a5e30cb3b87fda8c0764838f {{(pid=99670) add /opt/stack/data/venv/lib/python3.12/site-packages/glance_store/_drivers/swift/store.py:1059}}
Jun 30 20:17:29.167336 np0000004031 devstack@g-api.service[99670]: DEBUG glance_store._drivers.swift.store [None req-d98adf8f-a307-40c7-8196-fe96e2015cf6 tempest-AttachSCSIVolumeTestJSON-186942063 tempest-AttachSCSIVolumeTestJSON-186942063-project-admin] Not writing zero-length chunk. {{(pid=99670) add /opt/stack/data/venv/lib/python3.12/site-packages/glance_store/_drivers/swift/store.py:1028}}
Jun 30 20:17:29.218273 np0000004031 devstack@g-api.service[99670]: DEBUG swiftclient [None req-d98adf8f-a307-40c7-8196-fe96e2015cf6 tempest-AttachSCSIVolumeTestJSON-186942063 tempest-AttachSCSIVolumeTestJSON-186942063-project-admin] REQ: curl -i https://10.4.3.188:8080/v1/AUTH_f77fc487b56a4fc29e9d9d76b34775bd/glance/d035cef6-d186-4cc1-8624-39b1d4b154a0 -X PUT -H "X-Object-Manifest: glance/d035cef6-d186-4cc1-8624-39b1d4b154a0-" -H "X-Auth-Token: gAAAAABqRCRYMbNA..." -H "Content-Length: 0" {{(pid=99670) http_log /opt/stack/data/venv/lib/python3.12/site-packages/swiftclient/client.py:160}}
Jun 30 20:17:29.218273 np0000004031 devstack@g-api.service[99670]: DEBUG swiftclient [None req-d98adf8f-a307-40c7-8196-fe96e2015cf6 tempest-AttachSCSIVolumeTestJSON-186942063 tempest-AttachSCSIVolumeTestJSON-186942063-project-admin] RESP STATUS: 201 Created {{(pid=99670) http_log /opt/stack/data/venv/lib/python3.12/site-packages/swiftclient/client.py:161}}
Jun 30 20:17:29.218273 np0000004031 devstack@g-api.service[99670]: DEBUG swiftclient [None req-d98adf8f-a307-40c7-8196-fe96e2015cf6 tempest-AttachSCSIVolumeTestJSON-186942063 tempest-AttachSCSIVolumeTestJSON-186942063-project-admin] RESP HEADERS: {'Date': 'Tue, 30 Jun 2026 20:17:29 GMT', 'Server': 'Apache/2.4.58 (Ubuntu)', 'Content-Type': 'text/html; charset=UTF-8', 'Content-Length': '0', 'Etag': 'd41d8cd98f00b204e9800998ecf8427e', 'Last-Modified': 'Tue, 30 Jun 2026 20:17:30 GMT', 'X-Trans-Id': 'tx598438389a5744ccb719b-006a442459', 'X-Openstack-Request-Id': 'tx598438389a5744ccb719b-006a442459', 'Connection': 'close'} {{(pid=99670) http_log /opt/stack/data/venv/lib/python3.12/site-packages/swiftclient/client.py:162}}
Jun 30 20:17:29.220236 np0000004031 devstack@g-api.service[99670]: INFO glance.location [None req-d98adf8f-a307-40c7-8196-fe96e2015cf6 tempest-AttachSCSIVolumeTestJSON-186942063 tempest-AttachSCSIVolumeTestJSON-186942063-project-admin] Image format matched and virtual size computed: 117440512
Jun 30 20:17:29.274970 np0000004031 devstack@g-api.service[99670]: DEBUG glance_store.backend [None req-d98adf8f-a307-40c7-8196-fe96e2015cf6 tempest-AttachSCSIVolumeTestJSON-186942063 tempest-AttachSCSIVolumeTestJSON-186942063-project-admin] Attempting to import store swift {{(pid=99670) _load_store /opt/stack/data/venv/lib/python3.12/site-packages/glance_store/backend.py:215}}
Jun 30 20:17:29.277036 np0000004031 devstack@g-api.service[99670]: DEBUG glance_store.capabilities [None req-d98adf8f-a307-40c7-8196-fe96e2015cf6 tempest-AttachSCSIVolumeTestJSON-186942063 tempest-AttachSCSIVolumeTestJSON-186942063-project-admin] Store glance_store._drivers.swift.store.SingleTenantStore doesn't support updating dynamic storage capabilities. Please overwrite 'update_capabilities' method of the store to implement updating logics if needed. {{(pid=99670) update_capabilities /opt/stack/data/venv/lib/python3.12/site-packages/glance_store/capabilities.py:91}}
Jun 30 20:17:29.277207 np0000004031 devstack@g-api.service[99670]: DEBUG glance_store.driver [None req-d98adf8f-a307-40c7-8196-fe96e2015cf6 tempest-AttachSCSIVolumeTestJSON-186942063 tempest-AttachSCSIVolumeTestJSON-186942063-project-admin] Late loading location class glance_store._drivers.swift.store.StoreLocation {{(pid=99670) get_store_location_class /opt/stack/data/venv/lib/python3.12/site-packages/glance_store/driver.py:134}}
Jun 30 20:17:29.277849 np0000004031 devstack@g-api.service[99670]: DEBUG glance_store.location [None req-d98adf8f-a307-40c7-8196-fe96e2015cf6 tempest-AttachSCSIVolumeTestJSON-186942063 tempest-AttachSCSIVolumeTestJSON-186942063-project-admin] Registering scheme swift+https with {'store': , 'location_class': , 'store_entry': 'swift'} {{(pid=99670) register_scheme_map /opt/stack/data/venv/lib/python3.12/site-packages/glance_store/location.py:146}}
Jun 30 20:17:29.277849 np0000004031 devstack@g-api.service[99670]: DEBUG glance_store.location [None req-d98adf8f-a307-40c7-8196-fe96e2015cf6 tempest-AttachSCSIVolumeTestJSON-186942063 tempest-AttachSCSIVolumeTestJSON-186942063-project-admin] Registering scheme swift+https with {'store': , 'location_class': , 'store_entry': 'swift'} {{(pid=99670) register_scheme_map /opt/stack/data/venv/lib/python3.12/site-packages/glance_store/location.py:146}}
Jun 30 20:17:29.277849 np0000004031 devstack@g-api.service[99670]: DEBUG glance_store.location [None req-d98adf8f-a307-40c7-8196-fe96e2015cf6 tempest-AttachSCSIVolumeTestJSON-186942063 tempest-AttachSCSIVolumeTestJSON-186942063-project-admin] Registering scheme swift with {'store': , 'location_class': , 'store_entry': 'swift'} {{(pid=99670) register_scheme_map /opt/stack/data/venv/lib/python3.12/site-packages/glance_store/location.py:146}}
Jun 30 20:17:29.278802 np0000004031 devstack@g-api.service[99670]: DEBUG glance_store.location [None req-d98adf8f-a307-40c7-8196-fe96e2015cf6 tempest-AttachSCSIVolumeTestJSON-186942063 tempest-AttachSCSIVolumeTestJSON-186942063-project-admin] Registering scheme swift+https with {'store': , 'location_class': , 'store_entry': 'swift'} {{(pid=99670) register_scheme_map /opt/stack/data/venv/lib/python3.12/site-packages/glance_store/location.py:146}}
Jun 30 20:17:29.278802 np0000004031 devstack@g-api.service[99670]: DEBUG glance_store.location [None req-d98adf8f-a307-40c7-8196-fe96e2015cf6 tempest-AttachSCSIVolumeTestJSON-186942063 tempest-AttachSCSIVolumeTestJSON-186942063-project-admin] Registering scheme swift with {'store': , 'location_class': , 'store_entry': 'swift'} {{(pid=99670) register_scheme_map /opt/stack/data/venv/lib/python3.12/site-packages/glance_store/location.py:146}}
Jun 30 20:17:29.278802 np0000004031 devstack@g-api.service[99670]: DEBUG glance_store.location [None req-d98adf8f-a307-40c7-8196-fe96e2015cf6 tempest-AttachSCSIVolumeTestJSON-186942063 tempest-AttachSCSIVolumeTestJSON-186942063-project-admin] Registering scheme swift+http with {'store': , 'location_class': , 'store_entry': 'swift'} {{(pid=99670) register_scheme_map /opt/stack/data/venv/lib/python3.12/site-packages/glance_store/location.py:146}}
Jun 30 20:17:29.279161 np0000004031 devstack@g-api.service[99670]: DEBUG glance_store.location [None req-d98adf8f-a307-40c7-8196-fe96e2015cf6 tempest-AttachSCSIVolumeTestJSON-186942063 tempest-AttachSCSIVolumeTestJSON-186942063-project-admin] Registering scheme swift+https with {'store': , 'location_class': , 'store_entry': 'swift'} {{(pid=99670) register_scheme_map /opt/stack/data/venv/lib/python3.12/site-packages/glance_store/location.py:146}}
Jun 30 20:17:29.279161 np0000004031 devstack@g-api.service[99670]: DEBUG glance_store.location [None req-d98adf8f-a307-40c7-8196-fe96e2015cf6 tempest-AttachSCSIVolumeTestJSON-186942063 tempest-AttachSCSIVolumeTestJSON-186942063-project-admin] Registering scheme swift with {'store': , 'location_class': , 'store_entry': 'swift'} {{(pid=99670) register_scheme_map /opt/stack/data/venv/lib/python3.12/site-packages/glance_store/location.py:146}}
Jun 30 20:17:29.279161 np0000004031 devstack@g-api.service[99670]: DEBUG glance_store.location [None req-d98adf8f-a307-40c7-8196-fe96e2015cf6 tempest-AttachSCSIVolumeTestJSON-186942063 tempest-AttachSCSIVolumeTestJSON-186942063-project-admin] Registering scheme swift+http with {'store': , 'location_class': , 'store_entry': 'swift'} {{(pid=99670) register_scheme_map /opt/stack/data/venv/lib/python3.12/site-packages/glance_store/location.py:146}}
Jun 30 20:17:29.279460 np0000004031 devstack@g-api.service[99670]: DEBUG glance_store.location [None req-d98adf8f-a307-40c7-8196-fe96e2015cf6 tempest-AttachSCSIVolumeTestJSON-186942063 tempest-AttachSCSIVolumeTestJSON-186942063-project-admin] Registering scheme swift+config with {'store': , 'location_class': , 'store_entry': 'swift'} {{(pid=99670) register_scheme_map /opt/stack/data/venv/lib/python3.12/site-packages/glance_store/location.py:146}}
Jun 30 20:17:29.279460 np0000004031 devstack@g-api.service[99670]: DEBUG glance_store.backend [None req-d98adf8f-a307-40c7-8196-fe96e2015cf6 tempest-AttachSCSIVolumeTestJSON-186942063 tempest-AttachSCSIVolumeTestJSON-186942063-project-admin] Skipping store.set_acls... not implemented. {{(pid=99670) set_acls /opt/stack/data/venv/lib/python3.12/site-packages/glance_store/backend.py:507}}
Jun 30 20:17:29.281518 np0000004031 devstack@g-api.service[99670]: [pid: 99670|app: 0|req: 12/45] 127.0.0.1 () {40 vars in 858 bytes} [Tue Jun 30 20:17:26 2026] PUT /v2/images/d035cef6-d186-4cc1-8624-39b1d4b154a0/file => generated 0 bytes in 3032 msecs (HTTP/1.1 204) 4 headers in 171 bytes (1 switches on core 0)
Jun 30 20:17:29.605384 np0000004031 devstack@g-api.service[99672]: [pid: 99672|app: 0|req: 18/46] 127.0.0.1 () {44 vars in 1135 bytes} [Tue Jun 30 20:17:28 2026] GET /v2/images/a30ab081-e88f-469f-8fe4-3bf0947179a2/locations => generated 92 bytes in 772 msecs (HTTP/1.1 200) 4 headers in 156 bytes (1 switches on core 0)
Jun 30 20:17:29.621999 np0000004031 devstack@g-api.service[99671]: DEBUG glance.api.middleware.version_negotiation [None req-ad1b065f-4e61-46d2-b9f1-0c2384b1eda7 tempest-DeleteServersTestJSON-2088282691 tempest-DeleteServersTestJSON-2088282691-project-member] Determining version of request: GET /v2/images/a30ab081-e88f-469f-8fe4-3bf0947179a2 Accept: */* {{(pid=99671) process_request /opt/stack/glance/glance/api/middleware/version_negotiation.py:44}}
Jun 30 20:17:29.622317 np0000004031 devstack@g-api.service[99671]: DEBUG glance.api.middleware.version_negotiation [None req-ad1b065f-4e61-46d2-b9f1-0c2384b1eda7 tempest-DeleteServersTestJSON-2088282691 tempest-DeleteServersTestJSON-2088282691-project-member] Using url versioning {{(pid=99671) process_request /opt/stack/glance/glance/api/middleware/version_negotiation.py:57}}
Jun 30 20:17:29.622637 np0000004031 devstack@g-api.service[99671]: DEBUG glance.api.middleware.version_negotiation [None req-ad1b065f-4e61-46d2-b9f1-0c2384b1eda7 tempest-DeleteServersTestJSON-2088282691 tempest-DeleteServersTestJSON-2088282691-project-member] Matched version: v2 {{(pid=99671) process_request /opt/stack/glance/glance/api/middleware/version_negotiation.py:69}}
Jun 30 20:17:29.622637 np0000004031 devstack@g-api.service[99671]: DEBUG glance.api.middleware.version_negotiation [None req-ad1b065f-4e61-46d2-b9f1-0c2384b1eda7 tempest-DeleteServersTestJSON-2088282691 tempest-DeleteServersTestJSON-2088282691-project-member] new path /v2/images/a30ab081-e88f-469f-8fe4-3bf0947179a2 {{(pid=99671) process_request /opt/stack/glance/glance/api/middleware/version_negotiation.py:70}}
Jun 30 20:17:29.644704 np0000004031 devstack@g-api.service[99671]: [pid: 99671|app: 0|req: 17/47] 127.0.0.1 () {44 vars in 1115 bytes} [Tue Jun 30 20:17:29 2026] GET /v2/images/a30ab081-e88f-469f-8fe4-3bf0947179a2 => generated 1044 bytes in 22 msecs (HTTP/1.1 200) 4 headers in 158 bytes (1 switches on core 0)
Jun 30 20:17:29.663291 np0000004031 devstack@g-api.service[99670]: DEBUG glance.api.middleware.version_negotiation [None req-d98adf8f-a307-40c7-8196-fe96e2015cf6 tempest-AttachSCSIVolumeTestJSON-186942063 tempest-AttachSCSIVolumeTestJSON-186942063-project-admin] Determining version of request: GET /v2/schemas/image Accept: */* {{(pid=99670) process_request /opt/stack/glance/glance/api/middleware/version_negotiation.py:44}}
Jun 30 20:17:29.663291 np0000004031 devstack@g-api.service[99670]: DEBUG glance.api.middleware.version_negotiation [None req-d98adf8f-a307-40c7-8196-fe96e2015cf6 tempest-AttachSCSIVolumeTestJSON-186942063 tempest-AttachSCSIVolumeTestJSON-186942063-project-admin] Using url versioning {{(pid=99670) process_request /opt/stack/glance/glance/api/middleware/version_negotiation.py:57}}
Jun 30 20:17:29.663661 np0000004031 devstack@g-api.service[99670]: DEBUG glance.api.middleware.version_negotiation [None req-d98adf8f-a307-40c7-8196-fe96e2015cf6 tempest-AttachSCSIVolumeTestJSON-186942063 tempest-AttachSCSIVolumeTestJSON-186942063-project-admin] Matched version: v2 {{(pid=99670) process_request /opt/stack/glance/glance/api/middleware/version_negotiation.py:69}}
Jun 30 20:17:29.663822 np0000004031 devstack@g-api.service[99670]: DEBUG glance.api.middleware.version_negotiation [None req-d98adf8f-a307-40c7-8196-fe96e2015cf6 tempest-AttachSCSIVolumeTestJSON-186942063 tempest-AttachSCSIVolumeTestJSON-186942063-project-admin] new path /v2/schemas/image {{(pid=99670) process_request /opt/stack/glance/glance/api/middleware/version_negotiation.py:70}}
Jun 30 20:17:29.669414 np0000004031 devstack@g-api.service[99670]: [pid: 99670|app: 0|req: 13/48] 127.0.0.1 () {44 vars in 1055 bytes} [Tue Jun 30 20:17:29 2026] GET /v2/schemas/image => generated 6083 bytes in 7 msecs (HTTP/1.1 200) 4 headers in 158 bytes (1 switches on core 0)
Jun 30 20:17:29.682789 np0000004031 devstack@g-api.service[99672]: DEBUG glance.api.middleware.version_negotiation [None req-d878485c-2453-4ece-8fcc-be7851ef791c service glance] Determining version of request: GET /v2/schemas/image Accept: */* {{(pid=99672) process_request /opt/stack/glance/glance/api/middleware/version_negotiation.py:44}}
Jun 30 20:17:29.682960 np0000004031 devstack@g-api.service[99672]: DEBUG glance.api.middleware.version_negotiation [None req-d878485c-2453-4ece-8fcc-be7851ef791c service glance] Using url versioning {{(pid=99672) process_request /opt/stack/glance/glance/api/middleware/version_negotiation.py:57}}
Jun 30 20:17:29.683127 np0000004031 devstack@g-api.service[99672]: DEBUG glance.api.middleware.version_negotiation [None req-d878485c-2453-4ece-8fcc-be7851ef791c service glance] Matched version: v2 {{(pid=99672) process_request /opt/stack/glance/glance/api/middleware/version_negotiation.py:69}}
Jun 30 20:17:29.683254 np0000004031 devstack@g-api.service[99672]: DEBUG glance.api.middleware.version_negotiation [None req-d878485c-2453-4ece-8fcc-be7851ef791c service glance] new path /v2/schemas/image {{(pid=99672) process_request /opt/stack/glance/glance/api/middleware/version_negotiation.py:70}}
Jun 30 20:17:29.685891 np0000004031 devstack@g-api.service[99672]: [pid: 99672|app: 0|req: 19/49] 127.0.0.1 () {44 vars in 1055 bytes} [Tue Jun 30 20:17:29 2026] GET /v2/schemas/image => generated 6083 bytes in 3 msecs (HTTP/1.1 200) 4 headers in 158 bytes (1 switches on core 0)
Jun 30 20:17:29.730661 np0000004031 devstack@g-api.service[99671]: DEBUG glance.api.middleware.version_negotiation [None req-d878485c-2453-4ece-8fcc-be7851ef791c tempest-TaggedBootDevicesTest-1608173588 tempest-TaggedBootDevicesTest-1608173588-project-member] Determining version of request: GET /v2/images/a30ab081-e88f-469f-8fe4-3bf0947179a2 Accept: */* {{(pid=99671) process_request /opt/stack/glance/glance/api/middleware/version_negotiation.py:44}}
Jun 30 20:17:29.730876 np0000004031 devstack@g-api.service[99671]: DEBUG glance.api.middleware.version_negotiation [None req-d878485c-2453-4ece-8fcc-be7851ef791c tempest-TaggedBootDevicesTest-1608173588 tempest-TaggedBootDevicesTest-1608173588-project-member] Using url versioning {{(pid=99671) process_request /opt/stack/glance/glance/api/middleware/version_negotiation.py:57}}
Jun 30 20:17:29.731131 np0000004031 devstack@g-api.service[99671]: DEBUG glance.api.middleware.version_negotiation [None req-d878485c-2453-4ece-8fcc-be7851ef791c tempest-TaggedBootDevicesTest-1608173588 tempest-TaggedBootDevicesTest-1608173588-project-member] Matched version: v2 {{(pid=99671) process_request /opt/stack/glance/glance/api/middleware/version_negotiation.py:69}}
Jun 30 20:17:29.731369 np0000004031 devstack@g-api.service[99671]: DEBUG glance.api.middleware.version_negotiation [None req-d878485c-2453-4ece-8fcc-be7851ef791c tempest-TaggedBootDevicesTest-1608173588 tempest-TaggedBootDevicesTest-1608173588-project-member] new path /v2/images/a30ab081-e88f-469f-8fe4-3bf0947179a2 {{(pid=99671) process_request /opt/stack/glance/glance/api/middleware/version_negotiation.py:70}}
Jun 30 20:17:29.753890 np0000004031 devstack@g-api.service[99671]: [pid: 99671|app: 0|req: 18/50] 127.0.0.1 () {44 vars in 1115 bytes} [Tue Jun 30 20:17:29 2026] GET /v2/images/a30ab081-e88f-469f-8fe4-3bf0947179a2 => generated 1044 bytes in 25 msecs (HTTP/1.1 200) 4 headers in 158 bytes (1 switches on core 0)
Jun 30 20:17:29.766918 np0000004031 devstack@g-api.service[99670]: DEBUG glance.api.middleware.version_negotiation [None req-d878485c-2453-4ece-8fcc-be7851ef791c tempest-TaggedBootDevicesTest-1608173588 tempest-TaggedBootDevicesTest-1608173588-project-member] Determining version of request: GET /v2/images/a30ab081-e88f-469f-8fe4-3bf0947179a2/file Accept: */* {{(pid=99670) process_request /opt/stack/glance/glance/api/middleware/version_negotiation.py:44}}
Jun 30 20:17:29.767274 np0000004031 devstack@g-api.service[99670]: DEBUG glance.api.middleware.version_negotiation [None req-d878485c-2453-4ece-8fcc-be7851ef791c tempest-TaggedBootDevicesTest-1608173588 tempest-TaggedBootDevicesTest-1608173588-project-member] Using url versioning {{(pid=99670) process_request /opt/stack/glance/glance/api/middleware/version_negotiation.py:57}}
Jun 30 20:17:29.767352 np0000004031 devstack@g-api.service[99670]: DEBUG glance.api.middleware.version_negotiation [None req-d878485c-2453-4ece-8fcc-be7851ef791c tempest-TaggedBootDevicesTest-1608173588 tempest-TaggedBootDevicesTest-1608173588-project-member] Matched version: v2 {{(pid=99670) process_request /opt/stack/glance/glance/api/middleware/version_negotiation.py:69}}
Jun 30 20:17:29.768702 np0000004031 devstack@g-api.service[99670]: DEBUG glance.api.middleware.version_negotiation [None req-d878485c-2453-4ece-8fcc-be7851ef791c tempest-TaggedBootDevicesTest-1608173588 tempest-TaggedBootDevicesTest-1608173588-project-member] new path /v2/images/a30ab081-e88f-469f-8fe4-3bf0947179a2/file {{(pid=99670) process_request /opt/stack/glance/glance/api/middleware/version_negotiation.py:70}}
Jun 30 20:17:29.786619 np0000004031 devstack@g-api.service[99670]: DEBUG glance.api.middleware.cache [None req-d878485c-2453-4ece-8fcc-be7851ef791c tempest-TaggedBootDevicesTest-1608173588 tempest-TaggedBootDevicesTest-1608173588-project-member] Cache hit for image 'a30ab081-e88f-469f-8fe4-3bf0947179a2' {{(pid=99670) process_request /opt/stack/glance/glance/api/middleware/cache.py:160}}
Jun 30 20:17:29.888157 np0000004031 devstack@g-api.service[99670]: [pid: 99670|app: 0|req: 14/51] 127.0.0.1 () {44 vars in 1125 bytes} [Tue Jun 30 20:17:29 2026] GET /v2/images/a30ab081-e88f-469f-8fe4-3bf0947179a2/file => generated 21692416 bytes in 121 msecs (HTTP/1.1 200) 5 headers in 217 bytes (339 switches on core 0)
Jun 30 20:17:30.056918 np0000004031 devstack@g-api.service[99672]: DEBUG glance.api.middleware.version_negotiation [None req-d878485c-2453-4ece-8fcc-be7851ef791c tempest-TaggedBootDevicesTest-1608173588 tempest-TaggedBootDevicesTest-1608173588-project-member] Determining version of request: GET /v2/images/a30ab081-e88f-469f-8fe4-3bf0947179a2 Accept: */* {{(pid=99672) process_request /opt/stack/glance/glance/api/middleware/version_negotiation.py:44}}
Jun 30 20:17:30.057394 np0000004031 devstack@g-api.service[99672]: DEBUG glance.api.middleware.version_negotiation [None req-d878485c-2453-4ece-8fcc-be7851ef791c tempest-TaggedBootDevicesTest-1608173588 tempest-TaggedBootDevicesTest-1608173588-project-member] Using url versioning {{(pid=99672) process_request /opt/stack/glance/glance/api/middleware/version_negotiation.py:57}}
Jun 30 20:17:30.057624 np0000004031 devstack@g-api.service[99672]: DEBUG glance.api.middleware.version_negotiation [None req-d878485c-2453-4ece-8fcc-be7851ef791c tempest-TaggedBootDevicesTest-1608173588 tempest-TaggedBootDevicesTest-1608173588-project-member] Matched version: v2 {{(pid=99672) process_request /opt/stack/glance/glance/api/middleware/version_negotiation.py:69}}
Jun 30 20:17:30.057798 np0000004031 devstack@g-api.service[99672]: DEBUG glance.api.middleware.version_negotiation [None req-d878485c-2453-4ece-8fcc-be7851ef791c tempest-TaggedBootDevicesTest-1608173588 tempest-TaggedBootDevicesTest-1608173588-project-member] new path /v2/images/a30ab081-e88f-469f-8fe4-3bf0947179a2 {{(pid=99672) process_request /opt/stack/glance/glance/api/middleware/version_negotiation.py:70}}
Jun 30 20:17:30.083037 np0000004031 devstack@g-api.service[99672]: [pid: 99672|app: 0|req: 20/52] 127.0.0.1 () {44 vars in 1115 bytes} [Tue Jun 30 20:17:30 2026] GET /v2/images/a30ab081-e88f-469f-8fe4-3bf0947179a2 => generated 1044 bytes in 26 msecs (HTTP/1.1 200) 4 headers in 158 bytes (1 switches on core 0)
Jun 30 20:17:30.094949 np0000004031 devstack@g-api.service[99671]: DEBUG glance.api.middleware.version_negotiation [None req-d878485c-2453-4ece-8fcc-be7851ef791c tempest-TaggedBootDevicesTest-1608173588 tempest-TaggedBootDevicesTest-1608173588-project-member] Determining version of request: GET /v2/schemas/image Accept: */* {{(pid=99671) process_request /opt/stack/glance/glance/api/middleware/version_negotiation.py:44}}
Jun 30 20:17:30.095458 np0000004031 devstack@g-api.service[99671]: DEBUG glance.api.middleware.version_negotiation [None req-d878485c-2453-4ece-8fcc-be7851ef791c tempest-TaggedBootDevicesTest-1608173588 tempest-TaggedBootDevicesTest-1608173588-project-member] Using url versioning {{(pid=99671) process_request /opt/stack/glance/glance/api/middleware/version_negotiation.py:57}}
Jun 30 20:17:30.095458 np0000004031 devstack@g-api.service[99671]: DEBUG glance.api.middleware.version_negotiation [None req-d878485c-2453-4ece-8fcc-be7851ef791c tempest-TaggedBootDevicesTest-1608173588 tempest-TaggedBootDevicesTest-1608173588-project-member] Matched version: v2 {{(pid=99671) process_request /opt/stack/glance/glance/api/middleware/version_negotiation.py:69}}
Jun 30 20:17:30.095458 np0000004031 devstack@g-api.service[99671]: DEBUG glance.api.middleware.version_negotiation [None req-d878485c-2453-4ece-8fcc-be7851ef791c tempest-TaggedBootDevicesTest-1608173588 tempest-TaggedBootDevicesTest-1608173588-project-member] new path /v2/schemas/image {{(pid=99671) process_request /opt/stack/glance/glance/api/middleware/version_negotiation.py:70}}
Jun 30 20:17:30.097746 np0000004031 devstack@g-api.service[99671]: [pid: 99671|app: 0|req: 19/53] 127.0.0.1 () {44 vars in 1055 bytes} [Tue Jun 30 20:17:30 2026] GET /v2/schemas/image => generated 6083 bytes in 3 msecs (HTTP/1.1 200) 4 headers in 158 bytes (1 switches on core 0)
Jun 30 20:17:30.818733 np0000004031 devstack@g-api.service[99670]: DEBUG glance.api.middleware.version_negotiation [None req-d878485c-2453-4ece-8fcc-be7851ef791c tempest-TaggedBootDevicesTest-1608173588 tempest-TaggedBootDevicesTest-1608173588-project-member] Determining version of request: GET /v2/images/a30ab081-e88f-469f-8fe4-3bf0947179a2 Accept: */* {{(pid=99670) process_request /opt/stack/glance/glance/api/middleware/version_negotiation.py:44}}
Jun 30 20:17:30.819141 np0000004031 devstack@g-api.service[99670]: DEBUG glance.api.middleware.version_negotiation [None req-d878485c-2453-4ece-8fcc-be7851ef791c tempest-TaggedBootDevicesTest-1608173588 tempest-TaggedBootDevicesTest-1608173588-project-member] Using url versioning {{(pid=99670) process_request /opt/stack/glance/glance/api/middleware/version_negotiation.py:57}}
Jun 30 20:17:30.819750 np0000004031 devstack@g-api.service[99670]: DEBUG glance.api.middleware.version_negotiation [None req-d878485c-2453-4ece-8fcc-be7851ef791c tempest-TaggedBootDevicesTest-1608173588 tempest-TaggedBootDevicesTest-1608173588-project-member] Matched version: v2 {{(pid=99670) process_request /opt/stack/glance/glance/api/middleware/version_negotiation.py:69}}
Jun 30 20:17:30.820196 np0000004031 devstack@g-api.service[99670]: DEBUG glance.api.middleware.version_negotiation [None req-d878485c-2453-4ece-8fcc-be7851ef791c tempest-TaggedBootDevicesTest-1608173588 tempest-TaggedBootDevicesTest-1608173588-project-member] new path /v2/images/a30ab081-e88f-469f-8fe4-3bf0947179a2 {{(pid=99670) process_request /opt/stack/glance/glance/api/middleware/version_negotiation.py:70}}
Jun 30 20:17:30.832826 np0000004031 devstack@g-api.service[99670]: [pid: 99670|app: 0|req: 15/54] 127.0.0.1 () {44 vars in 1115 bytes} [Tue Jun 30 20:17:30 2026] GET /v2/images/a30ab081-e88f-469f-8fe4-3bf0947179a2 => generated 1044 bytes in 15 msecs (HTTP/1.1 200) 4 headers in 158 bytes (1 switches on core 0)
Jun 30 20:17:30.843524 np0000004031 devstack@g-api.service[99672]: DEBUG glance.api.middleware.version_negotiation [None req-d878485c-2453-4ece-8fcc-be7851ef791c tempest-TaggedBootDevicesTest-1608173588 tempest-TaggedBootDevicesTest-1608173588-project-member] Determining version of request: GET /v2/schemas/image Accept: */* {{(pid=99672) process_request /opt/stack/glance/glance/api/middleware/version_negotiation.py:44}}
Jun 30 20:17:30.843993 np0000004031 devstack@g-api.service[99672]: DEBUG glance.api.middleware.version_negotiation [None req-d878485c-2453-4ece-8fcc-be7851ef791c tempest-TaggedBootDevicesTest-1608173588 tempest-TaggedBootDevicesTest-1608173588-project-member] Using url versioning {{(pid=99672) process_request /opt/stack/glance/glance/api/middleware/version_negotiation.py:57}}
Jun 30 20:17:30.843993 np0000004031 devstack@g-api.service[99672]: DEBUG glance.api.middleware.version_negotiation [None req-d878485c-2453-4ece-8fcc-be7851ef791c tempest-TaggedBootDevicesTest-1608173588 tempest-TaggedBootDevicesTest-1608173588-project-member] Matched version: v2 {{(pid=99672) process_request /opt/stack/glance/glance/api/middleware/version_negotiation.py:69}}
Jun 30 20:17:30.843993 np0000004031 devstack@g-api.service[99672]: DEBUG glance.api.middleware.version_negotiation [None req-d878485c-2453-4ece-8fcc-be7851ef791c tempest-TaggedBootDevicesTest-1608173588 tempest-TaggedBootDevicesTest-1608173588-project-member] new path /v2/schemas/image {{(pid=99672) process_request /opt/stack/glance/glance/api/middleware/version_negotiation.py:70}}
Jun 30 20:17:30.848947 np0000004031 devstack@g-api.service[99672]: [pid: 99672|app: 0|req: 21/55] 127.0.0.1 () {44 vars in 1055 bytes} [Tue Jun 30 20:17:30 2026] GET /v2/schemas/image => generated 6083 bytes in 5 msecs (HTTP/1.1 200) 4 headers in 158 bytes (1 switches on core 0)
Jun 30 20:17:30.863591 np0000004031 devstack@g-api.service[99671]: DEBUG glance.api.middleware.version_negotiation [None req-d878485c-2453-4ece-8fcc-be7851ef791c tempest-TaggedBootDevicesTest-1608173588 tempest-TaggedBootDevicesTest-1608173588-project-member] Determining version of request: GET /v2/schemas/image Accept: */* {{(pid=99671) process_request /opt/stack/glance/glance/api/middleware/version_negotiation.py:44}}
Jun 30 20:17:30.863934 np0000004031 devstack@g-api.service[99671]: DEBUG glance.api.middleware.version_negotiation [None req-d878485c-2453-4ece-8fcc-be7851ef791c tempest-TaggedBootDevicesTest-1608173588 tempest-TaggedBootDevicesTest-1608173588-project-member] Using url versioning {{(pid=99671) process_request /opt/stack/glance/glance/api/middleware/version_negotiation.py:57}}
Jun 30 20:17:30.863934 np0000004031 devstack@g-api.service[99671]: DEBUG glance.api.middleware.version_negotiation [None req-d878485c-2453-4ece-8fcc-be7851ef791c tempest-TaggedBootDevicesTest-1608173588 tempest-TaggedBootDevicesTest-1608173588-project-member] Matched version: v2 {{(pid=99671) process_request /opt/stack/glance/glance/api/middleware/version_negotiation.py:69}}
Jun 30 20:17:30.864074 np0000004031 devstack@g-api.service[99671]: DEBUG glance.api.middleware.version_negotiation [None req-d878485c-2453-4ece-8fcc-be7851ef791c tempest-TaggedBootDevicesTest-1608173588 tempest-TaggedBootDevicesTest-1608173588-project-member] new path /v2/schemas/image {{(pid=99671) process_request /opt/stack/glance/glance/api/middleware/version_negotiation.py:70}}
Jun 30 20:17:30.866349 np0000004031 devstack@g-api.service[99671]: [pid: 99671|app: 0|req: 20/56] 127.0.0.1 () {44 vars in 1055 bytes} [Tue Jun 30 20:17:30 2026] GET /v2/schemas/image => generated 6083 bytes in 3 msecs (HTTP/1.1 200) 4 headers in 158 bytes (1 switches on core 0)
Jun 30 20:17:30.881020 np0000004031 devstack@g-api.service[99670]: DEBUG glance.api.middleware.version_negotiation [None req-dcfcc74d-807e-4c9b-9d3b-9a9e0fdea62a tempest-TaggedBootDevicesTest_v242-406278619 tempest-TaggedBootDevicesTest_v242-406278619-project-member] Determining version of request: GET /v2/images/a30ab081-e88f-469f-8fe4-3bf0947179a2 Accept: */* {{(pid=99670) process_request /opt/stack/glance/glance/api/middleware/version_negotiation.py:44}}
Jun 30 20:17:30.881278 np0000004031 devstack@g-api.service[99670]: DEBUG glance.api.middleware.version_negotiation [None req-dcfcc74d-807e-4c9b-9d3b-9a9e0fdea62a tempest-TaggedBootDevicesTest_v242-406278619 tempest-TaggedBootDevicesTest_v242-406278619-project-member] Using url versioning {{(pid=99670) process_request /opt/stack/glance/glance/api/middleware/version_negotiation.py:57}}
Jun 30 20:17:30.881485 np0000004031 devstack@g-api.service[99670]: DEBUG glance.api.middleware.version_negotiation [None req-dcfcc74d-807e-4c9b-9d3b-9a9e0fdea62a tempest-TaggedBootDevicesTest_v242-406278619 tempest-TaggedBootDevicesTest_v242-406278619-project-member] Matched version: v2 {{(pid=99670) process_request /opt/stack/glance/glance/api/middleware/version_negotiation.py:69}}
Jun 30 20:17:30.881485 np0000004031 devstack@g-api.service[99670]: DEBUG glance.api.middleware.version_negotiation [None req-dcfcc74d-807e-4c9b-9d3b-9a9e0fdea62a tempest-TaggedBootDevicesTest_v242-406278619 tempest-TaggedBootDevicesTest_v242-406278619-project-member] new path /v2/images/a30ab081-e88f-469f-8fe4-3bf0947179a2 {{(pid=99670) process_request /opt/stack/glance/glance/api/middleware/version_negotiation.py:70}}
Jun 30 20:17:30.893534 np0000004031 devstack@g-api.service[99670]: [pid: 99670|app: 0|req: 16/57] 127.0.0.1 () {44 vars in 1115 bytes} [Tue Jun 30 20:17:30 2026] GET /v2/images/a30ab081-e88f-469f-8fe4-3bf0947179a2 => generated 1044 bytes in 13 msecs (HTTP/1.1 200) 4 headers in 158 bytes (1 switches on core 0)
Jun 30 20:17:30.904251 np0000004031 devstack@g-api.service[99672]: DEBUG glance.api.middleware.version_negotiation [None req-dcfcc74d-807e-4c9b-9d3b-9a9e0fdea62a tempest-TaggedBootDevicesTest_v242-406278619 tempest-TaggedBootDevicesTest_v242-406278619-project-member] Determining version of request: GET /v2/schemas/image Accept: */* {{(pid=99672) process_request /opt/stack/glance/glance/api/middleware/version_negotiation.py:44}}
Jun 30 20:17:30.904568 np0000004031 devstack@g-api.service[99672]: DEBUG glance.api.middleware.version_negotiation [None req-dcfcc74d-807e-4c9b-9d3b-9a9e0fdea62a tempest-TaggedBootDevicesTest_v242-406278619 tempest-TaggedBootDevicesTest_v242-406278619-project-member] Using url versioning {{(pid=99672) process_request /opt/stack/glance/glance/api/middleware/version_negotiation.py:57}}
Jun 30 20:17:30.904902 np0000004031 devstack@g-api.service[99672]: DEBUG glance.api.middleware.version_negotiation [None req-dcfcc74d-807e-4c9b-9d3b-9a9e0fdea62a tempest-TaggedBootDevicesTest_v242-406278619 tempest-TaggedBootDevicesTest_v242-406278619-project-member] Matched version: v2 {{(pid=99672) process_request /opt/stack/glance/glance/api/middleware/version_negotiation.py:69}}
Jun 30 20:17:30.905058 np0000004031 devstack@g-api.service[99672]: DEBUG glance.api.middleware.version_negotiation [None req-dcfcc74d-807e-4c9b-9d3b-9a9e0fdea62a tempest-TaggedBootDevicesTest_v242-406278619 tempest-TaggedBootDevicesTest_v242-406278619-project-member] new path /v2/schemas/image {{(pid=99672) process_request /opt/stack/glance/glance/api/middleware/version_negotiation.py:70}}
Jun 30 20:17:30.907559 np0000004031 devstack@g-api.service[99672]: [pid: 99672|app: 0|req: 22/58] 127.0.0.1 () {44 vars in 1055 bytes} [Tue Jun 30 20:17:30 2026] GET /v2/schemas/image => generated 6083 bytes in 4 msecs (HTTP/1.1 200) 4 headers in 158 bytes (1 switches on core 0)
Jun 30 20:17:30.919862 np0000004031 devstack@g-api.service[99671]: DEBUG glance.api.middleware.version_negotiation [None req-dcfcc74d-807e-4c9b-9d3b-9a9e0fdea62a tempest-TaggedBootDevicesTest_v242-406278619 tempest-TaggedBootDevicesTest_v242-406278619-project-member] Determining version of request: GET /v2/schemas/image Accept: */* {{(pid=99671) process_request /opt/stack/glance/glance/api/middleware/version_negotiation.py:44}}
Jun 30 20:17:30.919862 np0000004031 devstack@g-api.service[99671]: DEBUG glance.api.middleware.version_negotiation [None req-dcfcc74d-807e-4c9b-9d3b-9a9e0fdea62a tempest-TaggedBootDevicesTest_v242-406278619 tempest-TaggedBootDevicesTest_v242-406278619-project-member] Using url versioning {{(pid=99671) process_request /opt/stack/glance/glance/api/middleware/version_negotiation.py:57}}
Jun 30 20:17:30.919862 np0000004031 devstack@g-api.service[99671]: DEBUG glance.api.middleware.version_negotiation [None req-dcfcc74d-807e-4c9b-9d3b-9a9e0fdea62a tempest-TaggedBootDevicesTest_v242-406278619 tempest-TaggedBootDevicesTest_v242-406278619-project-member] Matched version: v2 {{(pid=99671) process_request /opt/stack/glance/glance/api/middleware/version_negotiation.py:69}}
Jun 30 20:17:30.919862 np0000004031 devstack@g-api.service[99671]: DEBUG glance.api.middleware.version_negotiation [None req-dcfcc74d-807e-4c9b-9d3b-9a9e0fdea62a tempest-TaggedBootDevicesTest_v242-406278619 tempest-TaggedBootDevicesTest_v242-406278619-project-member] new path /v2/schemas/image {{(pid=99671) process_request /opt/stack/glance/glance/api/middleware/version_negotiation.py:70}}
Jun 30 20:17:30.925487 np0000004031 devstack@g-api.service[99671]: [pid: 99671|app: 0|req: 21/59] 127.0.0.1 () {44 vars in 1055 bytes} [Tue Jun 30 20:17:30 2026] GET /v2/schemas/image => generated 6083 bytes in 7 msecs (HTTP/1.1 200) 4 headers in 158 bytes (1 switches on core 0)
Jun 30 20:17:30.961701 np0000004031 devstack@g-api.service[99670]: DEBUG glance.api.middleware.version_negotiation [None req-dcfcc74d-807e-4c9b-9d3b-9a9e0fdea62a tempest-TaggedBootDevicesTest_v242-406278619 tempest-TaggedBootDevicesTest_v242-406278619-project-member] Determining version of request: GET /v2/images/a30ab081-e88f-469f-8fe4-3bf0947179a2 Accept: */* {{(pid=99670) process_request /opt/stack/glance/glance/api/middleware/version_negotiation.py:44}}
Jun 30 20:17:30.961941 np0000004031 devstack@g-api.service[99670]: DEBUG glance.api.middleware.version_negotiation [None req-dcfcc74d-807e-4c9b-9d3b-9a9e0fdea62a tempest-TaggedBootDevicesTest_v242-406278619 tempest-TaggedBootDevicesTest_v242-406278619-project-member] Using url versioning {{(pid=99670) process_request /opt/stack/glance/glance/api/middleware/version_negotiation.py:57}}
Jun 30 20:17:30.962153 np0000004031 devstack@g-api.service[99670]: DEBUG glance.api.middleware.version_negotiation [None req-dcfcc74d-807e-4c9b-9d3b-9a9e0fdea62a tempest-TaggedBootDevicesTest_v242-406278619 tempest-TaggedBootDevicesTest_v242-406278619-project-member] Matched version: v2 {{(pid=99670) process_request /opt/stack/glance/glance/api/middleware/version_negotiation.py:69}}
Jun 30 20:17:30.963801 np0000004031 devstack@g-api.service[99670]: DEBUG glance.api.middleware.version_negotiation [None req-dcfcc74d-807e-4c9b-9d3b-9a9e0fdea62a tempest-TaggedBootDevicesTest_v242-406278619 tempest-TaggedBootDevicesTest_v242-406278619-project-member] new path /v2/images/a30ab081-e88f-469f-8fe4-3bf0947179a2 {{(pid=99670) process_request /opt/stack/glance/glance/api/middleware/version_negotiation.py:70}}
Jun 30 20:17:30.978014 np0000004031 devstack@g-api.service[99670]: [pid: 99670|app: 0|req: 17/60] 127.0.0.1 () {44 vars in 1115 bytes} [Tue Jun 30 20:17:30 2026] GET /v2/images/a30ab081-e88f-469f-8fe4-3bf0947179a2 => generated 1044 bytes in 16 msecs (HTTP/1.1 200) 4 headers in 158 bytes (1 switches on core 0)
Jun 30 20:17:30.986788 np0000004031 devstack@g-api.service[99672]: DEBUG glance.api.middleware.version_negotiation [None req-dcfcc74d-807e-4c9b-9d3b-9a9e0fdea62a tempest-TaggedBootDevicesTest_v242-406278619 tempest-TaggedBootDevicesTest_v242-406278619-project-member] Determining version of request: GET /v2/schemas/image Accept: */* {{(pid=99672) process_request /opt/stack/glance/glance/api/middleware/version_negotiation.py:44}}
Jun 30 20:17:30.986996 np0000004031 devstack@g-api.service[99672]: DEBUG glance.api.middleware.version_negotiation [None req-dcfcc74d-807e-4c9b-9d3b-9a9e0fdea62a tempest-TaggedBootDevicesTest_v242-406278619 tempest-TaggedBootDevicesTest_v242-406278619-project-member] Using url versioning {{(pid=99672) process_request /opt/stack/glance/glance/api/middleware/version_negotiation.py:57}}
Jun 30 20:17:30.987199 np0000004031 devstack@g-api.service[99672]: DEBUG glance.api.middleware.version_negotiation [None req-dcfcc74d-807e-4c9b-9d3b-9a9e0fdea62a tempest-TaggedBootDevicesTest_v242-406278619 tempest-TaggedBootDevicesTest_v242-406278619-project-member] Matched version: v2 {{(pid=99672) process_request /opt/stack/glance/glance/api/middleware/version_negotiation.py:69}}
Jun 30 20:17:30.987336 np0000004031 devstack@g-api.service[99672]: DEBUG glance.api.middleware.version_negotiation [None req-dcfcc74d-807e-4c9b-9d3b-9a9e0fdea62a tempest-TaggedBootDevicesTest_v242-406278619 tempest-TaggedBootDevicesTest_v242-406278619-project-member] new path /v2/schemas/image {{(pid=99672) process_request /opt/stack/glance/glance/api/middleware/version_negotiation.py:70}}
Jun 30 20:17:30.994937 np0000004031 devstack@g-api.service[99672]: [pid: 99672|app: 0|req: 23/61] 127.0.0.1 () {44 vars in 1055 bytes} [Tue Jun 30 20:17:30 2026] GET /v2/schemas/image => generated 6083 bytes in 8 msecs (HTTP/1.1 200) 4 headers in 158 bytes (1 switches on core 0)
Jun 30 20:17:31.600075 np0000004031 devstack@g-api.service[99671]: DEBUG glance.api.middleware.version_negotiation [None req-dcfcc74d-807e-4c9b-9d3b-9a9e0fdea62a tempest-TaggedBootDevicesTest_v242-406278619 tempest-TaggedBootDevicesTest_v242-406278619-project-member] Determining version of request: GET /versions Accept: */* {{(pid=99671) process_request /opt/stack/glance/glance/api/middleware/version_negotiation.py:44}}
Jun 30 20:17:31.600963 np0000004031 devstack@g-api.service[99671]: [pid: 99671|app: 0|req: 22/62] 127.0.0.1 () {44 vars in 1039 bytes} [Tue Jun 30 20:17:31 2026] GET /versions => generated 1407 bytes in 1 msecs (HTTP/1.1 200) 3 headers in 92 bytes (1 switches on core 0)
Jun 30 20:17:31.613210 np0000004031 devstack@g-api.service[99670]: DEBUG glance.api.middleware.version_negotiation [None req-dcfcc74d-807e-4c9b-9d3b-9a9e0fdea62a tempest-TaggedBootDevicesTest_v242-406278619 tempest-TaggedBootDevicesTest_v242-406278619-project-member] Determining version of request: GET /v2/images/a30ab081-e88f-469f-8fe4-3bf0947179a2/locations Accept: */* {{(pid=99670) process_request /opt/stack/glance/glance/api/middleware/version_negotiation.py:44}}
Jun 30 20:17:31.613210 np0000004031 devstack@g-api.service[99670]: DEBUG glance.api.middleware.version_negotiation [None req-dcfcc74d-807e-4c9b-9d3b-9a9e0fdea62a tempest-TaggedBootDevicesTest_v242-406278619 tempest-TaggedBootDevicesTest_v242-406278619-project-member] Using url versioning {{(pid=99670) process_request /opt/stack/glance/glance/api/middleware/version_negotiation.py:57}}
Jun 30 20:17:31.613210 np0000004031 devstack@g-api.service[99670]: DEBUG glance.api.middleware.version_negotiation [None req-dcfcc74d-807e-4c9b-9d3b-9a9e0fdea62a tempest-TaggedBootDevicesTest_v242-406278619 tempest-TaggedBootDevicesTest_v242-406278619-project-member] Matched version: v2 {{(pid=99670) process_request /opt/stack/glance/glance/api/middleware/version_negotiation.py:69}}
Jun 30 20:17:31.613210 np0000004031 devstack@g-api.service[99670]: DEBUG glance.api.middleware.version_negotiation [None req-dcfcc74d-807e-4c9b-9d3b-9a9e0fdea62a tempest-TaggedBootDevicesTest_v242-406278619 tempest-TaggedBootDevicesTest_v242-406278619-project-member] new path /v2/images/a30ab081-e88f-469f-8fe4-3bf0947179a2/locations {{(pid=99670) process_request /opt/stack/glance/glance/api/middleware/version_negotiation.py:70}}
Jun 30 20:17:31.751000 np0000004031 devstack@g-api.service[99672]: DEBUG glance.api.middleware.version_negotiation [None req-dcfcc74d-807e-4c9b-9d3b-9a9e0fdea62a tempest-TaggedBootDevicesTest_v242-406278619 tempest-TaggedBootDevicesTest_v242-406278619-project-member] Determining version of request: GET /v2/images/a30ab081-e88f-469f-8fe4-3bf0947179a2 Accept: */* {{(pid=99672) process_request /opt/stack/glance/glance/api/middleware/version_negotiation.py:44}}
Jun 30 20:17:31.751178 np0000004031 devstack@g-api.service[99672]: DEBUG glance.api.middleware.version_negotiation [None req-dcfcc74d-807e-4c9b-9d3b-9a9e0fdea62a tempest-TaggedBootDevicesTest_v242-406278619 tempest-TaggedBootDevicesTest_v242-406278619-project-member] Using url versioning {{(pid=99672) process_request /opt/stack/glance/glance/api/middleware/version_negotiation.py:57}}
Jun 30 20:17:31.751310 np0000004031 devstack@g-api.service[99672]: DEBUG glance.api.middleware.version_negotiation [None req-dcfcc74d-807e-4c9b-9d3b-9a9e0fdea62a tempest-TaggedBootDevicesTest_v242-406278619 tempest-TaggedBootDevicesTest_v242-406278619-project-member] Matched version: v2 {{(pid=99672) process_request /opt/stack/glance/glance/api/middleware/version_negotiation.py:69}}
Jun 30 20:17:31.751415 np0000004031 devstack@g-api.service[99672]: DEBUG glance.api.middleware.version_negotiation [None req-dcfcc74d-807e-4c9b-9d3b-9a9e0fdea62a tempest-TaggedBootDevicesTest_v242-406278619 tempest-TaggedBootDevicesTest_v242-406278619-project-member] new path /v2/images/a30ab081-e88f-469f-8fe4-3bf0947179a2 {{(pid=99672) process_request /opt/stack/glance/glance/api/middleware/version_negotiation.py:70}}
Jun 30 20:17:31.769677 np0000004031 devstack@g-api.service[99672]: [pid: 99672|app: 0|req: 24/63] 127.0.0.1 () {44 vars in 1115 bytes} [Tue Jun 30 20:17:31 2026] GET /v2/images/a30ab081-e88f-469f-8fe4-3bf0947179a2 => generated 1044 bytes in 19 msecs (HTTP/1.1 200) 4 headers in 158 bytes (1 switches on core 0)
Jun 30 20:17:31.781644 np0000004031 devstack@g-api.service[99671]: DEBUG glance.api.middleware.version_negotiation [None req-dcfcc74d-807e-4c9b-9d3b-9a9e0fdea62a tempest-TaggedBootDevicesTest_v242-406278619 tempest-TaggedBootDevicesTest_v242-406278619-project-member] Determining version of request: GET /v2/schemas/image Accept: */* {{(pid=99671) process_request /opt/stack/glance/glance/api/middleware/version_negotiation.py:44}}
Jun 30 20:17:31.782433 np0000004031 devstack@g-api.service[99671]: DEBUG glance.api.middleware.version_negotiation [None req-dcfcc74d-807e-4c9b-9d3b-9a9e0fdea62a tempest-TaggedBootDevicesTest_v242-406278619 tempest-TaggedBootDevicesTest_v242-406278619-project-member] Using url versioning {{(pid=99671) process_request /opt/stack/glance/glance/api/middleware/version_negotiation.py:57}}
Jun 30 20:17:31.782433 np0000004031 devstack@g-api.service[99671]: DEBUG glance.api.middleware.version_negotiation [None req-dcfcc74d-807e-4c9b-9d3b-9a9e0fdea62a tempest-TaggedBootDevicesTest_v242-406278619 tempest-TaggedBootDevicesTest_v242-406278619-project-member] Matched version: v2 {{(pid=99671) process_request /opt/stack/glance/glance/api/middleware/version_negotiation.py:69}}
Jun 30 20:17:31.782433 np0000004031 devstack@g-api.service[99671]: DEBUG glance.api.middleware.version_negotiation [None req-dcfcc74d-807e-4c9b-9d3b-9a9e0fdea62a tempest-TaggedBootDevicesTest_v242-406278619 tempest-TaggedBootDevicesTest_v242-406278619-project-member] new path /v2/schemas/image {{(pid=99671) process_request /opt/stack/glance/glance/api/middleware/version_negotiation.py:70}}
Jun 30 20:17:31.785456 np0000004031 devstack@g-api.service[99671]: [pid: 99671|app: 0|req: 23/64] 127.0.0.1 () {44 vars in 1055 bytes} [Tue Jun 30 20:17:31 2026] GET /v2/schemas/image => generated 6083 bytes in 4 msecs (HTTP/1.1 200) 4 headers in 158 bytes (1 switches on core 0)
Jun 30 20:17:31.856493 np0000004031 devstack@g-api.service[99670]: [pid: 99670|app: 0|req: 18/65] 127.0.0.1 () {44 vars in 1135 bytes} [Tue Jun 30 20:17:31 2026] GET /v2/images/a30ab081-e88f-469f-8fe4-3bf0947179a2/locations => generated 92 bytes in 244 msecs (HTTP/1.1 200) 4 headers in 156 bytes (1 switches on core 0)
