Jun 16 18:31:25.297184 np0000002981 devstack@neutron-api.service[90030]: INFO neutron.api.extensions [None req-084cf292-2937-4681-9340-254e1315c5cf None None] Loaded extension: extra_dhcp_opt
Jun 16 18:31:25.297309 np0000002981 devstack@neutron-api.service[90030]: DEBUG neutron.api.extensions [None req-084cf292-2937-4681-9340-254e1315c5cf None None] Loading extension file: extraroute.py {{(pid=90030) _load_all_extensions_from_path /opt/stack/neutron/neutron/api/extensions.py:449}}
Jun 16 18:31:25.297604 np0000002981 devstack@neutron-api.service[90030]: DEBUG neutron.api.extensions [None req-084cf292-2937-4681-9340-254e1315c5cf None None] Ext name="Neutron Extra Route" alias="extraroute" description="Extra routes configuration for L3 router" updated="2013-02-01T10:00:00-00:00" {{(pid=90030) _check_extension /opt/stack/neutron/neutron/api/extensions.py:415}}
Jun 16 18:31:25.297811 np0000002981 devstack@neutron-api.service[90030]: INFO neutron.api.extensions [None req-084cf292-2937-4681-9340-254e1315c5cf None None] Loaded extension: extraroute
Jun 16 18:31:25.297934 np0000002981 devstack@neutron-api.service[90030]: DEBUG neutron.api.extensions [None req-084cf292-2937-4681-9340-254e1315c5cf None None] Loading extension file: extraroute_atomic.py {{(pid=90030) _load_all_extensions_from_path /opt/stack/neutron/neutron/api/extensions.py:449}}
Jun 16 18:31:25.299740 np0000002981 devstack@neutron-api.service[90030]: DEBUG neutron.api.extensions [None req-084cf292-2937-4681-9340-254e1315c5cf None None] Ext name="Atomically add/remove extra routes" alias="extraroute-atomic" description="Edit extra routes of a router on server side by atomically adding/removing extra routes" updated="2019-07-10T00:00:00+00:00" {{(pid=90030) _check_extension /opt/stack/neutron/neutron/api/extensions.py:415}}
Jun 16 18:31:25.299740 np0000002981 devstack@neutron-api.service[90030]: INFO neutron.api.extensions [None req-084cf292-2937-4681-9340-254e1315c5cf None None] Loaded extension: extraroute-atomic
Jun 16 18:31:25.299740 np0000002981 devstack@neutron-api.service[90030]: DEBUG neutron.api.extensions [None req-084cf292-2937-4681-9340-254e1315c5cf None None] Loading extension file: filter_validation.py {{(pid=90030) _load_all_extensions_from_path /opt/stack/neutron/neutron/api/extensions.py:449}}
Jun 16 18:31:25.299740 np0000002981 devstack@neutron-api.service[90030]: DEBUG neutron.api.extensions [None req-084cf292-2937-4681-9340-254e1315c5cf None None] Ext name="Filter parameters validation" alias="filter-validation" description="Provides validation on filter parameters." updated="2018-07-04T10:00:00-00:00" {{(pid=90030) _check_extension /opt/stack/neutron/neutron/api/extensions.py:415}}
Jun 16 18:31:25.299740 np0000002981 devstack@neutron-api.service[90030]: INFO neutron.api.extensions [None req-084cf292-2937-4681-9340-254e1315c5cf None None] Loaded extension: filter-validation
Jun 16 18:31:25.299740 np0000002981 devstack@neutron-api.service[90030]: DEBUG neutron.api.extensions [None req-084cf292-2937-4681-9340-254e1315c5cf None None] Loading extension file: fip_pf_description.py {{(pid=90030) _load_all_extensions_from_path /opt/stack/neutron/neutron/api/extensions.py:449}}
Jun 16 18:31:25.300110 np0000002981 devstack@neutron-api.service[90030]: DEBUG neutron.api.extensions [None req-084cf292-2937-4681-9340-254e1315c5cf None None] Ext name="Floating IP Port Forwarding new attribute description" alias="floating-ip-port-forwarding-description" description="Add a description field to Port Forwarding rules" updated="2019-11-01T10:00:00-00:00" {{(pid=90030) _check_extension /opt/stack/neutron/neutron/api/extensions.py:415}}
Jun 16 18:31:25.300110 np0000002981 devstack@neutron-api.service[90030]: INFO neutron.api.extensions [None req-084cf292-2937-4681-9340-254e1315c5cf None None] Extension floating-ip-port-forwarding-description not supported by any of loaded plugins
Jun 16 18:31:25.300110 np0000002981 devstack@neutron-api.service[90030]: DEBUG neutron.api.extensions [None req-084cf292-2937-4681-9340-254e1315c5cf None None] Loading extension file: fip_pf_detail.py {{(pid=90030) _load_all_extensions_from_path /opt/stack/neutron/neutron/api/extensions.py:449}}
Jun 16 18:31:25.300210 np0000002981 devstack@neutron-api.service[90030]: DEBUG neutron.api.extensions [None req-084cf292-2937-4681-9340-254e1315c5cf None None] Ext name="Floating IP port forwarding detail" alias="floating-ip-port-forwarding-detail" description="Allow list floating ip return more port forwarding data, include'id' and 'internal_port_id'" updated="2022-05-06T10:00:00-00:00" {{(pid=90030) _check_extension /opt/stack/neutron/neutron/api/extensions.py:415}}
Jun 16 18:31:25.300469 np0000002981 devstack@neutron-api.service[90030]: INFO neutron.api.extensions [None req-084cf292-2937-4681-9340-254e1315c5cf None None] Loaded extension: floating-ip-port-forwarding-detail
Jun 16 18:31:25.300566 np0000002981 devstack@neutron-api.service[90030]: DEBUG neutron.api.extensions [None req-084cf292-2937-4681-9340-254e1315c5cf None None] Loading extension file: fip_pf_port_range.py {{(pid=90030) _load_all_extensions_from_path /opt/stack/neutron/neutron/api/extensions.py:449}}
Jun 16 18:31:25.300896 np0000002981 devstack@neutron-api.service[90030]: DEBUG neutron.api.extensions [None req-084cf292-2937-4681-9340-254e1315c5cf None None] Ext name="Floating IP Port Forwarding support port ranges" alias="floating-ip-port-forwarding-port-ranges" description="Add support to port ranges" updated="2020-07-01T10:00:00-00:00" {{(pid=90030) _check_extension /opt/stack/neutron/neutron/api/extensions.py:415}}
Jun 16 18:31:25.301106 np0000002981 devstack@neutron-api.service[90030]: INFO neutron.api.extensions [None req-084cf292-2937-4681-9340-254e1315c5cf None None] Extension floating-ip-port-forwarding-port-ranges not supported by any of loaded plugins
Jun 16 18:31:25.301214 np0000002981 devstack@neutron-api.service[90030]: DEBUG neutron.api.extensions [None req-084cf292-2937-4681-9340-254e1315c5cf None None] Loading extension file: fip_port_details.py {{(pid=90030) _load_all_extensions_from_path /opt/stack/neutron/neutron/api/extensions.py:449}}
Jun 16 18:31:25.301538 np0000002981 devstack@neutron-api.service[90030]: DEBUG neutron.api.extensions [None req-084cf292-2937-4681-9340-254e1315c5cf None None] Ext name="Floating IP Port Details Extension" alias="fip-port-details" description="Add port_details attribute to Floating IP resource" updated="2018-04-09T10:00:00-00:00" {{(pid=90030) _check_extension /opt/stack/neutron/neutron/api/extensions.py:415}}
Jun 16 18:31:25.301699 np0000002981 devstack@neutron-api.service[90030]: INFO neutron.api.extensions [None req-084cf292-2937-4681-9340-254e1315c5cf None None] Loaded extension: fip-port-details
Jun 16 18:31:25.301788 np0000002981 devstack@neutron-api.service[90030]: DEBUG neutron.api.extensions [None req-084cf292-2937-4681-9340-254e1315c5cf None None] Loading extension file: flavors.py {{(pid=90030) _load_all_extensions_from_path /opt/stack/neutron/neutron/api/extensions.py:449}}
Jun 16 18:31:25.302161 np0000002981 devstack@neutron-api.service[90030]: DEBUG neutron.api.extensions [None req-084cf292-2937-4681-9340-254e1315c5cf None None] Ext name="Neutron Service Flavors" alias="flavors" description="Flavor specification for Neutron advanced services." updated="2015-09-17T10:00:00-00:00" {{(pid=90030) _check_extension /opt/stack/neutron/neutron/api/extensions.py:415}}
Jun 16 18:31:25.302344 np0000002981 devstack@neutron-api.service[90030]: INFO neutron.api.extensions [None req-084cf292-2937-4681-9340-254e1315c5cf None None] Loaded extension: flavors
Jun 16 18:31:25.302483 np0000002981 devstack@neutron-api.service[90030]: DEBUG neutron.api.extensions [None req-084cf292-2937-4681-9340-254e1315c5cf None None] Loading extension file: floating_ip_port_forwarding.py {{(pid=90030) _load_all_extensions_from_path /opt/stack/neutron/neutron/api/extensions.py:449}}
Jun 16 18:31:25.302932 np0000002981 devstack@neutron-api.service[90030]: DEBUG neutron.api.extensions [None req-084cf292-2937-4681-9340-254e1315c5cf None None] Ext name="Floating IP Port Forwarding" alias="floating-ip-port-forwarding" description="Allow port forwarding from floating IP port to an internal port" updated="2018-01-19T10:00:00-00:00" {{(pid=90030) _check_extension /opt/stack/neutron/neutron/api/extensions.py:415}}
Jun 16 18:31:25.303180 np0000002981 devstack@neutron-api.service[90030]: INFO neutron.api.extensions [None req-084cf292-2937-4681-9340-254e1315c5cf None None] Extension floating-ip-port-forwarding not supported by any of loaded plugins
Jun 16 18:31:25.303318 np0000002981 devstack@neutron-api.service[90030]: DEBUG neutron.api.extensions [None req-084cf292-2937-4681-9340-254e1315c5cf None None] Loading extension file: floatingip_pools.py {{(pid=90030) _load_all_extensions_from_path /opt/stack/neutron/neutron/api/extensions.py:449}}
Jun 16 18:31:25.303715 np0000002981 devstack@neutron-api.service[90030]: DEBUG neutron.api.extensions [None req-084cf292-2937-4681-9340-254e1315c5cf None None] Ext name="Floating IP Pools Extension" alias="floatingip-pools" description="Provides a floating IP pools API." updated="2018-03-21T10:00:00-00:00" {{(pid=90030) _check_extension /opt/stack/neutron/neutron/api/extensions.py:415}}
Jun 16 18:31:25.303944 np0000002981 devstack@neutron-api.service[90030]: INFO neutron.api.extensions [None req-084cf292-2937-4681-9340-254e1315c5cf None None] Loaded extension: floatingip-pools
Jun 16 18:31:25.304103 np0000002981 devstack@neutron-api.service[90030]: DEBUG neutron.api.extensions [None req-084cf292-2937-4681-9340-254e1315c5cf None None] Loading extension file: ip_allocation.py {{(pid=90030) _load_all_extensions_from_path /opt/stack/neutron/neutron/api/extensions.py:449}}
Jun 16 18:31:25.304473 np0000002981 devstack@neutron-api.service[90030]: DEBUG neutron.api.extensions [None req-084cf292-2937-4681-9340-254e1315c5cf None None] Ext name="IP Allocation" alias="ip_allocation" description="IP allocation extension." updated="2016-06-10T23:00:00-00:00" {{(pid=90030) _check_extension /opt/stack/neutron/neutron/api/extensions.py:415}}
Jun 16 18:31:25.304789 np0000002981 devstack@neutron-api.service[90030]: INFO neutron.api.extensions [None req-084cf292-2937-4681-9340-254e1315c5cf None None] Extension ip_allocation not supported by any of loaded plugins
Jun 16 18:31:25.304789 np0000002981 devstack@neutron-api.service[90030]: DEBUG neutron.api.extensions [None req-084cf292-2937-4681-9340-254e1315c5cf None None] Loading extension file: ip_substring_port_filtering.py {{(pid=90030) _load_all_extensions_from_path /opt/stack/neutron/neutron/api/extensions.py:449}}
Jun 16 18:31:25.305068 np0000002981 devstack@neutron-api.service[90030]: DEBUG neutron.api.extensions [None req-084cf292-2937-4681-9340-254e1315c5cf None None] Ext name="IP address substring filtering" alias="ip-substring-filtering" description="Provides IP address substring filtering when listing ports" updated="2017-11-28T09:00:00-00:00" {{(pid=90030) _check_extension /opt/stack/neutron/neutron/api/extensions.py:415}}
Jun 16 18:31:25.305288 np0000002981 devstack@neutron-api.service[90030]: INFO neutron.api.extensions [None req-084cf292-2937-4681-9340-254e1315c5cf None None] Extension ip-substring-filtering not supported by any of loaded plugins
Jun 16 18:31:25.305428 np0000002981 devstack@neutron-api.service[90030]: DEBUG neutron.api.extensions [None req-084cf292-2937-4681-9340-254e1315c5cf None None] Loading extension file: l2_adjacency.py {{(pid=90030) _load_all_extensions_from_path /opt/stack/neutron/neutron/api/extensions.py:449}}
Jun 16 18:31:25.306062 np0000002981 devstack@neutron-api.service[90030]: DEBUG neutron.api.extensions [None req-084cf292-2937-4681-9340-254e1315c5cf None None] Ext name="L2 Adjacency" alias="l2_adjacency" description="Display L2 Adjacency for Neutron Networks." updated="2016-04-12T16:00:00-00:00" {{(pid=90030) _check_extension /opt/stack/neutron/neutron/api/extensions.py:415}}
Jun 16 18:31:25.306062 np0000002981 devstack@neutron-api.service[90030]: INFO neutron.api.extensions [None req-084cf292-2937-4681-9340-254e1315c5cf None None] Extension l2_adjacency not supported by any of loaded plugins
Jun 16 18:31:25.306062 np0000002981 devstack@neutron-api.service[90030]: DEBUG neutron.api.extensions [None req-084cf292-2937-4681-9340-254e1315c5cf None None] Loading extension file: l3.py {{(pid=90030) _load_all_extensions_from_path /opt/stack/neutron/neutron/api/extensions.py:449}}
Jun 16 18:31:25.306771 np0000002981 devstack@neutron-api.service[90030]: DEBUG neutron.api.extensions [None req-084cf292-2937-4681-9340-254e1315c5cf None None] Ext name="Neutron L3 Router" alias="router" description="Router abstraction for basic L3 forwarding between L2 Neutron networks and access to external networks via a NAT gateway." updated="2012-07-20T10:00:00-00:00" {{(pid=90030) _check_extension /opt/stack/neutron/neutron/api/extensions.py:415}}
Jun 16 18:31:25.306971 np0000002981 devstack@neutron-api.service[90030]: INFO neutron.api.extensions [None req-084cf292-2937-4681-9340-254e1315c5cf None None] Loaded extension: router
Jun 16 18:31:25.307120 np0000002981 devstack@neutron-api.service[90030]: DEBUG neutron.api.extensions [None req-084cf292-2937-4681-9340-254e1315c5cf None None] Loading extension file: l3_agent_scheduler_ha_chassis_priority.py {{(pid=90030) _load_all_extensions_from_path /opt/stack/neutron/neutron/api/extensions.py:449}}
Jun 16 18:31:25.307470 np0000002981 devstack@neutron-api.service[90030]: DEBUG neutron.api.extensions [None req-084cf292-2937-4681-9340-254e1315c5cf None None] Ext name="L3 Agent Scheduler HA Chassis Priority" alias="l3-agent-scheduler-ha-chassis-priority" description="Exposes the HA_Chassis priority in the L3 Agent Scheduler API responses and allows setting priority when scheduling a router to a chassis." updated="2026-03-31T00:00:00-00:00" {{(pid=90030) _check_extension /opt/stack/neutron/neutron/api/extensions.py:415}}
Jun 16 18:31:25.307707 np0000002981 devstack@neutron-api.service[90030]: INFO neutron.api.extensions [None req-084cf292-2937-4681-9340-254e1315c5cf None None] Loaded extension: l3-agent-scheduler-ha-chassis-priority
Jun 16 18:31:25.307843 np0000002981 devstack@neutron-api.service[90030]: DEBUG neutron.api.extensions [None req-084cf292-2937-4681-9340-254e1315c5cf None None] Loading extension file: l3_conntrack_helper.py {{(pid=90030) _load_all_extensions_from_path /opt/stack/neutron/neutron/api/extensions.py:449}}
Jun 16 18:31:25.308826 np0000002981 devstack@neutron-api.service[90030]: DEBUG neutron.api.extensions [None req-084cf292-2937-4681-9340-254e1315c5cf None None] Ext name="L3 Conntrack helper" alias="l3-conntrack-helper" description="Allow adding CT target rules for conntrack helper" updated="2019-04-04T10:00:00-00:00" {{(pid=90030) _check_extension /opt/stack/neutron/neutron/api/extensions.py:415}}
Jun 16 18:31:25.309082 np0000002981 devstack@neutron-api.service[90030]: INFO neutron.api.extensions [None req-084cf292-2937-4681-9340-254e1315c5cf None None] Extension l3-conntrack-helper not supported by any of loaded plugins
Jun 16 18:31:25.309217 np0000002981 devstack@neutron-api.service[90030]: DEBUG neutron.api.extensions [None req-084cf292-2937-4681-9340-254e1315c5cf None None] Loading extension file: l3_enable_default_route_bfd.py {{(pid=90030) _load_all_extensions_from_path /opt/stack/neutron/neutron/api/extensions.py:449}}
Jun 16 18:31:25.309584 np0000002981 devstack@neutron-api.service[90030]: DEBUG neutron.api.extensions [None req-084cf292-2937-4681-9340-254e1315c5cf None None] Ext name="Enable Default Route BFD" alias="enable-default-route-bfd" description="Enables configurable BFD behavior for default routes" updated="2023-02-27T00:00:00-00:00" {{(pid=90030) _check_extension /opt/stack/neutron/neutron/api/extensions.py:415}}
Jun 16 18:31:25.309848 np0000002981 devstack@neutron-api.service[90030]: INFO neutron.api.extensions [None req-084cf292-2937-4681-9340-254e1315c5cf None None] Loaded extension: enable-default-route-bfd
Jun 16 18:31:25.309892 np0000002981 devstack@neutron-api.service[90030]: DEBUG neutron.api.extensions [None req-084cf292-2937-4681-9340-254e1315c5cf None None] Loading extension file: l3_enable_default_route_ecmp.py {{(pid=90030) _load_all_extensions_from_path /opt/stack/neutron/neutron/api/extensions.py:449}}
Jun 16 18:31:25.310192 np0000002981 devstack@neutron-api.service[90030]: DEBUG neutron.api.extensions [None req-084cf292-2937-4681-9340-254e1315c5cf None None] Ext name="Enable Default Route ECMP" alias="enable-default-route-ecmp" description="Enables configurable ECMP behavior for default routes" updated="2023-02-27T00:00:00-00:00" {{(pid=90030) _check_extension /opt/stack/neutron/neutron/api/extensions.py:415}}
Jun 16 18:31:25.310389 np0000002981 devstack@neutron-api.service[90030]: INFO neutron.api.extensions [None req-084cf292-2937-4681-9340-254e1315c5cf None None] Loaded extension: enable-default-route-ecmp
Jun 16 18:31:25.310538 np0000002981 devstack@neutron-api.service[90030]: DEBUG neutron.api.extensions [None req-084cf292-2937-4681-9340-254e1315c5cf None None] Loading extension file: l3_ext_gw_mode.py {{(pid=90030) _load_all_extensions_from_path /opt/stack/neutron/neutron/api/extensions.py:449}}
Jun 16 18:31:25.312636 np0000002981 devstack@neutron-api.service[90030]: DEBUG neutron.api.extensions [None req-084cf292-2937-4681-9340-254e1315c5cf None None] Ext name="Neutron L3 Configurable external gateway mode" alias="ext-gw-mode" description="Extension of the router abstraction for specifying whether SNAT should occur on the external gateway" updated="2013-03-28T10:00:00-00:00" {{(pid=90030) _check_extension /opt/stack/neutron/neutron/api/extensions.py:415}}
Jun 16 18:31:25.313355 np0000002981 devstack@neutron-api.service[90030]: INFO neutron.api.extensions [None req-084cf292-2937-4681-9340-254e1315c5cf None None] Loaded extension: ext-gw-mode
Jun 16 18:31:25.313355 np0000002981 devstack@neutron-api.service[90030]: DEBUG neutron.api.extensions [None req-084cf292-2937-4681-9340-254e1315c5cf None None] Loading extension file: l3_ext_ha_mode.py {{(pid=90030) _load_all_extensions_from_path /opt/stack/neutron/neutron/api/extensions.py:449}}
Jun 16 18:31:25.313355 np0000002981 devstack@neutron-api.service[90030]: DEBUG neutron.api.extensions [None req-084cf292-2937-4681-9340-254e1315c5cf None None] Ext name="HA Router extension" alias="l3-ha" description="Adds HA capability to routers." updated="2014-04-26T00:00:00-00:00" {{(pid=90030) _check_extension /opt/stack/neutron/neutron/api/extensions.py:415}}
Jun 16 18:31:25.313693 np0000002981 devstack@neutron-api.service[90030]: INFO neutron.api.extensions [None req-084cf292-2937-4681-9340-254e1315c5cf None None] Loaded extension: l3-ha
Jun 16 18:31:25.313693 np0000002981 devstack@neutron-api.service[90030]: DEBUG neutron.api.extensions [None req-084cf292-2937-4681-9340-254e1315c5cf None None] Loading extension file: l3_ext_ndp_proxy.py {{(pid=90030) _load_all_extensions_from_path /opt/stack/neutron/neutron/api/extensions.py:449}}
Jun 16 18:31:25.313863 np0000002981 devstack@neutron-api.service[90030]: DEBUG neutron.api.extensions [None req-084cf292-2937-4681-9340-254e1315c5cf None None] Ext name="Router support to enable NDP proxy" alias="l3-ext-ndp-proxy" description="Router extension to enable ndp proxy" updated="2020-08-25T00:00:00-00:00" {{(pid=90030) _check_extension /opt/stack/neutron/neutron/api/extensions.py:415}}
Jun 16 18:31:25.314009 np0000002981 devstack@neutron-api.service[90030]: INFO neutron.api.extensions [None req-084cf292-2937-4681-9340-254e1315c5cf None None] Extension l3-ext-ndp-proxy not supported by any of loaded plugins
Jun 16 18:31:25.314113 np0000002981 devstack@neutron-api.service[90030]: DEBUG neutron.api.extensions [None req-084cf292-2937-4681-9340-254e1315c5cf None None] Loading extension file: l3_extra_gws.py {{(pid=90030) _load_all_extensions_from_path /opt/stack/neutron/neutron/api/extensions.py:449}}
Jun 16 18:31:25.314358 np0000002981 devstack@neutron-api.service[90030]: DEBUG neutron.api.extensions [None req-084cf292-2937-4681-9340-254e1315c5cf None None] Ext name="Neutron L3 External Gateway Multihoming" alias="external-gateway-multihoming" description="Allow multiple external gateway ports per router" updated="2023-01-18T00:00:00-00:00" {{(pid=90030) _check_extension /opt/stack/neutron/neutron/api/extensions.py:415}}
Jun 16 18:31:25.314560 np0000002981 devstack@neutron-api.service[90030]: INFO neutron.api.extensions [None req-084cf292-2937-4681-9340-254e1315c5cf None None] Loaded extension: external-gateway-multihoming
Jun 16 18:31:25.314633 np0000002981 devstack@neutron-api.service[90030]: DEBUG neutron.api.extensions [None req-084cf292-2937-4681-9340-254e1315c5cf None None] Loading extension file: l3_flavors.py {{(pid=90030) _load_all_extensions_from_path /opt/stack/neutron/neutron/api/extensions.py:449}}
Jun 16 18:31:25.314851 np0000002981 devstack@neutron-api.service[90030]: DEBUG neutron.api.extensions [None req-084cf292-2937-4681-9340-254e1315c5cf None None] Ext name="Router Flavor Extension" alias="l3-flavors" description="Flavor support for routers." updated="2016-05-17T00:00:00-00:00" {{(pid=90030) _check_extension /opt/stack/neutron/neutron/api/extensions.py:415}}
Jun 16 18:31:25.314993 np0000002981 devstack@neutron-api.service[90030]: INFO neutron.api.extensions [None req-084cf292-2937-4681-9340-254e1315c5cf None None] Loaded extension: l3-flavors
Jun 16 18:31:25.315083 np0000002981 devstack@neutron-api.service[90030]: DEBUG neutron.api.extensions [None req-084cf292-2937-4681-9340-254e1315c5cf None None] Loading extension file: l3_ndp_proxy.py {{(pid=90030) _load_all_extensions_from_path /opt/stack/neutron/neutron/api/extensions.py:449}}
Jun 16 18:31:25.315454 np0000002981 devstack@neutron-api.service[90030]: DEBUG neutron.api.extensions [None req-084cf292-2937-4681-9340-254e1315c5cf None None] Ext name="name" alias="l3-ndp-proxy" description="description" updated="2021-06-29T10:00:00-00:00" {{(pid=90030) _check_extension /opt/stack/neutron/neutron/api/extensions.py:415}}
Jun 16 18:31:25.315662 np0000002981 devstack@neutron-api.service[90030]: INFO neutron.api.extensions [None req-084cf292-2937-4681-9340-254e1315c5cf None None] Extension l3-ndp-proxy not supported by any of loaded plugins
Jun 16 18:31:25.315801 np0000002981 devstack@neutron-api.service[90030]: DEBUG neutron.api.extensions [None req-084cf292-2937-4681-9340-254e1315c5cf None None] Loading extension file: l3_port_ip_change_not_allowed.py {{(pid=90030) _load_all_extensions_from_path /opt/stack/neutron/neutron/api/extensions.py:449}}
Jun 16 18:31:25.316125 np0000002981 devstack@neutron-api.service[90030]: DEBUG neutron.api.extensions [None req-084cf292-2937-4681-9340-254e1315c5cf None None] Ext name="Prevent L3 router ports IP address change extension" alias="l3-port-ip-change-not-allowed" description="Prevent change of IP address for some L3 router ports" updated="2018-10-09T10:00:00-00:00" {{(pid=90030) _check_extension /opt/stack/neutron/neutron/api/extensions.py:415}}
Jun 16 18:31:25.316243 np0000002981 devstack@neutron-api.service[90032]: INFO neutron.plugins.ml2.drivers.type_vlan [None req-9ed7c49f-f696-4d17-b1fb-1354c5f27314 None None] VlanTypeDriver initialization complete
Jun 16 18:31:25.316528 np0000002981 devstack@neutron-api.service[90030]: INFO neutron.api.extensions [None req-084cf292-2937-4681-9340-254e1315c5cf None None] Extension l3-port-ip-change-not-allowed not supported by any of loaded plugins
Jun 16 18:31:25.316528 np0000002981 devstack@neutron-api.service[90030]: DEBUG neutron.api.extensions [None req-084cf292-2937-4681-9340-254e1315c5cf None None] Loading extension file: l3agentscheduler.py {{(pid=90030) _load_all_extensions_from_path /opt/stack/neutron/neutron/api/extensions.py:449}}
Jun 16 18:31:25.316608 np0000002981 devstack@neutron-api.service[90032]: INFO neutron.plugins.ml2.managers [None req-9ed7c49f-f696-4d17-b1fb-1354c5f27314 None None] Initializing extension driver 'port_security'
Jun 16 18:31:25.316731 np0000002981 devstack@neutron-api.service[90032]: INFO neutron.plugins.ml2.extensions.port_security [None req-9ed7c49f-f696-4d17-b1fb-1354c5f27314 None None] PortSecurityExtensionDriver initialization complete
Jun 16 18:31:25.316880 np0000002981 devstack@neutron-api.service[90032]: INFO neutron.plugins.ml2.managers [None req-9ed7c49f-f696-4d17-b1fb-1354c5f27314 None None] Initializing extension driver 'qos'
Jun 16 18:31:25.317062 np0000002981 devstack@neutron-api.service[90032]: DEBUG neutron.plugins.ml2.extensions.qos [None req-9ed7c49f-f696-4d17-b1fb-1354c5f27314 None None] QosExtensionDriver initialization complete {{(pid=90032) initialize /opt/stack/neutron/neutron/plugins/ml2/extensions/qos.py:31}}
Jun 16 18:31:25.317228 np0000002981 devstack@neutron-api.service[90032]: INFO neutron.plugins.ml2.managers [None req-9ed7c49f-f696-4d17-b1fb-1354c5f27314 None None] Initializing mechanism driver 'ovn'
Jun 16 18:31:25.317264 np0000002981 devstack@neutron-api.service[90030]: DEBUG neutron.api.extensions [None req-084cf292-2937-4681-9340-254e1315c5cf None None] Ext name="L3 Agent Scheduler" alias="l3_agent_scheduler" description="Schedule routers among l3 agents" updated="2013-02-07T10:00:00-00:00" {{(pid=90030) _check_extension /opt/stack/neutron/neutron/api/extensions.py:415}}
Jun 16 18:31:25.317353 np0000002981 devstack@neutron-api.service[90032]: INFO neutron.plugins.ml2.drivers.ovn.mech_driver.mech_driver [None req-9ed7c49f-f696-4d17-b1fb-1354c5f27314 None None] Starting OVNMechanismDriver
Jun 16 18:31:25.317391 np0000002981 devstack@neutron-api.service[90030]: INFO neutron.api.extensions [None req-084cf292-2937-4681-9340-254e1315c5cf None None] Loaded extension: l3_agent_scheduler
Jun 16 18:31:25.317493 np0000002981 devstack@neutron-api.service[90030]: DEBUG neutron.api.extensions [None req-084cf292-2937-4681-9340-254e1315c5cf None None] Loading extension file: local_ip.py {{(pid=90030) _load_all_extensions_from_path /opt/stack/neutron/neutron/api/extensions.py:449}}
Jun 16 18:31:25.317850 np0000002981 devstack@neutron-api.service[90030]: DEBUG neutron.api.extensions [None req-084cf292-2937-4681-9340-254e1315c5cf None None] Ext name="Local IP" alias="local_ip" description="Support Node Local Virtual IP" updated="2021-07-26T10:00:00-00:00" {{(pid=90030) _check_extension /opt/stack/neutron/neutron/api/extensions.py:415}}
Jun 16 18:31:25.318002 np0000002981 devstack@neutron-api.service[90030]: INFO neutron.api.extensions [None req-084cf292-2937-4681-9340-254e1315c5cf None None] Extension local_ip not supported by any of loaded plugins
Jun 16 18:31:25.318103 np0000002981 devstack@neutron-api.service[90030]: DEBUG neutron.api.extensions [None req-084cf292-2937-4681-9340-254e1315c5cf None None] Loading extension file: logging.py {{(pid=90030) _load_all_extensions_from_path /opt/stack/neutron/neutron/api/extensions.py:449}}
Jun 16 18:31:25.318417 np0000002981 devstack@neutron-api.service[90030]: DEBUG neutron.api.extensions [None req-084cf292-2937-4681-9340-254e1315c5cf None None] Ext name="Logging API Extension" alias="logging" description="Provides a logging API for resources such as security group and firewall." updated="2017-01-01T10:00:00-00:00" {{(pid=90030) _check_extension /opt/stack/neutron/neutron/api/extensions.py:415}}
Jun 16 18:31:25.318609 np0000002981 devstack@neutron-api.service[90030]: INFO neutron.api.extensions [None req-084cf292-2937-4681-9340-254e1315c5cf None None] Extension logging not supported by any of loaded plugins
Jun 16 18:31:25.318691 np0000002981 devstack@neutron-api.service[90030]: DEBUG neutron.api.extensions [None req-084cf292-2937-4681-9340-254e1315c5cf None None] Loading extension file: metering.py {{(pid=90030) _load_all_extensions_from_path /opt/stack/neutron/neutron/api/extensions.py:449}}
Jun 16 18:31:25.318989 np0000002981 devstack@neutron-api.service[90030]: DEBUG neutron.api.extensions [None req-084cf292-2937-4681-9340-254e1315c5cf None None] Ext name="Neutron Metering" alias="metering" description="Neutron Metering extension." updated="2013-06-12T10:00:00-00:00" {{(pid=90030) _check_extension /opt/stack/neutron/neutron/api/extensions.py:415}}
Jun 16 18:31:25.319185 np0000002981 devstack@neutron-api.service[90030]: INFO neutron.api.extensions [None req-084cf292-2937-4681-9340-254e1315c5cf None None] Extension metering not supported by any of loaded plugins
Jun 16 18:31:25.319269 np0000002981 devstack@neutron-api.service[90030]: DEBUG neutron.api.extensions [None req-084cf292-2937-4681-9340-254e1315c5cf None None] Loading extension file: metering_source_and_destination_fields.py {{(pid=90030) _load_all_extensions_from_path /opt/stack/neutron/neutron/api/extensions.py:449}}
Jun 16 18:31:25.319529 np0000002981 devstack@neutron-api.service[90030]: DEBUG neutron.api.extensions [None req-084cf292-2937-4681-9340-254e1315c5cf None None] Ext name="Neutron Metering with source and destination filtering" alias="metering_source_and_destination_fields" description="Neutron Metering extension that enables the use of source and destination IP prefixes to create metering label rules." updated="2020-08-21T08:12:00-00:00" {{(pid=90030) _check_extension /opt/stack/neutron/neutron/api/extensions.py:415}}
Jun 16 18:31:25.319578 np0000002981 devstack@neutron-api.service[90032]: DEBUG neutron_lib.callbacks.manager [None req-9ed7c49f-f696-4d17-b1fb-1354c5f27314 None None] Subscribe: > process before_spawn 55550000, False {{(pid=90032) subscribe /opt/stack/data/venv/lib/python3.12/site-packages/neutron_lib/callbacks/manager.py:52}}
Jun 16 18:31:25.320024 np0000002981 devstack@neutron-api.service[90030]: INFO neutron.api.extensions [None req-084cf292-2937-4681-9340-254e1315c5cf None None] Extension metering_source_and_destination_fields not supported by any of loaded plugins
Jun 16 18:31:25.320098 np0000002981 devstack@neutron-api.service[90032]: DEBUG neutron_lib.callbacks.manager [None req-9ed7c49f-f696-4d17-b1fb-1354c5f27314 None None] Subscribe: > process after_init 55550000, True {{(pid=90032) subscribe /opt/stack/data/venv/lib/python3.12/site-packages/neutron_lib/callbacks/manager.py:52}}
Jun 16 18:31:25.320165 np0000002981 devstack@neutron-api.service[90030]: DEBUG neutron.api.extensions [None req-084cf292-2937-4681-9340-254e1315c5cf None None] Loading extension file: multiprovidernet.py {{(pid=90030) _load_all_extensions_from_path /opt/stack/neutron/neutron/api/extensions.py:449}}
Jun 16 18:31:25.320210 np0000002981 devstack@neutron-api.service[90032]: DEBUG neutron_lib.callbacks.manager [None req-9ed7c49f-f696-4d17-b1fb-1354c5f27314 None None] Subscribe: > segment after_create 55550000, False {{(pid=90032) subscribe /opt/stack/data/venv/lib/python3.12/site-packages/neutron_lib/callbacks/manager.py:52}}
Jun 16 18:31:25.320414 np0000002981 devstack@neutron-api.service[90032]: DEBUG neutron_lib.callbacks.manager [None req-9ed7c49f-f696-4d17-b1fb-1354c5f27314 None None] Subscribe: > segment after_create 55550000, False {{(pid=90032) subscribe /opt/stack/data/venv/lib/python3.12/site-packages/neutron_lib/callbacks/manager.py:52}}
Jun 16 18:31:25.320471 np0000002981 devstack@neutron-api.service[90030]: DEBUG neutron.api.extensions [None req-084cf292-2937-4681-9340-254e1315c5cf None None] Ext name="Multi Provider Network" alias="multi-provider" description="Expose mapping of virtual networks to multiple physical networks" updated="2013-06-27T10:00:00-00:00" {{(pid=90030) _check_extension /opt/stack/neutron/neutron/api/extensions.py:415}}
Jun 16 18:31:25.320517 np0000002981 devstack@neutron-api.service[90032]: DEBUG neutron_lib.callbacks.manager [None req-9ed7c49f-f696-4d17-b1fb-1354c5f27314 None None] Subscribe: > segment after_delete 55550000, False {{(pid=90032) subscribe /opt/stack/data/venv/lib/python3.12/site-packages/neutron_lib/callbacks/manager.py:52}}
Jun 16 18:31:25.320609 np0000002981 devstack@neutron-api.service[90030]: INFO neutron.api.extensions [None req-084cf292-2937-4681-9340-254e1315c5cf None None] Loaded extension: multi-provider
Jun 16 18:31:25.320655 np0000002981 devstack@neutron-api.service[90032]: DEBUG neutron_lib.callbacks.manager [None req-9ed7c49f-f696-4d17-b1fb-1354c5f27314 None None] Subscribe: > allowed_address_pair before_create 55550000, False {{(pid=90032) subscribe /opt/stack/data/venv/lib/python3.12/site-packages/neutron_lib/callbacks/manager.py:52}}
Jun 16 18:31:25.320747 np0000002981 devstack@neutron-api.service[90030]: DEBUG neutron.api.extensions [None req-084cf292-2937-4681-9340-254e1315c5cf None None] Loading extension file: netmtu.py {{(pid=90030) _load_all_extensions_from_path /opt/stack/neutron/neutron/api/extensions.py:449}}
Jun 16 18:31:25.320804 np0000002981 devstack@neutron-api.service[90032]: DEBUG neutron_lib.callbacks.manager [None req-9ed7c49f-f696-4d17-b1fb-1354c5f27314 None None] Subscribe: > security_group precommit_create 55550000, False {{(pid=90032) subscribe /opt/stack/data/venv/lib/python3.12/site-packages/neutron_lib/callbacks/manager.py:52}}
Jun 16 18:31:25.320913 np0000002981 devstack@neutron-api.service[90032]: DEBUG neutron_lib.callbacks.manager [None req-9ed7c49f-f696-4d17-b1fb-1354c5f27314 None None] Subscribe: > security_group after_update 55550000, False {{(pid=90032) subscribe /opt/stack/data/venv/lib/python3.12/site-packages/neutron_lib/callbacks/manager.py:52}}
Jun 16 18:31:25.321036 np0000002981 devstack@neutron-api.service[90032]: DEBUG neutron_lib.callbacks.manager [None req-9ed7c49f-f696-4d17-b1fb-1354c5f27314 None None] Subscribe: > security_group after_create 55550000, False {{(pid=90032) subscribe /opt/stack/data/venv/lib/python3.12/site-packages/neutron_lib/callbacks/manager.py:52}}
Jun 16 18:31:25.321085 np0000002981 devstack@neutron-api.service[90030]: DEBUG neutron.api.extensions [None req-084cf292-2937-4681-9340-254e1315c5cf None None] Ext name="Network MTU" alias="net-mtu" description="Provides MTU attribute for a network resource." updated="2015-03-25T10:00:00-00:00" {{(pid=90030) _check_extension /opt/stack/neutron/neutron/api/extensions.py:415}}
Jun 16 18:31:25.321164 np0000002981 devstack@neutron-api.service[90032]: DEBUG neutron_lib.callbacks.manager [None req-9ed7c49f-f696-4d17-b1fb-1354c5f27314 None None] Subscribe: > security_group precommit_delete 55550000, False {{(pid=90032) subscribe /opt/stack/data/venv/lib/python3.12/site-packages/neutron_lib/callbacks/manager.py:52}}
Jun 16 18:31:25.321288 np0000002981 devstack@neutron-api.service[90032]: DEBUG neutron_lib.callbacks.manager [None req-9ed7c49f-f696-4d17-b1fb-1354c5f27314 None None] Subscribe: > security_group after_delete 55550000, False {{(pid=90032) subscribe /opt/stack/data/venv/lib/python3.12/site-packages/neutron_lib/callbacks/manager.py:52}}
Jun 16 18:31:25.321344 np0000002981 devstack@neutron-api.service[90030]: INFO neutron.api.extensions [None req-084cf292-2937-4681-9340-254e1315c5cf None None] Loaded extension: net-mtu
Jun 16 18:31:25.321420 np0000002981 devstack@neutron-api.service[90032]: DEBUG neutron_lib.callbacks.manager [None req-9ed7c49f-f696-4d17-b1fb-1354c5f27314 None None] Subscribe: > security_group_rule precommit_create 55550000, False {{(pid=90032) subscribe /opt/stack/data/venv/lib/python3.12/site-packages/neutron_lib/callbacks/manager.py:52}}
Jun 16 18:31:25.321469 np0000002981 devstack@neutron-api.service[90030]: DEBUG neutron.api.extensions [None req-084cf292-2937-4681-9340-254e1315c5cf None None] Loading extension file: netmtu_writable.py {{(pid=90030) _load_all_extensions_from_path /opt/stack/neutron/neutron/api/extensions.py:449}}
Jun 16 18:31:25.321556 np0000002981 devstack@neutron-api.service[90032]: DEBUG neutron_lib.callbacks.manager [None req-9ed7c49f-f696-4d17-b1fb-1354c5f27314 None None] Subscribe: > security_group_rule after_create 55550000, False {{(pid=90032) subscribe /opt/stack/data/venv/lib/python3.12/site-packages/neutron_lib/callbacks/manager.py:52}}
Jun 16 18:31:25.321683 np0000002981 devstack@neutron-api.service[90032]: DEBUG neutron_lib.callbacks.manager [None req-9ed7c49f-f696-4d17-b1fb-1354c5f27314 None None] Subscribe: > security_group_rule before_delete 55550000, False {{(pid=90032) subscribe /opt/stack/data/venv/lib/python3.12/site-packages/neutron_lib/callbacks/manager.py:52}}
Jun 16 18:31:25.321760 np0000002981 devstack@neutron-api.service[90030]: DEBUG neutron.api.extensions [None req-084cf292-2937-4681-9340-254e1315c5cf None None] Ext name="Network MTU (writable)" alias="net-mtu-writable" description="Provides a writable MTU attribute for a network resource." updated="2017-07-12T00:00:00-00:00" {{(pid=90030) _check_extension /opt/stack/neutron/neutron/api/extensions.py:415}}
Jun 16 18:31:25.321817 np0000002981 devstack@neutron-api.service[90032]: DEBUG neutron_lib.callbacks.manager [None req-9ed7c49f-f696-4d17-b1fb-1354c5f27314 None None] Subscribe: > address_group after_create 55550000, False {{(pid=90032) subscribe /opt/stack/data/venv/lib/python3.12/site-packages/neutron_lib/callbacks/manager.py:52}}
Jun 16 18:31:25.321930 np0000002981 devstack@neutron-api.service[90032]: DEBUG neutron_lib.callbacks.manager [None req-9ed7c49f-f696-4d17-b1fb-1354c5f27314 None None] Subscribe: > address_group after_update 55550000, False {{(pid=90032) subscribe /opt/stack/data/venv/lib/python3.12/site-packages/neutron_lib/callbacks/manager.py:52}}
Jun 16 18:31:25.321988 np0000002981 devstack@neutron-api.service[90030]: INFO neutron.api.extensions [None req-084cf292-2937-4681-9340-254e1315c5cf None None] Loaded extension: net-mtu-writable
Jun 16 18:31:25.322073 np0000002981 devstack@neutron-api.service[90032]: DEBUG neutron_lib.callbacks.manager [None req-9ed7c49f-f696-4d17-b1fb-1354c5f27314 None None] Subscribe: > address_group after_delete 55550000, False {{(pid=90032) subscribe /opt/stack/data/venv/lib/python3.12/site-packages/neutron_lib/callbacks/manager.py:52}}
Jun 16 18:31:25.322182 np0000002981 devstack@neutron-api.service[90030]: DEBUG neutron.api.extensions [None req-084cf292-2937-4681-9340-254e1315c5cf None None] Loading extension file: network_availability_zone.py {{(pid=90030) _load_all_extensions_from_path /opt/stack/neutron/neutron/api/extensions.py:449}}
Jun 16 18:31:25.322291 np0000002981 devstack@neutron-api.service[90032]: DEBUG neutron_lib.callbacks.manager [None req-9ed7c49f-f696-4d17-b1fb-1354c5f27314 None None] Subscribe: > qos_plugin after_init 55550000, False {{(pid=90032) subscribe /opt/stack/data/venv/lib/python3.12/site-packages/neutron_lib/callbacks/manager.py:52}}
Jun 16 18:31:25.322494 np0000002981 devstack@neutron-api.service[90030]: DEBUG neutron.api.extensions [None req-084cf292-2937-4681-9340-254e1315c5cf None None] Ext name="Network Availability Zone" alias="network_availability_zone" description="Availability zone support for network." updated="2015-01-01T10:00:00-00:00" {{(pid=90030) _check_extension /opt/stack/neutron/neutron/api/extensions.py:415}}
Jun 16 18:31:25.322556 np0000002981 devstack@neutron-api.service[90032]: DEBUG neutron_lib.callbacks.manager [None req-9ed7c49f-f696-4d17-b1fb-1354c5f27314 None None] Subscribe: > trunk_plugin after_init 55550000, False {{(pid=90032) subscribe /opt/stack/data/venv/lib/python3.12/site-packages/neutron_lib/callbacks/manager.py:52}}
Jun 16 18:31:25.322729 np0000002981 devstack@neutron-api.service[90030]: INFO neutron.api.extensions [None req-084cf292-2937-4681-9340-254e1315c5cf None None] Loaded extension: network_availability_zone
Jun 16 18:31:25.322818 np0000002981 devstack@neutron-api.service[90032]: DEBUG neutron_lib.callbacks.manager [None req-9ed7c49f-f696-4d17-b1fb-1354c5f27314 None None] Subscribe: > logging-plugin after_init 55550000, False {{(pid=90032) subscribe /opt/stack/data/venv/lib/python3.12/site-packages/neutron_lib/callbacks/manager.py:52}}
Jun 16 18:31:25.322866 np0000002981 devstack@neutron-api.service[90030]: DEBUG neutron.api.extensions [None req-084cf292-2937-4681-9340-254e1315c5cf None None] Loading extension file: network_ha.py {{(pid=90030) _load_all_extensions_from_path /opt/stack/neutron/neutron/api/extensions.py:449}}
Jun 16 18:31:25.323161 np0000002981 devstack@neutron-api.service[90030]: DEBUG neutron.api.extensions [None req-084cf292-2937-4681-9340-254e1315c5cf None None] Ext name="Network HA creation flag" alias="network_ha" description="Network high availability creation flag." updated="2023-04-27T10:00:00-00:00" {{(pid=90030) _check_extension /opt/stack/neutron/neutron/api/extensions.py:415}}
Jun 16 18:31:25.323351 np0000002981 devstack@neutron-api.service[90030]: INFO neutron.api.extensions [None req-084cf292-2937-4681-9340-254e1315c5cf None None] Extension network_ha not supported by any of loaded plugins
Jun 16 18:31:25.323494 np0000002981 devstack@neutron-api.service[90030]: DEBUG neutron.api.extensions [None req-084cf292-2937-4681-9340-254e1315c5cf None None] Loading extension file: network_ip_availability.py {{(pid=90030) _load_all_extensions_from_path /opt/stack/neutron/neutron/api/extensions.py:449}}
Jun 16 18:31:25.323542 np0000002981 devstack@neutron-api.service[90032]: INFO neutron.services.logapi.drivers.ovn.driver [None req-9ed7c49f-f696-4d17-b1fb-1354c5f27314 None None] OVN logging driver registered
Jun 16 18:31:25.323630 np0000002981 devstack@neutron-api.service[90032]: DEBUG neutron_lib.callbacks.manager [None req-9ed7c49f-f696-4d17-b1fb-1354c5f27314 None None] Subscribe: ._register_pvlan_driver at 0x72484ae409a0> pvlan_plugin before_spawn 55550000, False {{(pid=90032) subscribe /opt/stack/data/venv/lib/python3.12/site-packages/neutron_lib/callbacks/manager.py:52}}
Jun 16 18:31:25.323805 np0000002981 devstack@neutron-api.service[90032]: DEBUG neutron_lib.callbacks.manager [None req-9ed7c49f-f696-4d17-b1fb-1354c5f27314 None None] Subscribe: process after_init 55550000, False {{(pid=90032) subscribe /opt/stack/data/venv/lib/python3.12/site-packages/neutron_lib/callbacks/manager.py:52}}
Jun 16 18:31:25.323859 np0000002981 devstack@neutron-api.service[90030]: DEBUG neutron.api.extensions [None req-084cf292-2937-4681-9340-254e1315c5cf None None] Ext name="Network IP Availability" alias="network-ip-availability" description="Provides IP availability data for each network and subnet." updated="2015-09-24T00:00:00-00:00" {{(pid=90030) _check_extension /opt/stack/neutron/neutron/api/extensions.py:415}}
Jun 16 18:31:25.324094 np0000002981 devstack@neutron-api.service[90030]: INFO neutron.api.extensions [None req-084cf292-2937-4681-9340-254e1315c5cf None None] Loaded extension: network-ip-availability
Jun 16 18:31:25.324266 np0000002981 devstack@neutron-api.service[90030]: DEBUG neutron.api.extensions [None req-084cf292-2937-4681-9340-254e1315c5cf None None] Loading extension file: network_ip_availability_details.py {{(pid=90030) _load_all_extensions_from_path /opt/stack/neutron/neutron/api/extensions.py:449}}
Jun 16 18:31:25.324565 np0000002981 devstack@neutron-api.service[90030]: DEBUG neutron.api.extensions [None req-084cf292-2937-4681-9340-254e1315c5cf None None] Ext name="Network IP Availability Details Extension" alias="network-ip-availability-details" description="Add ip_availability_details attribute to network-ip-availabilities resource." updated="2025-10-31T00:00:00-00:00" {{(pid=90030) _check_extension /opt/stack/neutron/neutron/api/extensions.py:415}}
Jun 16 18:31:25.324779 np0000002981 devstack@neutron-api.service[90030]: INFO neutron.api.extensions [None req-084cf292-2937-4681-9340-254e1315c5cf None None] Loaded extension: network-ip-availability-details
Jun 16 18:31:25.324907 np0000002981 devstack@neutron-api.service[90030]: DEBUG neutron.api.extensions [None req-084cf292-2937-4681-9340-254e1315c5cf None None] Loading extension file: network_segment_range.py {{(pid=90030) _load_all_extensions_from_path /opt/stack/neutron/neutron/api/extensions.py:449}}
Jun 16 18:31:25.325420 np0000002981 devstack@neutron-api.service[90030]: DEBUG neutron.api.extensions [None req-084cf292-2937-4681-9340-254e1315c5cf None None] Ext name="Neutron Network Segment Range" alias="network-segment-range" description="Provides support for the network segment range management" updated="2018-11-29T00:00:00-00:00" {{(pid=90030) _check_extension /opt/stack/neutron/neutron/api/extensions.py:415}}
Jun 16 18:31:25.325624 np0000002981 devstack@neutron-api.service[90030]: INFO neutron.api.extensions [None req-084cf292-2937-4681-9340-254e1315c5cf None None] Extension network-segment-range not supported by any of loaded plugins
Jun 16 18:31:25.325822 np0000002981 devstack@neutron-api.service[90030]: DEBUG neutron.api.extensions [None req-084cf292-2937-4681-9340-254e1315c5cf None None] Loading extension file: pagination.py {{(pid=90030) _load_all_extensions_from_path /opt/stack/neutron/neutron/api/extensions.py:449}}
Jun 16 18:31:25.325974 np0000002981 devstack@neutron-api.service[90032]: DEBUG neutron.plugins.ml2.plugin [None req-9ed7c49f-f696-4d17-b1fb-1354c5f27314 None None] neutron.plugins.ml2.plugin.Ml2Plugin method _start_rpc_notifiers called with arguments () {} {{(pid=90032) wrapper /opt/stack/data/venv/lib/python3.12/site-packages/oslo_log/helpers.py:77}}
Jun 16 18:31:25.326097 np0000002981 devstack@neutron-api.service[90030]: DEBUG neutron.api.extensions [None req-084cf292-2937-4681-9340-254e1315c5cf None None] Ext name="Pagination support" alias="pagination" description="Extension that indicates that pagination is enabled." updated="2016-06-12T00:00:00-00:00" {{(pid=90030) _check_extension /opt/stack/neutron/neutron/api/extensions.py:415}}
Jun 16 18:31:25.326254 np0000002981 devstack@neutron-api.service[90030]: INFO neutron.api.extensions [None req-084cf292-2937-4681-9340-254e1315c5cf None None] Loaded extension: pagination
Jun 16 18:31:25.326377 np0000002981 devstack@neutron-api.service[90032]: DEBUG neutron_lib.callbacks.manager [None req-9ed7c49f-f696-4d17-b1fb-1354c5f27314 None None] Subscribe: > port after_create 55550000, False {{(pid=90032) subscribe /opt/stack/data/venv/lib/python3.12/site-packages/neutron_lib/callbacks/manager.py:52}}
Jun 16 18:31:25.326445 np0000002981 devstack@neutron-api.service[90030]: DEBUG neutron.api.extensions [None req-084cf292-2937-4681-9340-254e1315c5cf None None] Loading extension file: port_device_profile.py {{(pid=90030) _load_all_extensions_from_path /opt/stack/neutron/neutron/api/extensions.py:449}}
Jun 16 18:31:25.327041 np0000002981 devstack@neutron-api.service[90032]: DEBUG neutron_lib.callbacks.manager [None req-9ed7c49f-f696-4d17-b1fb-1354c5f27314 None None] Subscribe: > port after_update 55550000, False {{(pid=90032) subscribe /opt/stack/data/venv/lib/python3.12/site-packages/neutron_lib/callbacks/manager.py:52}}
Jun 16 18:31:25.327106 np0000002981 devstack@neutron-api.service[90030]: DEBUG neutron.api.extensions [None req-084cf292-2937-4681-9340-254e1315c5cf None None] Ext name="Port device profile" alias="port-device-profile" description="Expose the port device profile (Cyborg)" updated="2020-12-17T10:00:00-00:00" {{(pid=90030) _check_extension /opt/stack/neutron/neutron/api/extensions.py:415}}
Jun 16 18:31:25.327154 np0000002981 devstack@neutron-api.service[90032]: DEBUG neutron_lib.callbacks.manager [None req-9ed7c49f-f696-4d17-b1fb-1354c5f27314 None None] Subscribe: > port after_delete 55550000, False {{(pid=90032) subscribe /opt/stack/data/venv/lib/python3.12/site-packages/neutron_lib/callbacks/manager.py:52}}
Jun 16 18:31:25.327154 np0000002981 devstack@neutron-api.service[90032]: DEBUG neutron_lib.callbacks.manager [None req-9ed7c49f-f696-4d17-b1fb-1354c5f27314 None None] Subscribe: > subnet after_create 55550000, False {{(pid=90032) subscribe /opt/stack/data/venv/lib/python3.12/site-packages/neutron_lib/callbacks/manager.py:52}}
Jun 16 18:31:25.327235 np0000002981 devstack@neutron-api.service[90030]: INFO neutron.api.extensions [None req-084cf292-2937-4681-9340-254e1315c5cf None None] Loaded extension: port-device-profile
Jun 16 18:31:25.327286 np0000002981 devstack@neutron-api.service[90032]: DEBUG neutron_lib.callbacks.manager [None req-9ed7c49f-f696-4d17-b1fb-1354c5f27314 None None] Subscribe: > subnet after_update 55550000, False {{(pid=90032) subscribe /opt/stack/data/venv/lib/python3.12/site-packages/neutron_lib/callbacks/manager.py:52}}
Jun 16 18:31:25.327334 np0000002981 devstack@neutron-api.service[90030]: DEBUG neutron.api.extensions [None req-084cf292-2937-4681-9340-254e1315c5cf None None] Loading extension file: port_hardware_offload_type.py {{(pid=90030) _load_all_extensions_from_path /opt/stack/neutron/neutron/api/extensions.py:449}}
Jun 16 18:31:25.327377 np0000002981 devstack@neutron-api.service[90032]: DEBUG neutron_lib.callbacks.manager [None req-9ed7c49f-f696-4d17-b1fb-1354c5f27314 None None] Subscribe: > subnet after_delete 55550000, False {{(pid=90032) subscribe /opt/stack/data/venv/lib/python3.12/site-packages/neutron_lib/callbacks/manager.py:52}}
Jun 16 18:31:25.327377 np0000002981 devstack@neutron-api.service[90032]: DEBUG neutron_lib.callbacks.manager [None req-9ed7c49f-f696-4d17-b1fb-1354c5f27314 None None] Subscribe: > network after_create 55550000, False {{(pid=90032) subscribe /opt/stack/data/venv/lib/python3.12/site-packages/neutron_lib/callbacks/manager.py:52}}
Jun 16 18:31:25.327484 np0000002981 devstack@neutron-api.service[90030]: DEBUG neutron.api.extensions [None req-084cf292-2937-4681-9340-254e1315c5cf None None] Ext name="Port hardware offload" alias="port-hardware-offload-type" description="Expose port hardware offload extension" updated="2023-05-09T10:00:00-00:00" {{(pid=90030) _check_extension /opt/stack/neutron/neutron/api/extensions.py:415}}
