Jun 16 18:31:25.327526 np0000002981 devstack@neutron-api.service[90032]: DEBUG neutron_lib.callbacks.manager [None req-9ed7c49f-f696-4d17-b1fb-1354c5f27314 None None] Subscribe: > network after_update 55550000, False {{(pid=90032) subscribe /opt/stack/data/venv/lib/python3.12/site-packages/neutron_lib/callbacks/manager.py:52}}
Jun 16 18:31:25.328275 np0000002981 devstack@neutron-api.service[90030]: INFO neutron.api.extensions [None req-084cf292-2937-4681-9340-254e1315c5cf None None] Extension port-hardware-offload-type not supported by any of loaded plugins
Jun 16 18:31:25.328327 np0000002981 devstack@neutron-api.service[90032]: DEBUG neutron_lib.callbacks.manager [None req-9ed7c49f-f696-4d17-b1fb-1354c5f27314 None None] Subscribe: > network after_delete 55550000, False {{(pid=90032) subscribe /opt/stack/data/venv/lib/python3.12/site-packages/neutron_lib/callbacks/manager.py:52}}
Jun 16 18:31:25.328375 np0000002981 devstack@neutron-api.service[90030]: DEBUG neutron.api.extensions [None req-084cf292-2937-4681-9340-254e1315c5cf None None] Loading extension file: port_hint_ovs_tx_steering.py {{(pid=90030) _load_all_extensions_from_path /opt/stack/neutron/neutron/api/extensions.py:449}}
Jun 16 18:31:25.328446 np0000002981 devstack@neutron-api.service[90032]: DEBUG neutron_lib.callbacks.manager [None req-9ed7c49f-f696-4d17-b1fb-1354c5f27314 None None] Subscribe: > security_group after_create 55550000, False {{(pid=90032) subscribe /opt/stack/data/venv/lib/python3.12/site-packages/neutron_lib/callbacks/manager.py:52}}
Jun 16 18:31:25.328446 np0000002981 devstack@neutron-api.service[90032]: DEBUG neutron_lib.callbacks.manager [None req-9ed7c49f-f696-4d17-b1fb-1354c5f27314 None None] Subscribe: > security_group after_update 55550000, False {{(pid=90032) subscribe /opt/stack/data/venv/lib/python3.12/site-packages/neutron_lib/callbacks/manager.py:52}}
Jun 16 18:31:25.328544 np0000002981 devstack@neutron-api.service[90030]: DEBUG neutron.api.extensions [None req-084cf292-2937-4681-9340-254e1315c5cf None None] Ext name="Port hint: Open vSwitch Tx steering" alias="port-hint-ovs-tx-steering" description="Enable Port hint: Open vSwitch Tx steering" updated="2023-01-01T00:00:00-00:00" {{(pid=90030) _check_extension /opt/stack/neutron/neutron/api/extensions.py:415}}
Jun 16 18:31:25.328583 np0000002981 devstack@neutron-api.service[90032]: DEBUG neutron_lib.callbacks.manager [None req-9ed7c49f-f696-4d17-b1fb-1354c5f27314 None None] Subscribe: > security_group after_delete 55550000, False {{(pid=90032) subscribe /opt/stack/data/venv/lib/python3.12/site-packages/neutron_lib/callbacks/manager.py:52}}
Jun 16 18:31:25.328583 np0000002981 devstack@neutron-api.service[90032]: DEBUG neutron_lib.callbacks.manager [None req-9ed7c49f-f696-4d17-b1fb-1354c5f27314 None None] Subscribe: > security_group_rule after_create 55550000, False {{(pid=90032) subscribe /opt/stack/data/venv/lib/python3.12/site-packages/neutron_lib/callbacks/manager.py:52}}
Jun 16 18:31:25.328583 np0000002981 devstack@neutron-api.service[90032]: DEBUG neutron_lib.callbacks.manager [None req-9ed7c49f-f696-4d17-b1fb-1354c5f27314 None None] Subscribe: > security_group_rule after_update 55550000, False {{(pid=90032) subscribe /opt/stack/data/venv/lib/python3.12/site-packages/neutron_lib/callbacks/manager.py:52}}
Jun 16 18:31:25.328824 np0000002981 devstack@neutron-api.service[90030]: INFO neutron.api.extensions [None req-084cf292-2937-4681-9340-254e1315c5cf None None] Extension port-hint-ovs-tx-steering not supported by any of loaded plugins
Jun 16 18:31:25.328864 np0000002981 devstack@neutron-api.service[90032]: DEBUG neutron_lib.callbacks.manager [None req-9ed7c49f-f696-4d17-b1fb-1354c5f27314 None None] Subscribe: > security_group_rule after_delete 55550000, False {{(pid=90032) subscribe /opt/stack/data/venv/lib/python3.12/site-packages/neutron_lib/callbacks/manager.py:52}}
Jun 16 18:31:25.328864 np0000002981 devstack@neutron-api.service[90032]: DEBUG neutron_lib.callbacks.manager [None req-9ed7c49f-f696-4d17-b1fb-1354c5f27314 None None] Subscribe: > address_group after_create 55550000, False {{(pid=90032) subscribe /opt/stack/data/venv/lib/python3.12/site-packages/neutron_lib/callbacks/manager.py:52}}
Jun 16 18:31:25.328943 np0000002981 devstack@neutron-api.service[90030]: DEBUG neutron.api.extensions [None req-084cf292-2937-4681-9340-254e1315c5cf None None] Loading extension file: port_hints.py {{(pid=90030) _load_all_extensions_from_path /opt/stack/neutron/neutron/api/extensions.py:449}}
Jun 16 18:31:25.328985 np0000002981 devstack@neutron-api.service[90032]: DEBUG neutron_lib.callbacks.manager [None req-9ed7c49f-f696-4d17-b1fb-1354c5f27314 None None] Subscribe: > address_group after_update 55550000, False {{(pid=90032) subscribe /opt/stack/data/venv/lib/python3.12/site-packages/neutron_lib/callbacks/manager.py:52}}
Jun 16 18:31:25.328985 np0000002981 devstack@neutron-api.service[90032]: DEBUG neutron_lib.callbacks.manager [None req-9ed7c49f-f696-4d17-b1fb-1354c5f27314 None None] Subscribe: > address_group after_delete 55550000, False {{(pid=90032) subscribe /opt/stack/data/venv/lib/python3.12/site-packages/neutron_lib/callbacks/manager.py:52}}
Jun 16 18:31:25.328985 np0000002981 devstack@neutron-api.service[90032]: DEBUG neutron.plugins.ml2.ovo_rpc [None req-9ed7c49f-f696-4d17-b1fb-1354c5f27314 None None] ML2 OVO RPC backend initialized. {{(pid=90032) __init__ /opt/stack/neutron/neutron/plugins/ml2/ovo_rpc.py:117}}
Jun 16 18:31:25.329122 np0000002981 devstack@neutron-api.service[90030]: DEBUG neutron.api.extensions [None req-084cf292-2937-4681-9340-254e1315c5cf None None] Ext name="Port hints" alias="port-hints" description="Backend specific port hints to allow backend specific tuning" updated="2023-01-01T00:00:00-00:00" {{(pid=90030) _check_extension /opt/stack/neutron/neutron/api/extensions.py:415}}
Jun 16 18:31:25.329122 np0000002981 devstack@neutron-api.service[90030]: INFO neutron.api.extensions [None req-084cf292-2937-4681-9340-254e1315c5cf None None] Extension port-hints not supported by any of loaded plugins
Jun 16 18:31:25.329200 np0000002981 devstack@neutron-api.service[90030]: DEBUG neutron.api.extensions [None req-084cf292-2937-4681-9340-254e1315c5cf None None] Loading extension file: port_mac_address_override.py {{(pid=90030) _load_all_extensions_from_path /opt/stack/neutron/neutron/api/extensions.py:449}}
Jun 16 18:31:25.329482 np0000002981 devstack@neutron-api.service[90030]: DEBUG neutron.api.extensions [None req-084cf292-2937-4681-9340-254e1315c5cf None None] Ext name="Neutron Port MAC address override" alias="port-mac-override" description="Allow overriding the MAC address of a direct-physical Port via the active binding profile" updated="2022-03-18T10:00:00-00:00" {{(pid=90030) _check_extension /opt/stack/neutron/neutron/api/extensions.py:415}}
Jun 16 18:31:25.329681 np0000002981 devstack@neutron-api.service[90032]: INFO neutron.quota [None req-9ed7c49f-f696-4d17-b1fb-1354c5f27314 None None] Loaded quota_driver: .
Jun 16 18:31:25.329868 np0000002981 devstack@neutron-api.service[90030]: INFO neutron.api.extensions [None req-084cf292-2937-4681-9340-254e1315c5cf None None] Extension port-mac-override not supported by any of loaded plugins
Jun 16 18:31:25.329988 np0000002981 devstack@neutron-api.service[90032]: INFO neutron.plugins.ml2.plugin [None req-9ed7c49f-f696-4d17-b1fb-1354c5f27314 None None] Modular L2 Plugin initialization complete
Jun 16 18:31:25.330066 np0000002981 devstack@neutron-api.service[90030]: DEBUG neutron.api.extensions [None req-084cf292-2937-4681-9340-254e1315c5cf None None] Loading extension file: port_mac_address_regenerate.py {{(pid=90030) _load_all_extensions_from_path /opt/stack/neutron/neutron/api/extensions.py:449}}
Jun 16 18:31:25.330110 np0000002981 devstack@neutron-api.service[90032]: DEBUG neutron.manager [None req-9ed7c49f-f696-4d17-b1fb-1354c5f27314 None None] Loading services supported by the core plugin {{(pid=90032) _load_services_from_core_plugin /opt/stack/neutron/neutron/manager.py:170}}
Jun 16 18:31:25.330110 np0000002981 devstack@neutron-api.service[90032]: INFO neutron.plugins.ml2.managers [None req-9ed7c49f-f696-4d17-b1fb-1354c5f27314 None None] Got port-security extension from driver 'port_security'
Jun 16 18:31:25.330186 np0000002981 devstack@neutron-api.service[90030]: DEBUG neutron.api.extensions [None req-084cf292-2937-4681-9340-254e1315c5cf None None] Ext name="Neutron Port MAC address regenerate" alias="port-mac-address-regenerate" description="Network port MAC address regenerate" updated="2018-05-03T10:00:00-00:00" {{(pid=90030) _check_extension /opt/stack/neutron/neutron/api/extensions.py:415}}
Jun 16 18:31:25.330293 np0000002981 devstack@neutron-api.service[90032]: DEBUG neutron.manager [None req-9ed7c49f-f696-4d17-b1fb-1354c5f27314 None None] Loading service plugins: ['ovn-router', 'auto_allocate', 'tag', 'timestamp', 'network_ip_availability', 'flavors', 'revisions'] {{(pid=90032) _load_service_plugins /opt/stack/neutron/neutron/manager.py:195}}
Jun 16 18:31:25.330293 np0000002981 devstack@neutron-api.service[90032]: INFO neutron.manager [None req-9ed7c49f-f696-4d17-b1fb-1354c5f27314 None None] Loading Plugin: ovn-router
Jun 16 18:31:25.330614 np0000002981 devstack@neutron-api.service[90030]: INFO neutron.api.extensions [None req-084cf292-2937-4681-9340-254e1315c5cf None None] Loaded extension: port-mac-address-regenerate
Jun 16 18:31:25.330614 np0000002981 devstack@neutron-api.service[90030]: DEBUG neutron.api.extensions [None req-084cf292-2937-4681-9340-254e1315c5cf None None] Loading extension file: port_numa_affinity_policy.py {{(pid=90030) _load_all_extensions_from_path /opt/stack/neutron/neutron/api/extensions.py:449}}
Jun 16 18:31:25.330926 np0000002981 devstack@neutron-api.service[90030]: DEBUG neutron.api.extensions [None req-084cf292-2937-4681-9340-254e1315c5cf None None] Ext name="Port NUMA affinity policy" alias="port-numa-affinity-policy" description="Expose the port NUMA affinity policy" updated="2020-07-08T10:00:00-00:00" {{(pid=90030) _check_extension /opt/stack/neutron/neutron/api/extensions.py:415}}
Jun 16 18:31:25.331165 np0000002981 devstack@neutron-api.service[90030]: INFO neutron.api.extensions [None req-084cf292-2937-4681-9340-254e1315c5cf None None] Loaded extension: port-numa-affinity-policy
Jun 16 18:31:25.331337 np0000002981 devstack@neutron-api.service[90030]: DEBUG neutron.api.extensions [None req-084cf292-2937-4681-9340-254e1315c5cf None None] Loading extension file: port_numa_affinity_policy_socket.py {{(pid=90030) _load_all_extensions_from_path /opt/stack/neutron/neutron/api/extensions.py:449}}
Jun 16 18:31:25.331666 np0000002981 devstack@neutron-api.service[90030]: DEBUG neutron.api.extensions [None req-084cf292-2937-4681-9340-254e1315c5cf None None] Ext name="Port NUMA affinity policy "socket"" alias="port-numa-affinity-policy-socket" description="Adds "socket" to the supported port NUMA affinity policies" updated="2024-02-09T10:00:00-00:00" {{(pid=90030) _check_extension /opt/stack/neutron/neutron/api/extensions.py:415}}
Jun 16 18:31:25.331898 np0000002981 devstack@neutron-api.service[90030]: INFO neutron.api.extensions [None req-084cf292-2937-4681-9340-254e1315c5cf None None] Loaded extension: port-numa-affinity-policy-socket
Jun 16 18:31:25.332032 np0000002981 devstack@neutron-api.service[90030]: DEBUG neutron.api.extensions [None req-084cf292-2937-4681-9340-254e1315c5cf None None] Loading extension file: port_resource_request.py {{(pid=90030) _load_all_extensions_from_path /opt/stack/neutron/neutron/api/extensions.py:449}}
Jun 16 18:31:25.332324 np0000002981 devstack@neutron-api.service[90030]: DEBUG neutron.api.extensions [None req-084cf292-2937-4681-9340-254e1315c5cf None None] Ext name="Port Resource Request" alias="port-resource-request" description="Expose resource request to Port" updated="2018-05-08T10:00:00-00:00" {{(pid=90030) _check_extension /opt/stack/neutron/neutron/api/extensions.py:415}}
Jun 16 18:31:25.332541 np0000002981 devstack@neutron-api.service[90030]: INFO neutron.api.extensions [None req-084cf292-2937-4681-9340-254e1315c5cf None None] Extension port-resource-request not supported by any of loaded plugins
Jun 16 18:31:25.332716 np0000002981 devstack@neutron-api.service[90030]: DEBUG neutron.api.extensions [None req-084cf292-2937-4681-9340-254e1315c5cf None None] Loading extension file: port_resource_request_groups.py {{(pid=90030) _load_all_extensions_from_path /opt/stack/neutron/neutron/api/extensions.py:449}}
Jun 16 18:31:25.332966 np0000002981 devstack@neutron-api.service[90030]: DEBUG neutron.api.extensions [None req-084cf292-2937-4681-9340-254e1315c5cf None None] Ext name="Port Resource Request Groups" alias="port-resource-request-groups" description="Support requesting multiple groups of resources and traits from the same RP subtree in resource_request" updated="2021-08-02T10:00:00-00:00" {{(pid=90030) _check_extension /opt/stack/neutron/neutron/api/extensions.py:415}}
Jun 16 18:31:25.333195 np0000002981 devstack@neutron-api.service[90030]: INFO neutron.api.extensions [None req-084cf292-2937-4681-9340-254e1315c5cf None None] Extension port-resource-request-groups not supported by any of loaded plugins
Jun 16 18:31:25.333324 np0000002981 devstack@neutron-api.service[90030]: DEBUG neutron.api.extensions [None req-084cf292-2937-4681-9340-254e1315c5cf None None] Loading extension file: port_trusted_vif.py {{(pid=90030) _load_all_extensions_from_path /opt/stack/neutron/neutron/api/extensions.py:449}}
Jun 16 18:31:25.333630 np0000002981 devstack@neutron-api.service[90030]: DEBUG neutron.api.extensions [None req-084cf292-2937-4681-9340-254e1315c5cf None None] Ext name="Port trusted vif" alias="port-trusted-vif" description="Expose port 'trusted' attribute in the API" updated="2024-07-10T10:00:00-00:00" {{(pid=90030) _check_extension /opt/stack/neutron/neutron/api/extensions.py:415}}
Jun 16 18:31:25.333831 np0000002981 devstack@neutron-api.service[90030]: INFO neutron.api.extensions [None req-084cf292-2937-4681-9340-254e1315c5cf None None] Extension port-trusted-vif not supported by any of loaded plugins
Jun 16 18:31:25.333954 np0000002981 devstack@neutron-api.service[90030]: DEBUG neutron.api.extensions [None req-084cf292-2937-4681-9340-254e1315c5cf None None] Loading extension file: portbindings.py {{(pid=90030) _load_all_extensions_from_path /opt/stack/neutron/neutron/api/extensions.py:449}}
Jun 16 18:31:25.334586 np0000002981 devstack@neutron-api.service[90030]: DEBUG neutron.api.extensions [None req-084cf292-2937-4681-9340-254e1315c5cf None None] Ext name="Port Binding" alias="binding" description="Expose port bindings of a virtual port to external application" updated="2014-02-03T10:00:00-00:00" {{(pid=90030) _check_extension /opt/stack/neutron/neutron/api/extensions.py:415}}
Jun 16 18:31:25.334586 np0000002981 devstack@neutron-api.service[90030]: INFO neutron.api.extensions [None req-084cf292-2937-4681-9340-254e1315c5cf None None] Loaded extension: binding
Jun 16 18:31:25.334689 np0000002981 devstack@neutron-api.service[90030]: DEBUG neutron.api.extensions [None req-084cf292-2937-4681-9340-254e1315c5cf None None] Loading extension file: portbindings_extended.py {{(pid=90030) _load_all_extensions_from_path /opt/stack/neutron/neutron/api/extensions.py:449}}
Jun 16 18:31:25.335181 np0000002981 devstack@neutron-api.service[90030]: DEBUG neutron.api.extensions [None req-084cf292-2937-4681-9340-254e1315c5cf None None] Ext name="Port Bindings Extended" alias="binding-extended" description="Expose port bindings of a virtual port to external application" updated="2017-07-17T10:00:00-00:00" {{(pid=90030) _check_extension /opt/stack/neutron/neutron/api/extensions.py:415}}
Jun 16 18:31:25.335440 np0000002981 devstack@neutron-api.service[90030]: INFO neutron.api.extensions [None req-084cf292-2937-4681-9340-254e1315c5cf None None] Loaded extension: binding-extended
Jun 16 18:31:25.335580 np0000002981 devstack@neutron-api.service[90030]: DEBUG neutron.api.extensions [None req-084cf292-2937-4681-9340-254e1315c5cf None None] Loading extension file: portsecurity.py {{(pid=90030) _load_all_extensions_from_path /opt/stack/neutron/neutron/api/extensions.py:449}}
Jun 16 18:31:25.336163 np0000002981 devstack@neutron-api.service[90030]: DEBUG neutron.api.extensions [None req-084cf292-2937-4681-9340-254e1315c5cf None None] Ext name="Port Security" alias="port-security" description="Provides port security" updated="2012-07-23T10:00:00-00:00" {{(pid=90030) _check_extension /opt/stack/neutron/neutron/api/extensions.py:415}}
Jun 16 18:31:25.336163 np0000002981 devstack@neutron-api.service[90030]: INFO neutron.api.extensions [None req-084cf292-2937-4681-9340-254e1315c5cf None None] Loaded extension: port-security
Jun 16 18:31:25.336163 np0000002981 devstack@neutron-api.service[90030]: DEBUG neutron.api.extensions [None req-084cf292-2937-4681-9340-254e1315c5cf None None] Loading extension file: project_id.py {{(pid=90030) _load_all_extensions_from_path /opt/stack/neutron/neutron/api/extensions.py:449}}
Jun 16 18:31:25.336571 np0000002981 devstack@neutron-api.service[90030]: DEBUG neutron.api.extensions [None req-084cf292-2937-4681-9340-254e1315c5cf None None] Ext name="project_id field enabled" alias="project-id" description="Extension that indicates that project_id field is enabled." updated="2016-09-09T09:09:09-09:09" {{(pid=90030) _check_extension /opt/stack/neutron/neutron/api/extensions.py:415}}
Jun 16 18:31:25.336749 np0000002981 devstack@neutron-api.service[90030]: INFO neutron.api.extensions [None req-084cf292-2937-4681-9340-254e1315c5cf None None] Loaded extension: project-id
Jun 16 18:31:25.336857 np0000002981 devstack@neutron-api.service[90030]: DEBUG neutron.api.extensions [None req-084cf292-2937-4681-9340-254e1315c5cf None None] Loading extension file: providernet.py {{(pid=90030) _load_all_extensions_from_path /opt/stack/neutron/neutron/api/extensions.py:449}}
Jun 16 18:31:25.337546 np0000002981 devstack@neutron-api.service[90030]: DEBUG neutron.api.extensions [None req-084cf292-2937-4681-9340-254e1315c5cf None None] Ext name="Provider Network" alias="provider" description="Expose mapping of virtual networks to physical networks" updated="2012-09-07T10:00:00-00:00" {{(pid=90030) _check_extension /opt/stack/neutron/neutron/api/extensions.py:415}}
Jun 16 18:31:25.337723 np0000002981 devstack@neutron-api.service[90030]: INFO neutron.api.extensions [None req-084cf292-2937-4681-9340-254e1315c5cf None None] Loaded extension: provider
Jun 16 18:31:25.337926 np0000002981 devstack@neutron-api.service[90030]: DEBUG neutron.api.extensions [None req-084cf292-2937-4681-9340-254e1315c5cf None None] Loading extension file: pvlan.py {{(pid=90030) _load_all_extensions_from_path /opt/stack/neutron/neutron/api/extensions.py:449}}
Jun 16 18:31:25.338237 np0000002981 devstack@neutron-api.service[90030]: DEBUG neutron.api.extensions [None req-084cf292-2937-4681-9340-254e1315c5cf None None] Ext name="Private VLAN" alias="pvlan" description="The Private VLAN semantics extension." updated="2026-02-03T10:00:00-00:00" {{(pid=90030) _check_extension /opt/stack/neutron/neutron/api/extensions.py:415}}
Jun 16 18:31:25.338486 np0000002981 devstack@neutron-api.service[90030]: INFO neutron.api.extensions [None req-084cf292-2937-4681-9340-254e1315c5cf None None] Extension pvlan not supported by any of loaded plugins
Jun 16 18:31:25.338606 np0000002981 devstack@neutron-api.service[90030]: DEBUG neutron.api.extensions [None req-084cf292-2937-4681-9340-254e1315c5cf None None] Loading extension file: qinq.py {{(pid=90030) _load_all_extensions_from_path /opt/stack/neutron/neutron/api/extensions.py:449}}
Jun 16 18:31:25.338865 np0000002981 devstack@neutron-api.service[90030]: DEBUG neutron.api.extensions [None req-084cf292-2937-4681-9340-254e1315c5cf None None] Ext name="QinQ networks" alias="qinq" description="Expose network 'qinq' attribute in the API. This allows to configure network to allow vlan in vlan configuration using 0x88a8 ethertype (QinQ)." updated="2024-12-02T10:00:00-00:00" {{(pid=90030) _check_extension /opt/stack/neutron/neutron/api/extensions.py:415}}
Jun 16 18:31:25.339098 np0000002981 devstack@neutron-api.service[90030]: INFO neutron.api.extensions [None req-084cf292-2937-4681-9340-254e1315c5cf None None] Loaded extension: qinq
Jun 16 18:31:25.339281 np0000002981 devstack@neutron-api.service[90030]: DEBUG neutron.api.extensions [None req-084cf292-2937-4681-9340-254e1315c5cf None None] Loading extension file: qos.py {{(pid=90030) _load_all_extensions_from_path /opt/stack/neutron/neutron/api/extensions.py:449}}
Jun 16 18:31:25.340311 np0000002981 devstack@neutron-api.service[90030]: DEBUG neutron.api.extensions [None req-084cf292-2937-4681-9340-254e1315c5cf None None] Ext name="Quality of Service" alias="qos" description="The Quality of Service extension." updated="2015-06-08T10:00:00-00:00" {{(pid=90030) _check_extension /opt/stack/neutron/neutron/api/extensions.py:415}}
Jun 16 18:31:25.340694 np0000002981 devstack@neutron-api.service[90030]: INFO neutron.api.extensions [None req-084cf292-2937-4681-9340-254e1315c5cf None None] Extension qos not supported by any of loaded plugins
Jun 16 18:31:25.340694 np0000002981 devstack@neutron-api.service[90030]: DEBUG neutron.api.extensions [None req-084cf292-2937-4681-9340-254e1315c5cf None None] Loading extension file: qos_bw_limit_direction.py {{(pid=90030) _load_all_extensions_from_path /opt/stack/neutron/neutron/api/extensions.py:449}}
Jun 16 18:31:25.341065 np0000002981 devstack@neutron-api.service[90030]: DEBUG neutron.api.extensions [None req-084cf292-2937-4681-9340-254e1315c5cf None None] Ext name="Direction for QoS bandwidth limit rule" alias="qos-bw-limit-direction" description="Allow to configure QoS bandwidth limit rule with specific direction: ingress or egress" updated="2017-04-10T10:00:00-00:00" {{(pid=90030) _check_extension /opt/stack/neutron/neutron/api/extensions.py:415}}
Jun 16 18:31:25.341274 np0000002981 devstack@neutron-api.service[90030]: INFO neutron.api.extensions [None req-084cf292-2937-4681-9340-254e1315c5cf None None] Extension qos-bw-limit-direction not supported by any of loaded plugins
Jun 16 18:31:25.341421 np0000002981 devstack@neutron-api.service[90030]: DEBUG neutron.api.extensions [None req-084cf292-2937-4681-9340-254e1315c5cf None None] Loading extension file: qos_bw_minimum_ingress.py {{(pid=90030) _load_all_extensions_from_path /opt/stack/neutron/neutron/api/extensions.py:449}}
Jun 16 18:31:25.341731 np0000002981 devstack@neutron-api.service[90030]: DEBUG neutron.api.extensions [None req-084cf292-2937-4681-9340-254e1315c5cf None None] Ext name="Ingress direction for QoS minimum bandwidth rule" alias="qos-bw-minimum-ingress" description="Allow to configure QoS minumum bandwidth rule with ingress direction." updated="2018-07-09T10:00:00-00:00" {{(pid=90030) _check_extension /opt/stack/neutron/neutron/api/extensions.py:415}}
Jun 16 18:31:25.341946 np0000002981 devstack@neutron-api.service[90030]: INFO neutron.api.extensions [None req-084cf292-2937-4681-9340-254e1315c5cf None None] Extension qos-bw-minimum-ingress not supported by any of loaded plugins
Jun 16 18:31:25.342359 np0000002981 devstack@neutron-api.service[90030]: DEBUG neutron.api.extensions [None req-084cf292-2937-4681-9340-254e1315c5cf None None] Loading extension file: qos_default.py {{(pid=90030) _load_all_extensions_from_path /opt/stack/neutron/neutron/api/extensions.py:449}}
Jun 16 18:31:25.342434 np0000002981 devstack@neutron-api.service[90030]: DEBUG neutron.api.extensions [None req-084cf292-2937-4681-9340-254e1315c5cf None None] Ext name="QoS default policy" alias="qos-default" description="Expose the QoS default policy per project" updated="2017-041-06T10:00:00-00:00" {{(pid=90030) _check_extension /opt/stack/neutron/neutron/api/extensions.py:415}}
Jun 16 18:31:25.342637 np0000002981 devstack@neutron-api.service[90030]: INFO neutron.api.extensions [None req-084cf292-2937-4681-9340-254e1315c5cf None None] Extension qos-default not supported by any of loaded plugins
Jun 16 18:31:25.342748 np0000002981 devstack@neutron-api.service[90032]: DEBUG neutron_lib.callbacks.manager [None req-9ed7c49f-f696-4d17-b1fb-1354c5f27314 None None] Subscribe: > router before_delete 55550000, False {{(pid=90032) subscribe /opt/stack/data/venv/lib/python3.12/site-packages/neutron_lib/callbacks/manager.py:52}}
Jun 16 18:31:25.342838 np0000002981 devstack@neutron-api.service[90030]: DEBUG neutron.api.extensions [None req-084cf292-2937-4681-9340-254e1315c5cf None None] Loading extension file: qos_fip.py {{(pid=90030) _load_all_extensions_from_path /opt/stack/neutron/neutron/api/extensions.py:449}}
Jun 16 18:31:25.342917 np0000002981 devstack@neutron-api.service[90032]: DEBUG neutron_lib.callbacks.manager [None req-9ed7c49f-f696-4d17-b1fb-1354c5f27314 None None] Subscribe: port before_update 55550000, False {{(pid=90032) subscribe /opt/stack/data/venv/lib/python3.12/site-packages/neutron_lib/callbacks/manager.py:52}}
Jun 16 18:31:25.343093 np0000002981 devstack@neutron-api.service[90032]: DEBUG neutron_lib.callbacks.manager [None req-9ed7c49f-f696-4d17-b1fb-1354c5f27314 None None] Subscribe: port after_update 55550000, False {{(pid=90032) subscribe /opt/stack/data/venv/lib/python3.12/site-packages/neutron_lib/callbacks/manager.py:52}}
Jun 16 18:31:25.343148 np0000002981 devstack@neutron-api.service[90030]: DEBUG neutron.api.extensions [None req-084cf292-2937-4681-9340-254e1315c5cf None None] Ext name="Floating IP QoS" alias="qos-fip" description="The floating IP Quality of Service extension" updated="2017-07-20T00:00:00-00:00" {{(pid=90030) _check_extension /opt/stack/neutron/neutron/api/extensions.py:415}}
Jun 16 18:31:25.343188 np0000002981 devstack@neutron-api.service[90032]: DEBUG neutron_lib.callbacks.manager [None req-9ed7c49f-f696-4d17-b1fb-1354c5f27314 None None] Subscribe: > port precommit_delete 55550000, False {{(pid=90032) subscribe /opt/stack/data/venv/lib/python3.12/site-packages/neutron_lib/callbacks/manager.py:52}}
Jun 16 18:31:25.343352 np0000002981 devstack@neutron-api.service[90032]: DEBUG neutron_lib.callbacks.manager [None req-9ed7c49f-f696-4d17-b1fb-1354c5f27314 None None] Subscribe: port before_update 55550000, False {{(pid=90032) subscribe /opt/stack/data/venv/lib/python3.12/site-packages/neutron_lib/callbacks/manager.py:52}}
Jun 16 18:31:25.343435 np0000002981 devstack@neutron-api.service[90030]: INFO neutron.api.extensions [None req-084cf292-2937-4681-9340-254e1315c5cf None None] Extension qos-fip not supported by any of loaded plugins
Jun 16 18:31:25.343477 np0000002981 devstack@neutron-api.service[90032]: DEBUG neutron_lib.callbacks.manager [None req-9ed7c49f-f696-4d17-b1fb-1354c5f27314 None None] Subscribe: port before_delete 55550000, False {{(pid=90032) subscribe /opt/stack/data/venv/lib/python3.12/site-packages/neutron_lib/callbacks/manager.py:52}}
Jun 16 18:31:25.343520 np0000002981 devstack@neutron-api.service[90030]: DEBUG neutron.api.extensions [None req-084cf292-2937-4681-9340-254e1315c5cf None None] Loading extension file: qos_fip_network_policy.py {{(pid=90030) _load_all_extensions_from_path /opt/stack/neutron/neutron/api/extensions.py:449}}
Jun 16 18:31:25.343625 np0000002981 devstack@neutron-api.service[90032]: DEBUG neutron_lib.callbacks.manager [None req-9ed7c49f-f696-4d17-b1fb-1354c5f27314 None None] Subscribe: > router precommit_create 55550000, False {{(pid=90032) subscribe /opt/stack/data/venv/lib/python3.12/site-packages/neutron_lib/callbacks/manager.py:52}}
Jun 16 18:31:25.343790 np0000002981 devstack@neutron-api.service[90032]: DEBUG neutron_lib.callbacks.manager [None req-9ed7c49f-f696-4d17-b1fb-1354c5f27314 None None] Subscribe: > router precommit_create 55550000, False {{(pid=90032) subscribe /opt/stack/data/venv/lib/python3.12/site-packages/neutron_lib/callbacks/manager.py:52}}
Jun 16 18:31:25.343847 np0000002981 devstack@neutron-api.service[90030]: DEBUG neutron.api.extensions [None req-084cf292-2937-4681-9340-254e1315c5cf None None] Ext name="QoS floating IP network policy ID" alias="qos-fip-network-policy" description="Adds a the QoS network ID to the floating IP definition" updated="2021-11-15T10:00:00-00:00" {{(pid=90030) _check_extension /opt/stack/neutron/neutron/api/extensions.py:415}}
Jun 16 18:31:25.343887 np0000002981 devstack@neutron-api.service[90032]: DEBUG neutron_lib.callbacks.manager [None req-9ed7c49f-f696-4d17-b1fb-1354c5f27314 None None] Subscribe: > router precommit_update 55550000, False {{(pid=90032) subscribe /opt/stack/data/venv/lib/python3.12/site-packages/neutron_lib/callbacks/manager.py:52}}
Jun 16 18:31:25.344329 np0000002981 devstack@neutron-api.service[90032]: DEBUG neutron_lib.callbacks.manager [None req-9ed7c49f-f696-4d17-b1fb-1354c5f27314 None None] Subscribe: subnet after_update 55550000, False {{(pid=90032) subscribe /opt/stack/data/venv/lib/python3.12/site-packages/neutron_lib/callbacks/manager.py:52}}
Jun 16 18:31:25.344388 np0000002981 devstack@neutron-api.service[90030]: INFO neutron.api.extensions [None req-084cf292-2937-4681-9340-254e1315c5cf None None] Extension qos-fip-network-policy not supported by any of loaded plugins
Jun 16 18:31:25.344388 np0000002981 devstack@neutron-api.service[90030]: DEBUG neutron.api.extensions [None req-084cf292-2937-4681-9340-254e1315c5cf None None] Loading extension file: qos_gateway_ip.py {{(pid=90030) _load_all_extensions_from_path /opt/stack/neutron/neutron/api/extensions.py:449}}
Jun 16 18:31:25.344501 np0000002981 devstack@neutron-api.service[90032]: DEBUG neutron.quota.resource_registry [None req-9ed7c49f-f696-4d17-b1fb-1354c5f27314 None None] Tracking information for resource: router configured {{(pid=90032) set_tracked_resource /opt/stack/neutron/neutron/quota/resource_registry.py:203}}
Jun 16 18:31:25.344501 np0000002981 devstack@neutron-api.service[90032]: DEBUG neutron.quota.resource_registry [None req-9ed7c49f-f696-4d17-b1fb-1354c5f27314 None None] Tracking information for resource: floatingip configured {{(pid=90032) set_tracked_resource /opt/stack/neutron/neutron/quota/resource_registry.py:203}}
Jun 16 18:31:25.344572 np0000002981 devstack@neutron-api.service[90032]: INFO neutron.services.ovn_l3.plugin [None req-9ed7c49f-f696-4d17-b1fb-1354c5f27314 None None] Starting OVNL3RouterPlugin
Jun 16 18:31:25.344623 np0000002981 devstack@neutron-api.service[90030]: DEBUG neutron.api.extensions [None req-084cf292-2937-4681-9340-254e1315c5cf None None] Ext name="Router gateway IP QoS" alias="qos-gateway-ip" description="The Router gateway IP Quality of Service extension" updated="2018-02-24T00:00:00-00:00" {{(pid=90030) _check_extension /opt/stack/neutron/neutron/api/extensions.py:415}}
Jun 16 18:31:25.344836 np0000002981 devstack@neutron-api.service[90030]: INFO neutron.api.extensions [None req-084cf292-2937-4681-9340-254e1315c5cf None None] Extension qos-gateway-ip not supported by any of loaded plugins
Jun 16 18:31:25.344906 np0000002981 devstack@neutron-api.service[90032]: DEBUG neutron_lib.callbacks.manager [None req-9ed7c49f-f696-4d17-b1fb-1354c5f27314 None None] Subscribe: > port_forwarding_plugin after_init 55550000, False {{(pid=90032) subscribe /opt/stack/data/venv/lib/python3.12/site-packages/neutron_lib/callbacks/manager.py:52}}
Jun 16 18:31:25.345002 np0000002981 devstack@neutron-api.service[90030]: DEBUG neutron.api.extensions [None req-084cf292-2937-4681-9340-254e1315c5cf None None] Loading extension file: qos_port_network_policy.py {{(pid=90030) _load_all_extensions_from_path /opt/stack/neutron/neutron/api/extensions.py:449}}
Jun 16 18:31:25.345236 np0000002981 devstack@neutron-api.service[90032]: DEBUG neutron_lib.callbacks.manager [None req-9ed7c49f-f696-4d17-b1fb-1354c5f27314 None None] Subscribe: > router before_create 55550100, False {{(pid=90032) subscribe /opt/stack/data/venv/lib/python3.12/site-packages/neutron_lib/callbacks/manager.py:52}}
Jun 16 18:31:25.345329 np0000002981 devstack@neutron-api.service[90030]: DEBUG neutron.api.extensions [None req-084cf292-2937-4681-9340-254e1315c5cf None None] Ext name="QoS port network policy ID" alias="qos-port-network-policy" description="Adds a the QoS network ID to the port definition" updated="2019-11-01T10:00:00-00:00" {{(pid=90030) _check_extension /opt/stack/neutron/neutron/api/extensions.py:415}}
Jun 16 18:31:25.345374 np0000002981 devstack@neutron-api.service[90032]: DEBUG neutron_lib.callbacks.manager [None req-9ed7c49f-f696-4d17-b1fb-1354c5f27314 None None] Subscribe: > router precommit_delete 55550100, False {{(pid=90032) subscribe /opt/stack/data/venv/lib/python3.12/site-packages/neutron_lib/callbacks/manager.py:52}}
Jun 16 18:31:25.345597 np0000002981 devstack@neutron-api.service[90032]: DEBUG neutron_lib.callbacks.manager [None req-9ed7c49f-f696-4d17-b1fb-1354c5f27314 None None] Subscribe: > router precommit_create 55550100, False {{(pid=90032) subscribe /opt/stack/data/venv/lib/python3.12/site-packages/neutron_lib/callbacks/manager.py:52}}
Jun 16 18:31:25.345666 np0000002981 devstack@neutron-api.service[90030]: INFO neutron.api.extensions [None req-084cf292-2937-4681-9340-254e1315c5cf None None] Extension qos-port-network-policy not supported by any of loaded plugins
Jun 16 18:31:25.345709 np0000002981 devstack@neutron-api.service[90032]: DEBUG neutron_lib.callbacks.manager [None req-9ed7c49f-f696-4d17-b1fb-1354c5f27314 None None] Subscribe: > router precommit_update 55550100, False {{(pid=90032) subscribe /opt/stack/data/venv/lib/python3.12/site-packages/neutron_lib/callbacks/manager.py:52}}
Jun 16 18:31:25.345750 np0000002981 devstack@neutron-api.service[90030]: DEBUG neutron.api.extensions [None req-084cf292-2937-4681-9340-254e1315c5cf None None] Loading extension file: qos_pps_minimum_rule.py {{(pid=90030) _load_all_extensions_from_path /opt/stack/neutron/neutron/api/extensions.py:449}}
Jun 16 18:31:25.346083 np0000002981 devstack@neutron-api.service[90030]: DEBUG neutron.api.extensions [None req-084cf292-2937-4681-9340-254e1315c5cf None None] Ext name="QoS minimum packet rate rule" alias="qos-pps-minimum" description="Allow to configure QoS minimum packet rate rule." updated="2021-07-14T10:00:00-00:00" {{(pid=90030) _check_extension /opt/stack/neutron/neutron/api/extensions.py:415}}
Jun 16 18:31:25.346299 np0000002981 devstack@neutron-api.service[90030]: INFO neutron.api.extensions [None req-084cf292-2937-4681-9340-254e1315c5cf None None] Extension qos-pps-minimum not supported by any of loaded plugins
Jun 16 18:31:25.346479 np0000002981 devstack@neutron-api.service[90030]: DEBUG neutron.api.extensions [None req-084cf292-2937-4681-9340-254e1315c5cf None None] Loading extension file: qos_pps_minimum_rule_alias.py {{(pid=90030) _load_all_extensions_from_path /opt/stack/neutron/neutron/api/extensions.py:449}}
Jun 16 18:31:25.346788 np0000002981 devstack@neutron-api.service[90030]: DEBUG neutron.api.extensions [None req-084cf292-2937-4681-9340-254e1315c5cf None None] Ext name="QoS minimum packet rate rule alias" alias="qos-pps-minimum-rule-alias" description="API to enable GET, PUT and DELETE operations on QoS minimum packet rate rule without specifying policy ID" updated="2021-10-22T10:00:00-00:00" {{(pid=90030) _check_extension /opt/stack/neutron/neutron/api/extensions.py:415}}
Jun 16 18:31:25.347007 np0000002981 devstack@neutron-api.service[90030]: INFO neutron.api.extensions [None req-084cf292-2937-4681-9340-254e1315c5cf None None] Extension qos-pps-minimum-rule-alias not supported by any of loaded plugins
Jun 16 18:31:25.347137 np0000002981 devstack@neutron-api.service[90030]: DEBUG neutron.api.extensions [None req-084cf292-2937-4681-9340-254e1315c5cf None None] Loading extension file: qos_pps_rule.py {{(pid=90030) _load_all_extensions_from_path /opt/stack/neutron/neutron/api/extensions.py:449}}
Jun 16 18:31:25.347481 np0000002981 devstack@neutron-api.service[90030]: DEBUG neutron.api.extensions [None req-084cf292-2937-4681-9340-254e1315c5cf None None] Ext name="QoS Rule Type Packet per Second Extension" alias="qos-pps" description="Add QoS Rule Type Packet per Second" updated="2021-05-12T10:00:00-00:00" {{(pid=90030) _check_extension /opt/stack/neutron/neutron/api/extensions.py:415}}
Jun 16 18:31:25.347703 np0000002981 devstack@neutron-api.service[90030]: INFO neutron.api.extensions [None req-084cf292-2937-4681-9340-254e1315c5cf None None] Extension qos-pps not supported by any of loaded plugins
Jun 16 18:31:25.347840 np0000002981 devstack@neutron-api.service[90030]: DEBUG neutron.api.extensions [None req-084cf292-2937-4681-9340-254e1315c5cf None None] Loading extension file: qos_rule_type_details.py {{(pid=90030) _load_all_extensions_from_path /opt/stack/neutron/neutron/api/extensions.py:449}}
Jun 16 18:31:25.348155 np0000002981 devstack@neutron-api.service[90030]: DEBUG neutron.api.extensions [None req-084cf292-2937-4681-9340-254e1315c5cf None None] Ext name="Details of QoS rule types" alias="qos-rule-type-details" description="Expose details about QoS rule types supported by loaded backend drivers" updated="2017-06-22T10:00:00-00:00" {{(pid=90030) _check_extension /opt/stack/neutron/neutron/api/extensions.py:415}}
Jun 16 18:31:25.348367 np0000002981 devstack@neutron-api.service[90030]: INFO neutron.api.extensions [None req-084cf292-2937-4681-9340-254e1315c5cf None None] Extension qos-rule-type-details not supported by any of loaded plugins
Jun 16 18:31:25.348872 np0000002981 devstack@neutron-api.service[90030]: DEBUG neutron.api.extensions [None req-084cf292-2937-4681-9340-254e1315c5cf None None] Loading extension file: qos_rule_type_filter.py {{(pid=90030) _load_all_extensions_from_path /opt/stack/neutron/neutron/api/extensions.py:449}}
Jun 16 18:31:25.348872 np0000002981 devstack@neutron-api.service[90030]: DEBUG neutron.api.extensions [None req-084cf292-2937-4681-9340-254e1315c5cf None None] Ext name="Allow to filter the list of QoS rule types" alias="qos-rule-type-filter" description="Allows to filter the QoS rule type list adding two new flags. "all_rules" prints all implemented QoS rule types."all_supported" prints all supported QoS rule types by the loaded mechanism drivers" updated="2022-02-02T10:00:00-00:00" {{(pid=90030) _check_extension /opt/stack/neutron/neutron/api/extensions.py:415}}
Jun 16 18:31:25.349082 np0000002981 devstack@neutron-api.service[90030]: INFO neutron.api.extensions [None req-084cf292-2937-4681-9340-254e1315c5cf None None] Extension qos-rule-type-filter not supported by any of loaded plugins
Jun 16 18:31:25.349194 np0000002981 devstack@neutron-api.service[90030]: DEBUG neutron.api.extensions [None req-084cf292-2937-4681-9340-254e1315c5cf None None] Loading extension file: qos_rules_alias.py {{(pid=90030) _load_all_extensions_from_path /opt/stack/neutron/neutron/api/extensions.py:449}}
Jun 16 18:31:25.349582 np0000002981 devstack@neutron-api.service[90032]: DEBUG neutron.services.provider_configuration [None req-9ed7c49f-f696-4d17-b1fb-1354c5f27314 None None] Service providers = [] {{(pid=90032) parse_service_provider_opt /opt/stack/neutron/neutron/services/provider_configuration.py:170}}
Jun 16 18:31:25.349664 np0000002981 devstack@neutron-api.service[90030]: DEBUG neutron.api.extensions [None req-084cf292-2937-4681-9340-254e1315c5cf None None] Ext name="Quality of Service rules alias API" alias="qos-rules-alias" description="API to enable GET, PUT and DELETE operations on QoS policy rules without specifying policy ID" updated="2018-10-07T10:00:00-00:00" {{(pid=90030) _check_extension /opt/stack/neutron/neutron/api/extensions.py:415}}
Jun 16 18:31:25.349749 np0000002981 devstack@neutron-api.service[90032]: DEBUG neutron.db.servicetype_db [None req-9ed7c49f-f696-4d17-b1fb-1354c5f27314 None None] Adding provider configuration for service L3_ROUTER_NAT {{(pid=90032) add_provider_configuration /opt/stack/neutron/neutron/db/servicetype_db.py:45}}
Jun 16 18:31:25.349836 np0000002981 devstack@neutron-api.service[90030]: INFO neutron.api.extensions [None req-084cf292-2937-4681-9340-254e1315c5cf None None] Extension qos-rules-alias not supported by any of loaded plugins
Jun 16 18:31:25.349936 np0000002981 devstack@neutron-api.service[90030]: DEBUG neutron.api.extensions [None req-084cf292-2937-4681-9340-254e1315c5cf None None] Loading extension file: quota_check_limit.py {{(pid=90030) _load_all_extensions_from_path /opt/stack/neutron/neutron/api/extensions.py:449}}
Jun 16 18:31:25.350255 np0000002981 devstack@neutron-api.service[90030]: DEBUG neutron.api.extensions [None req-084cf292-2937-4681-9340-254e1315c5cf None None] Ext name="Quota engine limit check" alias="quota-check-limit" description="Support for checking the resource usage before applying a new quota limit" updated="2021-09-08T16:00:00-00:00" {{(pid=90030) _check_extension /opt/stack/neutron/neutron/api/extensions.py:415}}
Jun 16 18:31:25.350491 np0000002981 devstack@neutron-api.service[90030]: INFO neutron.api.extensions [None req-084cf292-2937-4681-9340-254e1315c5cf None None] Loaded extension: quota-check-limit
Jun 16 18:31:25.350626 np0000002981 devstack@neutron-api.service[90030]: DEBUG neutron.api.extensions [None req-084cf292-2937-4681-9340-254e1315c5cf None None] Loading extension file: quota_check_limit_default.py {{(pid=90030) _load_all_extensions_from_path /opt/stack/neutron/neutron/api/extensions.py:449}}
Jun 16 18:31:25.350931 np0000002981 devstack@neutron-api.service[90030]: DEBUG neutron.api.extensions [None req-084cf292-2937-4681-9340-254e1315c5cf None None] Ext name="Quota engine limit check by default" alias="quota-check-limit-default" description="By default, the Neutron quota engine checks the resource usage before applying a new quota limit" updated="2024-08-21T16:00:00-00:00" {{(pid=90030) _check_extension /opt/stack/neutron/neutron/api/extensions.py:415}}
Jun 16 18:31:25.351168 np0000002981 devstack@neutron-api.service[90030]: INFO neutron.api.extensions [None req-084cf292-2937-4681-9340-254e1315c5cf None None] Loaded extension: quota-check-limit-default
Jun 16 18:31:25.351294 np0000002981 devstack@neutron-api.service[90030]: DEBUG neutron.api.extensions [None req-084cf292-2937-4681-9340-254e1315c5cf None None] Loading extension file: quotasv2.py {{(pid=90030) _load_all_extensions_from_path /opt/stack/neutron/neutron/api/extensions.py:449}}
Jun 16 18:31:25.351389 np0000002981 devstack@neutron-api.service[90032]: DEBUG neutron_lib.callbacks.manager [None req-9ed7c49f-f696-4d17-b1fb-1354c5f27314 None None] Subscribe: > router precommit_create 55549900, False {{(pid=90032) subscribe /opt/stack/data/venv/lib/python3.12/site-packages/neutron_lib/callbacks/manager.py:52}}
Jun 16 18:31:25.351520 np0000002981 devstack@neutron-api.service[90032]: DEBUG neutron_lib.callbacks.manager [None req-9ed7c49f-f696-4d17-b1fb-1354c5f27314 None None] Subscribe: > router_interface after_create 55550000, False {{(pid=90032) subscribe /opt/stack/data/venv/lib/python3.12/site-packages/neutron_lib/callbacks/manager.py:52}}
Jun 16 18:31:25.351681 np0000002981 devstack@neutron-api.service[90032]: DEBUG neutron_lib.callbacks.manager [None req-9ed7c49f-f696-4d17-b1fb-1354c5f27314 None None] Subscribe: > floatingip after_create 55550000, False {{(pid=90032) subscribe /opt/stack/data/venv/lib/python3.12/site-packages/neutron_lib/callbacks/manager.py:52}}
Jun 16 18:31:25.351823 np0000002981 devstack@neutron-api.service[90032]: DEBUG neutron_lib.callbacks.manager [None req-9ed7c49f-f696-4d17-b1fb-1354c5f27314 None None] Subscribe: > floatingip precommit_create 55550000, False {{(pid=90032) subscribe /opt/stack/data/venv/lib/python3.12/site-packages/neutron_lib/callbacks/manager.py:52}}
Jun 16 18:31:25.351958 np0000002981 devstack@neutron-api.service[90032]: DEBUG neutron_lib.callbacks.manager [None req-9ed7c49f-f696-4d17-b1fb-1354c5f27314 None None] Subscribe: > floatingip precommit_update 55550000, False {{(pid=90032) subscribe /opt/stack/data/venv/lib/python3.12/site-packages/neutron_lib/callbacks/manager.py:52}}
Jun 16 18:31:25.352010 np0000002981 devstack@neutron-api.service[90030]: DEBUG neutron.api.extensions [None req-084cf292-2937-4681-9340-254e1315c5cf None None] Ext name="Quota management support" alias="quotas" description="Expose functions for quotas management per project" updated="2012-07-29T10:00:00-00:00" {{(pid=90030) _check_extension /opt/stack/neutron/neutron/api/extensions.py:415}}
Jun 16 18:31:25.352091 np0000002981 devstack@neutron-api.service[90032]: DEBUG neutron_lib.callbacks.manager [None req-9ed7c49f-f696-4d17-b1fb-1354c5f27314 None None] Subscribe: > floatingip after_delete 55550000, False {{(pid=90032) subscribe /opt/stack/data/venv/lib/python3.12/site-packages/neutron_lib/callbacks/manager.py:52}}
Jun 16 18:31:25.352202 np0000002981 devstack@neutron-api.service[90030]: INFO neutron.api.extensions [None req-084cf292-2937-4681-9340-254e1315c5cf None None] Loaded extension: quotas
Jun 16 18:31:25.352281 np0000002981 devstack@neutron-api.service[90032]: DEBUG neutron_lib.callbacks.manager [None req-9ed7c49f-f696-4d17-b1fb-1354c5f27314 None None] Subscribe: > floatingip after_status_update 55550000, False {{(pid=90032) subscribe /opt/stack/data/venv/lib/python3.12/site-packages/neutron_lib/callbacks/manager.py:52}}
Jun 16 18:31:25.352361 np0000002981 devstack@neutron-api.service[90030]: DEBUG neutron.api.extensions [None req-084cf292-2937-4681-9340-254e1315c5cf None None] Loading extension file: quotasv2_detail.py {{(pid=90030) _load_all_extensions_from_path /opt/stack/neutron/neutron/api/extensions.py:449}}
Jun 16 18:31:25.352441 np0000002981 devstack@neutron-api.service[90032]: DEBUG neutron_lib.callbacks.manager [None req-9ed7c49f-f696-4d17-b1fb-1354c5f27314 None None] Subscribe: > floatingip after_update 55550000, False {{(pid=90032) subscribe /opt/stack/data/venv/lib/python3.12/site-packages/neutron_lib/callbacks/manager.py:52}}
Jun 16 18:31:25.352572 np0000002981 devstack@neutron-api.service[90032]: DEBUG neutron_lib.callbacks.manager [None req-9ed7c49f-f696-4d17-b1fb-1354c5f27314 None None] Subscribe: > port_forwarding after_create 55550000, False {{(pid=90032) subscribe /opt/stack/data/venv/lib/python3.12/site-packages/neutron_lib/callbacks/manager.py:52}}
Jun 16 18:31:25.352613 np0000002981 devstack@neutron-api.service[90032]: DEBUG neutron_lib.callbacks.manager [None req-9ed7c49f-f696-4d17-b1fb-1354c5f27314 None None] Subscribe: > router_interface after_delete 55550000, False {{(pid=90032) subscribe /opt/stack/data/venv/lib/python3.12/site-packages/neutron_lib/callbacks/manager.py:52}}
Jun 16 18:31:25.352725 np0000002981 devstack@neutron-api.service[90032]: DEBUG neutron_lib.callbacks.manager [None req-9ed7c49f-f696-4d17-b1fb-1354c5f27314 None None] Subscribe: > router after_create 55550000, False {{(pid=90032) subscribe /opt/stack/data/venv/lib/python3.12/site-packages/neutron_lib/callbacks/manager.py:52}}
Jun 16 18:31:25.352813 np0000002981 devstack@neutron-api.service[90030]: DEBUG neutron.api.extensions [None req-084cf292-2937-4681-9340-254e1315c5cf None None] Ext name="Quota details management support" alias="quota_details" description="Expose functions for quotas usage statistics per project" updated="2017-02-10T10:00:00-00:00" {{(pid=90030) _check_extension /opt/stack/neutron/neutron/api/extensions.py:415}}
Jun 16 18:31:25.352891 np0000002981 devstack@neutron-api.service[90032]: DEBUG neutron_lib.callbacks.manager [None req-9ed7c49f-f696-4d17-b1fb-1354c5f27314 None None] Subscribe: > router precommit_create 55550000, False {{(pid=90032) subscribe /opt/stack/data/venv/lib/python3.12/site-packages/neutron_lib/callbacks/manager.py:52}}
Jun 16 18:31:25.352966 np0000002981 devstack@neutron-api.service[90030]: INFO neutron.api.extensions [None req-084cf292-2937-4681-9340-254e1315c5cf None None] Loaded extension: quota_details
Jun 16 18:31:25.353034 np0000002981 devstack@neutron-api.service[90032]: DEBUG neutron_lib.callbacks.manager [None req-9ed7c49f-f696-4d17-b1fb-1354c5f27314 None None] Subscribe: > router after_delete 55550000, False {{(pid=90032) subscribe /opt/stack/data/venv/lib/python3.12/site-packages/neutron_lib/callbacks/manager.py:52}}
Jun 16 18:31:25.353123 np0000002981 devstack@neutron-api.service[90030]: DEBUG neutron.api.extensions [None req-084cf292-2937-4681-9340-254e1315c5cf None None] Loading extension file: rbac.py {{(pid=90030) _load_all_extensions_from_path /opt/stack/neutron/neutron/api/extensions.py:449}}
Jun 16 18:31:25.353197 np0000002981 devstack@neutron-api.service[90032]: DEBUG neutron_lib.callbacks.manager [None req-9ed7c49f-f696-4d17-b1fb-1354c5f27314 None None] Subscribe: > router after_update 55550000, False {{(pid=90032) subscribe /opt/stack/data/venv/lib/python3.12/site-packages/neutron_lib/callbacks/manager.py:52}}
Jun 16 18:31:25.353276 np0000002981 devstack@neutron-api.service[90032]: DEBUG neutron.services.service_base [None req-9ed7c49f-f696-4d17-b1fb-1354c5f27314 None None] Loaded 'neutron.services.ovn_l3.service_providers.ovn.OvnDriver' provider for service L3_ROUTER_NAT {{(pid=90032) load_drivers /opt/stack/neutron/neutron/services/service_base.py:49}}
Jun 16 18:31:25.354056 np0000002981 devstack@neutron-api.service[90032]: DEBUG neutron_lib.callbacks.manager [None req-9ed7c49f-f696-4d17-b1fb-1354c5f27314 None None] Subscribe: > process after_init 55550001, True {{(pid=90032) subscribe /opt/stack/data/venv/lib/python3.12/site-packages/neutron_lib/callbacks/manager.py:52}}
Jun 16 18:31:25.354056 np0000002981 devstack@neutron-api.service[90032]: DEBUG neutron.manager [None req-9ed7c49f-f696-4d17-b1fb-1354c5f27314 None None] Successfully loaded L3_ROUTER_NAT plugin. Description: L3 Router Service Plugin for basic L3 forwarding using OVN {{(pid=90032) _create_and_add_service_plugin /opt/stack/neutron/neutron/manager.py:239}}
