Jun 17 13:49:33.323779 np0000003053 devstack@g-api.service[98793]: DEBUG glance.api.middleware.version_negotiation [None req-44d331c2-8ae2-43f7-87d8-80a13bdff963 tempest-ServerBootFromVolumeStableRescueTest-2099765342 tempest-ServerBootFromVolumeStableRescueTest-2099765342-project-member] new path /v2/images/3e8484e5-0183-4f54-86ae-20a04fb315bd/locations {{(pid=98793) process_request /opt/stack/glance/glance/api/middleware/version_negotiation.py:70}}
Jun 17 13:49:33.433109 np0000003053 devstack@g-api.service[98793]: [pid: 98793|app: 0|req: 231/453] 127.0.0.1 () {44 vars in 1135 bytes} [Wed Jun 17 13:49:33 2026] GET /v2/images/3e8484e5-0183-4f54-86ae-20a04fb315bd/locations => generated 92 bytes in 108 msecs (HTTP/1.1 200) 4 headers in 156 bytes (1 switches on core 0)
Jun 17 13:49:33.440786 np0000003053 devstack@g-api.service[98794]: DEBUG glance.api.middleware.version_negotiation [None req-2c1eb494-af39-447d-9f6e-4e1bb10ac8a3 tempest-ServerBootFromVolumeStableRescueTest-2099765342 tempest-ServerBootFromVolumeStableRescueTest-2099765342-project-member] Determining version of request: GET /v2/images/3e8484e5-0183-4f54-86ae-20a04fb315bd Accept: */* {{(pid=98794) process_request /opt/stack/glance/glance/api/middleware/version_negotiation.py:44}}
Jun 17 13:49:33.441035 np0000003053 devstack@g-api.service[98794]: DEBUG glance.api.middleware.version_negotiation [None req-2c1eb494-af39-447d-9f6e-4e1bb10ac8a3 tempest-ServerBootFromVolumeStableRescueTest-2099765342 tempest-ServerBootFromVolumeStableRescueTest-2099765342-project-member] Using url versioning {{(pid=98794) process_request /opt/stack/glance/glance/api/middleware/version_negotiation.py:57}}
Jun 17 13:49:33.441260 np0000003053 devstack@g-api.service[98794]: DEBUG glance.api.middleware.version_negotiation [None req-2c1eb494-af39-447d-9f6e-4e1bb10ac8a3 tempest-ServerBootFromVolumeStableRescueTest-2099765342 tempest-ServerBootFromVolumeStableRescueTest-2099765342-project-member] Matched version: v2 {{(pid=98794) process_request /opt/stack/glance/glance/api/middleware/version_negotiation.py:69}}
Jun 17 13:49:33.441667 np0000003053 devstack@g-api.service[98794]: DEBUG glance.api.middleware.version_negotiation [None req-2c1eb494-af39-447d-9f6e-4e1bb10ac8a3 tempest-ServerBootFromVolumeStableRescueTest-2099765342 tempest-ServerBootFromVolumeStableRescueTest-2099765342-project-member] new path /v2/images/3e8484e5-0183-4f54-86ae-20a04fb315bd {{(pid=98794) process_request /opt/stack/glance/glance/api/middleware/version_negotiation.py:70}}
Jun 17 13:49:33.465150 np0000003053 devstack@g-api.service[98794]: [pid: 98794|app: 0|req: 223/454] 127.0.0.1 () {44 vars in 1115 bytes} [Wed Jun 17 13:49:33 2026] GET /v2/images/3e8484e5-0183-4f54-86ae-20a04fb315bd => generated 1044 bytes in 24 msecs (HTTP/1.1 200) 4 headers in 158 bytes (1 switches on core 0)
Jun 17 13:49:33.483415 np0000003053 devstack@g-api.service[98793]: DEBUG glance.api.middleware.version_negotiation [None req-80aea4ad-4f79-4af1-90bd-89e4fae94919 service glance] Determining version of request: GET /v2/schemas/image Accept: */* {{(pid=98793) process_request /opt/stack/glance/glance/api/middleware/version_negotiation.py:44}}
Jun 17 13:49:33.483637 np0000003053 devstack@g-api.service[98793]: DEBUG glance.api.middleware.version_negotiation [None req-80aea4ad-4f79-4af1-90bd-89e4fae94919 service glance] Using url versioning {{(pid=98793) process_request /opt/stack/glance/glance/api/middleware/version_negotiation.py:57}}
Jun 17 13:49:33.483986 np0000003053 devstack@g-api.service[98793]: DEBUG glance.api.middleware.version_negotiation [None req-80aea4ad-4f79-4af1-90bd-89e4fae94919 service glance] Matched version: v2 {{(pid=98793) process_request /opt/stack/glance/glance/api/middleware/version_negotiation.py:69}}
Jun 17 13:49:33.484110 np0000003053 devstack@g-api.service[98793]: DEBUG glance.api.middleware.version_negotiation [None req-80aea4ad-4f79-4af1-90bd-89e4fae94919 service glance] new path /v2/schemas/image {{(pid=98793) process_request /opt/stack/glance/glance/api/middleware/version_negotiation.py:70}}
Jun 17 13:49:33.488322 np0000003053 devstack@g-api.service[98793]: [pid: 98793|app: 0|req: 232/455] 127.0.0.1 () {44 vars in 1055 bytes} [Wed Jun 17 13:49:33 2026] GET /v2/schemas/image => generated 6083 bytes in 5 msecs (HTTP/1.1 200) 4 headers in 158 bytes (1 switches on core 0)
Jun 17 13:49:33.509039 np0000003053 devstack@g-api.service[98794]: DEBUG glance.api.middleware.version_negotiation [None req-80aea4ad-4f79-4af1-90bd-89e4fae94919 tempest-TestVolumeBackupRestore-689965376 tempest-TestVolumeBackupRestore-689965376-project-member] Determining version of request: GET /v2/schemas/image Accept: */* {{(pid=98794) process_request /opt/stack/glance/glance/api/middleware/version_negotiation.py:44}}
Jun 17 13:49:33.509448 np0000003053 devstack@g-api.service[98794]: DEBUG glance.api.middleware.version_negotiation [None req-80aea4ad-4f79-4af1-90bd-89e4fae94919 tempest-TestVolumeBackupRestore-689965376 tempest-TestVolumeBackupRestore-689965376-project-member] Using url versioning {{(pid=98794) process_request /opt/stack/glance/glance/api/middleware/version_negotiation.py:57}}
Jun 17 13:49:33.509738 np0000003053 devstack@g-api.service[98794]: DEBUG glance.api.middleware.version_negotiation [None req-80aea4ad-4f79-4af1-90bd-89e4fae94919 tempest-TestVolumeBackupRestore-689965376 tempest-TestVolumeBackupRestore-689965376-project-member] Matched version: v2 {{(pid=98794) process_request /opt/stack/glance/glance/api/middleware/version_negotiation.py:69}}
Jun 17 13:49:33.509870 np0000003053 devstack@g-api.service[98794]: DEBUG glance.api.middleware.version_negotiation [None req-80aea4ad-4f79-4af1-90bd-89e4fae94919 tempest-TestVolumeBackupRestore-689965376 tempest-TestVolumeBackupRestore-689965376-project-member] new path /v2/schemas/image {{(pid=98794) process_request /opt/stack/glance/glance/api/middleware/version_negotiation.py:70}}
Jun 17 13:49:33.516325 np0000003053 devstack@g-api.service[98794]: [pid: 98794|app: 0|req: 224/456] 127.0.0.1 () {44 vars in 1055 bytes} [Wed Jun 17 13:49:33 2026] GET /v2/schemas/image => generated 6083 bytes in 9 msecs (HTTP/1.1 200) 4 headers in 158 bytes (1 switches on core 0)
Jun 17 13:49:34.104542 np0000003053 devstack@g-api.service[98793]: DEBUG glance.api.middleware.version_negotiation [None req-80aea4ad-4f79-4af1-90bd-89e4fae94919 tempest-TestVolumeBackupRestore-689965376 tempest-TestVolumeBackupRestore-689965376-project-member] Determining version of request: GET /v2/images/2b715099-db6b-4866-a462-db1cea74b729 Accept: application/json {{(pid=98793) process_request /opt/stack/glance/glance/api/middleware/version_negotiation.py:44}}
Jun 17 13:49:34.108551 np0000003053 devstack@g-api.service[98793]: DEBUG glance.api.middleware.version_negotiation [None req-80aea4ad-4f79-4af1-90bd-89e4fae94919 tempest-TestVolumeBackupRestore-689965376 tempest-TestVolumeBackupRestore-689965376-project-member] Using url versioning {{(pid=98793) process_request /opt/stack/glance/glance/api/middleware/version_negotiation.py:57}}
Jun 17 13:49:34.108771 np0000003053 devstack@g-api.service[98793]: DEBUG glance.api.middleware.version_negotiation [None req-80aea4ad-4f79-4af1-90bd-89e4fae94919 tempest-TestVolumeBackupRestore-689965376 tempest-TestVolumeBackupRestore-689965376-project-member] Matched version: v2 {{(pid=98793) process_request /opt/stack/glance/glance/api/middleware/version_negotiation.py:69}}
Jun 17 13:49:34.109143 np0000003053 devstack@g-api.service[98793]: DEBUG glance.api.middleware.version_negotiation [None req-80aea4ad-4f79-4af1-90bd-89e4fae94919 tempest-TestVolumeBackupRestore-689965376 tempest-TestVolumeBackupRestore-689965376-project-member] new path /v2/images/2b715099-db6b-4866-a462-db1cea74b729 {{(pid=98793) process_request /opt/stack/glance/glance/api/middleware/version_negotiation.py:70}}
Jun 17 13:49:34.129418 np0000003053 devstack@g-api.service[98793]: [pid: 98793|app: 0|req: 233/457] 127.0.0.1 () {40 vars in 838 bytes} [Wed Jun 17 13:49:34 2026] GET /v2/images/2b715099-db6b-4866-a462-db1cea74b729 => generated 1360 bytes in 25 msecs (HTTP/1.1 200) 4 headers in 158 bytes (1 switches on core 0)
Jun 17 13:49:34.655786 np0000003053 devstack@g-api.service[98794]: DEBUG glance.api.middleware.version_negotiation [None req-80aea4ad-4f79-4af1-90bd-89e4fae94919 tempest-TestVolumeBackupRestore-689965376 tempest-TestVolumeBackupRestore-689965376-project-member] Determining version of request: GET /v2/images/2b715099-db6b-4866-a462-db1cea74b729 Accept: */* {{(pid=98794) process_request /opt/stack/glance/glance/api/middleware/version_negotiation.py:44}}
Jun 17 13:49:34.657548 np0000003053 devstack@g-api.service[98794]: DEBUG glance.api.middleware.version_negotiation [None req-80aea4ad-4f79-4af1-90bd-89e4fae94919 tempest-TestVolumeBackupRestore-689965376 tempest-TestVolumeBackupRestore-689965376-project-member] Using url versioning {{(pid=98794) process_request /opt/stack/glance/glance/api/middleware/version_negotiation.py:57}}
Jun 17 13:49:34.657548 np0000003053 devstack@g-api.service[98794]: DEBUG glance.api.middleware.version_negotiation [None req-80aea4ad-4f79-4af1-90bd-89e4fae94919 tempest-TestVolumeBackupRestore-689965376 tempest-TestVolumeBackupRestore-689965376-project-member] Matched version: v2 {{(pid=98794) process_request /opt/stack/glance/glance/api/middleware/version_negotiation.py:69}}
Jun 17 13:49:34.657548 np0000003053 devstack@g-api.service[98794]: DEBUG glance.api.middleware.version_negotiation [None req-80aea4ad-4f79-4af1-90bd-89e4fae94919 tempest-TestVolumeBackupRestore-689965376 tempest-TestVolumeBackupRestore-689965376-project-member] new path /v2/images/2b715099-db6b-4866-a462-db1cea74b729 {{(pid=98794) process_request /opt/stack/glance/glance/api/middleware/version_negotiation.py:70}}
Jun 17 13:49:34.685815 np0000003053 devstack@g-api.service[98794]: [pid: 98794|app: 0|req: 225/458] 127.0.0.1 () {44 vars in 1115 bytes} [Wed Jun 17 13:49:34 2026] GET /v2/images/2b715099-db6b-4866-a462-db1cea74b729 => generated 1360 bytes in 30 msecs (HTTP/1.1 200) 4 headers in 158 bytes (1 switches on core 0)
Jun 17 13:49:34.745688 np0000003053 devstack@g-api.service[98793]: DEBUG glance.api.middleware.version_negotiation [None req-33109bc5-0ce6-4199-a67f-b538f3d29d80 tempest-ServerBootFromVolumeStableRescueTest-2099765342 tempest-ServerBootFromVolumeStableRescueTest-2099765342-project-member] Determining version of request: GET /v2/schemas/image Accept: */* {{(pid=98793) process_request /opt/stack/glance/glance/api/middleware/version_negotiation.py:44}}
Jun 17 13:49:34.747514 np0000003053 devstack@g-api.service[98793]: DEBUG glance.api.middleware.version_negotiation [None req-33109bc5-0ce6-4199-a67f-b538f3d29d80 tempest-ServerBootFromVolumeStableRescueTest-2099765342 tempest-ServerBootFromVolumeStableRescueTest-2099765342-project-member] Using url versioning {{(pid=98793) process_request /opt/stack/glance/glance/api/middleware/version_negotiation.py:57}}
Jun 17 13:49:34.747795 np0000003053 devstack@g-api.service[98793]: DEBUG glance.api.middleware.version_negotiation [None req-33109bc5-0ce6-4199-a67f-b538f3d29d80 tempest-ServerBootFromVolumeStableRescueTest-2099765342 tempest-ServerBootFromVolumeStableRescueTest-2099765342-project-member] Matched version: v2 {{(pid=98793) process_request /opt/stack/glance/glance/api/middleware/version_negotiation.py:69}}
Jun 17 13:49:34.750040 np0000003053 devstack@g-api.service[98793]: DEBUG glance.api.middleware.version_negotiation [None req-33109bc5-0ce6-4199-a67f-b538f3d29d80 tempest-ServerBootFromVolumeStableRescueTest-2099765342 tempest-ServerBootFromVolumeStableRescueTest-2099765342-project-member] new path /v2/schemas/image {{(pid=98793) process_request /opt/stack/glance/glance/api/middleware/version_negotiation.py:70}}
Jun 17 13:49:34.758086 np0000003053 devstack@g-api.service[98793]: [pid: 98793|app: 0|req: 234/459] 127.0.0.1 () {44 vars in 1055 bytes} [Wed Jun 17 13:49:34 2026] GET /v2/schemas/image => generated 6083 bytes in 12 msecs (HTTP/1.1 200) 4 headers in 158 bytes (1 switches on core 0)
Jun 17 13:49:35.140914 np0000003053 devstack@g-api.service[98794]: DEBUG glance.api.middleware.version_negotiation [None req-2c1eb494-af39-447d-9f6e-4e1bb10ac8a3 tempest-ServerBootFromVolumeStableRescueTest-2099765342 tempest-ServerBootFromVolumeStableRescueTest-2099765342-project-member] Determining version of request: GET /v2/images/2b715099-db6b-4866-a462-db1cea74b729 Accept: application/json {{(pid=98794) process_request /opt/stack/glance/glance/api/middleware/version_negotiation.py:44}}
Jun 17 13:49:35.140914 np0000003053 devstack@g-api.service[98794]: DEBUG glance.api.middleware.version_negotiation [None req-2c1eb494-af39-447d-9f6e-4e1bb10ac8a3 tempest-ServerBootFromVolumeStableRescueTest-2099765342 tempest-ServerBootFromVolumeStableRescueTest-2099765342-project-member] Using url versioning {{(pid=98794) process_request /opt/stack/glance/glance/api/middleware/version_negotiation.py:57}}
Jun 17 13:49:35.140914 np0000003053 devstack@g-api.service[98794]: DEBUG glance.api.middleware.version_negotiation [None req-2c1eb494-af39-447d-9f6e-4e1bb10ac8a3 tempest-ServerBootFromVolumeStableRescueTest-2099765342 tempest-ServerBootFromVolumeStableRescueTest-2099765342-project-member] Matched version: v2 {{(pid=98794) process_request /opt/stack/glance/glance/api/middleware/version_negotiation.py:69}}
Jun 17 13:49:35.140914 np0000003053 devstack@g-api.service[98794]: DEBUG glance.api.middleware.version_negotiation [None req-2c1eb494-af39-447d-9f6e-4e1bb10ac8a3 tempest-ServerBootFromVolumeStableRescueTest-2099765342 tempest-ServerBootFromVolumeStableRescueTest-2099765342-project-member] new path /v2/images/2b715099-db6b-4866-a462-db1cea74b729 {{(pid=98794) process_request /opt/stack/glance/glance/api/middleware/version_negotiation.py:70}}
Jun 17 13:49:35.156088 np0000003053 devstack@g-api.service[98794]: [pid: 98794|app: 0|req: 226/460] 127.0.0.1 () {40 vars in 838 bytes} [Wed Jun 17 13:49:35 2026] GET /v2/images/2b715099-db6b-4866-a462-db1cea74b729 => generated 1360 bytes in 16 msecs (HTTP/1.1 200) 4 headers in 158 bytes (1 switches on core 0)
Jun 17 13:49:36.167848 np0000003053 devstack@g-api.service[98793]: DEBUG glance.api.middleware.version_negotiation [None req-2c1eb494-af39-447d-9f6e-4e1bb10ac8a3 tempest-ServerBootFromVolumeStableRescueTest-2099765342 tempest-ServerBootFromVolumeStableRescueTest-2099765342-project-member] Determining version of request: GET /v2/images/2b715099-db6b-4866-a462-db1cea74b729 Accept: application/json {{(pid=98793) process_request /opt/stack/glance/glance/api/middleware/version_negotiation.py:44}}
Jun 17 13:49:36.168673 np0000003053 devstack@g-api.service[98793]: DEBUG glance.api.middleware.version_negotiation [None req-2c1eb494-af39-447d-9f6e-4e1bb10ac8a3 tempest-ServerBootFromVolumeStableRescueTest-2099765342 tempest-ServerBootFromVolumeStableRescueTest-2099765342-project-member] Using url versioning {{(pid=98793) process_request /opt/stack/glance/glance/api/middleware/version_negotiation.py:57}}
Jun 17 13:49:36.168673 np0000003053 devstack@g-api.service[98793]: DEBUG glance.api.middleware.version_negotiation [None req-2c1eb494-af39-447d-9f6e-4e1bb10ac8a3 tempest-ServerBootFromVolumeStableRescueTest-2099765342 tempest-ServerBootFromVolumeStableRescueTest-2099765342-project-member] Matched version: v2 {{(pid=98793) process_request /opt/stack/glance/glance/api/middleware/version_negotiation.py:69}}
Jun 17 13:49:36.168950 np0000003053 devstack@g-api.service[98793]: DEBUG glance.api.middleware.version_negotiation [None req-2c1eb494-af39-447d-9f6e-4e1bb10ac8a3 tempest-ServerBootFromVolumeStableRescueTest-2099765342 tempest-ServerBootFromVolumeStableRescueTest-2099765342-project-member] new path /v2/images/2b715099-db6b-4866-a462-db1cea74b729 {{(pid=98793) process_request /opt/stack/glance/glance/api/middleware/version_negotiation.py:70}}
Jun 17 13:49:36.205339 np0000003053 devstack@g-api.service[98793]: [pid: 98793|app: 0|req: 235/461] 127.0.0.1 () {40 vars in 838 bytes} [Wed Jun 17 13:49:36 2026] GET /v2/images/2b715099-db6b-4866-a462-db1cea74b729 => generated 1360 bytes in 37 msecs (HTTP/1.1 200) 4 headers in 158 bytes (1 switches on core 0)
Jun 17 13:49:37.218062 np0000003053 devstack@g-api.service[98794]: DEBUG glance.api.middleware.version_negotiation [None req-0f31f41f-c5ac-4d43-8cb0-940a2d5605ce tempest-ServerBootFromVolumeStableRescueTest-2099765342 tempest-ServerBootFromVolumeStableRescueTest-2099765342-project-member] Determining version of request: GET /v2/images/2b715099-db6b-4866-a462-db1cea74b729 Accept: application/json {{(pid=98794) process_request /opt/stack/glance/glance/api/middleware/version_negotiation.py:44}}
Jun 17 13:49:37.218827 np0000003053 devstack@g-api.service[98794]: DEBUG glance.api.middleware.version_negotiation [None req-0f31f41f-c5ac-4d43-8cb0-940a2d5605ce tempest-ServerBootFromVolumeStableRescueTest-2099765342 tempest-ServerBootFromVolumeStableRescueTest-2099765342-project-member] Using url versioning {{(pid=98794) process_request /opt/stack/glance/glance/api/middleware/version_negotiation.py:57}}
Jun 17 13:49:37.218827 np0000003053 devstack@g-api.service[98794]: DEBUG glance.api.middleware.version_negotiation [None req-0f31f41f-c5ac-4d43-8cb0-940a2d5605ce tempest-ServerBootFromVolumeStableRescueTest-2099765342 tempest-ServerBootFromVolumeStableRescueTest-2099765342-project-member] Matched version: v2 {{(pid=98794) process_request /opt/stack/glance/glance/api/middleware/version_negotiation.py:69}}
Jun 17 13:49:37.218827 np0000003053 devstack@g-api.service[98794]: DEBUG glance.api.middleware.version_negotiation [None req-0f31f41f-c5ac-4d43-8cb0-940a2d5605ce tempest-ServerBootFromVolumeStableRescueTest-2099765342 tempest-ServerBootFromVolumeStableRescueTest-2099765342-project-member] new path /v2/images/2b715099-db6b-4866-a462-db1cea74b729 {{(pid=98794) process_request /opt/stack/glance/glance/api/middleware/version_negotiation.py:70}}
Jun 17 13:49:37.273288 np0000003053 devstack@g-api.service[98794]: [pid: 98794|app: 0|req: 227/462] 127.0.0.1 () {40 vars in 838 bytes} [Wed Jun 17 13:49:37 2026] GET /v2/images/2b715099-db6b-4866-a462-db1cea74b729 => generated 1360 bytes in 55 msecs (HTTP/1.1 200) 4 headers in 158 bytes (1 switches on core 0)
Jun 17 13:49:38.186497 np0000003053 devstack@g-api.service[98793]: DEBUG glance.api.middleware.version_negotiation [None req-e210c4d7-16f1-45c0-9a8f-d2499b6b6f30 tempest-ServerBootFromVolumeStableRescueTest-2099765342 tempest-ServerBootFromVolumeStableRescueTest-2099765342-project-member] Determining version of request: GET /v2/images/2b715099-db6b-4866-a462-db1cea74b729 Accept: */* {{(pid=98793) process_request /opt/stack/glance/glance/api/middleware/version_negotiation.py:44}}
Jun 17 13:49:38.186950 np0000003053 devstack@g-api.service[98793]: DEBUG glance.api.middleware.version_negotiation [None req-e210c4d7-16f1-45c0-9a8f-d2499b6b6f30 tempest-ServerBootFromVolumeStableRescueTest-2099765342 tempest-ServerBootFromVolumeStableRescueTest-2099765342-project-member] Using url versioning {{(pid=98793) process_request /opt/stack/glance/glance/api/middleware/version_negotiation.py:57}}
Jun 17 13:49:38.186950 np0000003053 devstack@g-api.service[98793]: DEBUG glance.api.middleware.version_negotiation [None req-e210c4d7-16f1-45c0-9a8f-d2499b6b6f30 tempest-ServerBootFromVolumeStableRescueTest-2099765342 tempest-ServerBootFromVolumeStableRescueTest-2099765342-project-member] Matched version: v2 {{(pid=98793) process_request /opt/stack/glance/glance/api/middleware/version_negotiation.py:69}}
Jun 17 13:49:38.187060 np0000003053 devstack@g-api.service[98793]: DEBUG glance.api.middleware.version_negotiation [None req-e210c4d7-16f1-45c0-9a8f-d2499b6b6f30 tempest-ServerBootFromVolumeStableRescueTest-2099765342 tempest-ServerBootFromVolumeStableRescueTest-2099765342-project-member] new path /v2/images/2b715099-db6b-4866-a462-db1cea74b729 {{(pid=98793) process_request /opt/stack/glance/glance/api/middleware/version_negotiation.py:70}}
Jun 17 13:49:38.202037 np0000003053 devstack@g-api.service[98793]: [pid: 98793|app: 0|req: 236/463] 127.0.0.1 () {44 vars in 1115 bytes} [Wed Jun 17 13:49:38 2026] GET /v2/images/2b715099-db6b-4866-a462-db1cea74b729 => generated 1360 bytes in 16 msecs (HTTP/1.1 200) 4 headers in 158 bytes (1 switches on core 0)
Jun 17 13:49:38.245398 np0000003053 devstack@g-api.service[98794]: DEBUG glance.api.middleware.version_negotiation [None req-683b9abe-0411-4b44-8788-99a147382315 tempest-ServerBootFromVolumeStableRescueTest-2099765342 tempest-ServerBootFromVolumeStableRescueTest-2099765342-project-member] Determining version of request: GET /v2/schemas/image Accept: */* {{(pid=98794) process_request /opt/stack/glance/glance/api/middleware/version_negotiation.py:44}}
Jun 17 13:49:38.245915 np0000003053 devstack@g-api.service[98794]: DEBUG glance.api.middleware.version_negotiation [None req-683b9abe-0411-4b44-8788-99a147382315 tempest-ServerBootFromVolumeStableRescueTest-2099765342 tempest-ServerBootFromVolumeStableRescueTest-2099765342-project-member] Using url versioning {{(pid=98794) process_request /opt/stack/glance/glance/api/middleware/version_negotiation.py:57}}
Jun 17 13:49:38.245915 np0000003053 devstack@g-api.service[98794]: DEBUG glance.api.middleware.version_negotiation [None req-683b9abe-0411-4b44-8788-99a147382315 tempest-ServerBootFromVolumeStableRescueTest-2099765342 tempest-ServerBootFromVolumeStableRescueTest-2099765342-project-member] Matched version: v2 {{(pid=98794) process_request /opt/stack/glance/glance/api/middleware/version_negotiation.py:69}}
Jun 17 13:49:38.246410 np0000003053 devstack@g-api.service[98794]: DEBUG glance.api.middleware.version_negotiation [None req-683b9abe-0411-4b44-8788-99a147382315 tempest-ServerBootFromVolumeStableRescueTest-2099765342 tempest-ServerBootFromVolumeStableRescueTest-2099765342-project-member] new path /v2/schemas/image {{(pid=98794) process_request /opt/stack/glance/glance/api/middleware/version_negotiation.py:70}}
Jun 17 13:49:38.249146 np0000003053 devstack@g-api.service[98794]: [pid: 98794|app: 0|req: 228/464] 127.0.0.1 () {44 vars in 1055 bytes} [Wed Jun 17 13:49:38 2026] GET /v2/schemas/image => generated 6083 bytes in 4 msecs (HTTP/1.1 200) 4 headers in 158 bytes (1 switches on core 0)
Jun 17 13:49:38.286770 np0000003053 devstack@g-api.service[98793]: DEBUG glance.api.middleware.version_negotiation [None req-2c1eb494-af39-447d-9f6e-4e1bb10ac8a3 tempest-ServerBootFromVolumeStableRescueTest-2099765342 tempest-ServerBootFromVolumeStableRescueTest-2099765342-project-member] Determining version of request: GET /v2/images/2b715099-db6b-4866-a462-db1cea74b729 Accept: application/json {{(pid=98793) process_request /opt/stack/glance/glance/api/middleware/version_negotiation.py:44}}
Jun 17 13:49:38.286975 np0000003053 devstack@g-api.service[98793]: DEBUG glance.api.middleware.version_negotiation [None req-2c1eb494-af39-447d-9f6e-4e1bb10ac8a3 tempest-ServerBootFromVolumeStableRescueTest-2099765342 tempest-ServerBootFromVolumeStableRescueTest-2099765342-project-member] Using url versioning {{(pid=98793) process_request /opt/stack/glance/glance/api/middleware/version_negotiation.py:57}}
Jun 17 13:49:38.287047 np0000003053 devstack@g-api.service[98793]: DEBUG glance.api.middleware.version_negotiation [None req-2c1eb494-af39-447d-9f6e-4e1bb10ac8a3 tempest-ServerBootFromVolumeStableRescueTest-2099765342 tempest-ServerBootFromVolumeStableRescueTest-2099765342-project-member] Matched version: v2 {{(pid=98793) process_request /opt/stack/glance/glance/api/middleware/version_negotiation.py:69}}
Jun 17 13:49:38.287228 np0000003053 devstack@g-api.service[98793]: DEBUG glance.api.middleware.version_negotiation [None req-2c1eb494-af39-447d-9f6e-4e1bb10ac8a3 tempest-ServerBootFromVolumeStableRescueTest-2099765342 tempest-ServerBootFromVolumeStableRescueTest-2099765342-project-member] new path /v2/images/2b715099-db6b-4866-a462-db1cea74b729 {{(pid=98793) process_request /opt/stack/glance/glance/api/middleware/version_negotiation.py:70}}
Jun 17 13:49:38.299816 np0000003053 devstack@g-api.service[98793]: [pid: 98793|app: 0|req: 237/465] 127.0.0.1 () {40 vars in 838 bytes} [Wed Jun 17 13:49:38 2026] GET /v2/images/2b715099-db6b-4866-a462-db1cea74b729 => generated 1360 bytes in 13 msecs (HTTP/1.1 200) 4 headers in 158 bytes (1 switches on core 0)
Jun 17 13:49:38.309065 np0000003053 devstack@g-api.service[98794]: DEBUG glance.api.middleware.version_negotiation [None req-2c1eb494-af39-447d-9f6e-4e1bb10ac8a3 tempest-ServerBootFromVolumeStableRescueTest-2099765342 tempest-ServerBootFromVolumeStableRescueTest-2099765342-project-member] Determining version of request: GET /v2/schemas/image Accept: */* {{(pid=98794) process_request /opt/stack/glance/glance/api/middleware/version_negotiation.py:44}}
Jun 17 13:49:38.309249 np0000003053 devstack@g-api.service[98794]: DEBUG glance.api.middleware.version_negotiation [None req-2c1eb494-af39-447d-9f6e-4e1bb10ac8a3 tempest-ServerBootFromVolumeStableRescueTest-2099765342 tempest-ServerBootFromVolumeStableRescueTest-2099765342-project-member] Using url versioning {{(pid=98794) process_request /opt/stack/glance/glance/api/middleware/version_negotiation.py:57}}
Jun 17 13:49:38.310014 np0000003053 devstack@g-api.service[98794]: DEBUG glance.api.middleware.version_negotiation [None req-2c1eb494-af39-447d-9f6e-4e1bb10ac8a3 tempest-ServerBootFromVolumeStableRescueTest-2099765342 tempest-ServerBootFromVolumeStableRescueTest-2099765342-project-member] Matched version: v2 {{(pid=98794) process_request /opt/stack/glance/glance/api/middleware/version_negotiation.py:69}}
Jun 17 13:49:38.310014 np0000003053 devstack@g-api.service[98794]: DEBUG glance.api.middleware.version_negotiation [None req-2c1eb494-af39-447d-9f6e-4e1bb10ac8a3 tempest-ServerBootFromVolumeStableRescueTest-2099765342 tempest-ServerBootFromVolumeStableRescueTest-2099765342-project-member] new path /v2/schemas/image {{(pid=98794) process_request /opt/stack/glance/glance/api/middleware/version_negotiation.py:70}}
Jun 17 13:49:38.315516 np0000003053 devstack@g-api.service[98794]: [pid: 98794|app: 0|req: 229/466] 127.0.0.1 () {44 vars in 1055 bytes} [Wed Jun 17 13:49:38 2026] GET /v2/schemas/image => generated 6083 bytes in 6 msecs (HTTP/1.1 200) 4 headers in 158 bytes (1 switches on core 0)
Jun 17 13:49:38.388877 np0000003053 devstack@g-api.service[98793]: DEBUG glance.api.middleware.version_negotiation [None req-15db95ac-b8f4-426f-9919-9131895073c0 tempest-ServerBootFromVolumeStableRescueTest-2099765342 tempest-ServerBootFromVolumeStableRescueTest-2099765342-project-member] Determining version of request: PATCH /v2/images/2b715099-db6b-4866-a462-db1cea74b729 Accept: */* {{(pid=98793) process_request /opt/stack/glance/glance/api/middleware/version_negotiation.py:44}}
Jun 17 13:49:38.390803 np0000003053 devstack@g-api.service[98793]: DEBUG glance.api.middleware.version_negotiation [None req-15db95ac-b8f4-426f-9919-9131895073c0 tempest-ServerBootFromVolumeStableRescueTest-2099765342 tempest-ServerBootFromVolumeStableRescueTest-2099765342-project-member] Using url versioning {{(pid=98793) process_request /opt/stack/glance/glance/api/middleware/version_negotiation.py:57}}
Jun 17 13:49:38.391026 np0000003053 devstack@g-api.service[98793]: DEBUG glance.api.middleware.version_negotiation [None req-15db95ac-b8f4-426f-9919-9131895073c0 tempest-ServerBootFromVolumeStableRescueTest-2099765342 tempest-ServerBootFromVolumeStableRescueTest-2099765342-project-member] Matched version: v2 {{(pid=98793) process_request /opt/stack/glance/glance/api/middleware/version_negotiation.py:69}}
Jun 17 13:49:38.391152 np0000003053 devstack@g-api.service[98793]: DEBUG glance.api.middleware.version_negotiation [None req-15db95ac-b8f4-426f-9919-9131895073c0 tempest-ServerBootFromVolumeStableRescueTest-2099765342 tempest-ServerBootFromVolumeStableRescueTest-2099765342-project-member] new path /v2/images/2b715099-db6b-4866-a462-db1cea74b729 {{(pid=98793) process_request /opt/stack/glance/glance/api/middleware/version_negotiation.py:70}}
Jun 17 13:49:38.656235 np0000003053 devstack@g-api.service[98793]: [pid: 98793|app: 0|req: 238/467] 127.0.0.1 () {46 vars in 1158 bytes} [Wed Jun 17 13:49:38 2026] PATCH /v2/images/2b715099-db6b-4866-a462-db1cea74b729 => generated 1471 bytes in 269 msecs (HTTP/1.1 200) 4 headers in 158 bytes (1 switches on core 0)
Jun 17 13:49:38.706355 np0000003053 devstack@g-api.service[98794]: DEBUG glance.api.middleware.version_negotiation [None req-2c1eb494-af39-447d-9f6e-4e1bb10ac8a3 tempest-ServerBootFromVolumeStableRescueTest-2099765342 tempest-ServerBootFromVolumeStableRescueTest-2099765342-project-member] Determining version of request: GET /v2/images/2b715099-db6b-4866-a462-db1cea74b729 Accept: */* {{(pid=98794) process_request /opt/stack/glance/glance/api/middleware/version_negotiation.py:44}}
Jun 17 13:49:38.706636 np0000003053 devstack@g-api.service[98794]: DEBUG glance.api.middleware.version_negotiation [None req-2c1eb494-af39-447d-9f6e-4e1bb10ac8a3 tempest-ServerBootFromVolumeStableRescueTest-2099765342 tempest-ServerBootFromVolumeStableRescueTest-2099765342-project-member] Using url versioning {{(pid=98794) process_request /opt/stack/glance/glance/api/middleware/version_negotiation.py:57}}
Jun 17 13:49:38.706836 np0000003053 devstack@g-api.service[98794]: DEBUG glance.api.middleware.version_negotiation [None req-2c1eb494-af39-447d-9f6e-4e1bb10ac8a3 tempest-ServerBootFromVolumeStableRescueTest-2099765342 tempest-ServerBootFromVolumeStableRescueTest-2099765342-project-member] Matched version: v2 {{(pid=98794) process_request /opt/stack/glance/glance/api/middleware/version_negotiation.py:69}}
Jun 17 13:49:38.706982 np0000003053 devstack@g-api.service[98794]: DEBUG glance.api.middleware.version_negotiation [None req-2c1eb494-af39-447d-9f6e-4e1bb10ac8a3 tempest-ServerBootFromVolumeStableRescueTest-2099765342 tempest-ServerBootFromVolumeStableRescueTest-2099765342-project-member] new path /v2/images/2b715099-db6b-4866-a462-db1cea74b729 {{(pid=98794) process_request /opt/stack/glance/glance/api/middleware/version_negotiation.py:70}}
Jun 17 13:49:38.733952 np0000003053 devstack@g-api.service[98794]: [pid: 98794|app: 0|req: 230/468] 127.0.0.1 () {44 vars in 1115 bytes} [Wed Jun 17 13:49:38 2026] GET /v2/images/2b715099-db6b-4866-a462-db1cea74b729 => generated 1471 bytes in 28 msecs (HTTP/1.1 200) 4 headers in 158 bytes (1 switches on core 0)
Jun 17 13:49:38.807383 np0000003053 devstack@g-api.service[98793]: DEBUG glance.api.middleware.version_negotiation [None req-2c1eb494-af39-447d-9f6e-4e1bb10ac8a3 tempest-ServerBootFromVolumeStableRescueTest-2099765342 tempest-ServerBootFromVolumeStableRescueTest-2099765342-project-member] Determining version of request: PUT /v2/images/2b715099-db6b-4866-a462-db1cea74b729/file Accept: */* {{(pid=98793) process_request /opt/stack/glance/glance/api/middleware/version_negotiation.py:44}}
Jun 17 13:49:38.807661 np0000003053 devstack@g-api.service[98793]: DEBUG glance.api.middleware.version_negotiation [None req-2c1eb494-af39-447d-9f6e-4e1bb10ac8a3 tempest-ServerBootFromVolumeStableRescueTest-2099765342 tempest-ServerBootFromVolumeStableRescueTest-2099765342-project-member] Using url versioning {{(pid=98793) process_request /opt/stack/glance/glance/api/middleware/version_negotiation.py:57}}
Jun 17 13:49:38.807850 np0000003053 devstack@g-api.service[98793]: DEBUG glance.api.middleware.version_negotiation [None req-2c1eb494-af39-447d-9f6e-4e1bb10ac8a3 tempest-ServerBootFromVolumeStableRescueTest-2099765342 tempest-ServerBootFromVolumeStableRescueTest-2099765342-project-member] Matched version: v2 {{(pid=98793) process_request /opt/stack/glance/glance/api/middleware/version_negotiation.py:69}}
Jun 17 13:49:38.808127 np0000003053 devstack@g-api.service[98793]: DEBUG glance.api.middleware.version_negotiation [None req-2c1eb494-af39-447d-9f6e-4e1bb10ac8a3 tempest-ServerBootFromVolumeStableRescueTest-2099765342 tempest-ServerBootFromVolumeStableRescueTest-2099765342-project-member] new path /v2/images/2b715099-db6b-4866-a462-db1cea74b729/file {{(pid=98793) process_request /opt/stack/glance/glance/api/middleware/version_negotiation.py:70}}
Jun 17 13:49:39.312651 np0000003053 devstack@g-api.service[98794]: DEBUG glance.api.middleware.version_negotiation [None req-2c1eb494-af39-447d-9f6e-4e1bb10ac8a3 tempest-ServerBootFromVolumeStableRescueTest-2099765342 tempest-ServerBootFromVolumeStableRescueTest-2099765342-project-member] Determining version of request: GET /v2/images/2b715099-db6b-4866-a462-db1cea74b729 Accept: application/json {{(pid=98794) process_request /opt/stack/glance/glance/api/middleware/version_negotiation.py:44}}
Jun 17 13:49:39.313242 np0000003053 devstack@g-api.service[98794]: DEBUG glance.api.middleware.version_negotiation [None req-2c1eb494-af39-447d-9f6e-4e1bb10ac8a3 tempest-ServerBootFromVolumeStableRescueTest-2099765342 tempest-ServerBootFromVolumeStableRescueTest-2099765342-project-member] Using url versioning {{(pid=98794) process_request /opt/stack/glance/glance/api/middleware/version_negotiation.py:57}}
Jun 17 13:49:39.313627 np0000003053 devstack@g-api.service[98794]: DEBUG glance.api.middleware.version_negotiation [None req-2c1eb494-af39-447d-9f6e-4e1bb10ac8a3 tempest-ServerBootFromVolumeStableRescueTest-2099765342 tempest-ServerBootFromVolumeStableRescueTest-2099765342-project-member] Matched version: v2 {{(pid=98794) process_request /opt/stack/glance/glance/api/middleware/version_negotiation.py:69}}
Jun 17 13:49:39.313803 np0000003053 devstack@g-api.service[98794]: DEBUG glance.api.middleware.version_negotiation [None req-2c1eb494-af39-447d-9f6e-4e1bb10ac8a3 tempest-ServerBootFromVolumeStableRescueTest-2099765342 tempest-ServerBootFromVolumeStableRescueTest-2099765342-project-member] new path /v2/images/2b715099-db6b-4866-a462-db1cea74b729 {{(pid=98794) process_request /opt/stack/glance/glance/api/middleware/version_negotiation.py:70}}
Jun 17 13:49:39.330879 np0000003053 devstack@g-api.service[98794]: [pid: 98794|app: 0|req: 231/469] 127.0.0.1 () {40 vars in 838 bytes} [Wed Jun 17 13:49:39 2026] GET /v2/images/2b715099-db6b-4866-a462-db1cea74b729 => generated 1471 bytes in 19 msecs (HTTP/1.1 200) 4 headers in 158 bytes (1 switches on core 0)
Jun 17 13:49:39.574572 np0000003053 devstack@g-api.service[98793]: INFO glance.api.v2.image_data [None req-2c1eb494-af39-447d-9f6e-4e1bb10ac8a3 tempest-ServerBootFromVolumeStableRescueTest-2099765342 tempest-ServerBootFromVolumeStableRescueTest-2099765342-project-member] Unable to create trust: no such option collect_timing in group [keystone_authtoken] Use the existing user token.
Jun 17 13:49:40.340448 np0000003053 devstack@g-api.service[98794]: DEBUG glance.api.middleware.version_negotiation [None req-bd952ef5-b97d-4a7e-bfdc-cf3aad9b338e tempest-ServerBootFromVolumeStableRescueTest-2099765342 tempest-ServerBootFromVolumeStableRescueTest-2099765342-project-member] Determining version of request: GET /v2/images/2b715099-db6b-4866-a462-db1cea74b729 Accept: application/json {{(pid=98794) process_request /opt/stack/glance/glance/api/middleware/version_negotiation.py:44}}
Jun 17 13:49:40.340932 np0000003053 devstack@g-api.service[98794]: DEBUG glance.api.middleware.version_negotiation [None req-bd952ef5-b97d-4a7e-bfdc-cf3aad9b338e tempest-ServerBootFromVolumeStableRescueTest-2099765342 tempest-ServerBootFromVolumeStableRescueTest-2099765342-project-member] Using url versioning {{(pid=98794) process_request /opt/stack/glance/glance/api/middleware/version_negotiation.py:57}}
Jun 17 13:49:40.340932 np0000003053 devstack@g-api.service[98794]: DEBUG glance.api.middleware.version_negotiation [None req-bd952ef5-b97d-4a7e-bfdc-cf3aad9b338e tempest-ServerBootFromVolumeStableRescueTest-2099765342 tempest-ServerBootFromVolumeStableRescueTest-2099765342-project-member] Matched version: v2 {{(pid=98794) process_request /opt/stack/glance/glance/api/middleware/version_negotiation.py:69}}
Jun 17 13:49:40.341119 np0000003053 devstack@g-api.service[98794]: DEBUG glance.api.middleware.version_negotiation [None req-bd952ef5-b97d-4a7e-bfdc-cf3aad9b338e tempest-ServerBootFromVolumeStableRescueTest-2099765342 tempest-ServerBootFromVolumeStableRescueTest-2099765342-project-member] new path /v2/images/2b715099-db6b-4866-a462-db1cea74b729 {{(pid=98794) process_request /opt/stack/glance/glance/api/middleware/version_negotiation.py:70}}
Jun 17 13:49:40.349751 np0000003053 devstack@g-api.service[98793]: DEBUG glance.location [None req-2c1eb494-af39-447d-9f6e-4e1bb10ac8a3 tempest-ServerBootFromVolumeStableRescueTest-2099765342 tempest-ServerBootFromVolumeStableRescueTest-2099765342-project-member] Enabling in-flight format inspection for qcow2 {{(pid=98793) set_data /opt/stack/glance/glance/location.py:616}}
Jun 17 13:49:40.350821 np0000003053 devstack@g-api.service[98793]: DEBUG glance_store.backend [None req-2c1eb494-af39-447d-9f6e-4e1bb10ac8a3 tempest-ServerBootFromVolumeStableRescueTest-2099765342 tempest-ServerBootFromVolumeStableRescueTest-2099765342-project-member] Attempting to import store swift {{(pid=98793) _load_store /opt/stack/data/venv/lib/python3.12/site-packages/glance_store/backend.py:215}}
Jun 17 13:49:40.353636 np0000003053 devstack@g-api.service[98793]: DEBUG glance_store.capabilities [None req-2c1eb494-af39-447d-9f6e-4e1bb10ac8a3 tempest-ServerBootFromVolumeStableRescueTest-2099765342 tempest-ServerBootFromVolumeStableRescueTest-2099765342-project-member] Store glance_store._drivers.swift.store.SingleTenantStore doesn't support updating dynamic storage capabilities. Please overwrite 'update_capabilities' method of the store to implement updating logics if needed. {{(pid=98793) update_capabilities /opt/stack/data/venv/lib/python3.12/site-packages/glance_store/capabilities.py:91}}
Jun 17 13:49:40.353913 np0000003053 devstack@g-api.service[98793]: DEBUG glance_store.driver [None req-2c1eb494-af39-447d-9f6e-4e1bb10ac8a3 tempest-ServerBootFromVolumeStableRescueTest-2099765342 tempest-ServerBootFromVolumeStableRescueTest-2099765342-project-member] Late loading location class glance_store._drivers.swift.store.StoreLocation {{(pid=98793) get_store_location_class /opt/stack/data/venv/lib/python3.12/site-packages/glance_store/driver.py:134}}
Jun 17 13:49:40.354229 np0000003053 devstack@g-api.service[98793]: DEBUG glance_store.location [None req-2c1eb494-af39-447d-9f6e-4e1bb10ac8a3 tempest-ServerBootFromVolumeStableRescueTest-2099765342 tempest-ServerBootFromVolumeStableRescueTest-2099765342-project-member] Registering scheme swift+https with {'store': , 'location_class': , 'store_entry': 'swift'} {{(pid=98793) register_scheme_map /opt/stack/data/venv/lib/python3.12/site-packages/glance_store/location.py:146}}
Jun 17 13:49:40.354229 np0000003053 devstack@g-api.service[98793]: DEBUG glance_store.location [None req-2c1eb494-af39-447d-9f6e-4e1bb10ac8a3 tempest-ServerBootFromVolumeStableRescueTest-2099765342 tempest-ServerBootFromVolumeStableRescueTest-2099765342-project-member] Registering scheme swift+https with {'store': , 'location_class': , 'store_entry': 'swift'} {{(pid=98793) register_scheme_map /opt/stack/data/venv/lib/python3.12/site-packages/glance_store/location.py:146}}
Jun 17 13:49:40.354229 np0000003053 devstack@g-api.service[98793]: DEBUG glance_store.location [None req-2c1eb494-af39-447d-9f6e-4e1bb10ac8a3 tempest-ServerBootFromVolumeStableRescueTest-2099765342 tempest-ServerBootFromVolumeStableRescueTest-2099765342-project-member] Registering scheme swift with {'store': , 'location_class': , 'store_entry': 'swift'} {{(pid=98793) register_scheme_map /opt/stack/data/venv/lib/python3.12/site-packages/glance_store/location.py:146}}
Jun 17 13:49:40.355332 np0000003053 devstack@g-api.service[98793]: DEBUG glance_store.location [None req-2c1eb494-af39-447d-9f6e-4e1bb10ac8a3 tempest-ServerBootFromVolumeStableRescueTest-2099765342 tempest-ServerBootFromVolumeStableRescueTest-2099765342-project-member] Registering scheme swift+https with {'store': , 'location_class': , 'store_entry': 'swift'} {{(pid=98793) register_scheme_map /opt/stack/data/venv/lib/python3.12/site-packages/glance_store/location.py:146}}
Jun 17 13:49:40.355332 np0000003053 devstack@g-api.service[98793]: DEBUG glance_store.location [None req-2c1eb494-af39-447d-9f6e-4e1bb10ac8a3 tempest-ServerBootFromVolumeStableRescueTest-2099765342 tempest-ServerBootFromVolumeStableRescueTest-2099765342-project-member] Registering scheme swift with {'store': , 'location_class': , 'store_entry': 'swift'} {{(pid=98793) register_scheme_map /opt/stack/data/venv/lib/python3.12/site-packages/glance_store/location.py:146}}
Jun 17 13:49:40.355332 np0000003053 devstack@g-api.service[98793]: DEBUG glance_store.location [None req-2c1eb494-af39-447d-9f6e-4e1bb10ac8a3 tempest-ServerBootFromVolumeStableRescueTest-2099765342 tempest-ServerBootFromVolumeStableRescueTest-2099765342-project-member] Registering scheme swift+http with {'store': , 'location_class': , 'store_entry': 'swift'} {{(pid=98793) register_scheme_map /opt/stack/data/venv/lib/python3.12/site-packages/glance_store/location.py:146}}
Jun 17 13:49:40.355332 np0000003053 devstack@g-api.service[98793]: DEBUG glance_store.location [None req-2c1eb494-af39-447d-9f6e-4e1bb10ac8a3 tempest-ServerBootFromVolumeStableRescueTest-2099765342 tempest-ServerBootFromVolumeStableRescueTest-2099765342-project-member] Registering scheme swift+https with {'store': , 'location_class': , 'store_entry': 'swift'} {{(pid=98793) register_scheme_map /opt/stack/data/venv/lib/python3.12/site-packages/glance_store/location.py:146}}
Jun 17 13:49:40.355332 np0000003053 devstack@g-api.service[98793]: DEBUG glance_store.location [None req-2c1eb494-af39-447d-9f6e-4e1bb10ac8a3 tempest-ServerBootFromVolumeStableRescueTest-2099765342 tempest-ServerBootFromVolumeStableRescueTest-2099765342-project-member] Registering scheme swift with {'store': , 'location_class': , 'store_entry': 'swift'} {{(pid=98793) register_scheme_map /opt/stack/data/venv/lib/python3.12/site-packages/glance_store/location.py:146}}
Jun 17 13:49:40.355332 np0000003053 devstack@g-api.service[98793]: DEBUG glance_store.location [None req-2c1eb494-af39-447d-9f6e-4e1bb10ac8a3 tempest-ServerBootFromVolumeStableRescueTest-2099765342 tempest-ServerBootFromVolumeStableRescueTest-2099765342-project-member] Registering scheme swift+http with {'store': , 'location_class': , 'store_entry': 'swift'} {{(pid=98793) register_scheme_map /opt/stack/data/venv/lib/python3.12/site-packages/glance_store/location.py:146}}
Jun 17 13:49:40.355332 np0000003053 devstack@g-api.service[98793]: DEBUG glance_store.location [None req-2c1eb494-af39-447d-9f6e-4e1bb10ac8a3 tempest-ServerBootFromVolumeStableRescueTest-2099765342 tempest-ServerBootFromVolumeStableRescueTest-2099765342-project-member] Registering scheme swift+config with {'store': , 'location_class': , 'store_entry': 'swift'} {{(pid=98793) register_scheme_map /opt/stack/data/venv/lib/python3.12/site-packages/glance_store/location.py:146}}
Jun 17 13:49:40.366520 np0000003053 devstack@g-api.service[98794]: [pid: 98794|app: 0|req: 232/470] 127.0.0.1 () {40 vars in 838 bytes} [Wed Jun 17 13:49:40 2026] GET /v2/images/2b715099-db6b-4866-a462-db1cea74b729 => generated 1471 bytes in 26 msecs (HTTP/1.1 200) 4 headers in 158 bytes (1 switches on core 0)
Jun 17 13:49:40.575484 np0000003053 devstack@g-api.service[98793]: DEBUG swiftclient [None req-2c1eb494-af39-447d-9f6e-4e1bb10ac8a3 tempest-ServerBootFromVolumeStableRescueTest-2099765342 tempest-ServerBootFromVolumeStableRescueTest-2099765342-project-member] REQ: curl -i https://10.4.3.154:8080/v1/AUTH_2310eff495e340c0afc1053ac8da9dec/glance -I -H "X-Auth-Token: gAAAAABqMqX0y70B..." {{(pid=98793) http_log /opt/stack/data/venv/lib/python3.12/site-packages/swiftclient/client.py:160}}
Jun 17 13:49:40.576296 np0000003053 devstack@g-api.service[98793]: DEBUG swiftclient [None req-2c1eb494-af39-447d-9f6e-4e1bb10ac8a3 tempest-ServerBootFromVolumeStableRescueTest-2099765342 tempest-ServerBootFromVolumeStableRescueTest-2099765342-project-member] RESP STATUS: 204 No Content {{(pid=98793) http_log /opt/stack/data/venv/lib/python3.12/site-packages/swiftclient/client.py:161}}
Jun 17 13:49:40.576993 np0000003053 devstack@g-api.service[98793]: DEBUG swiftclient [None req-2c1eb494-af39-447d-9f6e-4e1bb10ac8a3 tempest-ServerBootFromVolumeStableRescueTest-2099765342 tempest-ServerBootFromVolumeStableRescueTest-2099765342-project-member] RESP HEADERS: {'Date': 'Wed, 17 Jun 2026 13:49:40 GMT', 'Server': 'Apache/2.4.58 (Ubuntu)', 'Content-Type': 'text/plain; charset=utf-8', 'X-Container-Object-Count': '5', 'X-Container-Bytes-Used': '86048768', 'X-Timestamp': '1781703544.14353', 'Last-Modified': 'Wed, 17 Jun 2026 13:39:05 GMT', 'Accept-Ranges': 'bytes', 'X-Storage-Policy': 'Policy-0', 'X-Container-Sharding': 'False', 'Vary': 'Accept', 'X-Trans-Id': 'tx810803c74fa74c16acf82-006a32a5f4', 'X-Openstack-Request-Id': 'tx810803c74fa74c16acf82-006a32a5f4', 'Connection': 'close'} {{(pid=98793) http_log /opt/stack/data/venv/lib/python3.12/site-packages/swiftclient/client.py:162}}
Jun 17 13:49:40.577589 np0000003053 devstack@g-api.service[98793]: DEBUG glance_store._drivers.swift.store [None req-2c1eb494-af39-447d-9f6e-4e1bb10ac8a3 tempest-ServerBootFromVolumeStableRescueTest-2099765342 tempest-ServerBootFromVolumeStableRescueTest-2099765342-project-member] Adding image object '2b715099-db6b-4866-a462-db1cea74b729' to Swift {{(pid=98793) add /opt/stack/data/venv/lib/python3.12/site-packages/glance_store/_drivers/swift/store.py:970}}
Jun 17 13:49:40.578027 np0000003053 devstack@g-api.service[98793]: DEBUG glance_store._drivers.swift.store [None req-2c1eb494-af39-447d-9f6e-4e1bb10ac8a3 tempest-ServerBootFromVolumeStableRescueTest-2099765342 tempest-ServerBootFromVolumeStableRescueTest-2099765342-project-member] Cannot determine image size because it is either not provided in the request or chunked-transfer encoding is used. Adding image as a segmented object to Swift. {{(pid=98793) add /opt/stack/data/venv/lib/python3.12/site-packages/glance_store/_drivers/swift/store.py:994}}
Jun 17 13:49:40.588145 np0000003053 devstack@g-api.service[98793]: DEBUG oslo_utils.imageutils.format_inspector [None req-2c1eb494-af39-447d-9f6e-4e1bb10ac8a3 tempest-ServerBootFromVolumeStableRescueTest-2099765342 tempest-ServerBootFromVolumeStableRescueTest-2099765342-project-member] Format inspector for vmdk does not match, excluding from consideration (Signature KDMV not found: b'QFI\xfb') {{(pid=98793) _process_chunk /opt/stack/data/venv/lib/python3.12/site-packages/oslo_utils/imageutils/format_inspector.py:1758}}
Jun 17 13:49:40.593081 np0000003053 devstack@g-api.service[98793]: DEBUG oslo_utils.imageutils.format_inspector [None req-2c1eb494-af39-447d-9f6e-4e1bb10ac8a3 tempest-ServerBootFromVolumeStableRescueTest-2099765342 tempest-ServerBootFromVolumeStableRescueTest-2099765342-project-member] Format inspector for vhdx does not match, excluding from consideration (Region signature not found at 30000) {{(pid=98793) _process_chunk /opt/stack/data/venv/lib/python3.12/site-packages/oslo_utils/imageutils/format_inspector.py:1758}}
Jun 17 13:49:40.923656 np0000003053 devstack@g-api.service[98793]: DEBUG swiftclient [None req-2c1eb494-af39-447d-9f6e-4e1bb10ac8a3 tempest-ServerBootFromVolumeStableRescueTest-2099765342 tempest-ServerBootFromVolumeStableRescueTest-2099765342-project-member] REQ: curl -i https://10.4.3.154:8080/v1/AUTH_2310eff495e340c0afc1053ac8da9dec/glance/2b715099-db6b-4866-a462-db1cea74b729-00001 -X PUT -H "X-Auth-Token: gAAAAABqMqX0y70B..." {{(pid=98793) http_log /opt/stack/data/venv/lib/python3.12/site-packages/swiftclient/client.py:160}}
Jun 17 13:49:40.923656 np0000003053 devstack@g-api.service[98793]: DEBUG swiftclient [None req-2c1eb494-af39-447d-9f6e-4e1bb10ac8a3 tempest-ServerBootFromVolumeStableRescueTest-2099765342 tempest-ServerBootFromVolumeStableRescueTest-2099765342-project-member] RESP STATUS: 201 Created {{(pid=98793) http_log /opt/stack/data/venv/lib/python3.12/site-packages/swiftclient/client.py:161}}
Jun 17 13:49:40.924485 np0000003053 devstack@g-api.service[98793]: DEBUG swiftclient [None req-2c1eb494-af39-447d-9f6e-4e1bb10ac8a3 tempest-ServerBootFromVolumeStableRescueTest-2099765342 tempest-ServerBootFromVolumeStableRescueTest-2099765342-project-member] RESP HEADERS: {'Date': 'Wed, 17 Jun 2026 13:49:40 GMT', 'Server': 'Apache/2.4.58 (Ubuntu)', 'Content-Type': 'text/html; charset=UTF-8', 'Content-Length': '0', 'Etag': '4fa343ee581d8d2e78533191fd1ac3e1', 'Last-Modified': 'Wed, 17 Jun 2026 13:49:41 GMT', 'X-Trans-Id': 'txb1b4ef40c3f447448bb11-006a32a5f4', 'X-Openstack-Request-Id': 'txb1b4ef40c3f447448bb11-006a32a5f4', 'Connection': 'close'} {{(pid=98793) http_log /opt/stack/data/venv/lib/python3.12/site-packages/swiftclient/client.py:162}}
Jun 17 13:49:40.924634 np0000003053 devstack@g-api.service[98793]: DEBUG glance_store._drivers.swift.store [None req-2c1eb494-af39-447d-9f6e-4e1bb10ac8a3 tempest-ServerBootFromVolumeStableRescueTest-2099765342 tempest-ServerBootFromVolumeStableRescueTest-2099765342-project-member] Wrote chunk 2b715099-db6b-4866-a462-db1cea74b729-00001 (1/?) of length 23527424 to Swift returning MD5 of content: 4fa343ee581d8d2e78533191fd1ac3e1 {{(pid=98793) add /opt/stack/data/venv/lib/python3.12/site-packages/glance_store/_drivers/swift/store.py:1059}}
Jun 17 13:49:40.925089 np0000003053 devstack@g-api.service[98793]: DEBUG glance_store._drivers.swift.store [None req-2c1eb494-af39-447d-9f6e-4e1bb10ac8a3 tempest-ServerBootFromVolumeStableRescueTest-2099765342 tempest-ServerBootFromVolumeStableRescueTest-2099765342-project-member] Not writing zero-length chunk. {{(pid=98793) add /opt/stack/data/venv/lib/python3.12/site-packages/glance_store/_drivers/swift/store.py:1028}}
