Jun 17 13:50:50.973648 np0000003053 devstack@g-api.service[98793]: DEBUG glance.api.middleware.version_negotiation [None req-ff346c3f-b78a-4165-ab4d-f488a1a68639 tempest-ServerBootFromVolumeStableRescueTest-2099765342 tempest-ServerBootFromVolumeStableRescueTest-2099765342-project-member] Determining version of request: GET /v2/schemas/image Accept: */* {{(pid=98793) process_request /opt/stack/glance/glance/api/middleware/version_negotiation.py:44}}
Jun 17 13:50:50.973815 np0000003053 devstack@g-api.service[98793]: DEBUG glance.api.middleware.version_negotiation [None req-ff346c3f-b78a-4165-ab4d-f488a1a68639 tempest-ServerBootFromVolumeStableRescueTest-2099765342 tempest-ServerBootFromVolumeStableRescueTest-2099765342-project-member] Using url versioning {{(pid=98793) process_request /opt/stack/glance/glance/api/middleware/version_negotiation.py:57}}
Jun 17 13:50:50.973920 np0000003053 devstack@g-api.service[98793]: DEBUG glance.api.middleware.version_negotiation [None req-ff346c3f-b78a-4165-ab4d-f488a1a68639 tempest-ServerBootFromVolumeStableRescueTest-2099765342 tempest-ServerBootFromVolumeStableRescueTest-2099765342-project-member] Matched version: v2 {{(pid=98793) process_request /opt/stack/glance/glance/api/middleware/version_negotiation.py:69}}
Jun 17 13:50:50.974063 np0000003053 devstack@g-api.service[98793]: DEBUG glance.api.middleware.version_negotiation [None req-ff346c3f-b78a-4165-ab4d-f488a1a68639 tempest-ServerBootFromVolumeStableRescueTest-2099765342 tempest-ServerBootFromVolumeStableRescueTest-2099765342-project-member] new path /v2/schemas/image {{(pid=98793) process_request /opt/stack/glance/glance/api/middleware/version_negotiation.py:70}}
Jun 17 13:50:50.980921 np0000003053 devstack@g-api.service[98793]: [pid: 98793|app: 0|req: 256/505] 127.0.0.1 () {44 vars in 1055 bytes} [Wed Jun 17 13:50:50 2026] GET /v2/schemas/image => generated 6083 bytes in 8 msecs (HTTP/1.1 200) 4 headers in 158 bytes (1 switches on core 0)
Jun 17 13:50:51.041229 np0000003053 devstack@g-api.service[98794]: DEBUG glance.api.middleware.version_negotiation [None req-ff346c3f-b78a-4165-ab4d-f488a1a68639 tempest-ServerBootFromVolumeStableRescueTest-2099765342 tempest-ServerBootFromVolumeStableRescueTest-2099765342-project-member] Determining version of request: PATCH /v2/images/462585de-af76-4e7b-9708-8001e77e3df0 Accept: */* {{(pid=98794) process_request /opt/stack/glance/glance/api/middleware/version_negotiation.py:44}}
Jun 17 13:50:51.041229 np0000003053 devstack@g-api.service[98794]: DEBUG glance.api.middleware.version_negotiation [None req-ff346c3f-b78a-4165-ab4d-f488a1a68639 tempest-ServerBootFromVolumeStableRescueTest-2099765342 tempest-ServerBootFromVolumeStableRescueTest-2099765342-project-member] Using url versioning {{(pid=98794) process_request /opt/stack/glance/glance/api/middleware/version_negotiation.py:57}}
Jun 17 13:50:51.041229 np0000003053 devstack@g-api.service[98794]: DEBUG glance.api.middleware.version_negotiation [None req-ff346c3f-b78a-4165-ab4d-f488a1a68639 tempest-ServerBootFromVolumeStableRescueTest-2099765342 tempest-ServerBootFromVolumeStableRescueTest-2099765342-project-member] Matched version: v2 {{(pid=98794) process_request /opt/stack/glance/glance/api/middleware/version_negotiation.py:69}}
Jun 17 13:50:51.041229 np0000003053 devstack@g-api.service[98794]: DEBUG glance.api.middleware.version_negotiation [None req-ff346c3f-b78a-4165-ab4d-f488a1a68639 tempest-ServerBootFromVolumeStableRescueTest-2099765342 tempest-ServerBootFromVolumeStableRescueTest-2099765342-project-member] new path /v2/images/462585de-af76-4e7b-9708-8001e77e3df0 {{(pid=98794) process_request /opt/stack/glance/glance/api/middleware/version_negotiation.py:70}}
Jun 17 13:50:51.231007 np0000003053 devstack@g-api.service[98794]: [pid: 98794|app: 0|req: 250/506] 127.0.0.1 () {46 vars in 1158 bytes} [Wed Jun 17 13:50:51 2026] PATCH /v2/images/462585de-af76-4e7b-9708-8001e77e3df0 => generated 1470 bytes in 190 msecs (HTTP/1.1 200) 4 headers in 158 bytes (1 switches on core 0)
Jun 17 13:50:51.269405 np0000003053 devstack@g-api.service[98793]: DEBUG glance.api.middleware.version_negotiation [None req-ff346c3f-b78a-4165-ab4d-f488a1a68639 tempest-ServerBootFromVolumeStableRescueTest-2099765342 tempest-ServerBootFromVolumeStableRescueTest-2099765342-project-member] Determining version of request: GET /v2/images/462585de-af76-4e7b-9708-8001e77e3df0 Accept: */* {{(pid=98793) process_request /opt/stack/glance/glance/api/middleware/version_negotiation.py:44}}
Jun 17 13:50:51.269867 np0000003053 devstack@g-api.service[98793]: DEBUG glance.api.middleware.version_negotiation [None req-ff346c3f-b78a-4165-ab4d-f488a1a68639 tempest-ServerBootFromVolumeStableRescueTest-2099765342 tempest-ServerBootFromVolumeStableRescueTest-2099765342-project-member] Using url versioning {{(pid=98793) process_request /opt/stack/glance/glance/api/middleware/version_negotiation.py:57}}
Jun 17 13:50:51.269867 np0000003053 devstack@g-api.service[98793]: DEBUG glance.api.middleware.version_negotiation [None req-ff346c3f-b78a-4165-ab4d-f488a1a68639 tempest-ServerBootFromVolumeStableRescueTest-2099765342 tempest-ServerBootFromVolumeStableRescueTest-2099765342-project-member] Matched version: v2 {{(pid=98793) process_request /opt/stack/glance/glance/api/middleware/version_negotiation.py:69}}
Jun 17 13:50:51.269947 np0000003053 devstack@g-api.service[98793]: DEBUG glance.api.middleware.version_negotiation [None req-ff346c3f-b78a-4165-ab4d-f488a1a68639 tempest-ServerBootFromVolumeStableRescueTest-2099765342 tempest-ServerBootFromVolumeStableRescueTest-2099765342-project-member] new path /v2/images/462585de-af76-4e7b-9708-8001e77e3df0 {{(pid=98793) process_request /opt/stack/glance/glance/api/middleware/version_negotiation.py:70}}
Jun 17 13:50:51.273339 np0000003053 devstack@g-api.service[98794]: DEBUG glance.api.middleware.version_negotiation [None req-ff346c3f-b78a-4165-ab4d-f488a1a68639 tempest-ServerBootFromVolumeStableRescueTest-2099765342 tempest-ServerBootFromVolumeStableRescueTest-2099765342-project-member] Determining version of request: GET /v2/images/462585de-af76-4e7b-9708-8001e77e3df0 Accept: application/json {{(pid=98794) process_request /opt/stack/glance/glance/api/middleware/version_negotiation.py:44}}
Jun 17 13:50:51.273970 np0000003053 devstack@g-api.service[98794]: DEBUG glance.api.middleware.version_negotiation [None req-ff346c3f-b78a-4165-ab4d-f488a1a68639 tempest-ServerBootFromVolumeStableRescueTest-2099765342 tempest-ServerBootFromVolumeStableRescueTest-2099765342-project-member] Using url versioning {{(pid=98794) process_request /opt/stack/glance/glance/api/middleware/version_negotiation.py:57}}
Jun 17 13:50:51.273970 np0000003053 devstack@g-api.service[98794]: DEBUG glance.api.middleware.version_negotiation [None req-ff346c3f-b78a-4165-ab4d-f488a1a68639 tempest-ServerBootFromVolumeStableRescueTest-2099765342 tempest-ServerBootFromVolumeStableRescueTest-2099765342-project-member] Matched version: v2 {{(pid=98794) process_request /opt/stack/glance/glance/api/middleware/version_negotiation.py:69}}
Jun 17 13:50:51.273970 np0000003053 devstack@g-api.service[98794]: DEBUG glance.api.middleware.version_negotiation [None req-ff346c3f-b78a-4165-ab4d-f488a1a68639 tempest-ServerBootFromVolumeStableRescueTest-2099765342 tempest-ServerBootFromVolumeStableRescueTest-2099765342-project-member] new path /v2/images/462585de-af76-4e7b-9708-8001e77e3df0 {{(pid=98794) process_request /opt/stack/glance/glance/api/middleware/version_negotiation.py:70}}
Jun 17 13:50:51.283890 np0000003053 devstack@g-api.service[98794]: [pid: 98794|app: 0|req: 251/507] 127.0.0.1 () {40 vars in 838 bytes} [Wed Jun 17 13:50:51 2026] GET /v2/images/462585de-af76-4e7b-9708-8001e77e3df0 => generated 1470 bytes in 11 msecs (HTTP/1.1 200) 4 headers in 158 bytes (1 switches on core 0)
Jun 17 13:50:51.290234 np0000003053 devstack@g-api.service[98793]: [pid: 98793|app: 0|req: 257/508] 127.0.0.1 () {44 vars in 1115 bytes} [Wed Jun 17 13:50:51 2026] GET /v2/images/462585de-af76-4e7b-9708-8001e77e3df0 => generated 1470 bytes in 21 msecs (HTTP/1.1 200) 4 headers in 158 bytes (1 switches on core 0)
Jun 17 13:50:51.345237 np0000003053 devstack@g-api.service[98794]: DEBUG glance.api.middleware.version_negotiation [None req-bc91614b-f670-485a-b0a5-0d577e907d13 tempest-ServerBootFromVolumeStableRescueTest-2099765342 tempest-ServerBootFromVolumeStableRescueTest-2099765342-project-member] Determining version of request: PUT /v2/images/462585de-af76-4e7b-9708-8001e77e3df0/file Accept: */* {{(pid=98794) process_request /opt/stack/glance/glance/api/middleware/version_negotiation.py:44}}
Jun 17 13:50:51.345559 np0000003053 devstack@g-api.service[98794]: DEBUG glance.api.middleware.version_negotiation [None req-bc91614b-f670-485a-b0a5-0d577e907d13 tempest-ServerBootFromVolumeStableRescueTest-2099765342 tempest-ServerBootFromVolumeStableRescueTest-2099765342-project-member] Using url versioning {{(pid=98794) process_request /opt/stack/glance/glance/api/middleware/version_negotiation.py:57}}
Jun 17 13:50:51.345805 np0000003053 devstack@g-api.service[98794]: DEBUG glance.api.middleware.version_negotiation [None req-bc91614b-f670-485a-b0a5-0d577e907d13 tempest-ServerBootFromVolumeStableRescueTest-2099765342 tempest-ServerBootFromVolumeStableRescueTest-2099765342-project-member] Matched version: v2 {{(pid=98794) process_request /opt/stack/glance/glance/api/middleware/version_negotiation.py:69}}
Jun 17 13:50:51.345971 np0000003053 devstack@g-api.service[98794]: DEBUG glance.api.middleware.version_negotiation [None req-bc91614b-f670-485a-b0a5-0d577e907d13 tempest-ServerBootFromVolumeStableRescueTest-2099765342 tempest-ServerBootFromVolumeStableRescueTest-2099765342-project-member] new path /v2/images/462585de-af76-4e7b-9708-8001e77e3df0/file {{(pid=98794) process_request /opt/stack/glance/glance/api/middleware/version_negotiation.py:70}}
Jun 17 13:50:52.025578 np0000003053 devstack@g-api.service[98794]: INFO glance.api.v2.image_data [None req-ff346c3f-b78a-4165-ab4d-f488a1a68639 tempest-ServerBootFromVolumeStableRescueTest-2099765342 tempest-ServerBootFromVolumeStableRescueTest-2099765342-project-member] Unable to create trust: no such option collect_timing in group [keystone_authtoken] Use the existing user token.
Jun 17 13:50:52.297300 np0000003053 devstack@g-api.service[98793]: DEBUG glance.api.middleware.version_negotiation [None req-ff346c3f-b78a-4165-ab4d-f488a1a68639 tempest-ServerBootFromVolumeStableRescueTest-2099765342 tempest-ServerBootFromVolumeStableRescueTest-2099765342-project-member] Determining version of request: GET /v2/images/462585de-af76-4e7b-9708-8001e77e3df0 Accept: application/json {{(pid=98793) process_request /opt/stack/glance/glance/api/middleware/version_negotiation.py:44}}
Jun 17 13:50:52.297823 np0000003053 devstack@g-api.service[98793]: DEBUG glance.api.middleware.version_negotiation [None req-ff346c3f-b78a-4165-ab4d-f488a1a68639 tempest-ServerBootFromVolumeStableRescueTest-2099765342 tempest-ServerBootFromVolumeStableRescueTest-2099765342-project-member] Using url versioning {{(pid=98793) process_request /opt/stack/glance/glance/api/middleware/version_negotiation.py:57}}
Jun 17 13:50:52.297823 np0000003053 devstack@g-api.service[98793]: DEBUG glance.api.middleware.version_negotiation [None req-ff346c3f-b78a-4165-ab4d-f488a1a68639 tempest-ServerBootFromVolumeStableRescueTest-2099765342 tempest-ServerBootFromVolumeStableRescueTest-2099765342-project-member] Matched version: v2 {{(pid=98793) process_request /opt/stack/glance/glance/api/middleware/version_negotiation.py:69}}
Jun 17 13:50:52.297823 np0000003053 devstack@g-api.service[98793]: DEBUG glance.api.middleware.version_negotiation [None req-ff346c3f-b78a-4165-ab4d-f488a1a68639 tempest-ServerBootFromVolumeStableRescueTest-2099765342 tempest-ServerBootFromVolumeStableRescueTest-2099765342-project-member] new path /v2/images/462585de-af76-4e7b-9708-8001e77e3df0 {{(pid=98793) process_request /opt/stack/glance/glance/api/middleware/version_negotiation.py:70}}
Jun 17 13:50:52.320509 np0000003053 devstack@g-api.service[98793]: [pid: 98793|app: 0|req: 258/509] 127.0.0.1 () {40 vars in 838 bytes} [Wed Jun 17 13:50:52 2026] GET /v2/images/462585de-af76-4e7b-9708-8001e77e3df0 => generated 1470 bytes in 23 msecs (HTTP/1.1 200) 4 headers in 158 bytes (1 switches on core 0)
Jun 17 13:50:52.622623 np0000003053 devstack@g-api.service[98794]: DEBUG glance.location [None req-ff346c3f-b78a-4165-ab4d-f488a1a68639 tempest-ServerBootFromVolumeStableRescueTest-2099765342 tempest-ServerBootFromVolumeStableRescueTest-2099765342-project-member] Enabling in-flight format inspection for qcow2 {{(pid=98794) set_data /opt/stack/glance/glance/location.py:616}}
Jun 17 13:50:52.623184 np0000003053 devstack@g-api.service[98794]: DEBUG glance_store.backend [None req-ff346c3f-b78a-4165-ab4d-f488a1a68639 tempest-ServerBootFromVolumeStableRescueTest-2099765342 tempest-ServerBootFromVolumeStableRescueTest-2099765342-project-member] Attempting to import store swift {{(pid=98794) _load_store /opt/stack/data/venv/lib/python3.12/site-packages/glance_store/backend.py:215}}
Jun 17 13:50:52.625086 np0000003053 devstack@g-api.service[98794]: DEBUG glance_store.capabilities [None req-ff346c3f-b78a-4165-ab4d-f488a1a68639 tempest-ServerBootFromVolumeStableRescueTest-2099765342 tempest-ServerBootFromVolumeStableRescueTest-2099765342-project-member] Store glance_store._drivers.swift.store.SingleTenantStore doesn't support updating dynamic storage capabilities. Please overwrite 'update_capabilities' method of the store to implement updating logics if needed. {{(pid=98794) update_capabilities /opt/stack/data/venv/lib/python3.12/site-packages/glance_store/capabilities.py:91}}
Jun 17 13:50:52.625211 np0000003053 devstack@g-api.service[98794]: DEBUG glance_store.driver [None req-ff346c3f-b78a-4165-ab4d-f488a1a68639 tempest-ServerBootFromVolumeStableRescueTest-2099765342 tempest-ServerBootFromVolumeStableRescueTest-2099765342-project-member] Late loading location class glance_store._drivers.swift.store.StoreLocation {{(pid=98794) get_store_location_class /opt/stack/data/venv/lib/python3.12/site-packages/glance_store/driver.py:134}}
Jun 17 13:50:52.625409 np0000003053 devstack@g-api.service[98794]: DEBUG glance_store.location [None req-ff346c3f-b78a-4165-ab4d-f488a1a68639 tempest-ServerBootFromVolumeStableRescueTest-2099765342 tempest-ServerBootFromVolumeStableRescueTest-2099765342-project-member] Registering scheme swift+https with {'store': , 'location_class': , 'store_entry': 'swift'} {{(pid=98794) register_scheme_map /opt/stack/data/venv/lib/python3.12/site-packages/glance_store/location.py:146}}
Jun 17 13:50:52.625479 np0000003053 devstack@g-api.service[98794]: DEBUG glance_store.location [None req-ff346c3f-b78a-4165-ab4d-f488a1a68639 tempest-ServerBootFromVolumeStableRescueTest-2099765342 tempest-ServerBootFromVolumeStableRescueTest-2099765342-project-member] Registering scheme swift+https with {'store': , 'location_class': , 'store_entry': 'swift'} {{(pid=98794) register_scheme_map /opt/stack/data/venv/lib/python3.12/site-packages/glance_store/location.py:146}}
Jun 17 13:50:52.625564 np0000003053 devstack@g-api.service[98794]: DEBUG glance_store.location [None req-ff346c3f-b78a-4165-ab4d-f488a1a68639 tempest-ServerBootFromVolumeStableRescueTest-2099765342 tempest-ServerBootFromVolumeStableRescueTest-2099765342-project-member] Registering scheme swift with {'store': , 'location_class': , 'store_entry': 'swift'} {{(pid=98794) register_scheme_map /opt/stack/data/venv/lib/python3.12/site-packages/glance_store/location.py:146}}
Jun 17 13:50:52.628232 np0000003053 devstack@g-api.service[98794]: DEBUG glance_store.location [None req-ff346c3f-b78a-4165-ab4d-f488a1a68639 tempest-ServerBootFromVolumeStableRescueTest-2099765342 tempest-ServerBootFromVolumeStableRescueTest-2099765342-project-member] Registering scheme swift+https with {'store': , 'location_class': , 'store_entry': 'swift'} {{(pid=98794) register_scheme_map /opt/stack/data/venv/lib/python3.12/site-packages/glance_store/location.py:146}}
Jun 17 13:50:52.628232 np0000003053 devstack@g-api.service[98794]: DEBUG glance_store.location [None req-ff346c3f-b78a-4165-ab4d-f488a1a68639 tempest-ServerBootFromVolumeStableRescueTest-2099765342 tempest-ServerBootFromVolumeStableRescueTest-2099765342-project-member] Registering scheme swift with {'store': , 'location_class': , 'store_entry': 'swift'} {{(pid=98794) register_scheme_map /opt/stack/data/venv/lib/python3.12/site-packages/glance_store/location.py:146}}
Jun 17 13:50:52.628232 np0000003053 devstack@g-api.service[98794]: DEBUG glance_store.location [None req-ff346c3f-b78a-4165-ab4d-f488a1a68639 tempest-ServerBootFromVolumeStableRescueTest-2099765342 tempest-ServerBootFromVolumeStableRescueTest-2099765342-project-member] Registering scheme swift+http with {'store': , 'location_class': , 'store_entry': 'swift'} {{(pid=98794) register_scheme_map /opt/stack/data/venv/lib/python3.12/site-packages/glance_store/location.py:146}}
Jun 17 13:50:52.628232 np0000003053 devstack@g-api.service[98794]: DEBUG glance_store.location [None req-ff346c3f-b78a-4165-ab4d-f488a1a68639 tempest-ServerBootFromVolumeStableRescueTest-2099765342 tempest-ServerBootFromVolumeStableRescueTest-2099765342-project-member] Registering scheme swift+https with {'store': , 'location_class': , 'store_entry': 'swift'} {{(pid=98794) register_scheme_map /opt/stack/data/venv/lib/python3.12/site-packages/glance_store/location.py:146}}
Jun 17 13:50:52.628232 np0000003053 devstack@g-api.service[98794]: DEBUG glance_store.location [None req-ff346c3f-b78a-4165-ab4d-f488a1a68639 tempest-ServerBootFromVolumeStableRescueTest-2099765342 tempest-ServerBootFromVolumeStableRescueTest-2099765342-project-member] Registering scheme swift with {'store': , 'location_class': , 'store_entry': 'swift'} {{(pid=98794) register_scheme_map /opt/stack/data/venv/lib/python3.12/site-packages/glance_store/location.py:146}}
Jun 17 13:50:52.628232 np0000003053 devstack@g-api.service[98794]: DEBUG glance_store.location [None req-ff346c3f-b78a-4165-ab4d-f488a1a68639 tempest-ServerBootFromVolumeStableRescueTest-2099765342 tempest-ServerBootFromVolumeStableRescueTest-2099765342-project-member] Registering scheme swift+http with {'store': , 'location_class': , 'store_entry': 'swift'} {{(pid=98794) register_scheme_map /opt/stack/data/venv/lib/python3.12/site-packages/glance_store/location.py:146}}
Jun 17 13:50:52.628232 np0000003053 devstack@g-api.service[98794]: DEBUG glance_store.location [None req-ff346c3f-b78a-4165-ab4d-f488a1a68639 tempest-ServerBootFromVolumeStableRescueTest-2099765342 tempest-ServerBootFromVolumeStableRescueTest-2099765342-project-member] Registering scheme swift+config with {'store': , 'location_class': , 'store_entry': 'swift'} {{(pid=98794) register_scheme_map /opt/stack/data/venv/lib/python3.12/site-packages/glance_store/location.py:146}}
Jun 17 13:50:52.856003 np0000003053 devstack@g-api.service[98793]: DEBUG glance.api.middleware.version_negotiation [None req-8215ab93-e08c-42b5-bf96-9284f6cca0a6 tempest-ServerBootFromVolumeStableRescueTest-2099765342 tempest-ServerBootFromVolumeStableRescueTest-2099765342-project-member] Determining version of request: GET /v2/images/3e8484e5-0183-4f54-86ae-20a04fb315bd Accept: */* {{(pid=98793) process_request /opt/stack/glance/glance/api/middleware/version_negotiation.py:44}}
Jun 17 13:50:52.856262 np0000003053 devstack@g-api.service[98793]: DEBUG glance.api.middleware.version_negotiation [None req-8215ab93-e08c-42b5-bf96-9284f6cca0a6 tempest-ServerBootFromVolumeStableRescueTest-2099765342 tempest-ServerBootFromVolumeStableRescueTest-2099765342-project-member] Using url versioning {{(pid=98793) process_request /opt/stack/glance/glance/api/middleware/version_negotiation.py:57}}
Jun 17 13:50:52.856516 np0000003053 devstack@g-api.service[98793]: DEBUG glance.api.middleware.version_negotiation [None req-8215ab93-e08c-42b5-bf96-9284f6cca0a6 tempest-ServerBootFromVolumeStableRescueTest-2099765342 tempest-ServerBootFromVolumeStableRescueTest-2099765342-project-member] Matched version: v2 {{(pid=98793) process_request /opt/stack/glance/glance/api/middleware/version_negotiation.py:69}}
Jun 17 13:50:52.856698 np0000003053 devstack@g-api.service[98793]: DEBUG glance.api.middleware.version_negotiation [None req-8215ab93-e08c-42b5-bf96-9284f6cca0a6 tempest-ServerBootFromVolumeStableRescueTest-2099765342 tempest-ServerBootFromVolumeStableRescueTest-2099765342-project-member] new path /v2/images/3e8484e5-0183-4f54-86ae-20a04fb315bd {{(pid=98793) process_request /opt/stack/glance/glance/api/middleware/version_negotiation.py:70}}
Jun 17 13:50:52.876613 np0000003053 devstack@g-api.service[98793]: [pid: 98793|app: 0|req: 259/510] 127.0.0.1 () {44 vars in 1115 bytes} [Wed Jun 17 13:50:52 2026] GET /v2/images/3e8484e5-0183-4f54-86ae-20a04fb315bd => generated 1044 bytes in 20 msecs (HTTP/1.1 200) 4 headers in 158 bytes (1 switches on core 0)
Jun 17 13:50:52.903953 np0000003053 devstack@g-api.service[98794]: DEBUG swiftclient [None req-ff346c3f-b78a-4165-ab4d-f488a1a68639 tempest-ServerBootFromVolumeStableRescueTest-2099765342 tempest-ServerBootFromVolumeStableRescueTest-2099765342-project-member] REQ: curl -i https://10.4.3.154:8080/v1/AUTH_2310eff495e340c0afc1053ac8da9dec/glance -I -H "X-Auth-Token: gAAAAABqMqY8XAD3..." {{(pid=98794) http_log /opt/stack/data/venv/lib/python3.12/site-packages/swiftclient/client.py:160}}
Jun 17 13:50:52.903953 np0000003053 devstack@g-api.service[98794]: DEBUG swiftclient [None req-ff346c3f-b78a-4165-ab4d-f488a1a68639 tempest-ServerBootFromVolumeStableRescueTest-2099765342 tempest-ServerBootFromVolumeStableRescueTest-2099765342-project-member] RESP STATUS: 204 No Content {{(pid=98794) http_log /opt/stack/data/venv/lib/python3.12/site-packages/swiftclient/client.py:161}}
Jun 17 13:50:52.904171 np0000003053 devstack@g-api.service[98794]: DEBUG swiftclient [None req-ff346c3f-b78a-4165-ab4d-f488a1a68639 tempest-ServerBootFromVolumeStableRescueTest-2099765342 tempest-ServerBootFromVolumeStableRescueTest-2099765342-project-member] RESP HEADERS: {'Date': 'Wed, 17 Jun 2026 13:50:52 GMT', 'Server': 'Apache/2.4.58 (Ubuntu)', 'Content-Type': 'text/plain; charset=utf-8', 'X-Container-Object-Count': '7', 'X-Container-Bytes-Used': '109576192', 'X-Timestamp': '1781703544.14353', 'Last-Modified': 'Wed, 17 Jun 2026 13:39:05 GMT', 'Accept-Ranges': 'bytes', 'X-Storage-Policy': 'Policy-0', 'X-Container-Sharding': 'False', 'Vary': 'Accept', 'X-Trans-Id': 'txdf6159d954644ba49593e-006a32a63c', 'X-Openstack-Request-Id': 'txdf6159d954644ba49593e-006a32a63c', 'Connection': 'close'} {{(pid=98794) http_log /opt/stack/data/venv/lib/python3.12/site-packages/swiftclient/client.py:162}}
Jun 17 13:50:52.904366 np0000003053 devstack@g-api.service[98794]: DEBUG glance_store._drivers.swift.store [None req-ff346c3f-b78a-4165-ab4d-f488a1a68639 tempest-ServerBootFromVolumeStableRescueTest-2099765342 tempest-ServerBootFromVolumeStableRescueTest-2099765342-project-member] Adding image object '462585de-af76-4e7b-9708-8001e77e3df0' to Swift {{(pid=98794) add /opt/stack/data/venv/lib/python3.12/site-packages/glance_store/_drivers/swift/store.py:970}}
Jun 17 13:50:52.904439 np0000003053 devstack@g-api.service[98794]: DEBUG glance_store._drivers.swift.store [None req-ff346c3f-b78a-4165-ab4d-f488a1a68639 tempest-ServerBootFromVolumeStableRescueTest-2099765342 tempest-ServerBootFromVolumeStableRescueTest-2099765342-project-member] Cannot determine image size because it is either not provided in the request or chunked-transfer encoding is used. Adding image as a segmented object to Swift. {{(pid=98794) add /opt/stack/data/venv/lib/python3.12/site-packages/glance_store/_drivers/swift/store.py:994}}
Jun 17 13:50:52.913177 np0000003053 devstack@g-api.service[98794]: DEBUG oslo_utils.imageutils.format_inspector [None req-ff346c3f-b78a-4165-ab4d-f488a1a68639 tempest-ServerBootFromVolumeStableRescueTest-2099765342 tempest-ServerBootFromVolumeStableRescueTest-2099765342-project-member] Format inspector for vmdk does not match, excluding from consideration (Signature KDMV not found: b'QFI\xfb') {{(pid=98794) _process_chunk /opt/stack/data/venv/lib/python3.12/site-packages/oslo_utils/imageutils/format_inspector.py:1758}}
Jun 17 13:50:52.914348 np0000003053 devstack@g-api.service[98793]: DEBUG glance.api.middleware.version_negotiation [None req-85029b63-37b7-49a7-8a67-8663620eba0c tempest-TestEncryptedCinderVolumes-30058583 tempest-TestEncryptedCinderVolumes-30058583-project-member] Determining version of request: GET /v2/schemas/image Accept: */* {{(pid=98793) process_request /opt/stack/glance/glance/api/middleware/version_negotiation.py:44}}
Jun 17 13:50:52.916246 np0000003053 devstack@g-api.service[98793]: DEBUG glance.api.middleware.version_negotiation [None req-85029b63-37b7-49a7-8a67-8663620eba0c tempest-TestEncryptedCinderVolumes-30058583 tempest-TestEncryptedCinderVolumes-30058583-project-member] Using url versioning {{(pid=98793) process_request /opt/stack/glance/glance/api/middleware/version_negotiation.py:57}}
Jun 17 13:50:52.916620 np0000003053 devstack@g-api.service[98794]: DEBUG oslo_utils.imageutils.format_inspector [None req-ff346c3f-b78a-4165-ab4d-f488a1a68639 tempest-ServerBootFromVolumeStableRescueTest-2099765342 tempest-ServerBootFromVolumeStableRescueTest-2099765342-project-member] Format inspector for vhdx does not match, excluding from consideration (Region signature not found at 30000) {{(pid=98794) _process_chunk /opt/stack/data/venv/lib/python3.12/site-packages/oslo_utils/imageutils/format_inspector.py:1758}}
Jun 17 13:50:52.918943 np0000003053 devstack@g-api.service[98793]: DEBUG glance.api.middleware.version_negotiation [None req-85029b63-37b7-49a7-8a67-8663620eba0c tempest-TestEncryptedCinderVolumes-30058583 tempest-TestEncryptedCinderVolumes-30058583-project-member] Matched version: v2 {{(pid=98793) process_request /opt/stack/glance/glance/api/middleware/version_negotiation.py:69}}
Jun 17 13:50:52.919907 np0000003053 devstack@g-api.service[98793]: DEBUG glance.api.middleware.version_negotiation [None req-85029b63-37b7-49a7-8a67-8663620eba0c tempest-TestEncryptedCinderVolumes-30058583 tempest-TestEncryptedCinderVolumes-30058583-project-member] new path /v2/schemas/image {{(pid=98793) process_request /opt/stack/glance/glance/api/middleware/version_negotiation.py:70}}
Jun 17 13:50:52.924446 np0000003053 devstack@g-api.service[98793]: [pid: 98793|app: 0|req: 260/511] 127.0.0.1 () {44 vars in 1055 bytes} [Wed Jun 17 13:50:52 2026] GET /v2/schemas/image => generated 6083 bytes in 10 msecs (HTTP/1.1 200) 4 headers in 158 bytes (1 switches on core 0)
Jun 17 13:50:53.206464 np0000003053 devstack@g-api.service[98794]: DEBUG swiftclient [None req-ff346c3f-b78a-4165-ab4d-f488a1a68639 tempest-ServerBootFromVolumeStableRescueTest-2099765342 tempest-ServerBootFromVolumeStableRescueTest-2099765342-project-member] REQ: curl -i https://10.4.3.154:8080/v1/AUTH_2310eff495e340c0afc1053ac8da9dec/glance/462585de-af76-4e7b-9708-8001e77e3df0-00001 -X PUT -H "X-Auth-Token: gAAAAABqMqY8XAD3..." {{(pid=98794) http_log /opt/stack/data/venv/lib/python3.12/site-packages/swiftclient/client.py:160}}
Jun 17 13:50:53.207035 np0000003053 devstack@g-api.service[98794]: DEBUG swiftclient [None req-ff346c3f-b78a-4165-ab4d-f488a1a68639 tempest-ServerBootFromVolumeStableRescueTest-2099765342 tempest-ServerBootFromVolumeStableRescueTest-2099765342-project-member] RESP STATUS: 201 Created {{(pid=98794) http_log /opt/stack/data/venv/lib/python3.12/site-packages/swiftclient/client.py:161}}
Jun 17 13:50:53.207580 np0000003053 devstack@g-api.service[98794]: DEBUG swiftclient [None req-ff346c3f-b78a-4165-ab4d-f488a1a68639 tempest-ServerBootFromVolumeStableRescueTest-2099765342 tempest-ServerBootFromVolumeStableRescueTest-2099765342-project-member] RESP HEADERS: {'Date': 'Wed, 17 Jun 2026 13:50:53 GMT', 'Server': 'Apache/2.4.58 (Ubuntu)', 'Content-Type': 'text/html; charset=UTF-8', 'Content-Length': '0', 'Etag': '4fa343ee581d8d2e78533191fd1ac3e1', 'Last-Modified': 'Wed, 17 Jun 2026 13:50:53 GMT', 'X-Trans-Id': 'txd0fd663e2ea141988be13-006a32a63c', 'X-Openstack-Request-Id': 'txd0fd663e2ea141988be13-006a32a63c', 'Connection': 'close'} {{(pid=98794) http_log /opt/stack/data/venv/lib/python3.12/site-packages/swiftclient/client.py:162}}
Jun 17 13:50:53.207900 np0000003053 devstack@g-api.service[98794]: DEBUG glance_store._drivers.swift.store [None req-ff346c3f-b78a-4165-ab4d-f488a1a68639 tempest-ServerBootFromVolumeStableRescueTest-2099765342 tempest-ServerBootFromVolumeStableRescueTest-2099765342-project-member] Wrote chunk 462585de-af76-4e7b-9708-8001e77e3df0-00001 (1/?) of length 23527424 to Swift returning MD5 of content: 4fa343ee581d8d2e78533191fd1ac3e1 {{(pid=98794) add /opt/stack/data/venv/lib/python3.12/site-packages/glance_store/_drivers/swift/store.py:1059}}
Jun 17 13:50:53.209576 np0000003053 devstack@g-api.service[98794]: DEBUG glance_store._drivers.swift.store [None req-ff346c3f-b78a-4165-ab4d-f488a1a68639 tempest-ServerBootFromVolumeStableRescueTest-2099765342 tempest-ServerBootFromVolumeStableRescueTest-2099765342-project-member] Not writing zero-length chunk. {{(pid=98794) add /opt/stack/data/venv/lib/python3.12/site-packages/glance_store/_drivers/swift/store.py:1028}}
Jun 17 13:50:53.250818 np0000003053 devstack@g-api.service[98794]: DEBUG swiftclient [None req-ff346c3f-b78a-4165-ab4d-f488a1a68639 tempest-ServerBootFromVolumeStableRescueTest-2099765342 tempest-ServerBootFromVolumeStableRescueTest-2099765342-project-member] REQ: curl -i https://10.4.3.154:8080/v1/AUTH_2310eff495e340c0afc1053ac8da9dec/glance/462585de-af76-4e7b-9708-8001e77e3df0 -X PUT -H "X-Object-Manifest: glance/462585de-af76-4e7b-9708-8001e77e3df0-" -H "X-Auth-Token: gAAAAABqMqY8XAD3..." -H "Content-Length: 0" {{(pid=98794) http_log /opt/stack/data/venv/lib/python3.12/site-packages/swiftclient/client.py:160}}
Jun 17 13:50:53.251221 np0000003053 devstack@g-api.service[98794]: DEBUG swiftclient [None req-ff346c3f-b78a-4165-ab4d-f488a1a68639 tempest-ServerBootFromVolumeStableRescueTest-2099765342 tempest-ServerBootFromVolumeStableRescueTest-2099765342-project-member] RESP STATUS: 201 Created {{(pid=98794) http_log /opt/stack/data/venv/lib/python3.12/site-packages/swiftclient/client.py:161}}
Jun 17 13:50:53.251511 np0000003053 devstack@g-api.service[98794]: DEBUG swiftclient [None req-ff346c3f-b78a-4165-ab4d-f488a1a68639 tempest-ServerBootFromVolumeStableRescueTest-2099765342 tempest-ServerBootFromVolumeStableRescueTest-2099765342-project-member] RESP HEADERS: {'Date': 'Wed, 17 Jun 2026 13:50:53 GMT', 'Server': 'Apache/2.4.58 (Ubuntu)', 'Content-Type': 'text/html; charset=UTF-8', 'Content-Length': '0', 'Etag': 'd41d8cd98f00b204e9800998ecf8427e', 'Last-Modified': 'Wed, 17 Jun 2026 13:50:54 GMT', 'X-Trans-Id': 'txae6ceea1244c43f785bf9-006a32a63d', 'X-Openstack-Request-Id': 'txae6ceea1244c43f785bf9-006a32a63d', 'Connection': 'close'} {{(pid=98794) http_log /opt/stack/data/venv/lib/python3.12/site-packages/swiftclient/client.py:162}}
Jun 17 13:50:53.253307 np0000003053 devstack@g-api.service[98794]: INFO glance.location [None req-ff346c3f-b78a-4165-ab4d-f488a1a68639 tempest-ServerBootFromVolumeStableRescueTest-2099765342 tempest-ServerBootFromVolumeStableRescueTest-2099765342-project-member] Image format matched and virtual size computed: 1073741824
Jun 17 13:50:53.326247 np0000003053 devstack@g-api.service[98794]: DEBUG glance_store.backend [None req-ff346c3f-b78a-4165-ab4d-f488a1a68639 tempest-ServerBootFromVolumeStableRescueTest-2099765342 tempest-ServerBootFromVolumeStableRescueTest-2099765342-project-member] Attempting to import store swift {{(pid=98794) _load_store /opt/stack/data/venv/lib/python3.12/site-packages/glance_store/backend.py:215}}
Jun 17 13:50:53.328826 np0000003053 devstack@g-api.service[98794]: DEBUG glance_store.capabilities [None req-ff346c3f-b78a-4165-ab4d-f488a1a68639 tempest-ServerBootFromVolumeStableRescueTest-2099765342 tempest-ServerBootFromVolumeStableRescueTest-2099765342-project-member] Store glance_store._drivers.swift.store.SingleTenantStore doesn't support updating dynamic storage capabilities. Please overwrite 'update_capabilities' method of the store to implement updating logics if needed. {{(pid=98794) update_capabilities /opt/stack/data/venv/lib/python3.12/site-packages/glance_store/capabilities.py:91}}
Jun 17 13:50:53.328826 np0000003053 devstack@g-api.service[98794]: DEBUG glance_store.driver [None req-ff346c3f-b78a-4165-ab4d-f488a1a68639 tempest-ServerBootFromVolumeStableRescueTest-2099765342 tempest-ServerBootFromVolumeStableRescueTest-2099765342-project-member] Late loading location class glance_store._drivers.swift.store.StoreLocation {{(pid=98794) get_store_location_class /opt/stack/data/venv/lib/python3.12/site-packages/glance_store/driver.py:134}}
Jun 17 13:50:53.329008 np0000003053 devstack@g-api.service[98794]: DEBUG glance_store.location [None req-ff346c3f-b78a-4165-ab4d-f488a1a68639 tempest-ServerBootFromVolumeStableRescueTest-2099765342 tempest-ServerBootFromVolumeStableRescueTest-2099765342-project-member] Registering scheme swift+https with {'store': , 'location_class': , 'store_entry': 'swift'} {{(pid=98794) register_scheme_map /opt/stack/data/venv/lib/python3.12/site-packages/glance_store/location.py:146}}
Jun 17 13:50:53.329097 np0000003053 devstack@g-api.service[98794]: DEBUG glance_store.location [None req-ff346c3f-b78a-4165-ab4d-f488a1a68639 tempest-ServerBootFromVolumeStableRescueTest-2099765342 tempest-ServerBootFromVolumeStableRescueTest-2099765342-project-member] Registering scheme swift+https with {'store': , 'location_class': , 'store_entry': 'swift'} {{(pid=98794) register_scheme_map /opt/stack/data/venv/lib/python3.12/site-packages/glance_store/location.py:146}}
Jun 17 13:50:53.329211 np0000003053 devstack@g-api.service[98794]: DEBUG glance_store.location [None req-ff346c3f-b78a-4165-ab4d-f488a1a68639 tempest-ServerBootFromVolumeStableRescueTest-2099765342 tempest-ServerBootFromVolumeStableRescueTest-2099765342-project-member] Registering scheme swift with {'store': , 'location_class': , 'store_entry': 'swift'} {{(pid=98794) register_scheme_map /opt/stack/data/venv/lib/python3.12/site-packages/glance_store/location.py:146}}
Jun 17 13:50:53.330837 np0000003053 devstack@g-api.service[98794]: DEBUG glance_store.location [None req-ff346c3f-b78a-4165-ab4d-f488a1a68639 tempest-ServerBootFromVolumeStableRescueTest-2099765342 tempest-ServerBootFromVolumeStableRescueTest-2099765342-project-member] Registering scheme swift+https with {'store': , 'location_class': , 'store_entry': 'swift'} {{(pid=98794) register_scheme_map /opt/stack/data/venv/lib/python3.12/site-packages/glance_store/location.py:146}}
Jun 17 13:50:53.332767 np0000003053 devstack@g-api.service[98794]: DEBUG glance_store.location [None req-ff346c3f-b78a-4165-ab4d-f488a1a68639 tempest-ServerBootFromVolumeStableRescueTest-2099765342 tempest-ServerBootFromVolumeStableRescueTest-2099765342-project-member] Registering scheme swift with {'store': , 'location_class': , 'store_entry': 'swift'} {{(pid=98794) register_scheme_map /opt/stack/data/venv/lib/python3.12/site-packages/glance_store/location.py:146}}
Jun 17 13:50:53.332767 np0000003053 devstack@g-api.service[98794]: DEBUG glance_store.location [None req-ff346c3f-b78a-4165-ab4d-f488a1a68639 tempest-ServerBootFromVolumeStableRescueTest-2099765342 tempest-ServerBootFromVolumeStableRescueTest-2099765342-project-member] Registering scheme swift+http with {'store': , 'location_class': , 'store_entry': 'swift'} {{(pid=98794) register_scheme_map /opt/stack/data/venv/lib/python3.12/site-packages/glance_store/location.py:146}}
Jun 17 13:50:53.332767 np0000003053 devstack@g-api.service[98794]: DEBUG glance_store.location [None req-ff346c3f-b78a-4165-ab4d-f488a1a68639 tempest-ServerBootFromVolumeStableRescueTest-2099765342 tempest-ServerBootFromVolumeStableRescueTest-2099765342-project-member] Registering scheme swift+https with {'store': , 'location_class': , 'store_entry': 'swift'} {{(pid=98794) register_scheme_map /opt/stack/data/venv/lib/python3.12/site-packages/glance_store/location.py:146}}
Jun 17 13:50:53.332767 np0000003053 devstack@g-api.service[98794]: DEBUG glance_store.location [None req-ff346c3f-b78a-4165-ab4d-f488a1a68639 tempest-ServerBootFromVolumeStableRescueTest-2099765342 tempest-ServerBootFromVolumeStableRescueTest-2099765342-project-member] Registering scheme swift with {'store': , 'location_class': , 'store_entry': 'swift'} {{(pid=98794) register_scheme_map /opt/stack/data/venv/lib/python3.12/site-packages/glance_store/location.py:146}}
Jun 17 13:50:53.332767 np0000003053 devstack@g-api.service[98794]: DEBUG glance_store.location [None req-ff346c3f-b78a-4165-ab4d-f488a1a68639 tempest-ServerBootFromVolumeStableRescueTest-2099765342 tempest-ServerBootFromVolumeStableRescueTest-2099765342-project-member] Registering scheme swift+http with {'store': , 'location_class': , 'store_entry': 'swift'} {{(pid=98794) register_scheme_map /opt/stack/data/venv/lib/python3.12/site-packages/glance_store/location.py:146}}
Jun 17 13:50:53.332767 np0000003053 devstack@g-api.service[98794]: DEBUG glance_store.location [None req-ff346c3f-b78a-4165-ab4d-f488a1a68639 tempest-ServerBootFromVolumeStableRescueTest-2099765342 tempest-ServerBootFromVolumeStableRescueTest-2099765342-project-member] Registering scheme swift+config with {'store': , 'location_class': , 'store_entry': 'swift'} {{(pid=98794) register_scheme_map /opt/stack/data/venv/lib/python3.12/site-packages/glance_store/location.py:146}}
Jun 17 13:50:53.333338 np0000003053 devstack@g-api.service[98794]: DEBUG glance_store.backend [None req-ff346c3f-b78a-4165-ab4d-f488a1a68639 tempest-ServerBootFromVolumeStableRescueTest-2099765342 tempest-ServerBootFromVolumeStableRescueTest-2099765342-project-member] Skipping store.set_acls... not implemented. {{(pid=98794) set_acls /opt/stack/data/venv/lib/python3.12/site-packages/glance_store/backend.py:507}}
Jun 17 13:50:53.336349 np0000003053 devstack@g-api.service[98793]: DEBUG glance.api.middleware.version_negotiation [None req-85029b63-37b7-49a7-8a67-8663620eba0c tempest-TestEncryptedCinderVolumes-30058583 tempest-TestEncryptedCinderVolumes-30058583-project-member] Determining version of request: GET /v2/images/462585de-af76-4e7b-9708-8001e77e3df0 Accept: application/json {{(pid=98793) process_request /opt/stack/glance/glance/api/middleware/version_negotiation.py:44}}
Jun 17 13:50:53.336349 np0000003053 devstack@g-api.service[98793]: DEBUG glance.api.middleware.version_negotiation [None req-85029b63-37b7-49a7-8a67-8663620eba0c tempest-TestEncryptedCinderVolumes-30058583 tempest-TestEncryptedCinderVolumes-30058583-project-member] Using url versioning {{(pid=98793) process_request /opt/stack/glance/glance/api/middleware/version_negotiation.py:57}}
Jun 17 13:50:53.336349 np0000003053 devstack@g-api.service[98793]: DEBUG glance.api.middleware.version_negotiation [None req-85029b63-37b7-49a7-8a67-8663620eba0c tempest-TestEncryptedCinderVolumes-30058583 tempest-TestEncryptedCinderVolumes-30058583-project-member] Matched version: v2 {{(pid=98793) process_request /opt/stack/glance/glance/api/middleware/version_negotiation.py:69}}
Jun 17 13:50:53.336349 np0000003053 devstack@g-api.service[98793]: DEBUG glance.api.middleware.version_negotiation [None req-85029b63-37b7-49a7-8a67-8663620eba0c tempest-TestEncryptedCinderVolumes-30058583 tempest-TestEncryptedCinderVolumes-30058583-project-member] new path /v2/images/462585de-af76-4e7b-9708-8001e77e3df0 {{(pid=98793) process_request /opt/stack/glance/glance/api/middleware/version_negotiation.py:70}}
Jun 17 13:50:53.337550 np0000003053 devstack@g-api.service[98794]: [pid: 98794|app: 0|req: 252/512] 127.0.0.1 () {46 vars in 1158 bytes} [Wed Jun 17 13:50:51 2026] PUT /v2/images/462585de-af76-4e7b-9708-8001e77e3df0/file => generated 0 bytes in 1992 msecs (HTTP/1.1 204) 4 headers in 171 bytes (1 switches on core 0)
Jun 17 13:50:53.352534 np0000003053 devstack@g-api.service[98793]: [pid: 98793|app: 0|req: 261/513] 127.0.0.1 () {40 vars in 838 bytes} [Wed Jun 17 13:50:53 2026] GET /v2/images/462585de-af76-4e7b-9708-8001e77e3df0 => generated 1640 bytes in 18 msecs (HTTP/1.1 200) 4 headers in 158 bytes (1 switches on core 0)
Jun 17 13:50:53.370565 np0000003053 devstack@g-api.service[98794]: DEBUG glance.api.middleware.version_negotiation [None req-ff346c3f-b78a-4165-ab4d-f488a1a68639 tempest-ServerBootFromVolumeStableRescueTest-2099765342 tempest-ServerBootFromVolumeStableRescueTest-2099765342-project-member] Determining version of request: GET /v2/images/462585de-af76-4e7b-9708-8001e77e3df0 Accept: application/json {{(pid=98794) process_request /opt/stack/glance/glance/api/middleware/version_negotiation.py:44}}
Jun 17 13:50:53.371184 np0000003053 devstack@g-api.service[98794]: DEBUG glance.api.middleware.version_negotiation [None req-ff346c3f-b78a-4165-ab4d-f488a1a68639 tempest-ServerBootFromVolumeStableRescueTest-2099765342 tempest-ServerBootFromVolumeStableRescueTest-2099765342-project-member] Using url versioning {{(pid=98794) process_request /opt/stack/glance/glance/api/middleware/version_negotiation.py:57}}
Jun 17 13:50:53.371184 np0000003053 devstack@g-api.service[98794]: DEBUG glance.api.middleware.version_negotiation [None req-ff346c3f-b78a-4165-ab4d-f488a1a68639 tempest-ServerBootFromVolumeStableRescueTest-2099765342 tempest-ServerBootFromVolumeStableRescueTest-2099765342-project-member] Matched version: v2 {{(pid=98794) process_request /opt/stack/glance/glance/api/middleware/version_negotiation.py:69}}
Jun 17 13:50:53.371312 np0000003053 devstack@g-api.service[98794]: DEBUG glance.api.middleware.version_negotiation [None req-ff346c3f-b78a-4165-ab4d-f488a1a68639 tempest-ServerBootFromVolumeStableRescueTest-2099765342 tempest-ServerBootFromVolumeStableRescueTest-2099765342-project-member] new path /v2/images/462585de-af76-4e7b-9708-8001e77e3df0 {{(pid=98794) process_request /opt/stack/glance/glance/api/middleware/version_negotiation.py:70}}
Jun 17 13:50:53.397181 np0000003053 devstack@g-api.service[98794]: [pid: 98794|app: 0|req: 253/514] 127.0.0.1 () {40 vars in 838 bytes} [Wed Jun 17 13:50:53 2026] GET /v2/images/462585de-af76-4e7b-9708-8001e77e3df0 => generated 1640 bytes in 25 msecs (HTTP/1.1 200) 4 headers in 158 bytes (1 switches on core 0)
Jun 17 13:50:53.423254 np0000003053 devstack@g-api.service[98793]: DEBUG glance.api.middleware.version_negotiation [None req-5ae2fdfc-b219-4406-aa53-5178055e9454 tempest-ServerBootFromVolumeStableRescueTest-2099765342 tempest-ServerBootFromVolumeStableRescueTest-2099765342-project-member] Determining version of request: GET /v2/images/462585de-af76-4e7b-9708-8001e77e3df0 Accept: */* {{(pid=98793) process_request /opt/stack/glance/glance/api/middleware/version_negotiation.py:44}}
Jun 17 13:50:53.423254 np0000003053 devstack@g-api.service[98793]: DEBUG glance.api.middleware.version_negotiation [None req-5ae2fdfc-b219-4406-aa53-5178055e9454 tempest-ServerBootFromVolumeStableRescueTest-2099765342 tempest-ServerBootFromVolumeStableRescueTest-2099765342-project-member] Using url versioning {{(pid=98793) process_request /opt/stack/glance/glance/api/middleware/version_negotiation.py:57}}
Jun 17 13:50:53.423668 np0000003053 devstack@g-api.service[98793]: DEBUG glance.api.middleware.version_negotiation [None req-5ae2fdfc-b219-4406-aa53-5178055e9454 tempest-ServerBootFromVolumeStableRescueTest-2099765342 tempest-ServerBootFromVolumeStableRescueTest-2099765342-project-member] Matched version: v2 {{(pid=98793) process_request /opt/stack/glance/glance/api/middleware/version_negotiation.py:69}}
Jun 17 13:50:53.423823 np0000003053 devstack@g-api.service[98793]: DEBUG glance.api.middleware.version_negotiation [None req-5ae2fdfc-b219-4406-aa53-5178055e9454 tempest-ServerBootFromVolumeStableRescueTest-2099765342 tempest-ServerBootFromVolumeStableRescueTest-2099765342-project-member] new path /v2/images/462585de-af76-4e7b-9708-8001e77e3df0 {{(pid=98793) process_request /opt/stack/glance/glance/api/middleware/version_negotiation.py:70}}
Jun 17 13:50:53.452974 np0000003053 devstack@g-api.service[98793]: [pid: 98793|app: 0|req: 262/515] 127.0.0.1 () {44 vars in 1115 bytes} [Wed Jun 17 13:50:53 2026] GET /v2/images/462585de-af76-4e7b-9708-8001e77e3df0 => generated 1640 bytes in 30 msecs (HTTP/1.1 200) 4 headers in 158 bytes (1 switches on core 0)
Jun 17 13:50:53.496763 np0000003053 devstack@g-api.service[98794]: DEBUG glance.api.middleware.version_negotiation [None req-496ff512-49f7-4110-9539-6532c8ee5d9e tempest-ServerBootFromVolumeStableRescueTest-2099765342 tempest-ServerBootFromVolumeStableRescueTest-2099765342-project-member] Determining version of request: GET /v2/schemas/image Accept: */* {{(pid=98794) process_request /opt/stack/glance/glance/api/middleware/version_negotiation.py:44}}
Jun 17 13:50:53.497545 np0000003053 devstack@g-api.service[98794]: DEBUG glance.api.middleware.version_negotiation [None req-496ff512-49f7-4110-9539-6532c8ee5d9e tempest-ServerBootFromVolumeStableRescueTest-2099765342 tempest-ServerBootFromVolumeStableRescueTest-2099765342-project-member] Using url versioning {{(pid=98794) process_request /opt/stack/glance/glance/api/middleware/version_negotiation.py:57}}
Jun 17 13:50:53.497545 np0000003053 devstack@g-api.service[98794]: DEBUG glance.api.middleware.version_negotiation [None req-496ff512-49f7-4110-9539-6532c8ee5d9e tempest-ServerBootFromVolumeStableRescueTest-2099765342 tempest-ServerBootFromVolumeStableRescueTest-2099765342-project-member] Matched version: v2 {{(pid=98794) process_request /opt/stack/glance/glance/api/middleware/version_negotiation.py:69}}
Jun 17 13:50:53.497545 np0000003053 devstack@g-api.service[98794]: DEBUG glance.api.middleware.version_negotiation [None req-496ff512-49f7-4110-9539-6532c8ee5d9e tempest-ServerBootFromVolumeStableRescueTest-2099765342 tempest-ServerBootFromVolumeStableRescueTest-2099765342-project-member] new path /v2/schemas/image {{(pid=98794) process_request /opt/stack/glance/glance/api/middleware/version_negotiation.py:70}}
Jun 17 13:50:53.501134 np0000003053 devstack@g-api.service[98794]: [pid: 98794|app: 0|req: 254/516] 127.0.0.1 () {44 vars in 1055 bytes} [Wed Jun 17 13:50:53 2026] GET /v2/schemas/image => generated 6083 bytes in 4 msecs (HTTP/1.1 200) 4 headers in 158 bytes (1 switches on core 0)
Jun 17 13:50:55.365179 np0000003053 devstack@g-api.service[98793]: DEBUG glance.api.middleware.version_negotiation [None req-ff346c3f-b78a-4165-ab4d-f488a1a68639 tempest-ServerBootFromVolumeStableRescueTest-2099765342 tempest-ServerBootFromVolumeStableRescueTest-2099765342-project-member] Determining version of request: GET /v2/images/3e8484e5-0183-4f54-86ae-20a04fb315bd Accept: */* {{(pid=98793) process_request /opt/stack/glance/glance/api/middleware/version_negotiation.py:44}}
Jun 17 13:50:55.367135 np0000003053 devstack@g-api.service[98793]: DEBUG glance.api.middleware.version_negotiation [None req-ff346c3f-b78a-4165-ab4d-f488a1a68639 tempest-ServerBootFromVolumeStableRescueTest-2099765342 tempest-ServerBootFromVolumeStableRescueTest-2099765342-project-member] Using url versioning {{(pid=98793) process_request /opt/stack/glance/glance/api/middleware/version_negotiation.py:57}}
Jun 17 13:50:55.368155 np0000003053 devstack@g-api.service[98793]: DEBUG glance.api.middleware.version_negotiation [None req-ff346c3f-b78a-4165-ab4d-f488a1a68639 tempest-ServerBootFromVolumeStableRescueTest-2099765342 tempest-ServerBootFromVolumeStableRescueTest-2099765342-project-member] Matched version: v2 {{(pid=98793) process_request /opt/stack/glance/glance/api/middleware/version_negotiation.py:69}}
Jun 17 13:50:55.368155 np0000003053 devstack@g-api.service[98793]: DEBUG glance.api.middleware.version_negotiation [None req-ff346c3f-b78a-4165-ab4d-f488a1a68639 tempest-ServerBootFromVolumeStableRescueTest-2099765342 tempest-ServerBootFromVolumeStableRescueTest-2099765342-project-member] new path /v2/images/3e8484e5-0183-4f54-86ae-20a04fb315bd {{(pid=98793) process_request /opt/stack/glance/glance/api/middleware/version_negotiation.py:70}}
Jun 17 13:50:55.390110 np0000003053 devstack@g-api.service[98793]: [pid: 98793|app: 0|req: 263/517] 127.0.0.1 () {44 vars in 1115 bytes} [Wed Jun 17 13:50:55 2026] GET /v2/images/3e8484e5-0183-4f54-86ae-20a04fb315bd => generated 1044 bytes in 26 msecs (HTTP/1.1 200) 4 headers in 158 bytes (1 switches on core 0)
Jun 17 13:50:55.429288 np0000003053 devstack@g-api.service[98794]: DEBUG glance.api.middleware.version_negotiation [None req-ff346c3f-b78a-4165-ab4d-f488a1a68639 tempest-ServerBootFromVolumeStableRescueTest-2099765342 tempest-ServerBootFromVolumeStableRescueTest-2099765342-project-member] Determining version of request: GET /v2/schemas/image Accept: */* {{(pid=98794) process_request /opt/stack/glance/glance/api/middleware/version_negotiation.py:44}}
Jun 17 13:50:55.429754 np0000003053 devstack@g-api.service[98794]: DEBUG glance.api.middleware.version_negotiation [None req-ff346c3f-b78a-4165-ab4d-f488a1a68639 tempest-ServerBootFromVolumeStableRescueTest-2099765342 tempest-ServerBootFromVolumeStableRescueTest-2099765342-project-member] Using url versioning {{(pid=98794) process_request /opt/stack/glance/glance/api/middleware/version_negotiation.py:57}}
Jun 17 13:50:55.429754 np0000003053 devstack@g-api.service[98794]: DEBUG glance.api.middleware.version_negotiation [None req-ff346c3f-b78a-4165-ab4d-f488a1a68639 tempest-ServerBootFromVolumeStableRescueTest-2099765342 tempest-ServerBootFromVolumeStableRescueTest-2099765342-project-member] Matched version: v2 {{(pid=98794) process_request /opt/stack/glance/glance/api/middleware/version_negotiation.py:69}}
