Aug 18 06:27:07.319576 np0000007604 devstack@c-api.service[97002]: DEBUG cinder.api.openstack.wsgi [None req-67075aaa-781f-41be-b5b4-e8855beb42ca tempest-GroupsV314Test-374107622 tempest-GroupsV314Test-374107622-project-member] Calling method 'show' {{(pid=97002) _process_stack /opt/stack/cinder/cinder/api/openstack/wsgi.py:878}}
Aug 18 06:27:07.336224 np0000007604 devstack@c-api.service[97002]: /opt/stack/data/venv/lib/python3.12/site-packages/oslo_context/context.py:102: DeprecationWarning: Policy enforcement is depending on the value of is_admin. This key is deprecated. Please update your policy file to use the standard policy values.
Aug 18 06:27:07.336224 np0000007604 devstack@c-api.service[97002]: warnings.warn(
Aug 18 06:27:07.346162 np0000007604 devstack@c-api.service[97002]: INFO cinder.volume.api [None req-67075aaa-781f-41be-b5b4-e8855beb42ca tempest-GroupsV314Test-374107622 tempest-GroupsV314Test-374107622-project-member] Volume info retrieved successfully.
Aug 18 06:27:07.347095 np0000007604 devstack@c-api.service[97002]: WARNING stevedore.named [None req-67075aaa-781f-41be-b5b4-e8855beb42ca tempest-GroupsV314Test-374107622 tempest-GroupsV314Test-374107622-project-member] Could not load cinder.keymgr.conf_key_mgr.ConfKeyManager
Aug 18 06:27:07.347407 np0000007604 devstack@c-api.service[97002]: WARNING castellan.key_manager [None req-67075aaa-781f-41be-b5b4-e8855beb42ca tempest-GroupsV314Test-374107622 tempest-GroupsV314Test-374107622-project-member] Deprecation Warning : cinder.keymgr.conf_key_mgr.ConfKeyManager is not a stevedore based driver, trying to load it as a class: stevedore.exception.NoMatches: No 'castellan.drivers' driver found, looking for 'cinder.keymgr.conf_key_mgr.ConfKeyManager'
Aug 18 06:27:07.378676 np0000007604 devstack@c-api.service[97004]: DEBUG cinder.quota [None req-41edf0fa-e545-481b-a1aa-881efb02708c tempest-VolumesAdminNegativeTest-1727502875 tempest-VolumesAdminNegativeTest-1727502875-project-member] Created reservations ['c878b173-d72b-4f83-bb60-9ff499271c89', '7702565e-e651-4711-910a-ad910535937d', 'e8cb727a-f51e-4011-ac85-39617d5945bf', '6855d5bf-d92a-40bf-a8b7-127d03e2b095'] {{(pid=97004) reserve /opt/stack/cinder/cinder/quota.py:752}}
Aug 18 06:27:07.379747 np0000007604 devstack@c-api.service[97004]: DEBUG cinder.volume.api [None req-41edf0fa-e545-481b-a1aa-881efb02708c tempest-VolumesAdminNegativeTest-1727502875 tempest-VolumesAdminNegativeTest-1727502875-project-member] Task 'cinder.volume.flows.api.create_volume.QuotaReserveTask;volume:create' (5232d504-d765-4f85-bc84-e70378f97037) transitioned into state 'SUCCESS' from state 'RUNNING' with result '{'reservations': ['c878b173-d72b-4f83-bb60-9ff499271c89', '7702565e-e651-4711-910a-ad910535937d', 'e8cb727a-f51e-4011-ac85-39617d5945bf', '6855d5bf-d92a-40bf-a8b7-127d03e2b095']}' {{(pid=97004) _task_receiver /opt/stack/data/venv/lib/python3.12/site-packages/taskflow/listeners/logging.py:218}}
Aug 18 06:27:07.380536 np0000007604 devstack@c-api.service[97004]: DEBUG cinder.volume.api [None req-41edf0fa-e545-481b-a1aa-881efb02708c tempest-VolumesAdminNegativeTest-1727502875 tempest-VolumesAdminNegativeTest-1727502875-project-member] Task 'cinder.volume.flows.api.create_volume.EntryCreateTask;volume:create' (6984df4e-b0e4-41a5-989b-ace789b5448e) transitioned into state 'RUNNING' from state 'PENDING' {{(pid=97004) _task_receiver /opt/stack/data/venv/lib/python3.12/site-packages/taskflow/listeners/logging.py:242}}
Aug 18 06:27:07.386969 np0000007604 devstack@c-api.service[97003]: DEBUG cinder.api.middleware.request_id [None req-9c22771d-0121-46c2-aa2c-a485f58c1240 None None] RequestId filter calling following filter/app {{(pid=97003) _context_setter /opt/stack/cinder/cinder/api/middleware/request_id.py:62}}
Aug 18 06:27:07.392593 np0000007604 devstack@c-api.service[97003]: INFO cinder.api.openstack.wsgi [None req-9c22771d-0121-46c2-aa2c-a485f58c1240 tempest-VolumesAssistedSnapshotsTest-1846646474 tempest-VolumesAssistedSnapshotsTest-1846646474-project-admin] DELETE https://10.4.3.253/volume/v3/volumes/7a5af3e3-87aa-4d7d-838d-aae1b1e33172
Aug 18 06:27:07.393741 np0000007604 devstack@c-api.service[97003]: DEBUG cinder.api.openstack.wsgi [None req-9c22771d-0121-46c2-aa2c-a485f58c1240 tempest-VolumesAssistedSnapshotsTest-1846646474 tempest-VolumesAssistedSnapshotsTest-1846646474-project-admin] Empty body provided in request {{(pid=97003) get_body /opt/stack/cinder/cinder/api/openstack/wsgi.py:725}}
Aug 18 06:27:07.395664 np0000007604 devstack@c-api.service[97003]: DEBUG cinder.api.openstack.wsgi [None req-9c22771d-0121-46c2-aa2c-a485f58c1240 tempest-VolumesAssistedSnapshotsTest-1846646474 tempest-VolumesAssistedSnapshotsTest-1846646474-project-admin] Calling method 'delete' {{(pid=97003) _process_stack /opt/stack/cinder/cinder/api/openstack/wsgi.py:878}}
Aug 18 06:27:07.395664 np0000007604 devstack@c-api.service[97003]: INFO cinder.api.v3.volumes [None req-9c22771d-0121-46c2-aa2c-a485f58c1240 tempest-VolumesAssistedSnapshotsTest-1846646474 tempest-VolumesAssistedSnapshotsTest-1846646474-project-admin] Delete volume with id: 7a5af3e3-87aa-4d7d-838d-aae1b1e33172
Aug 18 06:27:07.403926 np0000007604 devstack@c-api.service[97003]: INFO cinder.api.openstack.wsgi [None req-9c22771d-0121-46c2-aa2c-a485f58c1240 tempest-VolumesAssistedSnapshotsTest-1846646474 tempest-VolumesAssistedSnapshotsTest-1846646474-project-admin] https://10.4.3.253/volume/v3/volumes/7a5af3e3-87aa-4d7d-838d-aae1b1e33172 returned with HTTP 404
Aug 18 06:27:07.404780 np0000007604 devstack@c-api.service[97003]: [pid: 97003|app: 0|req: 137/406] 10.4.3.253 () {66 vars in 1351 bytes} [Tue Aug 18 06:27:07 2026] DELETE /volume/v3/volumes/7a5af3e3-87aa-4d7d-838d-aae1b1e33172 => generated 109 bytes in 18 msecs (HTTP/1.1 404) 7 headers in 292 bytes (1 switches on core 0)
Aug 18 06:27:07.410481 np0000007604 devstack@c-api.service[97002]: DEBUG oslo_db.sqlalchemy.engines [None req-67075aaa-781f-41be-b5b4-e8855beb42ca tempest-GroupsV314Test-374107622 tempest-GroupsV314Test-374107622-project-member] MySQL server mode set to STRICT_TRANS_TABLES,STRICT_ALL_TABLES,NO_ZERO_IN_DATE,NO_ZERO_DATE,ERROR_FOR_DIVISION_BY_ZERO,TRADITIONAL,NO_ENGINE_SUBSTITUTION {{(pid=97002) _check_effective_sql_mode /opt/stack/data/venv/lib/python3.12/site-packages/oslo_db/sqlalchemy/engines.py:325}}
Aug 18 06:27:07.416713 np0000007604 devstack@c-api.service[97003]: DEBUG cinder.api.middleware.request_id [None req-66ed1e47-4b4b-4c4b-9f9a-8344f73809da None None] RequestId filter calling following filter/app {{(pid=97003) _context_setter /opt/stack/cinder/cinder/api/middleware/request_id.py:62}}
Aug 18 06:27:07.420030 np0000007604 devstack@c-api.service[97003]: INFO cinder.api.openstack.wsgi [None req-66ed1e47-4b4b-4c4b-9f9a-8344f73809da tempest-VolumesAssistedSnapshotsTest-1846646474 tempest-VolumesAssistedSnapshotsTest-1846646474-project-admin] GET https://10.4.3.253/volume/v3/volumes/7a5af3e3-87aa-4d7d-838d-aae1b1e33172
Aug 18 06:27:07.420030 np0000007604 devstack@c-api.service[97003]: DEBUG cinder.api.openstack.wsgi [None req-66ed1e47-4b4b-4c4b-9f9a-8344f73809da tempest-VolumesAssistedSnapshotsTest-1846646474 tempest-VolumesAssistedSnapshotsTest-1846646474-project-admin] Empty body provided in request {{(pid=97003) get_body /opt/stack/cinder/cinder/api/openstack/wsgi.py:725}}
Aug 18 06:27:07.420030 np0000007604 devstack@c-api.service[97003]: DEBUG cinder.api.openstack.wsgi [None req-66ed1e47-4b4b-4c4b-9f9a-8344f73809da tempest-VolumesAssistedSnapshotsTest-1846646474 tempest-VolumesAssistedSnapshotsTest-1846646474-project-admin] Calling method 'show' {{(pid=97003) _process_stack /opt/stack/cinder/cinder/api/openstack/wsgi.py:878}}
Aug 18 06:27:07.424725 np0000007604 devstack@c-api.service[97002]: /opt/stack/data/venv/lib/python3.12/site-packages/oslo_context/context.py:102: DeprecationWarning: Policy enforcement is depending on the value of is_admin. This key is deprecated. Please update your policy file to use the standard policy values.
Aug 18 06:27:07.424725 np0000007604 devstack@c-api.service[97002]: warnings.warn(
Aug 18 06:27:07.431728 np0000007604 devstack@c-api.service[97004]: DEBUG cinder.volume.api [None req-41edf0fa-e545-481b-a1aa-881efb02708c tempest-VolumesAdminNegativeTest-1727502875 tempest-VolumesAdminNegativeTest-1727502875-project-member] Task 'cinder.volume.flows.api.create_volume.EntryCreateTask;volume:create' (6984df4e-b0e4-41a5-989b-ace789b5448e) transitioned into state 'SUCCESS' from state 'RUNNING' with result '{'volume_id': 'cd7834a8-cf9f-4ca6-ba56-f00f3dfb70e1', 'volume_properties': VolumeProperties(attach_status='detached',availability_zone='nova',cgsnapshot_id=None,consistencygroup_id=None,display_description=None,display_name='tempest-VolumesAdminNegativeTest-volume-2001472308',encryption_key_id=None,group_id=None,group_type_id=,metadata={},multiattach=False,project_id='b7b2e3759c214e55886b6a505e953546',qos_specs=None,replication_status=,reservations=['c878b173-d72b-4f83-bb60-9ff499271c89','7702565e-e651-4711-910a-ad910535937d','e8cb727a-f51e-4011-ac85-39617d5945bf','6855d5bf-d92a-40bf-a8b7-127d03e2b095'],size=1,snapshot_id=None,source_replicaid=,source_volid=None,status='creating',user_id='556af503817645759bc15dd5f7743f22',volume_type_id=54e31edc-b34b-4344-8c30-b7847d4c9b54), 'volume': Volume(_name_id=None,admin_metadata=,attach_status='detached',availability_zone='nova',bootable=False,cluster=,cluster_name=None,consistencygroup=,consistencygroup_id=None,created_at=2026-08-18T06:27:07Z,deleted=False,deleted_at=None,display_description=None,display_name='tempest-VolumesAdminNegativeTest-volume-2001472308',ec2_id=None,encryption_key_id=None,glance_metadata=,group=,group_id=None,host=None,id=cd7834a8-cf9f-4ca6-ba56-f00f3dfb70e1,launched_at=None,metadata={},migration_status=None,multiattach=False,previous_status=None,project_id='b7b2e3759c214e55886b6a505e953546',provider_auth=None,provider_geometry=None,provider_id=None,provider_location=None,replication_driver_data=None,replication_extended_status=None,replication_status=None,scheduled_at=None,service_uuid=None,shared_targets=True,size=1,snapshot_id=None,snapshots=,source_volid=None,status='creating',terminated_at=None,updated_at=None,use_quota=True,user_id='556af503817645759bc15dd5f7743f22',volume_attachment=VolumeAttachmentList,volume_type=VolumeType(54e31edc-b34b-4344-8c30-b7847d4c9b54),volume_type_id=54e31edc-b34b-4344-8c30-b7847d4c9b54)}' {{(pid=97004) _task_receiver /opt/stack/data/venv/lib/python3.12/site-packages/taskflow/listeners/logging.py:218}}
Aug 18 06:27:07.432722 np0000007604 devstack@c-api.service[97004]: DEBUG cinder.volume.api [None req-41edf0fa-e545-481b-a1aa-881efb02708c tempest-VolumesAdminNegativeTest-1727502875 tempest-VolumesAdminNegativeTest-1727502875-project-member] Task 'cinder.volume.flows.api.create_volume.QuotaCommitTask;volume:create' (f19a6761-654d-4a76-9433-e8702c732ba9) transitioned into state 'RUNNING' from state 'PENDING' {{(pid=97004) _task_receiver /opt/stack/data/venv/lib/python3.12/site-packages/taskflow/listeners/logging.py:242}}
Aug 18 06:27:07.434496 np0000007604 devstack@c-api.service[97003]: INFO cinder.api.openstack.wsgi [None req-66ed1e47-4b4b-4c4b-9f9a-8344f73809da tempest-VolumesAssistedSnapshotsTest-1846646474 tempest-VolumesAssistedSnapshotsTest-1846646474-project-admin] https://10.4.3.253/volume/v3/volumes/7a5af3e3-87aa-4d7d-838d-aae1b1e33172 returned with HTTP 404
Aug 18 06:27:07.435564 np0000007604 devstack@c-api.service[97003]: [pid: 97003|app: 0|req: 138/407] 10.4.3.253 () {66 vars in 1348 bytes} [Tue Aug 18 06:27:07 2026] GET /volume/v3/volumes/7a5af3e3-87aa-4d7d-838d-aae1b1e33172 => generated 109 bytes in 21 msecs (HTTP/1.1 404) 7 headers in 292 bytes (1 switches on core 0)
Aug 18 06:27:07.452823 np0000007604 devstack@c-api.service[97002]: INFO cinder.api.openstack.wsgi [None req-67075aaa-781f-41be-b5b4-e8855beb42ca tempest-GroupsV314Test-374107622 tempest-GroupsV314Test-374107622-project-member] https://10.4.3.253/volume/v3/volumes/045da064-964c-4815-a695-f118e9d7eaee returned with HTTP 200
Aug 18 06:27:07.455071 np0000007604 devstack@c-api.service[97002]: [pid: 97002|app: 0|req: 136/408] 10.4.3.253 () {68 vars in 1389 bytes} [Tue Aug 18 06:27:07 2026] GET /volume/v3/volumes/045da064-964c-4815-a695-f118e9d7eaee => generated 922 bytes in 142 msecs (HTTP/1.1 200) 7 headers in 286 bytes (1 switches on core 0)
Aug 18 06:27:07.480321 np0000007604 devstack@c-api.service[97004]: DEBUG cinder.volume.api [None req-41edf0fa-e545-481b-a1aa-881efb02708c tempest-VolumesAdminNegativeTest-1727502875 tempest-VolumesAdminNegativeTest-1727502875-project-member] Task 'cinder.volume.flows.api.create_volume.QuotaCommitTask;volume:create' (f19a6761-654d-4a76-9433-e8702c732ba9) transitioned into state 'SUCCESS' from state 'RUNNING' with result '{'volume_properties': VolumeProperties(attach_status='detached',availability_zone='nova',cgsnapshot_id=None,consistencygroup_id=None,display_description=None,display_name='tempest-VolumesAdminNegativeTest-volume-2001472308',encryption_key_id=None,group_id=None,group_type_id=,metadata={},multiattach=False,project_id='b7b2e3759c214e55886b6a505e953546',qos_specs=None,replication_status=,reservations=['c878b173-d72b-4f83-bb60-9ff499271c89','7702565e-e651-4711-910a-ad910535937d','e8cb727a-f51e-4011-ac85-39617d5945bf','6855d5bf-d92a-40bf-a8b7-127d03e2b095'],size=1,snapshot_id=None,source_replicaid=,source_volid=None,status='creating',user_id='556af503817645759bc15dd5f7743f22',volume_type_id=54e31edc-b34b-4344-8c30-b7847d4c9b54)}' {{(pid=97004) _task_receiver /opt/stack/data/venv/lib/python3.12/site-packages/taskflow/listeners/logging.py:218}}
Aug 18 06:27:07.483332 np0000007604 devstack@c-api.service[97004]: DEBUG cinder.volume.api [None req-41edf0fa-e545-481b-a1aa-881efb02708c tempest-VolumesAdminNegativeTest-1727502875 tempest-VolumesAdminNegativeTest-1727502875-project-member] Task 'cinder.volume.flows.api.create_volume.VolumeCastTask;volume:create' (71c5ec37-1b52-4355-9cb5-4700b23e86db) transitioned into state 'RUNNING' from state 'PENDING' {{(pid=97004) _task_receiver /opt/stack/data/venv/lib/python3.12/site-packages/taskflow/listeners/logging.py:242}}
Aug 18 06:27:07.506514 np0000007604 devstack@c-api.service[97004]: DEBUG cinder.volume.api [None req-41edf0fa-e545-481b-a1aa-881efb02708c tempest-VolumesAdminNegativeTest-1727502875 tempest-VolumesAdminNegativeTest-1727502875-project-member] Task 'cinder.volume.flows.api.create_volume.VolumeCastTask;volume:create' (71c5ec37-1b52-4355-9cb5-4700b23e86db) transitioned into state 'SUCCESS' from state 'RUNNING' with result 'None' {{(pid=97004) _task_receiver /opt/stack/data/venv/lib/python3.12/site-packages/taskflow/listeners/logging.py:218}}
Aug 18 06:27:07.507916 np0000007604 devstack@c-api.service[97004]: DEBUG cinder.volume.api [None req-41edf0fa-e545-481b-a1aa-881efb02708c tempest-VolumesAdminNegativeTest-1727502875 tempest-VolumesAdminNegativeTest-1727502875-project-member] Flow 'volume_create_api' (618c1444-abb8-445f-b941-8df83766c07f) transitioned into state 'SUCCESS' from state 'RUNNING' {{(pid=97004) _flow_receiver /opt/stack/data/venv/lib/python3.12/site-packages/taskflow/listeners/logging.py:160}}
Aug 18 06:27:07.507916 np0000007604 devstack@c-api.service[97004]: INFO cinder.volume.api [None req-41edf0fa-e545-481b-a1aa-881efb02708c tempest-VolumesAdminNegativeTest-1727502875 tempest-VolumesAdminNegativeTest-1727502875-project-member] Create volume request issued successfully.
Aug 18 06:27:07.508659 np0000007604 devstack@c-api.service[97004]: INFO cinder.api.openstack.wsgi [None req-41edf0fa-e545-481b-a1aa-881efb02708c tempest-VolumesAdminNegativeTest-1727502875 tempest-VolumesAdminNegativeTest-1727502875-project-member] https://10.4.3.253/volume/v3/volumes returned with HTTP 202
Aug 18 06:27:07.509556 np0000007604 devstack@c-api.service[97004]: [pid: 97004|app: 0|req: 135/409] 10.4.3.253 () {68 vars in 1258 bytes} [Tue Aug 18 06:27:07 2026] POST /volume/v3/volumes => generated 755 bytes in 389 msecs (HTTP/1.1 202) 7 headers in 291 bytes (1 switches on core 0)
Aug 18 06:27:07.529167 np0000007604 devstack@c-api.service[97003]: DEBUG cinder.api.middleware.request_id [None req-610d1d81-a834-49a6-8951-527530928bca None None] RequestId filter calling following filter/app {{(pid=97003) _context_setter /opt/stack/cinder/cinder/api/middleware/request_id.py:62}}
Aug 18 06:27:07.535229 np0000007604 devstack@c-api.service[97003]: INFO cinder.api.openstack.wsgi [None req-610d1d81-a834-49a6-8951-527530928bca tempest-VolumesAdminNegativeTest-1727502875 tempest-VolumesAdminNegativeTest-1727502875-project-member] GET https://10.4.3.253/volume/v3/volumes/cd7834a8-cf9f-4ca6-ba56-f00f3dfb70e1
Aug 18 06:27:07.535474 np0000007604 devstack@c-api.service[97003]: DEBUG cinder.api.openstack.wsgi [None req-610d1d81-a834-49a6-8951-527530928bca tempest-VolumesAdminNegativeTest-1727502875 tempest-VolumesAdminNegativeTest-1727502875-project-member] Empty body provided in request {{(pid=97003) get_body /opt/stack/cinder/cinder/api/openstack/wsgi.py:725}}
Aug 18 06:27:07.536042 np0000007604 devstack@c-api.service[97003]: DEBUG cinder.api.openstack.wsgi [None req-610d1d81-a834-49a6-8951-527530928bca tempest-VolumesAdminNegativeTest-1727502875 tempest-VolumesAdminNegativeTest-1727502875-project-member] Calling method 'show' {{(pid=97003) _process_stack /opt/stack/cinder/cinder/api/openstack/wsgi.py:878}}
Aug 18 06:27:07.558677 np0000007604 devstack@c-api.service[97003]: /opt/stack/data/venv/lib/python3.12/site-packages/oslo_context/context.py:102: DeprecationWarning: Policy enforcement is depending on the value of is_admin. This key is deprecated. Please update your policy file to use the standard policy values.
Aug 18 06:27:07.558677 np0000007604 devstack@c-api.service[97003]: warnings.warn(
Aug 18 06:27:07.568794 np0000007604 devstack@c-api.service[97003]: INFO cinder.volume.api [None req-610d1d81-a834-49a6-8951-527530928bca tempest-VolumesAdminNegativeTest-1727502875 tempest-VolumesAdminNegativeTest-1727502875-project-member] Volume info retrieved successfully.
Aug 18 06:27:07.583699 np0000007604 devstack@c-api.service[97003]: INFO cinder.api.openstack.wsgi [None req-610d1d81-a834-49a6-8951-527530928bca tempest-VolumesAdminNegativeTest-1727502875 tempest-VolumesAdminNegativeTest-1727502875-project-member] https://10.4.3.253/volume/v3/volumes/cd7834a8-cf9f-4ca6-ba56-f00f3dfb70e1 returned with HTTP 200
Aug 18 06:27:07.586700 np0000007604 devstack@c-api.service[97003]: [pid: 97003|app: 0|req: 139/410] 10.4.3.253 () {66 vars in 1348 bytes} [Tue Aug 18 06:27:07 2026] GET /volume/v3/volumes/cd7834a8-cf9f-4ca6-ba56-f00f3dfb70e1 => generated 823 bytes in 58 msecs (HTTP/1.1 200) 7 headers in 285 bytes (1 switches on core 0)
Aug 18 06:27:08.477440 np0000007604 devstack@c-api.service[97002]: DEBUG cinder.api.middleware.request_id [None req-8b7e2321-6e97-427f-b284-79d427bdbc9c None None] RequestId filter calling following filter/app {{(pid=97002) _context_setter /opt/stack/cinder/cinder/api/middleware/request_id.py:62}}
Aug 18 06:27:08.479835 np0000007604 devstack@c-api.service[97002]: INFO cinder.api.openstack.wsgi [None req-8b7e2321-6e97-427f-b284-79d427bdbc9c tempest-GroupsV314Test-374107622 tempest-GroupsV314Test-374107622-project-member] GET https://10.4.3.253/volume/v3/volumes/045da064-964c-4815-a695-f118e9d7eaee
Aug 18 06:27:08.480001 np0000007604 devstack@c-api.service[97002]: DEBUG cinder.api.openstack.wsgi [None req-8b7e2321-6e97-427f-b284-79d427bdbc9c tempest-GroupsV314Test-374107622 tempest-GroupsV314Test-374107622-project-member] Empty body provided in request {{(pid=97002) get_body /opt/stack/cinder/cinder/api/openstack/wsgi.py:725}}
Aug 18 06:27:08.481246 np0000007604 devstack@c-api.service[97002]: DEBUG cinder.api.openstack.wsgi [None req-8b7e2321-6e97-427f-b284-79d427bdbc9c tempest-GroupsV314Test-374107622 tempest-GroupsV314Test-374107622-project-member] Calling method 'show' {{(pid=97002) _process_stack /opt/stack/cinder/cinder/api/openstack/wsgi.py:878}}
Aug 18 06:27:08.492832 np0000007604 devstack@c-api.service[97002]: INFO cinder.api.openstack.wsgi [None req-8b7e2321-6e97-427f-b284-79d427bdbc9c tempest-GroupsV314Test-374107622 tempest-GroupsV314Test-374107622-project-member] https://10.4.3.253/volume/v3/volumes/045da064-964c-4815-a695-f118e9d7eaee returned with HTTP 404
Aug 18 06:27:08.493075 np0000007604 devstack@c-api.service[97002]: [pid: 97002|app: 0|req: 137/411] 10.4.3.253 () {68 vars in 1389 bytes} [Tue Aug 18 06:27:08 2026] GET /volume/v3/volumes/045da064-964c-4815-a695-f118e9d7eaee => generated 109 bytes in 16 msecs (HTTP/1.1 404) 7 headers in 293 bytes (1 switches on core 0)
Aug 18 06:27:08.509093 np0000007604 devstack@c-api.service[97004]: DEBUG cinder.api.middleware.request_id [None req-b6fa01a0-dfdb-48c8-8688-2feba536fdc0 None None] RequestId filter calling following filter/app {{(pid=97004) _context_setter /opt/stack/cinder/cinder/api/middleware/request_id.py:62}}
Aug 18 06:27:08.512196 np0000007604 devstack@c-api.service[97004]: INFO cinder.api.openstack.wsgi [None req-b6fa01a0-dfdb-48c8-8688-2feba536fdc0 tempest-GroupsV314Test-374107622 tempest-GroupsV314Test-374107622-project-member] GET https://10.4.3.253/volume/v3/groups/b6e1015a-6d27-4687-b587-572b31de783e
Aug 18 06:27:08.512499 np0000007604 devstack@c-api.service[97004]: DEBUG cinder.api.openstack.wsgi [None req-b6fa01a0-dfdb-48c8-8688-2feba536fdc0 tempest-GroupsV314Test-374107622 tempest-GroupsV314Test-374107622-project-member] Empty body provided in request {{(pid=97004) get_body /opt/stack/cinder/cinder/api/openstack/wsgi.py:725}}
Aug 18 06:27:08.512744 np0000007604 devstack@c-api.service[97004]: DEBUG cinder.api.openstack.wsgi [None req-b6fa01a0-dfdb-48c8-8688-2feba536fdc0 tempest-GroupsV314Test-374107622 tempest-GroupsV314Test-374107622-project-member] Calling method 'version_select' {{(pid=97004) _process_stack /opt/stack/cinder/cinder/api/openstack/wsgi.py:878}}
Aug 18 06:27:08.512960 np0000007604 devstack@c-api.service[97004]: DEBUG cinder.api.v3.groups [None req-b6fa01a0-dfdb-48c8-8688-2feba536fdc0 tempest-GroupsV314Test-374107622 tempest-GroupsV314Test-374107622-project-member] show called for member b6e1015a-6d27-4687-b587-572b31de783e {{(pid=97004) show /opt/stack/cinder/cinder/api/v3/groups.py:58}}
Aug 18 06:27:08.519697 np0000007604 devstack@c-api.service[97004]: INFO cinder.api.openstack.wsgi [None req-b6fa01a0-dfdb-48c8-8688-2feba536fdc0 tempest-GroupsV314Test-374107622 tempest-GroupsV314Test-374107622-project-member] https://10.4.3.253/volume/v3/groups/b6e1015a-6d27-4687-b587-572b31de783e returned with HTTP 404
Aug 18 06:27:08.520132 np0000007604 devstack@c-api.service[97004]: [pid: 97004|app: 0|req: 136/412] 10.4.3.253 () {68 vars in 1386 bytes} [Tue Aug 18 06:27:08 2026] GET /volume/v3/groups/b6e1015a-6d27-4687-b587-572b31de783e => generated 108 bytes in 14 msecs (HTTP/1.1 404) 7 headers in 293 bytes (1 switches on core 0)
Aug 18 06:27:08.532866 np0000007604 devstack@c-api.service[97003]: DEBUG cinder.api.middleware.request_id [None req-ef8cda09-e055-41da-947a-6e88ab770597 None None] RequestId filter calling following filter/app {{(pid=97003) _context_setter /opt/stack/cinder/cinder/api/middleware/request_id.py:62}}
Aug 18 06:27:08.537579 np0000007604 devstack@c-api.service[97003]: INFO cinder.api.openstack.wsgi [None req-ef8cda09-e055-41da-947a-6e88ab770597 tempest-GroupsV314Test-374107622 tempest-GroupsV314Test-374107622-project-member] GET https://10.4.3.253/volume/v3/volumes/detail
Aug 18 06:27:08.537762 np0000007604 devstack@c-api.service[97003]: DEBUG cinder.api.openstack.wsgi [None req-ef8cda09-e055-41da-947a-6e88ab770597 tempest-GroupsV314Test-374107622 tempest-GroupsV314Test-374107622-project-member] Empty body provided in request {{(pid=97003) get_body /opt/stack/cinder/cinder/api/openstack/wsgi.py:725}}
Aug 18 06:27:08.538110 np0000007604 devstack@c-api.service[97003]: DEBUG cinder.api.openstack.wsgi [None req-ef8cda09-e055-41da-947a-6e88ab770597 tempest-GroupsV314Test-374107622 tempest-GroupsV314Test-374107622-project-member] Calling method 'detail' {{(pid=97003) _process_stack /opt/stack/cinder/cinder/api/openstack/wsgi.py:878}}
Aug 18 06:27:08.538612 np0000007604 devstack@c-api.service[97003]: DEBUG cinder.api.api_utils [None req-ef8cda09-e055-41da-947a-6e88ab770597 tempest-GroupsV314Test-374107622 tempest-GroupsV314Test-374107622-project-member] Removing options '' from query. {{(pid=97003) remove_invalid_filter_options /opt/stack/cinder/cinder/api/api_utils.py:82}}
Aug 18 06:27:08.539853 np0000007604 devstack@c-api.service[97003]: DEBUG cinder.volume.api [None req-ef8cda09-e055-41da-947a-6e88ab770597 tempest-GroupsV314Test-374107622 tempest-GroupsV314Test-374107622-project-member] Searching by: MultiDict([('no_migration_targets', True)]). {{(pid=97003) get_all /opt/stack/cinder/cinder/volume/api.py:664}}
Aug 18 06:27:08.556707 np0000007604 devstack@c-api.service[97003]: INFO cinder.volume.api [None req-ef8cda09-e055-41da-947a-6e88ab770597 tempest-GroupsV314Test-374107622 tempest-GroupsV314Test-374107622-project-member] Get all volumes completed successfully.
Aug 18 06:27:08.557040 np0000007604 devstack@c-api.service[97003]: WARNING stevedore.named [None req-ef8cda09-e055-41da-947a-6e88ab770597 tempest-GroupsV314Test-374107622 tempest-GroupsV314Test-374107622-project-member] Could not load cinder.keymgr.conf_key_mgr.ConfKeyManager
Aug 18 06:27:08.557478 np0000007604 devstack@c-api.service[97003]: WARNING castellan.key_manager [None req-ef8cda09-e055-41da-947a-6e88ab770597 tempest-GroupsV314Test-374107622 tempest-GroupsV314Test-374107622-project-member] Deprecation Warning : cinder.keymgr.conf_key_mgr.ConfKeyManager is not a stevedore based driver, trying to load it as a class: stevedore.exception.NoMatches: No 'castellan.drivers' driver found, looking for 'cinder.keymgr.conf_key_mgr.ConfKeyManager'
Aug 18 06:27:08.612827 np0000007604 devstack@c-api.service[97003]: DEBUG oslo_db.sqlalchemy.engines [None req-ef8cda09-e055-41da-947a-6e88ab770597 tempest-GroupsV314Test-374107622 tempest-GroupsV314Test-374107622-project-member] MySQL server mode set to STRICT_TRANS_TABLES,STRICT_ALL_TABLES,NO_ZERO_IN_DATE,NO_ZERO_DATE,ERROR_FOR_DIVISION_BY_ZERO,TRADITIONAL,NO_ENGINE_SUBSTITUTION {{(pid=97003) _check_effective_sql_mode /opt/stack/data/venv/lib/python3.12/site-packages/oslo_db/sqlalchemy/engines.py:325}}
Aug 18 06:27:08.614472 np0000007604 devstack@c-api.service[97002]: DEBUG cinder.api.middleware.request_id [None req-20a2729b-4398-4034-9017-a45440c1fdf2 None None] RequestId filter calling following filter/app {{(pid=97002) _context_setter /opt/stack/cinder/cinder/api/middleware/request_id.py:62}}
Aug 18 06:27:08.617993 np0000007604 devstack@c-api.service[97002]: INFO cinder.api.openstack.wsgi [None req-20a2729b-4398-4034-9017-a45440c1fdf2 tempest-VolumesAdminNegativeTest-1727502875 tempest-VolumesAdminNegativeTest-1727502875-project-member] GET https://10.4.3.253/volume/v3/volumes/cd7834a8-cf9f-4ca6-ba56-f00f3dfb70e1
Aug 18 06:27:08.617993 np0000007604 devstack@c-api.service[97002]: DEBUG cinder.api.openstack.wsgi [None req-20a2729b-4398-4034-9017-a45440c1fdf2 tempest-VolumesAdminNegativeTest-1727502875 tempest-VolumesAdminNegativeTest-1727502875-project-member] Empty body provided in request {{(pid=97002) get_body /opt/stack/cinder/cinder/api/openstack/wsgi.py:725}}
Aug 18 06:27:08.618172 np0000007604 devstack@c-api.service[97002]: DEBUG cinder.api.openstack.wsgi [None req-20a2729b-4398-4034-9017-a45440c1fdf2 tempest-VolumesAdminNegativeTest-1727502875 tempest-VolumesAdminNegativeTest-1727502875-project-member] Calling method 'show' {{(pid=97002) _process_stack /opt/stack/cinder/cinder/api/openstack/wsgi.py:878}}
Aug 18 06:27:08.622002 np0000007604 devstack@c-api.service[97003]: /opt/stack/data/venv/lib/python3.12/site-packages/oslo_context/context.py:102: DeprecationWarning: Policy enforcement is depending on the value of is_admin. This key is deprecated. Please update your policy file to use the standard policy values.
Aug 18 06:27:08.622002 np0000007604 devstack@c-api.service[97003]: warnings.warn(
Aug 18 06:27:08.634341 np0000007604 devstack@c-api.service[97003]: INFO cinder.api.openstack.wsgi [None req-ef8cda09-e055-41da-947a-6e88ab770597 tempest-GroupsV314Test-374107622 tempest-GroupsV314Test-374107622-project-member] https://10.4.3.253/volume/v3/volumes/detail returned with HTTP 200
Aug 18 06:27:08.637948 np0000007604 devstack@c-api.service[97003]: [pid: 97003|app: 0|req: 140/413] 10.4.3.253 () {68 vars in 1299 bytes} [Tue Aug 18 06:27:08 2026] GET /volume/v3/volumes/detail => generated 914 bytes in 107 msecs (HTTP/1.1 200) 7 headers in 286 bytes (1 switches on core 0)
Aug 18 06:27:08.640849 np0000007604 devstack@c-api.service[97002]: /opt/stack/data/venv/lib/python3.12/site-packages/oslo_context/context.py:102: DeprecationWarning: Policy enforcement is depending on the value of is_admin. This key is deprecated. Please update your policy file to use the standard policy values.
Aug 18 06:27:08.640849 np0000007604 devstack@c-api.service[97002]: warnings.warn(
Aug 18 06:27:08.653608 np0000007604 devstack@c-api.service[97002]: INFO cinder.volume.api [None req-20a2729b-4398-4034-9017-a45440c1fdf2 tempest-VolumesAdminNegativeTest-1727502875 tempest-VolumesAdminNegativeTest-1727502875-project-member] Volume info retrieved successfully.
Aug 18 06:27:08.657623 np0000007604 devstack@c-api.service[97004]: DEBUG cinder.api.middleware.request_id [None req-9fdddfc6-c0cc-4a9f-b7b1-068e3fc79481 None None] RequestId filter calling following filter/app {{(pid=97004) _context_setter /opt/stack/cinder/cinder/api/middleware/request_id.py:62}}
Aug 18 06:27:08.660819 np0000007604 devstack@c-api.service[97004]: INFO cinder.api.openstack.wsgi [None req-9fdddfc6-c0cc-4a9f-b7b1-068e3fc79481 tempest-GroupsV314Test-374107622 tempest-GroupsV314Test-374107622-project-member] POST https://10.4.3.253/volume/v3/groups/3c9adbf0-f38c-429f-bb28-0abcb45fc51d/action
Aug 18 06:27:08.660819 np0000007604 devstack@c-api.service[97004]: DEBUG cinder.api.openstack.wsgi [None req-9fdddfc6-c0cc-4a9f-b7b1-068e3fc79481 tempest-GroupsV314Test-374107622 tempest-GroupsV314Test-374107622-project-member] Action body: b'{"delete": {"delete-volumes": true}}' {{(pid=97004) get_method /opt/stack/cinder/cinder/api/openstack/wsgi.py:993}}
Aug 18 06:27:08.660819 np0000007604 devstack@c-api.service[97004]: DEBUG cinder.api.openstack.wsgi [None req-9fdddfc6-c0cc-4a9f-b7b1-068e3fc79481 tempest-GroupsV314Test-374107622 tempest-GroupsV314Test-374107622-project-member] Action: 'action', calling method: delete_group, body: {"delete": {"delete-volumes": true}} {{(pid=97004) _process_stack /opt/stack/cinder/cinder/api/openstack/wsgi.py:876}}
Aug 18 06:27:08.662878 np0000007604 devstack@c-api.service[97002]: INFO cinder.api.openstack.wsgi [None req-20a2729b-4398-4034-9017-a45440c1fdf2 tempest-VolumesAdminNegativeTest-1727502875 tempest-VolumesAdminNegativeTest-1727502875-project-member] https://10.4.3.253/volume/v3/volumes/cd7834a8-cf9f-4ca6-ba56-f00f3dfb70e1 returned with HTTP 200
Aug 18 06:27:08.663948 np0000007604 devstack@c-api.service[97004]: DEBUG cinder.api.v3.groups [None req-9fdddfc6-c0cc-4a9f-b7b1-068e3fc79481 tempest-GroupsV314Test-374107622 tempest-GroupsV314Test-374107622-project-member] delete called for group 3c9adbf0-f38c-429f-bb28-0abcb45fc51d {{(pid=97004) _delete /opt/stack/cinder/cinder/api/v3/groups.py:117}}
Aug 18 06:27:08.663948 np0000007604 devstack@c-api.service[97004]: INFO cinder.api.v3.groups [None req-9fdddfc6-c0cc-4a9f-b7b1-068e3fc79481 tempest-GroupsV314Test-374107622 tempest-GroupsV314Test-374107622-project-member] Delete group with id: 3c9adbf0-f38c-429f-bb28-0abcb45fc51d
Aug 18 06:27:08.664122 np0000007604 devstack@c-api.service[97002]: [pid: 97002|app: 0|req: 138/414] 10.4.3.253 () {66 vars in 1348 bytes} [Tue Aug 18 06:27:08 2026] GET /volume/v3/volumes/cd7834a8-cf9f-4ca6-ba56-f00f3dfb70e1 => generated 848 bytes in 50 msecs (HTTP/1.1 200) 7 headers in 285 bytes (1 switches on core 0)
Aug 18 06:27:08.669590 np0000007604 devstack@c-api.service[97004]: /opt/stack/data/venv/lib/python3.12/site-packages/oslo_context/context.py:102: DeprecationWarning: Policy enforcement is depending on the value of is_admin. This key is deprecated. Please update your policy file to use the standard policy values.
Aug 18 06:27:08.669590 np0000007604 devstack@c-api.service[97004]: warnings.warn(
Aug 18 06:27:08.764773 np0000007604 devstack@c-api.service[97004]: INFO cinder.api.openstack.wsgi [None req-9fdddfc6-c0cc-4a9f-b7b1-068e3fc79481 tempest-GroupsV314Test-374107622 tempest-GroupsV314Test-374107622-project-member] https://10.4.3.253/volume/v3/groups/3c9adbf0-f38c-429f-bb28-0abcb45fc51d/action returned with HTTP 202
Aug 18 06:27:08.766182 np0000007604 devstack@c-api.service[97004]: [pid: 97004|app: 0|req: 137/415] 10.4.3.253 () {70 vars in 1428 bytes} [Tue Aug 18 06:27:08 2026] POST /volume/v3/groups/3c9adbf0-f38c-429f-bb28-0abcb45fc51d/action => generated 0 bytes in 108 msecs (HTTP/1.1 202) 6 headers in 234 bytes (1 switches on core 0)
Aug 18 06:27:08.778597 np0000007604 devstack@c-api.service[97003]: DEBUG cinder.api.middleware.request_id [None req-c154921c-0022-49f6-9b46-6ff7cf80197f None None] RequestId filter calling following filter/app {{(pid=97003) _context_setter /opt/stack/cinder/cinder/api/middleware/request_id.py:62}}
Aug 18 06:27:08.781631 np0000007604 devstack@c-api.service[97003]: INFO cinder.api.openstack.wsgi [None req-c154921c-0022-49f6-9b46-6ff7cf80197f tempest-GroupsV314Test-374107622 tempest-GroupsV314Test-374107622-project-member] GET https://10.4.3.253/volume/v3/volumes/3acf4510-34a9-46eb-bcb9-d9901325b063
Aug 18 06:27:08.782210 np0000007604 devstack@c-api.service[97003]: DEBUG cinder.api.openstack.wsgi [None req-c154921c-0022-49f6-9b46-6ff7cf80197f tempest-GroupsV314Test-374107622 tempest-GroupsV314Test-374107622-project-member] Empty body provided in request {{(pid=97003) get_body /opt/stack/cinder/cinder/api/openstack/wsgi.py:725}}
Aug 18 06:27:08.782700 np0000007604 devstack@c-api.service[97003]: DEBUG cinder.api.openstack.wsgi [None req-c154921c-0022-49f6-9b46-6ff7cf80197f tempest-GroupsV314Test-374107622 tempest-GroupsV314Test-374107622-project-member] Calling method 'show' {{(pid=97003) _process_stack /opt/stack/cinder/cinder/api/openstack/wsgi.py:878}}
Aug 18 06:27:08.792658 np0000007604 devstack@c-api.service[97003]: /opt/stack/data/venv/lib/python3.12/site-packages/oslo_context/context.py:102: DeprecationWarning: Policy enforcement is depending on the value of is_admin. This key is deprecated. Please update your policy file to use the standard policy values.
Aug 18 06:27:08.792658 np0000007604 devstack@c-api.service[97003]: warnings.warn(
Aug 18 06:27:08.799302 np0000007604 devstack@c-api.service[97003]: INFO cinder.volume.api [None req-c154921c-0022-49f6-9b46-6ff7cf80197f tempest-GroupsV314Test-374107622 tempest-GroupsV314Test-374107622-project-member] Volume info retrieved successfully.
Aug 18 06:27:08.802171 np0000007604 devstack@c-api.service[97003]: WARNING stevedore.named [None req-c154921c-0022-49f6-9b46-6ff7cf80197f tempest-GroupsV314Test-374107622 tempest-GroupsV314Test-374107622-project-member] Could not load cinder.keymgr.conf_key_mgr.ConfKeyManager
Aug 18 06:27:08.802171 np0000007604 devstack@c-api.service[97003]: WARNING castellan.key_manager [None req-c154921c-0022-49f6-9b46-6ff7cf80197f tempest-GroupsV314Test-374107622 tempest-GroupsV314Test-374107622-project-member] Deprecation Warning : cinder.keymgr.conf_key_mgr.ConfKeyManager is not a stevedore based driver, trying to load it as a class: stevedore.exception.NoMatches: No 'castellan.drivers' driver found, looking for 'cinder.keymgr.conf_key_mgr.ConfKeyManager'
Aug 18 06:27:08.852975 np0000007604 devstack@c-api.service[97003]: DEBUG oslo_db.sqlalchemy.engines [None req-c154921c-0022-49f6-9b46-6ff7cf80197f tempest-GroupsV314Test-374107622 tempest-GroupsV314Test-374107622-project-member] MySQL server mode set to STRICT_TRANS_TABLES,STRICT_ALL_TABLES,NO_ZERO_IN_DATE,NO_ZERO_DATE,ERROR_FOR_DIVISION_BY_ZERO,TRADITIONAL,NO_ENGINE_SUBSTITUTION {{(pid=97003) _check_effective_sql_mode /opt/stack/data/venv/lib/python3.12/site-packages/oslo_db/sqlalchemy/engines.py:325}}
Aug 18 06:27:08.859052 np0000007604 devstack@c-api.service[97003]: /opt/stack/data/venv/lib/python3.12/site-packages/oslo_context/context.py:102: DeprecationWarning: Policy enforcement is depending on the value of is_admin. This key is deprecated. Please update your policy file to use the standard policy values.
Aug 18 06:27:08.859052 np0000007604 devstack@c-api.service[97003]: warnings.warn(
Aug 18 06:27:08.874267 np0000007604 devstack@c-api.service[97003]: INFO cinder.api.openstack.wsgi [None req-c154921c-0022-49f6-9b46-6ff7cf80197f tempest-GroupsV314Test-374107622 tempest-GroupsV314Test-374107622-project-member] https://10.4.3.253/volume/v3/volumes/3acf4510-34a9-46eb-bcb9-d9901325b063 returned with HTTP 200
Aug 18 06:27:08.875124 np0000007604 devstack@c-api.service[97003]: [pid: 97003|app: 0|req: 141/416] 10.4.3.253 () {68 vars in 1389 bytes} [Tue Aug 18 06:27:08 2026] GET /volume/v3/volumes/3acf4510-34a9-46eb-bcb9-d9901325b063 => generated 910 bytes in 98 msecs (HTTP/1.1 200) 7 headers in 286 bytes (1 switches on core 0)
Aug 18 06:27:09.190976 np0000007604 devstack@c-api.service[97002]: DEBUG cinder.api.middleware.request_id [req-ebc0f48b-c6d7-41c1-afe6-3867748b4f37 req-c7afa9d1-7756-4e27-a1d1-f9c06bc544b5 None None] RequestId filter calling following filter/app {{(pid=97002) _context_setter /opt/stack/cinder/cinder/api/middleware/request_id.py:62}}
Aug 18 06:27:09.198232 np0000007604 devstack@c-api.service[97002]: INFO cinder.api.openstack.wsgi [req-ebc0f48b-c6d7-41c1-afe6-3867748b4f37 req-c7afa9d1-7756-4e27-a1d1-f9c06bc544b5 tempest-VolumesAdminNegativeTest-24777525 tempest-VolumesAdminNegativeTest-24777525-project] GET https://10.4.3.253/volume/v3/volumes/5836168c-8378-4770-8a08-11c71285e1df
Aug 18 06:27:09.198503 np0000007604 devstack@c-api.service[97002]: DEBUG cinder.api.openstack.wsgi [req-ebc0f48b-c6d7-41c1-afe6-3867748b4f37 req-c7afa9d1-7756-4e27-a1d1-f9c06bc544b5 tempest-VolumesAdminNegativeTest-24777525 tempest-VolumesAdminNegativeTest-24777525-project] Empty body provided in request {{(pid=97002) get_body /opt/stack/cinder/cinder/api/openstack/wsgi.py:725}}
Aug 18 06:27:09.199098 np0000007604 devstack@c-api.service[97002]: DEBUG cinder.api.openstack.wsgi [req-ebc0f48b-c6d7-41c1-afe6-3867748b4f37 req-c7afa9d1-7756-4e27-a1d1-f9c06bc544b5 tempest-VolumesAdminNegativeTest-24777525 tempest-VolumesAdminNegativeTest-24777525-project] Calling method 'show' {{(pid=97002) _process_stack /opt/stack/cinder/cinder/api/openstack/wsgi.py:878}}
Aug 18 06:27:09.209639 np0000007604 devstack@c-api.service[97002]: INFO cinder.api.openstack.wsgi [req-ebc0f48b-c6d7-41c1-afe6-3867748b4f37 req-c7afa9d1-7756-4e27-a1d1-f9c06bc544b5 tempest-VolumesAdminNegativeTest-24777525 tempest-VolumesAdminNegativeTest-24777525-project] https://10.4.3.253/volume/v3/volumes/5836168c-8378-4770-8a08-11c71285e1df returned with HTTP 404
Aug 18 06:27:09.212237 np0000007604 devstack@c-api.service[97002]: [pid: 97002|app: 0|req: 139/417] 10.4.3.253 () {68 vars in 1598 bytes} [Tue Aug 18 06:27:09 2026] GET /volume/v3/volumes/5836168c-8378-4770-8a08-11c71285e1df => generated 109 bytes in 24 msecs (HTTP/1.1 404) 7 headers in 292 bytes (1 switches on core 0)
Aug 18 06:27:09.230611 np0000007604 devstack@c-api.service[97004]: DEBUG cinder.api.middleware.request_id [None req-589e292c-1476-43d3-95f1-1b73834308a1 None None] RequestId filter calling following filter/app {{(pid=97004) _context_setter /opt/stack/cinder/cinder/api/middleware/request_id.py:62}}
Aug 18 06:27:09.235706 np0000007604 devstack@c-api.service[97004]: INFO cinder.api.openstack.wsgi [None req-589e292c-1476-43d3-95f1-1b73834308a1 tempest-VolumesAdminNegativeTest-1727502875 tempest-VolumesAdminNegativeTest-1727502875-project-member] DELETE https://10.4.3.253/volume/v3/volumes/cd7834a8-cf9f-4ca6-ba56-f00f3dfb70e1
Aug 18 06:27:09.235706 np0000007604 devstack@c-api.service[97004]: DEBUG cinder.api.openstack.wsgi [None req-589e292c-1476-43d3-95f1-1b73834308a1 tempest-VolumesAdminNegativeTest-1727502875 tempest-VolumesAdminNegativeTest-1727502875-project-member] Empty body provided in request {{(pid=97004) get_body /opt/stack/cinder/cinder/api/openstack/wsgi.py:725}}
Aug 18 06:27:09.235706 np0000007604 devstack@c-api.service[97004]: DEBUG cinder.api.openstack.wsgi [None req-589e292c-1476-43d3-95f1-1b73834308a1 tempest-VolumesAdminNegativeTest-1727502875 tempest-VolumesAdminNegativeTest-1727502875-project-member] Calling method 'delete' {{(pid=97004) _process_stack /opt/stack/cinder/cinder/api/openstack/wsgi.py:878}}
Aug 18 06:27:09.235706 np0000007604 devstack@c-api.service[97004]: INFO cinder.api.v3.volumes [None req-589e292c-1476-43d3-95f1-1b73834308a1 tempest-VolumesAdminNegativeTest-1727502875 tempest-VolumesAdminNegativeTest-1727502875-project-member] Delete volume with id: cd7834a8-cf9f-4ca6-ba56-f00f3dfb70e1
Aug 18 06:27:09.246107 np0000007604 devstack@c-api.service[97004]: /opt/stack/data/venv/lib/python3.12/site-packages/oslo_context/context.py:102: DeprecationWarning: Policy enforcement is depending on the value of is_admin. This key is deprecated. Please update your policy file to use the standard policy values.
Aug 18 06:27:09.246107 np0000007604 devstack@c-api.service[97004]: warnings.warn(
Aug 18 06:27:09.249594 np0000007604 devstack@c-api.service[97004]: INFO cinder.volume.api [None req-589e292c-1476-43d3-95f1-1b73834308a1 tempest-VolumesAdminNegativeTest-1727502875 tempest-VolumesAdminNegativeTest-1727502875-project-member] Volume info retrieved successfully.
Aug 18 06:27:09.268099 np0000007604 devstack@c-api.service[97003]: DEBUG cinder.api.middleware.request_id [req-07146a9a-b72e-47c4-91cf-11086cf81bea req-d5a66a63-7b77-4a47-a7f4-e74e2a2b194a None None] RequestId filter calling following filter/app {{(pid=97003) _context_setter /opt/stack/cinder/cinder/api/middleware/request_id.py:62}}
Aug 18 06:27:09.274572 np0000007604 devstack@c-api.service[97003]: INFO cinder.api.openstack.wsgi [req-07146a9a-b72e-47c4-91cf-11086cf81bea req-d5a66a63-7b77-4a47-a7f4-e74e2a2b194a tempest-ServerActionsTestOtherB-546558226 tempest-ServerActionsTestOtherB-546558226-project-member] POST https://10.4.3.253/volume/v3/attachments/77687103-9fb4-4c99-a8e8-2c2383574e75/action
Aug 18 06:27:09.274943 np0000007604 devstack@c-api.service[97003]: DEBUG cinder.api.openstack.wsgi [req-07146a9a-b72e-47c4-91cf-11086cf81bea req-d5a66a63-7b77-4a47-a7f4-e74e2a2b194a tempest-ServerActionsTestOtherB-546558226 tempest-ServerActionsTestOtherB-546558226-project-member] Action body: b'{"os-complete": null}' {{(pid=97003) get_method /opt/stack/cinder/cinder/api/openstack/wsgi.py:993}}
Aug 18 06:27:09.276283 np0000007604 devstack@c-api.service[97003]: DEBUG cinder.api.openstack.wsgi [req-07146a9a-b72e-47c4-91cf-11086cf81bea req-d5a66a63-7b77-4a47-a7f4-e74e2a2b194a tempest-ServerActionsTestOtherB-546558226 tempest-ServerActionsTestOtherB-546558226-project-member] Action: 'action', calling method: complete, body: {"os-complete": null} {{(pid=97003) _process_stack /opt/stack/cinder/cinder/api/openstack/wsgi.py:876}}
Aug 18 06:27:09.324604 np0000007604 devstack@c-api.service[97004]: INFO cinder.volume.api [None req-589e292c-1476-43d3-95f1-1b73834308a1 tempest-VolumesAdminNegativeTest-1727502875 tempest-VolumesAdminNegativeTest-1727502875-project-member] Delete volume request issued successfully.
Aug 18 06:27:09.324604 np0000007604 devstack@c-api.service[97004]: INFO cinder.api.openstack.wsgi [None req-589e292c-1476-43d3-95f1-1b73834308a1 tempest-VolumesAdminNegativeTest-1727502875 tempest-VolumesAdminNegativeTest-1727502875-project-member] https://10.4.3.253/volume/v3/volumes/cd7834a8-cf9f-4ca6-ba56-f00f3dfb70e1 returned with HTTP 202
Aug 18 06:27:09.324731 np0000007604 devstack@c-api.service[97003]: /opt/stack/data/venv/lib/python3.12/site-packages/oslo_context/context.py:102: DeprecationWarning: Policy enforcement is depending on the value of is_admin. This key is deprecated. Please update your policy file to use the standard policy values.
Aug 18 06:27:09.324731 np0000007604 devstack@c-api.service[97003]: warnings.warn(
Aug 18 06:27:09.324790 np0000007604 devstack@c-api.service[97004]: [pid: 97004|app: 0|req: 138/418] 10.4.3.253 () {66 vars in 1351 bytes} [Tue Aug 18 06:27:09 2026] DELETE /volume/v3/volumes/cd7834a8-cf9f-4ca6-ba56-f00f3dfb70e1 => generated 0 bytes in 95 msecs (HTTP/1.1 202) 6 headers in 233 bytes (1 switches on core 0)
Aug 18 06:27:09.337616 np0000007604 devstack@c-api.service[97002]: DEBUG cinder.api.middleware.request_id [None req-e6e41a07-cce4-4544-9227-7ca82a5b83f2 None None] RequestId filter calling following filter/app {{(pid=97002) _context_setter /opt/stack/cinder/cinder/api/middleware/request_id.py:62}}
Aug 18 06:27:09.343244 np0000007604 devstack@c-api.service[97002]: INFO cinder.api.openstack.wsgi [None req-e6e41a07-cce4-4544-9227-7ca82a5b83f2 tempest-VolumesAdminNegativeTest-1727502875 tempest-VolumesAdminNegativeTest-1727502875-project-member] GET https://10.4.3.253/volume/v3/volumes/cd7834a8-cf9f-4ca6-ba56-f00f3dfb70e1
Aug 18 06:27:09.343244 np0000007604 devstack@c-api.service[97002]: DEBUG cinder.api.openstack.wsgi [None req-e6e41a07-cce4-4544-9227-7ca82a5b83f2 tempest-VolumesAdminNegativeTest-1727502875 tempest-VolumesAdminNegativeTest-1727502875-project-member] Empty body provided in request {{(pid=97002) get_body /opt/stack/cinder/cinder/api/openstack/wsgi.py:725}}
Aug 18 06:27:09.343244 np0000007604 devstack@c-api.service[97002]: DEBUG cinder.api.openstack.wsgi [None req-e6e41a07-cce4-4544-9227-7ca82a5b83f2 tempest-VolumesAdminNegativeTest-1727502875 tempest-VolumesAdminNegativeTest-1727502875-project-member] Calling method 'show' {{(pid=97002) _process_stack /opt/stack/cinder/cinder/api/openstack/wsgi.py:878}}
Aug 18 06:27:09.356049 np0000007604 devstack@c-api.service[97003]: INFO cinder.api.openstack.wsgi [req-07146a9a-b72e-47c4-91cf-11086cf81bea req-d5a66a63-7b77-4a47-a7f4-e74e2a2b194a tempest-ServerActionsTestOtherB-546558226 tempest-ServerActionsTestOtherB-546558226-project-member] https://10.4.3.253/volume/v3/attachments/77687103-9fb4-4c99-a8e8-2c2383574e75/action returned with HTTP 204
Aug 18 06:27:09.357993 np0000007604 devstack@c-api.service[97003]: [pid: 97003|app: 0|req: 142/419] 10.4.3.253 () {74 vars in 1725 bytes} [Tue Aug 18 06:27:09 2026] POST /volume/v3/attachments/77687103-9fb4-4c99-a8e8-2c2383574e75/action => generated 0 bytes in 90 msecs (HTTP/1.1 204) 7 headers in 292 bytes (1 switches on core 0)
Aug 18 06:27:09.364613 np0000007604 devstack@c-api.service[97002]: /opt/stack/data/venv/lib/python3.12/site-packages/oslo_context/context.py:102: DeprecationWarning: Policy enforcement is depending on the value of is_admin. This key is deprecated. Please update your policy file to use the standard policy values.
Aug 18 06:27:09.364613 np0000007604 devstack@c-api.service[97002]: warnings.warn(
Aug 18 06:27:09.378024 np0000007604 devstack@c-api.service[97002]: INFO cinder.volume.api [None req-e6e41a07-cce4-4544-9227-7ca82a5b83f2 tempest-VolumesAdminNegativeTest-1727502875 tempest-VolumesAdminNegativeTest-1727502875-project-member] Volume info retrieved successfully.
Aug 18 06:27:09.385269 np0000007604 devstack@c-api.service[97002]: INFO cinder.api.openstack.wsgi [None req-e6e41a07-cce4-4544-9227-7ca82a5b83f2 tempest-VolumesAdminNegativeTest-1727502875 tempest-VolumesAdminNegativeTest-1727502875-project-member] https://10.4.3.253/volume/v3/volumes/cd7834a8-cf9f-4ca6-ba56-f00f3dfb70e1 returned with HTTP 200
Aug 18 06:27:09.386348 np0000007604 devstack@c-api.service[97002]: [pid: 97002|app: 0|req: 140/420] 10.4.3.253 () {66 vars in 1348 bytes} [Tue Aug 18 06:27:09 2026] GET /volume/v3/volumes/cd7834a8-cf9f-4ca6-ba56-f00f3dfb70e1 => generated 847 bytes in 50 msecs (HTTP/1.1 200) 7 headers in 285 bytes (1 switches on core 0)
Aug 18 06:27:09.897644 np0000007604 devstack@c-api.service[97004]: DEBUG cinder.api.middleware.request_id [None req-58ae3668-9a3e-4953-be3a-af8903f047d3 None None] RequestId filter calling following filter/app {{(pid=97004) _context_setter /opt/stack/cinder/cinder/api/middleware/request_id.py:62}}
Aug 18 06:27:09.900388 np0000007604 devstack@c-api.service[97004]: INFO cinder.api.openstack.wsgi [None req-58ae3668-9a3e-4953-be3a-af8903f047d3 tempest-GroupsV314Test-374107622 tempest-GroupsV314Test-374107622-project-member] GET https://10.4.3.253/volume/v3/volumes/3acf4510-34a9-46eb-bcb9-d9901325b063
Aug 18 06:27:09.901007 np0000007604 devstack@c-api.service[97004]: DEBUG cinder.api.openstack.wsgi [None req-58ae3668-9a3e-4953-be3a-af8903f047d3 tempest-GroupsV314Test-374107622 tempest-GroupsV314Test-374107622-project-member] Empty body provided in request {{(pid=97004) get_body /opt/stack/cinder/cinder/api/openstack/wsgi.py:725}}
Aug 18 06:27:09.901007 np0000007604 devstack@c-api.service[97004]: DEBUG cinder.api.openstack.wsgi [None req-58ae3668-9a3e-4953-be3a-af8903f047d3 tempest-GroupsV314Test-374107622 tempest-GroupsV314Test-374107622-project-member] Calling method 'show' {{(pid=97004) _process_stack /opt/stack/cinder/cinder/api/openstack/wsgi.py:878}}
Aug 18 06:27:09.911855 np0000007604 devstack@c-api.service[97004]: INFO cinder.api.openstack.wsgi [None req-58ae3668-9a3e-4953-be3a-af8903f047d3 tempest-GroupsV314Test-374107622 tempest-GroupsV314Test-374107622-project-member] https://10.4.3.253/volume/v3/volumes/3acf4510-34a9-46eb-bcb9-d9901325b063 returned with HTTP 404
