Aug 18 06:23:32.575794 np0000007604 systemd[1]: Starting devstack@n-api-meta.service - Devstack devstack@n-api-meta.service...
Aug 18 06:23:32.581350 np0000007604 devstack@n-api-meta.service[92851]: [uWSGI] getting INI configuration from /etc/nova/nova-metadata-uwsgi.ini
Aug 18 06:23:32.583719 np0000007604 devstack@n-api-meta.service[92851]: *** Starting uWSGI 2.0.24-debian (64bit) on [Tue Aug 18 06:23:32 2026] ***
Aug 18 06:23:32.583719 np0000007604 devstack@n-api-meta.service[92851]: compiled with version: 13.2.0 on 17 April 2024 16:23:48
Aug 18 06:23:32.583719 np0000007604 devstack@n-api-meta.service[92851]: os: Linux-6.8.0-138-generic #138-Ubuntu SMP PREEMPT_DYNAMIC Fri Jul 31 22:41:49 UTC 2026
Aug 18 06:23:32.583719 np0000007604 devstack@n-api-meta.service[92851]: nodename: np0000007604
Aug 18 06:23:32.583719 np0000007604 devstack@n-api-meta.service[92851]: machine: x86_64
Aug 18 06:23:32.583719 np0000007604 devstack@n-api-meta.service[92851]: clock source: unix
Aug 18 06:23:32.583719 np0000007604 devstack@n-api-meta.service[92851]: pcre jit disabled
Aug 18 06:23:32.583719 np0000007604 devstack@n-api-meta.service[92851]: detected number of CPU cores: 16
Aug 18 06:23:32.583719 np0000007604 devstack@n-api-meta.service[92851]: current working directory: /
Aug 18 06:23:32.583719 np0000007604 devstack@n-api-meta.service[92851]: detected binary path: /usr/bin/uwsgi-core
Aug 18 06:23:32.583719 np0000007604 devstack@n-api-meta.service[92851]: your processes number limit is 252954
Aug 18 06:23:32.583983 np0000007604 devstack@n-api-meta.service[92851]: your memory page size is 4096 bytes
Aug 18 06:23:32.583983 np0000007604 devstack@n-api-meta.service[92851]: detected max file descriptor number: 2048
Aug 18 06:23:32.583983 np0000007604 devstack@n-api-meta.service[92851]: lock engine: pthread robust mutexes
Aug 18 06:23:32.583983 np0000007604 devstack@n-api-meta.service[92851]: thunder lock: enabled
Aug 18 06:23:32.584227 np0000007604 devstack@n-api-meta.service[92851]: uWSGI http bound on 0.0.0.0:8775 fd 5
Aug 18 06:23:32.584281 np0000007604 devstack@n-api-meta.service[92851]: uwsgi socket 0 bound to TCP address 127.0.0.1:34997 (port auto-assigned) fd 4
Aug 18 06:23:32.584281 np0000007604 devstack@n-api-meta.service[92851]: Python version: 3.12.3 (main, Jun 19 2026, 12:46:00) [GCC 13.3.0]
Aug 18 06:23:32.584325 np0000007604 devstack@n-api-meta.service[92851]: PEP 405 virtualenv detected: /opt/stack/data/venv
Aug 18 06:23:32.584325 np0000007604 devstack@n-api-meta.service[92851]: Set PythonHome to /opt/stack/data/venv
Aug 18 06:23:32.617661 np0000007604 devstack@n-api-meta.service[92851]: Python main interpreter initialized at 0x7c3ca6ea4668
Aug 18 06:23:32.617661 np0000007604 devstack@n-api-meta.service[92851]: python threads support enabled
Aug 18 06:23:32.617661 np0000007604 devstack@n-api-meta.service[92851]: your server socket listen backlog is limited to 100 connections
Aug 18 06:23:32.617661 np0000007604 devstack@n-api-meta.service[92851]: your mercy for graceful operations on workers is 80 seconds
Aug 18 06:23:32.618076 np0000007604 devstack@n-api-meta.service[92851]: mapped 537436 bytes (524 KB) for 3 cores
Aug 18 06:23:32.618188 np0000007604 devstack@n-api-meta.service[92851]: *** Operational MODE: preforking ***
Aug 18 06:23:32.618382 np0000007604 devstack@n-api-meta.service[92851]: *** uWSGI is running in multiple interpreter mode ***
Aug 18 06:23:32.618382 np0000007604 devstack@n-api-meta.service[92851]: spawned uWSGI master process (pid: 92851)
Aug 18 06:23:32.618607 np0000007604 systemd[1]: Started devstack@n-api-meta.service - Devstack devstack@n-api-meta.service.
Aug 18 06:23:32.618921 np0000007604 devstack@n-api-meta.service[92851]: spawned uWSGI worker 1 (pid: 92852, cores: 1)
Aug 18 06:23:32.619363 np0000007604 devstack@n-api-meta.service[92851]: spawned uWSGI worker 2 (pid: 92853, cores: 1)
Aug 18 06:23:32.619837 np0000007604 devstack@n-api-meta.service[92851]: spawned uWSGI worker 3 (pid: 92854, cores: 1)
Aug 18 06:23:32.620455 np0000007604 devstack@n-api-meta.service[92851]: spawned uWSGI http 1 (pid: 92855)
Aug 18 06:23:32.620499 np0000007604 devstack@n-api-meta.service[92851]: running "unix_signal:15 gracefully_kill_them_all" (master-start)...
Aug 18 06:23:34.253822 np0000007604 devstack@n-api-meta.service[92853]: INFO dbcounter [None req-9d5a60d4-c299-4989-b2a0-421a25fe5364 None None] Registered counter for database nova_api
Aug 18 06:23:34.298785 np0000007604 devstack@n-api-meta.service[92853]: DEBUG oslo_db.sqlalchemy.engines [None req-9d5a60d4-c299-4989-b2a0-421a25fe5364 None None] MySQL server mode set to STRICT_TRANS_TABLES,STRICT_ALL_TABLES,NO_ZERO_IN_DATE,NO_ZERO_DATE,ERROR_FOR_DIVISION_BY_ZERO,TRADITIONAL,NO_ENGINE_SUBSTITUTION {{(pid=92853) _check_effective_sql_mode /opt/stack/data/venv/lib/python3.12/site-packages/oslo_db/sqlalchemy/engines.py:325}}
Aug 18 06:23:34.303105 np0000007604 devstack@n-api-meta.service[92852]: INFO dbcounter [None req-43a861c7-90fb-4622-a983-20e5e6154be5 None None] Registered counter for database nova_api
Aug 18 06:23:34.305772 np0000007604 devstack@n-api-meta.service[92854]: INFO dbcounter [None req-be7512d9-2c6f-4c57-b178-2d223d4ad614 None None] Registered counter for database nova_api
Aug 18 06:23:34.325933 np0000007604 devstack@n-api-meta.service[92853]: DEBUG dbcounter [-] [92853] Writer thread running {{(pid=92853) stat_writer /opt/stack/data/venv/lib/python3.12/site-packages/dbcounter.py:102}}
Aug 18 06:23:34.328570 np0000007604 devstack@n-api-meta.service[92853]: DEBUG nova.context [None req-9d5a60d4-c299-4989-b2a0-421a25fe5364 None None] Found 2 cells: 00000000-0000-0000-0000-000000000000(cell0),f59fa855-360c-4126-b545-ff49939606af(cell1) {{(pid=92853) load_cells /opt/stack/nova/nova/context.py:509}}
Aug 18 06:23:34.328840 np0000007604 devstack@n-api-meta.service[92853]: INFO nova.utils [None req-9d5a60d4-c299-4989-b2a0-421a25fe5364 None None] The cell worker thread pool MainProcess.cell_worker is initialized
Aug 18 06:23:34.330673 np0000007604 devstack@n-api-meta.service[92853]: DEBUG oslo_concurrency.lockutils [None req-9d5a60d4-c299-4989-b2a0-421a25fe5364 None None] Acquiring lock "00000000-0000-0000-0000-000000000000" by "nova.context.set_target_cell..get_or_set_cached_cell_and_set_connections" {{(pid=92853) inner /opt/stack/data/venv/lib/python3.12/site-packages/oslo_concurrency/lockutils.py:512}}
Aug 18 06:23:34.330861 np0000007604 devstack@n-api-meta.service[92853]: DEBUG oslo_concurrency.lockutils [None req-9d5a60d4-c299-4989-b2a0-421a25fe5364 None None] Lock "00000000-0000-0000-0000-000000000000" acquired by "nova.context.set_target_cell..get_or_set_cached_cell_and_set_connections" :: waited 0.000s {{(pid=92853) inner /opt/stack/data/venv/lib/python3.12/site-packages/oslo_concurrency/lockutils.py:525}}
Aug 18 06:23:34.331228 np0000007604 devstack@n-api-meta.service[92853]: DEBUG oslo_concurrency.lockutils [None req-9d5a60d4-c299-4989-b2a0-421a25fe5364 None None] Lock "00000000-0000-0000-0000-000000000000" "released" by "nova.context.set_target_cell..get_or_set_cached_cell_and_set_connections" :: held 0.000s {{(pid=92853) inner /opt/stack/data/venv/lib/python3.12/site-packages/oslo_concurrency/lockutils.py:544}}
Aug 18 06:23:34.331884 np0000007604 devstack@n-api-meta.service[92853]: DEBUG oslo_concurrency.lockutils [None req-9d5a60d4-c299-4989-b2a0-421a25fe5364 None None] Acquiring lock "f59fa855-360c-4126-b545-ff49939606af" by "nova.context.set_target_cell..get_or_set_cached_cell_and_set_connections" {{(pid=92853) inner /opt/stack/data/venv/lib/python3.12/site-packages/oslo_concurrency/lockutils.py:512}}
Aug 18 06:23:34.332026 np0000007604 devstack@n-api-meta.service[92853]: DEBUG oslo_concurrency.lockutils [None req-9d5a60d4-c299-4989-b2a0-421a25fe5364 None None] Lock "f59fa855-360c-4126-b545-ff49939606af" acquired by "nova.context.set_target_cell..get_or_set_cached_cell_and_set_connections" :: waited 0.000s {{(pid=92853) inner /opt/stack/data/venv/lib/python3.12/site-packages/oslo_concurrency/lockutils.py:525}}
Aug 18 06:23:34.332827 np0000007604 devstack@n-api-meta.service[92853]: DEBUG oslo_concurrency.lockutils [None req-9d5a60d4-c299-4989-b2a0-421a25fe5364 None None] Lock "f59fa855-360c-4126-b545-ff49939606af" "released" by "nova.context.set_target_cell..get_or_set_cached_cell_and_set_connections" :: held 0.001s {{(pid=92853) inner /opt/stack/data/venv/lib/python3.12/site-packages/oslo_concurrency/lockutils.py:544}}
Aug 18 06:23:34.334682 np0000007604 devstack@n-api-meta.service[92853]: INFO dbcounter [None req-9d5a60d4-c299-4989-b2a0-421a25fe5364 None None] Registered counter for database nova_cell0
Aug 18 06:23:34.338877 np0000007604 devstack@n-api-meta.service[92853]: INFO dbcounter [None req-9d5a60d4-c299-4989-b2a0-421a25fe5364 None None] Registered counter for database nova_cell1
Aug 18 06:23:34.340545 np0000007604 devstack@n-api-meta.service[92852]: DEBUG oslo_db.sqlalchemy.engines [None req-43a861c7-90fb-4622-a983-20e5e6154be5 None None] MySQL server mode set to STRICT_TRANS_TABLES,STRICT_ALL_TABLES,NO_ZERO_IN_DATE,NO_ZERO_DATE,ERROR_FOR_DIVISION_BY_ZERO,TRADITIONAL,NO_ENGINE_SUBSTITUTION {{(pid=92852) _check_effective_sql_mode /opt/stack/data/venv/lib/python3.12/site-packages/oslo_db/sqlalchemy/engines.py:325}}
Aug 18 06:23:34.344242 np0000007604 devstack@n-api-meta.service[92854]: DEBUG oslo_db.sqlalchemy.engines [None req-be7512d9-2c6f-4c57-b178-2d223d4ad614 None None] MySQL server mode set to STRICT_TRANS_TABLES,STRICT_ALL_TABLES,NO_ZERO_IN_DATE,NO_ZERO_DATE,ERROR_FOR_DIVISION_BY_ZERO,TRADITIONAL,NO_ENGINE_SUBSTITUTION {{(pid=92854) _check_effective_sql_mode /opt/stack/data/venv/lib/python3.12/site-packages/oslo_db/sqlalchemy/engines.py:325}}
Aug 18 06:23:34.368411 np0000007604 devstack@n-api-meta.service[92852]: DEBUG dbcounter [-] [92852] Writer thread running {{(pid=92852) stat_writer /opt/stack/data/venv/lib/python3.12/site-packages/dbcounter.py:102}}
Aug 18 06:23:34.370236 np0000007604 devstack@n-api-meta.service[92853]: DEBUG oslo_db.sqlalchemy.engines [None req-9d5a60d4-c299-4989-b2a0-421a25fe5364 None None] MySQL server mode set to STRICT_TRANS_TABLES,STRICT_ALL_TABLES,NO_ZERO_IN_DATE,NO_ZERO_DATE,ERROR_FOR_DIVISION_BY_ZERO,TRADITIONAL,NO_ENGINE_SUBSTITUTION {{(pid=92853) _check_effective_sql_mode /opt/stack/data/venv/lib/python3.12/site-packages/oslo_db/sqlalchemy/engines.py:325}}
Aug 18 06:23:34.370974 np0000007604 devstack@n-api-meta.service[92852]: DEBUG nova.context [None req-43a861c7-90fb-4622-a983-20e5e6154be5 None None] Found 2 cells: 00000000-0000-0000-0000-000000000000(cell0),f59fa855-360c-4126-b545-ff49939606af(cell1) {{(pid=92852) load_cells /opt/stack/nova/nova/context.py:509}}
Aug 18 06:23:34.371201 np0000007604 devstack@n-api-meta.service[92852]: INFO nova.utils [None req-43a861c7-90fb-4622-a983-20e5e6154be5 None None] The cell worker thread pool MainProcess.cell_worker is initialized
Aug 18 06:23:34.372692 np0000007604 devstack@n-api-meta.service[92854]: DEBUG dbcounter [-] [92854] Writer thread running {{(pid=92854) stat_writer /opt/stack/data/venv/lib/python3.12/site-packages/dbcounter.py:102}}
Aug 18 06:23:34.372943 np0000007604 devstack@n-api-meta.service[92852]: DEBUG oslo_concurrency.lockutils [None req-43a861c7-90fb-4622-a983-20e5e6154be5 None None] Acquiring lock "00000000-0000-0000-0000-000000000000" by "nova.context.set_target_cell..get_or_set_cached_cell_and_set_connections" {{(pid=92852) inner /opt/stack/data/venv/lib/python3.12/site-packages/oslo_concurrency/lockutils.py:512}}
Aug 18 06:23:34.373123 np0000007604 devstack@n-api-meta.service[92852]: DEBUG oslo_concurrency.lockutils [None req-43a861c7-90fb-4622-a983-20e5e6154be5 None None] Lock "00000000-0000-0000-0000-000000000000" acquired by "nova.context.set_target_cell..get_or_set_cached_cell_and_set_connections" :: waited 0.000s {{(pid=92852) inner /opt/stack/data/venv/lib/python3.12/site-packages/oslo_concurrency/lockutils.py:525}}
Aug 18 06:23:34.373543 np0000007604 devstack@n-api-meta.service[92852]: DEBUG oslo_concurrency.lockutils [None req-43a861c7-90fb-4622-a983-20e5e6154be5 None None] Lock "00000000-0000-0000-0000-000000000000" "released" by "nova.context.set_target_cell..get_or_set_cached_cell_and_set_connections" :: held 0.000s {{(pid=92852) inner /opt/stack/data/venv/lib/python3.12/site-packages/oslo_concurrency/lockutils.py:544}}
Aug 18 06:23:34.374166 np0000007604 devstack@n-api-meta.service[92852]: DEBUG oslo_concurrency.lockutils [None req-43a861c7-90fb-4622-a983-20e5e6154be5 None None] Acquiring lock "f59fa855-360c-4126-b545-ff49939606af" by "nova.context.set_target_cell..get_or_set_cached_cell_and_set_connections" {{(pid=92852) inner /opt/stack/data/venv/lib/python3.12/site-packages/oslo_concurrency/lockutils.py:512}}
Aug 18 06:23:34.374978 np0000007604 devstack@n-api-meta.service[92854]: DEBUG nova.context [None req-be7512d9-2c6f-4c57-b178-2d223d4ad614 None None] Found 2 cells: 00000000-0000-0000-0000-000000000000(cell0),f59fa855-360c-4126-b545-ff49939606af(cell1) {{(pid=92854) load_cells /opt/stack/nova/nova/context.py:509}}
Aug 18 06:23:34.375210 np0000007604 devstack@n-api-meta.service[92854]: INFO nova.utils [None req-be7512d9-2c6f-4c57-b178-2d223d4ad614 None None] The cell worker thread pool MainProcess.cell_worker is initialized
Aug 18 06:23:34.375805 np0000007604 devstack@n-api-meta.service[92852]: INFO dbcounter [None req-43a861c7-90fb-4622-a983-20e5e6154be5 None None] Registered counter for database nova_cell0
Aug 18 06:23:34.377247 np0000007604 devstack@n-api-meta.service[92852]: DEBUG oslo_concurrency.lockutils [None req-43a861c7-90fb-4622-a983-20e5e6154be5 None None] Lock "f59fa855-360c-4126-b545-ff49939606af" acquired by "nova.context.set_target_cell..get_or_set_cached_cell_and_set_connections" :: waited 0.001s {{(pid=92852) inner /opt/stack/data/venv/lib/python3.12/site-packages/oslo_concurrency/lockutils.py:525}}
Aug 18 06:23:34.377486 np0000007604 devstack@n-api-meta.service[92854]: DEBUG oslo_concurrency.lockutils [None req-be7512d9-2c6f-4c57-b178-2d223d4ad614 None None] Acquiring lock "00000000-0000-0000-0000-000000000000" by "nova.context.set_target_cell..get_or_set_cached_cell_and_set_connections" {{(pid=92854) inner /opt/stack/data/venv/lib/python3.12/site-packages/oslo_concurrency/lockutils.py:512}}
Aug 18 06:23:34.377678 np0000007604 devstack@n-api-meta.service[92854]: DEBUG oslo_concurrency.lockutils [None req-be7512d9-2c6f-4c57-b178-2d223d4ad614 None None] Lock "00000000-0000-0000-0000-000000000000" acquired by "nova.context.set_target_cell..get_or_set_cached_cell_and_set_connections" :: waited 0.000s {{(pid=92854) inner /opt/stack/data/venv/lib/python3.12/site-packages/oslo_concurrency/lockutils.py:525}}
Aug 18 06:23:34.378055 np0000007604 devstack@n-api-meta.service[92854]: DEBUG oslo_concurrency.lockutils [None req-be7512d9-2c6f-4c57-b178-2d223d4ad614 None None] Lock "00000000-0000-0000-0000-000000000000" "released" by "nova.context.set_target_cell..get_or_set_cached_cell_and_set_connections" :: held 0.000s {{(pid=92854) inner /opt/stack/data/venv/lib/python3.12/site-packages/oslo_concurrency/lockutils.py:544}}
Aug 18 06:23:34.378577 np0000007604 devstack@n-api-meta.service[92852]: DEBUG oslo_concurrency.lockutils [None req-43a861c7-90fb-4622-a983-20e5e6154be5 None None] Lock "f59fa855-360c-4126-b545-ff49939606af" "released" by "nova.context.set_target_cell..get_or_set_cached_cell_and_set_connections" :: held 0.003s {{(pid=92852) inner /opt/stack/data/venv/lib/python3.12/site-packages/oslo_concurrency/lockutils.py:544}}
Aug 18 06:23:34.378747 np0000007604 devstack@n-api-meta.service[92854]: DEBUG oslo_concurrency.lockutils [None req-be7512d9-2c6f-4c57-b178-2d223d4ad614 None None] Acquiring lock "f59fa855-360c-4126-b545-ff49939606af" by "nova.context.set_target_cell..get_or_set_cached_cell_and_set_connections" {{(pid=92854) inner /opt/stack/data/venv/lib/python3.12/site-packages/oslo_concurrency/lockutils.py:512}}
Aug 18 06:23:34.378937 np0000007604 devstack@n-api-meta.service[92854]: DEBUG oslo_concurrency.lockutils [None req-be7512d9-2c6f-4c57-b178-2d223d4ad614 None None] Lock "f59fa855-360c-4126-b545-ff49939606af" acquired by "nova.context.set_target_cell..get_or_set_cached_cell_and_set_connections" :: waited 0.000s {{(pid=92854) inner /opt/stack/data/venv/lib/python3.12/site-packages/oslo_concurrency/lockutils.py:525}}
Aug 18 06:23:34.379995 np0000007604 devstack@n-api-meta.service[92854]: DEBUG oslo_concurrency.lockutils [None req-be7512d9-2c6f-4c57-b178-2d223d4ad614 None None] Lock "f59fa855-360c-4126-b545-ff49939606af" "released" by "nova.context.set_target_cell..get_or_set_cached_cell_and_set_connections" :: held 0.001s {{(pid=92854) inner /opt/stack/data/venv/lib/python3.12/site-packages/oslo_concurrency/lockutils.py:544}}
Aug 18 06:23:34.382307 np0000007604 devstack@n-api-meta.service[92852]: INFO dbcounter [None req-43a861c7-90fb-4622-a983-20e5e6154be5 None None] Registered counter for database nova_cell1
Aug 18 06:23:34.382414 np0000007604 devstack@n-api-meta.service[92854]: INFO dbcounter [None req-be7512d9-2c6f-4c57-b178-2d223d4ad614 None None] Registered counter for database nova_cell0
Aug 18 06:23:34.385345 np0000007604 devstack@n-api-meta.service[92854]: INFO dbcounter [None req-be7512d9-2c6f-4c57-b178-2d223d4ad614 None None] Registered counter for database nova_cell1
Aug 18 06:23:34.412653 np0000007604 devstack@n-api-meta.service[92852]: DEBUG oslo_db.sqlalchemy.engines [None req-43a861c7-90fb-4622-a983-20e5e6154be5 None None] MySQL server mode set to STRICT_TRANS_TABLES,STRICT_ALL_TABLES,NO_ZERO_IN_DATE,NO_ZERO_DATE,ERROR_FOR_DIVISION_BY_ZERO,TRADITIONAL,NO_ENGINE_SUBSTITUTION {{(pid=92852) _check_effective_sql_mode /opt/stack/data/venv/lib/python3.12/site-packages/oslo_db/sqlalchemy/engines.py:325}}
Aug 18 06:23:34.428074 np0000007604 devstack@n-api-meta.service[92854]: DEBUG oslo_db.sqlalchemy.engines [None req-be7512d9-2c6f-4c57-b178-2d223d4ad614 None None] MySQL server mode set to STRICT_TRANS_TABLES,STRICT_ALL_TABLES,NO_ZERO_IN_DATE,NO_ZERO_DATE,ERROR_FOR_DIVISION_BY_ZERO,TRADITIONAL,NO_ENGINE_SUBSTITUTION {{(pid=92854) _check_effective_sql_mode /opt/stack/data/venv/lib/python3.12/site-packages/oslo_db/sqlalchemy/engines.py:325}}
Aug 18 06:23:34.456882 np0000007604 devstack@n-api-meta.service[92853]: DEBUG dbcounter [-] [92853] Writer thread running {{(pid=92853) stat_writer /opt/stack/data/venv/lib/python3.12/site-packages/dbcounter.py:102}}
Aug 18 06:23:34.461785 np0000007604 devstack@n-api-meta.service[92853]: DEBUG oslo_db.sqlalchemy.engines [None req-9d5a60d4-c299-4989-b2a0-421a25fe5364 None None] MySQL server mode set to STRICT_TRANS_TABLES,STRICT_ALL_TABLES,NO_ZERO_IN_DATE,NO_ZERO_DATE,ERROR_FOR_DIVISION_BY_ZERO,TRADITIONAL,NO_ENGINE_SUBSTITUTION {{(pid=92853) _check_effective_sql_mode /opt/stack/data/venv/lib/python3.12/site-packages/oslo_db/sqlalchemy/engines.py:325}}
Aug 18 06:23:34.467278 np0000007604 devstack@n-api-meta.service[92853]: DEBUG dbcounter [-] [92853] Writer thread running {{(pid=92853) stat_writer /opt/stack/data/venv/lib/python3.12/site-packages/dbcounter.py:102}}
Aug 18 06:23:34.469931 np0000007604 devstack@n-api-meta.service[92853]: INFO dbcounter [None req-9d5a60d4-c299-4989-b2a0-421a25fe5364 None None] Registered counter for database nova_cell0
Aug 18 06:23:34.490146 np0000007604 devstack@n-api-meta.service[92852]: DEBUG dbcounter [-] [92852] Writer thread running {{(pid=92852) stat_writer /opt/stack/data/venv/lib/python3.12/site-packages/dbcounter.py:102}}
Aug 18 06:23:34.494563 np0000007604 devstack@n-api-meta.service[92852]: DEBUG oslo_db.sqlalchemy.engines [None req-43a861c7-90fb-4622-a983-20e5e6154be5 None None] MySQL server mode set to STRICT_TRANS_TABLES,STRICT_ALL_TABLES,NO_ZERO_IN_DATE,NO_ZERO_DATE,ERROR_FOR_DIVISION_BY_ZERO,TRADITIONAL,NO_ENGINE_SUBSTITUTION {{(pid=92852) _check_effective_sql_mode /opt/stack/data/venv/lib/python3.12/site-packages/oslo_db/sqlalchemy/engines.py:325}}
Aug 18 06:23:34.499693 np0000007604 devstack@n-api-meta.service[92852]: DEBUG dbcounter [-] [92852] Writer thread running {{(pid=92852) stat_writer /opt/stack/data/venv/lib/python3.12/site-packages/dbcounter.py:102}}
Aug 18 06:23:34.502230 np0000007604 devstack@n-api-meta.service[92853]: DEBUG oslo_db.sqlalchemy.engines [None req-9d5a60d4-c299-4989-b2a0-421a25fe5364 None None] MySQL server mode set to STRICT_TRANS_TABLES,STRICT_ALL_TABLES,NO_ZERO_IN_DATE,NO_ZERO_DATE,ERROR_FOR_DIVISION_BY_ZERO,TRADITIONAL,NO_ENGINE_SUBSTITUTION {{(pid=92853) _check_effective_sql_mode /opt/stack/data/venv/lib/python3.12/site-packages/oslo_db/sqlalchemy/engines.py:325}}
Aug 18 06:23:34.503692 np0000007604 devstack@n-api-meta.service[92852]: INFO dbcounter [None req-43a861c7-90fb-4622-a983-20e5e6154be5 None None] Registered counter for database nova_cell0
Aug 18 06:23:34.507998 np0000007604 devstack@n-api-meta.service[92853]: DEBUG dbcounter [-] [92853] Writer thread running {{(pid=92853) stat_writer /opt/stack/data/venv/lib/python3.12/site-packages/dbcounter.py:102}}
Aug 18 06:23:34.509804 np0000007604 devstack@n-api-meta.service[92854]: DEBUG dbcounter [-] [92854] Writer thread running {{(pid=92854) stat_writer /opt/stack/data/venv/lib/python3.12/site-packages/dbcounter.py:102}}
Aug 18 06:23:34.515680 np0000007604 devstack@n-api-meta.service[92854]: DEBUG oslo_db.sqlalchemy.engines [None req-be7512d9-2c6f-4c57-b178-2d223d4ad614 None None] MySQL server mode set to STRICT_TRANS_TABLES,STRICT_ALL_TABLES,NO_ZERO_IN_DATE,NO_ZERO_DATE,ERROR_FOR_DIVISION_BY_ZERO,TRADITIONAL,NO_ENGINE_SUBSTITUTION {{(pid=92854) _check_effective_sql_mode /opt/stack/data/venv/lib/python3.12/site-packages/oslo_db/sqlalchemy/engines.py:325}}
Aug 18 06:23:34.524179 np0000007604 devstack@n-api-meta.service[92854]: DEBUG dbcounter [-] [92854] Writer thread running {{(pid=92854) stat_writer /opt/stack/data/venv/lib/python3.12/site-packages/dbcounter.py:102}}
Aug 18 06:23:34.532448 np0000007604 devstack@n-api-meta.service[92854]: INFO dbcounter [None req-be7512d9-2c6f-4c57-b178-2d223d4ad614 None None] Registered counter for database nova_cell0
Aug 18 06:23:34.539688 np0000007604 devstack@n-api-meta.service[92852]: DEBUG oslo_db.sqlalchemy.engines [None req-43a861c7-90fb-4622-a983-20e5e6154be5 None None] MySQL server mode set to STRICT_TRANS_TABLES,STRICT_ALL_TABLES,NO_ZERO_IN_DATE,NO_ZERO_DATE,ERROR_FOR_DIVISION_BY_ZERO,TRADITIONAL,NO_ENGINE_SUBSTITUTION {{(pid=92852) _check_effective_sql_mode /opt/stack/data/venv/lib/python3.12/site-packages/oslo_db/sqlalchemy/engines.py:325}}
Aug 18 06:23:34.545976 np0000007604 devstack@n-api-meta.service[92852]: DEBUG dbcounter [-] [92852] Writer thread running {{(pid=92852) stat_writer /opt/stack/data/venv/lib/python3.12/site-packages/dbcounter.py:102}}
Aug 18 06:23:34.550046 np0000007604 devstack@n-api-meta.service[92853]: WARNING nova.api.metadata.handler [None req-9d5a60d4-c299-4989-b2a0-421a25fe5364 None None] metadata_proxy_shared_secret is not configured, the metadata information returned by the proxy cannot be trusted
Aug 18 06:23:34.552212 np0000007604 devstack@n-api-meta.service[92853]: DEBUG nova.api.openstack.wsgi_app [None req-9d5a60d4-c299-4989-b2a0-421a25fe5364 None None] ******************************************************************************** {{(pid=92853) log_opt_values /opt/stack/data/venv/lib/python3.12/site-packages/oslo_config/cfg.py:3533}}
Aug 18 06:23:34.552360 np0000007604 devstack@n-api-meta.service[92853]: DEBUG nova.api.openstack.wsgi_app [None req-9d5a60d4-c299-4989-b2a0-421a25fe5364 None None] Configuration options gathered from: {{(pid=92853) log_opt_values /opt/stack/data/venv/lib/python3.12/site-packages/oslo_config/cfg.py:3534}}
Aug 18 06:23:34.552841 np0000007604 devstack@n-api-meta.service[92853]: DEBUG nova.api.openstack.wsgi_app [None req-9d5a60d4-c299-4989-b2a0-421a25fe5364 None None] command line args: [] {{(pid=92853) log_opt_values /opt/stack/data/venv/lib/python3.12/site-packages/oslo_config/cfg.py:3535}}
Aug 18 06:23:34.552841 np0000007604 devstack@n-api-meta.service[92853]: DEBUG nova.api.openstack.wsgi_app [None req-9d5a60d4-c299-4989-b2a0-421a25fe5364 None None] config files: ['/etc/nova/api-paste.ini', '/etc/nova/nova.conf'] {{(pid=92853) log_opt_values /opt/stack/data/venv/lib/python3.12/site-packages/oslo_config/cfg.py:3536}}
Aug 18 06:23:34.552841 np0000007604 devstack@n-api-meta.service[92853]: DEBUG nova.api.openstack.wsgi_app [None req-9d5a60d4-c299-4989-b2a0-421a25fe5364 None None] ================================================================================ {{(pid=92853) log_opt_values /opt/stack/data/venv/lib/python3.12/site-packages/oslo_config/cfg.py:3541}}
Aug 18 06:23:34.553018 np0000007604 devstack@n-api-meta.service[92853]: DEBUG nova.api.openstack.wsgi_app [None req-9d5a60d4-c299-4989-b2a0-421a25fe5364 None None] allow_resize_to_same_host = True {{(pid=92853) log_opt_values /opt/stack/data/venv/lib/python3.12/site-packages/oslo_config/cfg.py:3549}}
Aug 18 06:23:34.553079 np0000007604 devstack@n-api-meta.service[92853]: DEBUG nova.api.openstack.wsgi_app [None req-9d5a60d4-c299-4989-b2a0-421a25fe5364 None None] arq_binding_timeout = 300 {{(pid=92853) log_opt_values /opt/stack/data/venv/lib/python3.12/site-packages/oslo_config/cfg.py:3549}}
Aug 18 06:23:34.553237 np0000007604 devstack@n-api-meta.service[92853]: DEBUG nova.api.openstack.wsgi_app [None req-9d5a60d4-c299-4989-b2a0-421a25fe5364 None None] block_device_allocate_retries = 60 {{(pid=92853) log_opt_values /opt/stack/data/venv/lib/python3.12/site-packages/oslo_config/cfg.py:3549}}
Aug 18 06:23:34.553384 np0000007604 devstack@n-api-meta.service[92853]: DEBUG nova.api.openstack.wsgi_app [None req-9d5a60d4-c299-4989-b2a0-421a25fe5364 None None] block_device_allocate_retries_interval = 3 {{(pid=92853) log_opt_values /opt/stack/data/venv/lib/python3.12/site-packages/oslo_config/cfg.py:3549}}
Aug 18 06:23:34.553546 np0000007604 devstack@n-api-meta.service[92853]: DEBUG nova.api.openstack.wsgi_app [None req-9d5a60d4-c299-4989-b2a0-421a25fe5364 None None] cell_worker_thread_pool_size = 5 {{(pid=92853) log_opt_values /opt/stack/data/venv/lib/python3.12/site-packages/oslo_config/cfg.py:3549}}
Aug 18 06:23:34.553678 np0000007604 devstack@n-api-meta.service[92853]: DEBUG nova.api.openstack.wsgi_app [None req-9d5a60d4-c299-4989-b2a0-421a25fe5364 None None] cert = self.pem {{(pid=92853) log_opt_values /opt/stack/data/venv/lib/python3.12/site-packages/oslo_config/cfg.py:3549}}
Aug 18 06:23:34.553824 np0000007604 devstack@n-api-meta.service[92853]: DEBUG nova.api.openstack.wsgi_app [None req-9d5a60d4-c299-4989-b2a0-421a25fe5364 None None] compute_driver = libvirt.LibvirtDriver {{(pid=92853) log_opt_values /opt/stack/data/venv/lib/python3.12/site-packages/oslo_config/cfg.py:3549}}
Aug 18 06:23:34.553939 np0000007604 devstack@n-api-meta.service[92853]: DEBUG nova.api.openstack.wsgi_app [None req-9d5a60d4-c299-4989-b2a0-421a25fe5364 None None] compute_monitors = [] {{(pid=92853) log_opt_values /opt/stack/data/venv/lib/python3.12/site-packages/oslo_config/cfg.py:3549}}
Aug 18 06:23:34.554060 np0000007604 devstack@n-api-meta.service[92853]: DEBUG nova.api.openstack.wsgi_app [None req-9d5a60d4-c299-4989-b2a0-421a25fe5364 None None] concurrency_backend = auto {{(pid=92853) log_opt_values /opt/stack/data/venv/lib/python3.12/site-packages/oslo_config/cfg.py:3549}}
Aug 18 06:23:34.554206 np0000007604 devstack@n-api-meta.service[92853]: DEBUG nova.api.openstack.wsgi_app [None req-9d5a60d4-c299-4989-b2a0-421a25fe5364 None None] config_dir = [] {{(pid=92853) log_opt_values /opt/stack/data/venv/lib/python3.12/site-packages/oslo_config/cfg.py:3549}}
Aug 18 06:23:34.554357 np0000007604 devstack@n-api-meta.service[92853]: DEBUG nova.api.openstack.wsgi_app [None req-9d5a60d4-c299-4989-b2a0-421a25fe5364 None None] config_drive_format = iso9660 {{(pid=92853) log_opt_values /opt/stack/data/venv/lib/python3.12/site-packages/oslo_config/cfg.py:3549}}
Aug 18 06:23:34.554484 np0000007604 devstack@n-api-meta.service[92853]: DEBUG nova.api.openstack.wsgi_app [None req-9d5a60d4-c299-4989-b2a0-421a25fe5364 None None] config_file = ['/etc/nova/api-paste.ini', '/etc/nova/nova.conf'] {{(pid=92853) log_opt_values /opt/stack/data/venv/lib/python3.12/site-packages/oslo_config/cfg.py:3549}}
Aug 18 06:23:34.554610 np0000007604 devstack@n-api-meta.service[92853]: DEBUG nova.api.openstack.wsgi_app [None req-9d5a60d4-c299-4989-b2a0-421a25fe5364 None None] config_source = [] {{(pid=92853) log_opt_values /opt/stack/data/venv/lib/python3.12/site-packages/oslo_config/cfg.py:3549}}
Aug 18 06:23:34.556166 np0000007604 devstack@n-api-meta.service[92853]: DEBUG nova.api.openstack.wsgi_app [None req-9d5a60d4-c299-4989-b2a0-421a25fe5364 None None] console_host = np0000007604 {{(pid=92853) log_opt_values /opt/stack/data/venv/lib/python3.12/site-packages/oslo_config/cfg.py:3549}}
Aug 18 06:23:34.556166 np0000007604 devstack@n-api-meta.service[92853]: DEBUG nova.api.openstack.wsgi_app [None req-9d5a60d4-c299-4989-b2a0-421a25fe5364 None None] control_exchange = nova {{(pid=92853) log_opt_values /opt/stack/data/venv/lib/python3.12/site-packages/oslo_config/cfg.py:3549}}
Aug 18 06:23:34.556166 np0000007604 devstack@n-api-meta.service[92853]: DEBUG nova.api.openstack.wsgi_app [None req-9d5a60d4-c299-4989-b2a0-421a25fe5364 None None] cpu_allocation_ratio = None {{(pid=92853) log_opt_values /opt/stack/data/venv/lib/python3.12/site-packages/oslo_config/cfg.py:3549}}
Aug 18 06:23:34.556166 np0000007604 devstack@n-api-meta.service[92853]: DEBUG nova.api.openstack.wsgi_app [None req-9d5a60d4-c299-4989-b2a0-421a25fe5364 None None] daemon = False {{(pid=92853) log_opt_values /opt/stack/data/venv/lib/python3.12/site-packages/oslo_config/cfg.py:3549}}
Aug 18 06:23:34.556166 np0000007604 devstack@n-api-meta.service[92853]: DEBUG nova.api.openstack.wsgi_app [None req-9d5a60d4-c299-4989-b2a0-421a25fe5364 None None] debug = True {{(pid=92853) log_opt_values /opt/stack/data/venv/lib/python3.12/site-packages/oslo_config/cfg.py:3549}}
Aug 18 06:23:34.556166 np0000007604 devstack@n-api-meta.service[92853]: DEBUG nova.api.openstack.wsgi_app [None req-9d5a60d4-c299-4989-b2a0-421a25fe5364 None None] default_access_ip_network_name = None {{(pid=92853) log_opt_values /opt/stack/data/venv/lib/python3.12/site-packages/oslo_config/cfg.py:3549}}
Aug 18 06:23:34.556166 np0000007604 devstack@n-api-meta.service[92853]: DEBUG nova.api.openstack.wsgi_app [None req-9d5a60d4-c299-4989-b2a0-421a25fe5364 None None] default_availability_zone = nova {{(pid=92853) log_opt_values /opt/stack/data/venv/lib/python3.12/site-packages/oslo_config/cfg.py:3549}}
Aug 18 06:23:34.556399 np0000007604 devstack@n-api-meta.service[92853]: DEBUG nova.api.openstack.wsgi_app [None req-9d5a60d4-c299-4989-b2a0-421a25fe5364 None None] default_ephemeral_format = ext4 {{(pid=92853) log_opt_values /opt/stack/data/venv/lib/python3.12/site-packages/oslo_config/cfg.py:3549}}
Aug 18 06:23:34.556399 np0000007604 devstack@n-api-meta.service[92853]: DEBUG nova.api.openstack.wsgi_app [None req-9d5a60d4-c299-4989-b2a0-421a25fe5364 None None] default_green_pool_size = 1000 {{(pid=92853) log_opt_values /opt/stack/data/venv/lib/python3.12/site-packages/oslo_config/cfg.py:3549}}
Aug 18 06:23:34.556399 np0000007604 devstack@n-api-meta.service[92853]: DEBUG nova.api.openstack.wsgi_app [None req-9d5a60d4-c299-4989-b2a0-421a25fe5364 None None] default_log_levels = ['amqp=WARN', 'boto=WARN', 'sqlalchemy=WARN', 'suds=INFO', 'oslo.messaging=INFO', 'oslo_messaging=INFO', 'iso8601=WARN', 'requests.packages.urllib3.connectionpool=WARN', 'urllib3.connectionpool=WARN', 'websocket=WARN', 'requests.packages.urllib3.util.retry=WARN', 'urllib3.util.retry=WARN', 'keystonemiddleware=WARN', 'routes.middleware=WARN', 'stevedore=WARN', 'taskflow=WARN', 'keystoneauth=WARN', 'oslo.cache=INFO', 'oslo_policy=INFO', 'dogpile.core.dogpile=INFO', 'glanceclient=WARN', 'oslo.privsep.daemon=INFO'] {{(pid=92853) log_opt_values /opt/stack/data/venv/lib/python3.12/site-packages/oslo_config/cfg.py:3549}}
Aug 18 06:23:34.556399 np0000007604 devstack@n-api-meta.service[92853]: DEBUG nova.api.openstack.wsgi_app [None req-9d5a60d4-c299-4989-b2a0-421a25fe5364 None None] default_schedule_zone = None {{(pid=92853) log_opt_values /opt/stack/data/venv/lib/python3.12/site-packages/oslo_config/cfg.py:3549}}
Aug 18 06:23:34.556399 np0000007604 devstack@n-api-meta.service[92853]: DEBUG nova.api.openstack.wsgi_app [None req-9d5a60d4-c299-4989-b2a0-421a25fe5364 None None] default_thread_pool_size = 10 {{(pid=92853) log_opt_values /opt/stack/data/venv/lib/python3.12/site-packages/oslo_config/cfg.py:3549}}
Aug 18 06:23:34.556557 np0000007604 devstack@n-api-meta.service[92853]: DEBUG nova.api.openstack.wsgi_app [None req-9d5a60d4-c299-4989-b2a0-421a25fe5364 None None] disk_allocation_ratio = None {{(pid=92853) log_opt_values /opt/stack/data/venv/lib/python3.12/site-packages/oslo_config/cfg.py:3549}}
Aug 18 06:23:34.556582 np0000007604 devstack@n-api-meta.service[92853]: DEBUG nova.api.openstack.wsgi_app [None req-9d5a60d4-c299-4989-b2a0-421a25fe5364 None None] enable_new_services = True {{(pid=92853) log_opt_values /opt/stack/data/venv/lib/python3.12/site-packages/oslo_config/cfg.py:3549}}
Aug 18 06:23:34.556715 np0000007604 devstack@n-api-meta.service[92853]: DEBUG nova.api.openstack.wsgi_app [None req-9d5a60d4-c299-4989-b2a0-421a25fe5364 None None] flat_injected = False {{(pid=92853) log_opt_values /opt/stack/data/venv/lib/python3.12/site-packages/oslo_config/cfg.py:3549}}
Aug 18 06:23:34.556834 np0000007604 devstack@n-api-meta.service[92853]: DEBUG nova.api.openstack.wsgi_app [None req-9d5a60d4-c299-4989-b2a0-421a25fe5364 None None] force_config_drive = True {{(pid=92853) log_opt_values /opt/stack/data/venv/lib/python3.12/site-packages/oslo_config/cfg.py:3549}}
Aug 18 06:23:34.556960 np0000007604 devstack@n-api-meta.service[92853]: DEBUG nova.api.openstack.wsgi_app [None req-9d5a60d4-c299-4989-b2a0-421a25fe5364 None None] force_raw_images = True {{(pid=92853) log_opt_values /opt/stack/data/venv/lib/python3.12/site-packages/oslo_config/cfg.py:3549}}
Aug 18 06:23:34.557074 np0000007604 devstack@n-api-meta.service[92853]: DEBUG nova.api.openstack.wsgi_app [None req-9d5a60d4-c299-4989-b2a0-421a25fe5364 None None] graceful_shutdown_timeout = 5 {{(pid=92853) log_opt_values /opt/stack/data/venv/lib/python3.12/site-packages/oslo_config/cfg.py:3549}}
Aug 18 06:23:34.557217 np0000007604 devstack@n-api-meta.service[92853]: DEBUG nova.api.openstack.wsgi_app [None req-9d5a60d4-c299-4989-b2a0-421a25fe5364 None None] heal_instance_info_cache_interval = -1 {{(pid=92853) log_opt_values /opt/stack/data/venv/lib/python3.12/site-packages/oslo_config/cfg.py:3549}}
Aug 18 06:23:34.557407 np0000007604 devstack@n-api-meta.service[92853]: DEBUG nova.api.openstack.wsgi_app [None req-9d5a60d4-c299-4989-b2a0-421a25fe5364 None None] host = np0000007604 {{(pid=92853) log_opt_values /opt/stack/data/venv/lib/python3.12/site-packages/oslo_config/cfg.py:3549}}
Aug 18 06:23:34.557589 np0000007604 devstack@n-api-meta.service[92853]: DEBUG nova.api.openstack.wsgi_app [None req-9d5a60d4-c299-4989-b2a0-421a25fe5364 None None] initial_cpu_allocation_ratio = 4.0 {{(pid=92853) log_opt_values /opt/stack/data/venv/lib/python3.12/site-packages/oslo_config/cfg.py:3549}}
Aug 18 06:23:34.557660 np0000007604 devstack@n-api-meta.service[92853]: DEBUG nova.api.openstack.wsgi_app [None req-9d5a60d4-c299-4989-b2a0-421a25fe5364 None None] initial_disk_allocation_ratio = 1.0 {{(pid=92853) log_opt_values /opt/stack/data/venv/lib/python3.12/site-packages/oslo_config/cfg.py:3549}}
Aug 18 06:23:34.557800 np0000007604 devstack@n-api-meta.service[92853]: DEBUG nova.api.openstack.wsgi_app [None req-9d5a60d4-c299-4989-b2a0-421a25fe5364 None None] initial_ram_allocation_ratio = 1.0 {{(pid=92853) log_opt_values /opt/stack/data/venv/lib/python3.12/site-packages/oslo_config/cfg.py:3549}}
Aug 18 06:23:34.557961 np0000007604 devstack@n-api-meta.service[92853]: DEBUG nova.api.openstack.wsgi_app [None req-9d5a60d4-c299-4989-b2a0-421a25fe5364 None None] injected_network_template = /opt/stack/nova/nova/virt/interfaces.template {{(pid=92853) log_opt_values /opt/stack/data/venv/lib/python3.12/site-packages/oslo_config/cfg.py:3549}}
Aug 18 06:23:34.558077 np0000007604 devstack@n-api-meta.service[92853]: DEBUG nova.api.openstack.wsgi_app [None req-9d5a60d4-c299-4989-b2a0-421a25fe5364 None None] instance_build_timeout = 0 {{(pid=92853) log_opt_values /opt/stack/data/venv/lib/python3.12/site-packages/oslo_config/cfg.py:3549}}
Aug 18 06:23:34.558217 np0000007604 devstack@n-api-meta.service[92853]: DEBUG nova.api.openstack.wsgi_app [None req-9d5a60d4-c299-4989-b2a0-421a25fe5364 None None] instance_delete_interval = 300 {{(pid=92853) log_opt_values /opt/stack/data/venv/lib/python3.12/site-packages/oslo_config/cfg.py:3549}}
Aug 18 06:23:34.558360 np0000007604 devstack@n-api-meta.service[92853]: DEBUG nova.api.openstack.wsgi_app [None req-9d5a60d4-c299-4989-b2a0-421a25fe5364 None None] instance_format = [instance: %(uuid)s] {{(pid=92853) log_opt_values /opt/stack/data/venv/lib/python3.12/site-packages/oslo_config/cfg.py:3549}}
Aug 18 06:23:34.558509 np0000007604 devstack@n-api-meta.service[92853]: DEBUG nova.api.openstack.wsgi_app [None req-9d5a60d4-c299-4989-b2a0-421a25fe5364 None None] instance_name_template = instance-%08x {{(pid=92853) log_opt_values /opt/stack/data/venv/lib/python3.12/site-packages/oslo_config/cfg.py:3549}}
Aug 18 06:23:34.558620 np0000007604 devstack@n-api-meta.service[92853]: DEBUG nova.api.openstack.wsgi_app [None req-9d5a60d4-c299-4989-b2a0-421a25fe5364 None None] instance_usage_audit = False {{(pid=92853) log_opt_values /opt/stack/data/venv/lib/python3.12/site-packages/oslo_config/cfg.py:3549}}
Aug 18 06:23:34.558748 np0000007604 devstack@n-api-meta.service[92853]: DEBUG nova.api.openstack.wsgi_app [None req-9d5a60d4-c299-4989-b2a0-421a25fe5364 None None] instance_usage_audit_period = month {{(pid=92853) log_opt_values /opt/stack/data/venv/lib/python3.12/site-packages/oslo_config/cfg.py:3549}}
Aug 18 06:23:34.558885 np0000007604 devstack@n-api-meta.service[92853]: DEBUG nova.api.openstack.wsgi_app [None req-9d5a60d4-c299-4989-b2a0-421a25fe5364 None None] instance_uuid_format = [instance: %(uuid)s] {{(pid=92853) log_opt_values /opt/stack/data/venv/lib/python3.12/site-packages/oslo_config/cfg.py:3549}}
Aug 18 06:23:34.559002 np0000007604 devstack@n-api-meta.service[92853]: DEBUG nova.api.openstack.wsgi_app [None req-9d5a60d4-c299-4989-b2a0-421a25fe5364 None None] instances_path = /opt/stack/data/nova/instances {{(pid=92853) log_opt_values /opt/stack/data/venv/lib/python3.12/site-packages/oslo_config/cfg.py:3549}}
Aug 18 06:23:34.559144 np0000007604 devstack@n-api-meta.service[92853]: DEBUG nova.api.openstack.wsgi_app [None req-9d5a60d4-c299-4989-b2a0-421a25fe5364 None None] internal_service_availability_zone = internal {{(pid=92853) log_opt_values /opt/stack/data/venv/lib/python3.12/site-packages/oslo_config/cfg.py:3549}}
Aug 18 06:23:34.559289 np0000007604 devstack@n-api-meta.service[92853]: DEBUG nova.api.openstack.wsgi_app [None req-9d5a60d4-c299-4989-b2a0-421a25fe5364 None None] key = None {{(pid=92853) log_opt_values /opt/stack/data/venv/lib/python3.12/site-packages/oslo_config/cfg.py:3549}}
Aug 18 06:23:34.559421 np0000007604 devstack@n-api-meta.service[92853]: DEBUG nova.api.openstack.wsgi_app [None req-9d5a60d4-c299-4989-b2a0-421a25fe5364 None None] live_migration_retry_count = 30 {{(pid=92853) log_opt_values /opt/stack/data/venv/lib/python3.12/site-packages/oslo_config/cfg.py:3549}}
Aug 18 06:23:34.559569 np0000007604 devstack@n-api-meta.service[92853]: DEBUG nova.api.openstack.wsgi_app [None req-9d5a60d4-c299-4989-b2a0-421a25fe5364 None None] log_color = False {{(pid=92853) log_opt_values /opt/stack/data/venv/lib/python3.12/site-packages/oslo_config/cfg.py:3549}}
Aug 18 06:23:34.559682 np0000007604 devstack@n-api-meta.service[92853]: DEBUG nova.api.openstack.wsgi_app [None req-9d5a60d4-c299-4989-b2a0-421a25fe5364 None None] log_config_append = None {{(pid=92853) log_opt_values /opt/stack/data/venv/lib/python3.12/site-packages/oslo_config/cfg.py:3549}}
Aug 18 06:23:34.559830 np0000007604 devstack@n-api-meta.service[92853]: DEBUG nova.api.openstack.wsgi_app [None req-9d5a60d4-c299-4989-b2a0-421a25fe5364 None None] log_date_format = %Y-%m-%d %H:%M:%S {{(pid=92853) log_opt_values /opt/stack/data/venv/lib/python3.12/site-packages/oslo_config/cfg.py:3549}}
Aug 18 06:23:34.559949 np0000007604 devstack@n-api-meta.service[92853]: DEBUG nova.api.openstack.wsgi_app [None req-9d5a60d4-c299-4989-b2a0-421a25fe5364 None None] log_dir = None {{(pid=92853) log_opt_values /opt/stack/data/venv/lib/python3.12/site-packages/oslo_config/cfg.py:3549}}
Aug 18 06:23:34.560059 np0000007604 devstack@n-api-meta.service[92853]: DEBUG nova.api.openstack.wsgi_app [None req-9d5a60d4-c299-4989-b2a0-421a25fe5364 None None] log_file = None {{(pid=92853) log_opt_values /opt/stack/data/venv/lib/python3.12/site-packages/oslo_config/cfg.py:3549}}
Aug 18 06:23:34.560173 np0000007604 devstack@n-api-meta.service[92853]: DEBUG nova.api.openstack.wsgi_app [None req-9d5a60d4-c299-4989-b2a0-421a25fe5364 None None] log_options = True {{(pid=92853) log_opt_values /opt/stack/data/venv/lib/python3.12/site-packages/oslo_config/cfg.py:3549}}
Aug 18 06:23:34.560303 np0000007604 devstack@n-api-meta.service[92853]: DEBUG nova.api.openstack.wsgi_app [None req-9d5a60d4-c299-4989-b2a0-421a25fe5364 None None] log_rotate_interval = 1 {{(pid=92853) log_opt_values /opt/stack/data/venv/lib/python3.12/site-packages/oslo_config/cfg.py:3549}}
Aug 18 06:23:34.560455 np0000007604 devstack@n-api-meta.service[92853]: DEBUG nova.api.openstack.wsgi_app [None req-9d5a60d4-c299-4989-b2a0-421a25fe5364 None None] log_rotate_interval_type = days {{(pid=92853) log_opt_values /opt/stack/data/venv/lib/python3.12/site-packages/oslo_config/cfg.py:3549}}
Aug 18 06:23:34.560578 np0000007604 devstack@n-api-meta.service[92853]: DEBUG nova.api.openstack.wsgi_app [None req-9d5a60d4-c299-4989-b2a0-421a25fe5364 None None] log_rotation_type = none {{(pid=92853) log_opt_values /opt/stack/data/venv/lib/python3.12/site-packages/oslo_config/cfg.py:3549}}
Aug 18 06:23:34.560666 np0000007604 devstack@n-api-meta.service[92853]: DEBUG nova.api.openstack.wsgi_app [None req-9d5a60d4-c299-4989-b2a0-421a25fe5364 None None] logging_context_format_string = %(color)s%(levelname)s %(name)s [%(global_request_id)s %(request_id)s %(project_name)s %(user_name)s%(color)s] %(instance)s%(color)s%(message)s {{(pid=92853) log_opt_values /opt/stack/data/venv/lib/python3.12/site-packages/oslo_config/cfg.py:3549}}
Aug 18 06:23:34.560781 np0000007604 devstack@n-api-meta.service[92853]: DEBUG nova.api.openstack.wsgi_app [None req-9d5a60d4-c299-4989-b2a0-421a25fe5364 None None] logging_debug_format_suffix = {{(pid=%(process)d) %(funcName)s %(pathname)s:%(lineno)d}} {{(pid=92853) log_opt_values /opt/stack/data/venv/lib/python3.12/site-packages/oslo_config/cfg.py:3549}}
Aug 18 06:23:34.560911 np0000007604 devstack@n-api-meta.service[92853]: DEBUG nova.api.openstack.wsgi_app [None req-9d5a60d4-c299-4989-b2a0-421a25fe5364 None None] logging_default_format_string = %(color)s%(levelname)s %(name)s [-%(color)s] %(instance)s%(color)s%(message)s {{(pid=92853) log_opt_values /opt/stack/data/venv/lib/python3.12/site-packages/oslo_config/cfg.py:3549}}
Aug 18 06:23:34.561028 np0000007604 devstack@n-api-meta.service[92853]: DEBUG nova.api.openstack.wsgi_app [None req-9d5a60d4-c299-4989-b2a0-421a25fe5364 None None] logging_exception_prefix = ERROR %(name)s %(instance)s {{(pid=92853) log_opt_values /opt/stack/data/venv/lib/python3.12/site-packages/oslo_config/cfg.py:3549}}
Aug 18 06:23:34.561624 np0000007604 devstack@n-api-meta.service[92853]: DEBUG nova.api.openstack.wsgi_app [None req-9d5a60d4-c299-4989-b2a0-421a25fe5364 None None] logging_user_identity_format = %(user)s %(project)s %(domain)s %(system_scope)s %(user_domain)s %(project_domain)s {{(pid=92853) log_opt_values /opt/stack/data/venv/lib/python3.12/site-packages/oslo_config/cfg.py:3549}}
Aug 18 06:23:34.561624 np0000007604 devstack@n-api-meta.service[92853]: DEBUG nova.api.openstack.wsgi_app [None req-9d5a60d4-c299-4989-b2a0-421a25fe5364 None None] long_rpc_timeout = 1800 {{(pid=92853) log_opt_values /opt/stack/data/venv/lib/python3.12/site-packages/oslo_config/cfg.py:3549}}
Aug 18 06:23:34.561624 np0000007604 devstack@n-api-meta.service[92853]: DEBUG nova.api.openstack.wsgi_app [None req-9d5a60d4-c299-4989-b2a0-421a25fe5364 None None] manager_shutdown_timeout = 160 {{(pid=92853) log_opt_values /opt/stack/data/venv/lib/python3.12/site-packages/oslo_config/cfg.py:3549}}
Aug 18 06:23:34.561800 np0000007604 devstack@n-api-meta.service[92854]: DEBUG oslo_db.sqlalchemy.engines [None req-be7512d9-2c6f-4c57-b178-2d223d4ad614 None None] MySQL server mode set to STRICT_TRANS_TABLES,STRICT_ALL_TABLES,NO_ZERO_IN_DATE,NO_ZERO_DATE,ERROR_FOR_DIVISION_BY_ZERO,TRADITIONAL,NO_ENGINE_SUBSTITUTION {{(pid=92854) _check_effective_sql_mode /opt/stack/data/venv/lib/python3.12/site-packages/oslo_db/sqlalchemy/engines.py:325}}
Aug 18 06:23:34.561875 np0000007604 devstack@n-api-meta.service[92853]: DEBUG nova.api.openstack.wsgi_app [None req-9d5a60d4-c299-4989-b2a0-421a25fe5364 None None] max_concurrent_builds = 10 {{(pid=92853) log_opt_values /opt/stack/data/venv/lib/python3.12/site-packages/oslo_config/cfg.py:3549}}
Aug 18 06:23:34.561875 np0000007604 devstack@n-api-meta.service[92853]: DEBUG nova.api.openstack.wsgi_app [None req-9d5a60d4-c299-4989-b2a0-421a25fe5364 None None] max_concurrent_live_migrations = 1 {{(pid=92853) log_opt_values /opt/stack/data/venv/lib/python3.12/site-packages/oslo_config/cfg.py:3549}}
Aug 18 06:23:34.561875 np0000007604 devstack@n-api-meta.service[92853]: DEBUG nova.api.openstack.wsgi_app [None req-9d5a60d4-c299-4989-b2a0-421a25fe5364 None None] max_concurrent_snapshots = 5 {{(pid=92853) log_opt_values /opt/stack/data/venv/lib/python3.12/site-packages/oslo_config/cfg.py:3549}}
Aug 18 06:23:34.561875 np0000007604 devstack@n-api-meta.service[92853]: DEBUG nova.api.openstack.wsgi_app [None req-9d5a60d4-c299-4989-b2a0-421a25fe5364 None None] max_local_block_devices = 3 {{(pid=92853) log_opt_values /opt/stack/data/venv/lib/python3.12/site-packages/oslo_config/cfg.py:3549}}
Aug 18 06:23:34.562043 np0000007604 devstack@n-api-meta.service[92853]: DEBUG nova.api.openstack.wsgi_app [None req-9d5a60d4-c299-4989-b2a0-421a25fe5364 None None] max_logfile_count = 30 {{(pid=92853) log_opt_values /opt/stack/data/venv/lib/python3.12/site-packages/oslo_config/cfg.py:3549}}
Aug 18 06:23:34.562102 np0000007604 devstack@n-api-meta.service[92853]: DEBUG nova.api.openstack.wsgi_app [None req-9d5a60d4-c299-4989-b2a0-421a25fe5364 None None] max_logfile_size_mb = 200 {{(pid=92853) log_opt_values /opt/stack/data/venv/lib/python3.12/site-packages/oslo_config/cfg.py:3549}}
Aug 18 06:23:34.562250 np0000007604 devstack@n-api-meta.service[92853]: DEBUG nova.api.openstack.wsgi_app [None req-9d5a60d4-c299-4989-b2a0-421a25fe5364 None None] maximum_instance_delete_attempts = 5 {{(pid=92853) log_opt_values /opt/stack/data/venv/lib/python3.12/site-packages/oslo_config/cfg.py:3549}}
Aug 18 06:23:34.562384 np0000007604 devstack@n-api-meta.service[92853]: DEBUG nova.api.openstack.wsgi_app [None req-9d5a60d4-c299-4989-b2a0-421a25fe5364 None None] migrate_max_retries = -1 {{(pid=92853) log_opt_values /opt/stack/data/venv/lib/python3.12/site-packages/oslo_config/cfg.py:3549}}
Aug 18 06:23:34.562563 np0000007604 devstack@n-api-meta.service[92853]: DEBUG nova.api.openstack.wsgi_app [None req-9d5a60d4-c299-4989-b2a0-421a25fe5364 None None] mkisofs_cmd = genisoimage {{(pid=92853) log_opt_values /opt/stack/data/venv/lib/python3.12/site-packages/oslo_config/cfg.py:3549}}
Aug 18 06:23:34.562755 np0000007604 devstack@n-api-meta.service[92853]: DEBUG nova.api.openstack.wsgi_app [None req-9d5a60d4-c299-4989-b2a0-421a25fe5364 None None] my_block_storage_ip = 10.4.3.253 {{(pid=92853) log_opt_values /opt/stack/data/venv/lib/python3.12/site-packages/oslo_config/cfg.py:3549}}
Aug 18 06:23:34.562865 np0000007604 devstack@n-api-meta.service[92853]: DEBUG nova.api.openstack.wsgi_app [None req-9d5a60d4-c299-4989-b2a0-421a25fe5364 None None] my_ip = 10.4.3.253 {{(pid=92853) log_opt_values /opt/stack/data/venv/lib/python3.12/site-packages/oslo_config/cfg.py:3549}}
Aug 18 06:23:34.563015 np0000007604 devstack@n-api-meta.service[92853]: DEBUG nova.api.openstack.wsgi_app [None req-9d5a60d4-c299-4989-b2a0-421a25fe5364 None None] my_shared_fs_storage_ip = 10.4.3.253 {{(pid=92853) log_opt_values /opt/stack/data/venv/lib/python3.12/site-packages/oslo_config/cfg.py:3549}}
Aug 18 06:23:34.563402 np0000007604 devstack@n-api-meta.service[92853]: DEBUG nova.api.openstack.wsgi_app [None req-9d5a60d4-c299-4989-b2a0-421a25fe5364 None None] network_allocate_retries = 0 {{(pid=92853) log_opt_values /opt/stack/data/venv/lib/python3.12/site-packages/oslo_config/cfg.py:3549}}
Aug 18 06:23:34.563402 np0000007604 devstack@n-api-meta.service[92853]: DEBUG nova.api.openstack.wsgi_app [None req-9d5a60d4-c299-4989-b2a0-421a25fe5364 None None] non_inheritable_image_properties = ['cache_in_nova', 'bittorrent'] {{(pid=92853) log_opt_values /opt/stack/data/venv/lib/python3.12/site-packages/oslo_config/cfg.py:3549}}
Aug 18 06:23:34.563568 np0000007604 devstack@n-api-meta.service[92853]: DEBUG nova.api.openstack.wsgi_app [None req-9d5a60d4-c299-4989-b2a0-421a25fe5364 None None] osapi_compute_unique_server_name_scope = {{(pid=92853) log_opt_values /opt/stack/data/venv/lib/python3.12/site-packages/oslo_config/cfg.py:3549}}
Aug 18 06:23:34.563568 np0000007604 devstack@n-api-meta.service[92853]: DEBUG nova.api.openstack.wsgi_app [None req-9d5a60d4-c299-4989-b2a0-421a25fe5364 None None] password_length = 12 {{(pid=92853) log_opt_values /opt/stack/data/venv/lib/python3.12/site-packages/oslo_config/cfg.py:3549}}
