Aug 13 05:10:35.575863 np0000007154 devstack@g-api.service[99791]: DEBUG glance.api.middleware.version_negotiation [None req-c37de4cb-6572-4c22-bb49-b948319effdd tempest-TestEncryptedCinderVolumes-647504453 tempest-TestEncryptedCinderVolumes-647504453-project-member] new path /v2/schemas/image {{(pid=99791) process_request /opt/stack/glance/glance/api/middleware/version_negotiation.py:70}}
Aug 13 05:10:35.579287 np0000007154 devstack@g-api.service[99791]: [pid: 99791|app: 0|req: 135/392] 127.0.0.1 () {44 vars in 1055 bytes} [Thu Aug 13 05:10:35 2026] GET /v2/schemas/image => generated 6083 bytes in 4 msecs (HTTP/1.1 200) 4 headers in 158 bytes (1 switches on core 0)
Aug 13 05:10:35.588133 np0000007154 devstack@g-api.service[99793]: DEBUG glance.api.middleware.version_negotiation [None req-d04e6561-4933-408b-ac87-87f60766736d tempest-VolumesActionsTest-1259041256 tempest-VolumesActionsTest-1259041256-project-member] Determining version of request: POST /v2/images Accept: */* {{(pid=99793) process_request /opt/stack/glance/glance/api/middleware/version_negotiation.py:44}}
Aug 13 05:10:35.588489 np0000007154 devstack@g-api.service[99793]: DEBUG glance.api.middleware.version_negotiation [None req-d04e6561-4933-408b-ac87-87f60766736d tempest-VolumesActionsTest-1259041256 tempest-VolumesActionsTest-1259041256-project-member] Using url versioning {{(pid=99793) process_request /opt/stack/glance/glance/api/middleware/version_negotiation.py:57}}
Aug 13 05:10:35.588489 np0000007154 devstack@g-api.service[99793]: DEBUG glance.api.middleware.version_negotiation [None req-d04e6561-4933-408b-ac87-87f60766736d tempest-VolumesActionsTest-1259041256 tempest-VolumesActionsTest-1259041256-project-member] Matched version: v2 {{(pid=99793) process_request /opt/stack/glance/glance/api/middleware/version_negotiation.py:69}}
Aug 13 05:10:35.588489 np0000007154 devstack@g-api.service[99793]: DEBUG glance.api.middleware.version_negotiation [None req-d04e6561-4933-408b-ac87-87f60766736d tempest-VolumesActionsTest-1259041256 tempest-VolumesActionsTest-1259041256-project-member] new path /v2/images {{(pid=99793) process_request /opt/stack/glance/glance/api/middleware/version_negotiation.py:70}}
Aug 13 05:10:36.160856 np0000007154 devstack@g-api.service[99793]: [pid: 99793|app: 0|req: 134/393] 127.0.0.1 () {46 vars in 1055 bytes} [Thu Aug 13 05:10:35 2026] POST /v2/images => generated 650 bytes in 573 msecs (HTTP/1.1 201) 6 headers in 315 bytes (1 switches on core 0)
Aug 13 05:10:36.176535 np0000007154 devstack@g-api.service[99792]: DEBUG glance.api.middleware.version_negotiation [None req-d04e6561-4933-408b-ac87-87f60766736d tempest-VolumesActionsTest-1259041256 tempest-VolumesActionsTest-1259041256-project-member] Determining version of request: GET /v2/images/6da008ee-79e5-4d79-969a-6d29378c42a9 Accept: application/json {{(pid=99792) process_request /opt/stack/glance/glance/api/middleware/version_negotiation.py:44}}
Aug 13 05:10:36.178204 np0000007154 devstack@g-api.service[99792]: DEBUG glance.api.middleware.version_negotiation [None req-d04e6561-4933-408b-ac87-87f60766736d tempest-VolumesActionsTest-1259041256 tempest-VolumesActionsTest-1259041256-project-member] Using url versioning {{(pid=99792) process_request /opt/stack/glance/glance/api/middleware/version_negotiation.py:57}}
Aug 13 05:10:36.178204 np0000007154 devstack@g-api.service[99792]: DEBUG glance.api.middleware.version_negotiation [None req-d04e6561-4933-408b-ac87-87f60766736d tempest-VolumesActionsTest-1259041256 tempest-VolumesActionsTest-1259041256-project-member] Matched version: v2 {{(pid=99792) process_request /opt/stack/glance/glance/api/middleware/version_negotiation.py:69}}
Aug 13 05:10:36.178204 np0000007154 devstack@g-api.service[99792]: DEBUG glance.api.middleware.version_negotiation [None req-d04e6561-4933-408b-ac87-87f60766736d tempest-VolumesActionsTest-1259041256 tempest-VolumesActionsTest-1259041256-project-member] new path /v2/images/6da008ee-79e5-4d79-969a-6d29378c42a9 {{(pid=99792) process_request /opt/stack/glance/glance/api/middleware/version_negotiation.py:70}}
Aug 13 05:10:36.188436 np0000007154 devstack@g-api.service[99792]: [pid: 99792|app: 0|req: 125/394] 127.0.0.1 () {40 vars in 838 bytes} [Thu Aug 13 05:10:36 2026] GET /v2/images/6da008ee-79e5-4d79-969a-6d29378c42a9 => generated 650 bytes in 12 msecs (HTTP/1.1 200) 4 headers in 157 bytes (1 switches on core 0)
Aug 13 05:10:36.470076 np0000007154 devstack@g-api.service[99791]: DEBUG glance.api.middleware.version_negotiation [None req-406f7914-b6c1-405b-8a7c-8c23266cc229 tempest-VolumesActionsTest-1259041256 tempest-VolumesActionsTest-1259041256-project-member] Determining version of request: PUT /v2/images/6da008ee-79e5-4d79-969a-6d29378c42a9/file Accept: */* {{(pid=99791) process_request /opt/stack/glance/glance/api/middleware/version_negotiation.py:44}}
Aug 13 05:10:36.470402 np0000007154 devstack@g-api.service[99791]: DEBUG glance.api.middleware.version_negotiation [None req-406f7914-b6c1-405b-8a7c-8c23266cc229 tempest-VolumesActionsTest-1259041256 tempest-VolumesActionsTest-1259041256-project-member] Using url versioning {{(pid=99791) process_request /opt/stack/glance/glance/api/middleware/version_negotiation.py:57}}
Aug 13 05:10:36.470548 np0000007154 devstack@g-api.service[99791]: DEBUG glance.api.middleware.version_negotiation [None req-406f7914-b6c1-405b-8a7c-8c23266cc229 tempest-VolumesActionsTest-1259041256 tempest-VolumesActionsTest-1259041256-project-member] Matched version: v2 {{(pid=99791) process_request /opt/stack/glance/glance/api/middleware/version_negotiation.py:69}}
Aug 13 05:10:36.470690 np0000007154 devstack@g-api.service[99791]: DEBUG glance.api.middleware.version_negotiation [None req-406f7914-b6c1-405b-8a7c-8c23266cc229 tempest-VolumesActionsTest-1259041256 tempest-VolumesActionsTest-1259041256-project-member] new path /v2/images/6da008ee-79e5-4d79-969a-6d29378c42a9/file {{(pid=99791) process_request /opt/stack/glance/glance/api/middleware/version_negotiation.py:70}}
Aug 13 05:10:36.988156 np0000007154 devstack@g-api.service[99791]: INFO glance.api.v2.image_data [None req-406f7914-b6c1-405b-8a7c-8c23266cc229 tempest-VolumesActionsTest-1259041256 tempest-VolumesActionsTest-1259041256-project-member] Unable to create trust: no such option collect_timing in group [keystone_authtoken] Use the existing user token.
Aug 13 05:10:37.198848 np0000007154 devstack@g-api.service[99793]: DEBUG glance.api.middleware.version_negotiation [None req-406f7914-b6c1-405b-8a7c-8c23266cc229 tempest-VolumesActionsTest-1259041256 tempest-VolumesActionsTest-1259041256-project-member] Determining version of request: GET /v2/images/6da008ee-79e5-4d79-969a-6d29378c42a9 Accept: application/json {{(pid=99793) process_request /opt/stack/glance/glance/api/middleware/version_negotiation.py:44}}
Aug 13 05:10:37.199273 np0000007154 devstack@g-api.service[99793]: DEBUG glance.api.middleware.version_negotiation [None req-406f7914-b6c1-405b-8a7c-8c23266cc229 tempest-VolumesActionsTest-1259041256 tempest-VolumesActionsTest-1259041256-project-member] Using url versioning {{(pid=99793) process_request /opt/stack/glance/glance/api/middleware/version_negotiation.py:57}}
Aug 13 05:10:37.199273 np0000007154 devstack@g-api.service[99793]: DEBUG glance.api.middleware.version_negotiation [None req-406f7914-b6c1-405b-8a7c-8c23266cc229 tempest-VolumesActionsTest-1259041256 tempest-VolumesActionsTest-1259041256-project-member] Matched version: v2 {{(pid=99793) process_request /opt/stack/glance/glance/api/middleware/version_negotiation.py:69}}
Aug 13 05:10:37.200066 np0000007154 devstack@g-api.service[99793]: DEBUG glance.api.middleware.version_negotiation [None req-406f7914-b6c1-405b-8a7c-8c23266cc229 tempest-VolumesActionsTest-1259041256 tempest-VolumesActionsTest-1259041256-project-member] new path /v2/images/6da008ee-79e5-4d79-969a-6d29378c42a9 {{(pid=99793) process_request /opt/stack/glance/glance/api/middleware/version_negotiation.py:70}}
Aug 13 05:10:37.211268 np0000007154 devstack@g-api.service[99793]: [pid: 99793|app: 0|req: 135/395] 127.0.0.1 () {40 vars in 838 bytes} [Thu Aug 13 05:10:37 2026] GET /v2/images/6da008ee-79e5-4d79-969a-6d29378c42a9 => generated 650 bytes in 12 msecs (HTTP/1.1 200) 4 headers in 157 bytes (1 switches on core 0)
Aug 13 05:10:37.492493 np0000007154 devstack@g-api.service[99791]: DEBUG glance.location [None req-406f7914-b6c1-405b-8a7c-8c23266cc229 tempest-VolumesActionsTest-1259041256 tempest-VolumesActionsTest-1259041256-project-member] Enabling in-flight format inspection for raw {{(pid=99791) set_data /opt/stack/glance/glance/location.py:596}}
Aug 13 05:10:37.492680 np0000007154 devstack@g-api.service[99791]: DEBUG glance_store.backend [None req-406f7914-b6c1-405b-8a7c-8c23266cc229 tempest-VolumesActionsTest-1259041256 tempest-VolumesActionsTest-1259041256-project-member] Attempting to import store swift {{(pid=99791) _load_store /opt/stack/data/venv/lib/python3.12/site-packages/glance_store/backend.py:215}}
Aug 13 05:10:37.495246 np0000007154 devstack@g-api.service[99791]: DEBUG glance_store.capabilities [None req-406f7914-b6c1-405b-8a7c-8c23266cc229 tempest-VolumesActionsTest-1259041256 tempest-VolumesActionsTest-1259041256-project-member] Store glance_store._drivers.swift.store.SingleTenantStore doesn't support updating dynamic storage capabilities. Please overwrite 'update_capabilities' method of the store to implement updating logics if needed. {{(pid=99791) update_capabilities /opt/stack/data/venv/lib/python3.12/site-packages/glance_store/capabilities.py:91}}
Aug 13 05:10:37.495618 np0000007154 devstack@g-api.service[99791]: DEBUG glance_store.driver [None req-406f7914-b6c1-405b-8a7c-8c23266cc229 tempest-VolumesActionsTest-1259041256 tempest-VolumesActionsTest-1259041256-project-member] Late loading location class glance_store._drivers.swift.store.StoreLocation {{(pid=99791) get_store_location_class /opt/stack/data/venv/lib/python3.12/site-packages/glance_store/driver.py:134}}
Aug 13 05:10:37.495618 np0000007154 devstack@g-api.service[99791]: DEBUG glance_store.location [None req-406f7914-b6c1-405b-8a7c-8c23266cc229 tempest-VolumesActionsTest-1259041256 tempest-VolumesActionsTest-1259041256-project-member] Registering scheme swift+https with {'store': , 'location_class': , 'store_entry': 'swift'} {{(pid=99791) register_scheme_map /opt/stack/data/venv/lib/python3.12/site-packages/glance_store/location.py:146}}
Aug 13 05:10:37.495732 np0000007154 devstack@g-api.service[99791]: DEBUG glance_store.location [None req-406f7914-b6c1-405b-8a7c-8c23266cc229 tempest-VolumesActionsTest-1259041256 tempest-VolumesActionsTest-1259041256-project-member] Registering scheme swift+https with {'store': , 'location_class': , 'store_entry': 'swift'} {{(pid=99791) register_scheme_map /opt/stack/data/venv/lib/python3.12/site-packages/glance_store/location.py:146}}
Aug 13 05:10:37.495782 np0000007154 devstack@g-api.service[99791]: DEBUG glance_store.location [None req-406f7914-b6c1-405b-8a7c-8c23266cc229 tempest-VolumesActionsTest-1259041256 tempest-VolumesActionsTest-1259041256-project-member] Registering scheme swift with {'store': , 'location_class': , 'store_entry': 'swift'} {{(pid=99791) register_scheme_map /opt/stack/data/venv/lib/python3.12/site-packages/glance_store/location.py:146}}
Aug 13 05:10:37.495882 np0000007154 devstack@g-api.service[99791]: DEBUG glance_store.location [None req-406f7914-b6c1-405b-8a7c-8c23266cc229 tempest-VolumesActionsTest-1259041256 tempest-VolumesActionsTest-1259041256-project-member] Registering scheme swift+https with {'store': , 'location_class': , 'store_entry': 'swift'} {{(pid=99791) register_scheme_map /opt/stack/data/venv/lib/python3.12/site-packages/glance_store/location.py:146}}
Aug 13 05:10:37.496010 np0000007154 devstack@g-api.service[99791]: DEBUG glance_store.location [None req-406f7914-b6c1-405b-8a7c-8c23266cc229 tempest-VolumesActionsTest-1259041256 tempest-VolumesActionsTest-1259041256-project-member] Registering scheme swift with {'store': , 'location_class': , 'store_entry': 'swift'} {{(pid=99791) register_scheme_map /opt/stack/data/venv/lib/python3.12/site-packages/glance_store/location.py:146}}
Aug 13 05:10:37.496126 np0000007154 devstack@g-api.service[99791]: DEBUG glance_store.location [None req-406f7914-b6c1-405b-8a7c-8c23266cc229 tempest-VolumesActionsTest-1259041256 tempest-VolumesActionsTest-1259041256-project-member] Registering scheme swift+http with {'store': , 'location_class': , 'store_entry': 'swift'} {{(pid=99791) register_scheme_map /opt/stack/data/venv/lib/python3.12/site-packages/glance_store/location.py:146}}
Aug 13 05:10:37.496231 np0000007154 devstack@g-api.service[99791]: DEBUG glance_store.location [None req-406f7914-b6c1-405b-8a7c-8c23266cc229 tempest-VolumesActionsTest-1259041256 tempest-VolumesActionsTest-1259041256-project-member] Registering scheme swift+https with {'store': , 'location_class': , 'store_entry': 'swift'} {{(pid=99791) register_scheme_map /opt/stack/data/venv/lib/python3.12/site-packages/glance_store/location.py:146}}
Aug 13 05:10:37.496333 np0000007154 devstack@g-api.service[99791]: DEBUG glance_store.location [None req-406f7914-b6c1-405b-8a7c-8c23266cc229 tempest-VolumesActionsTest-1259041256 tempest-VolumesActionsTest-1259041256-project-member] Registering scheme swift with {'store': , 'location_class': , 'store_entry': 'swift'} {{(pid=99791) register_scheme_map /opt/stack/data/venv/lib/python3.12/site-packages/glance_store/location.py:146}}
Aug 13 05:10:37.496433 np0000007154 devstack@g-api.service[99791]: DEBUG glance_store.location [None req-406f7914-b6c1-405b-8a7c-8c23266cc229 tempest-VolumesActionsTest-1259041256 tempest-VolumesActionsTest-1259041256-project-member] Registering scheme swift+http with {'store': , 'location_class': , 'store_entry': 'swift'} {{(pid=99791) register_scheme_map /opt/stack/data/venv/lib/python3.12/site-packages/glance_store/location.py:146}}
Aug 13 05:10:37.496543 np0000007154 devstack@g-api.service[99791]: DEBUG glance_store.location [None req-406f7914-b6c1-405b-8a7c-8c23266cc229 tempest-VolumesActionsTest-1259041256 tempest-VolumesActionsTest-1259041256-project-member] Registering scheme swift+config with {'store': , 'location_class': , 'store_entry': 'swift'} {{(pid=99791) register_scheme_map /opt/stack/data/venv/lib/python3.12/site-packages/glance_store/location.py:146}}
Aug 13 05:10:37.695074 np0000007154 devstack@g-api.service[99791]: DEBUG swiftclient [None req-406f7914-b6c1-405b-8a7c-8c23266cc229 tempest-VolumesActionsTest-1259041256 tempest-VolumesActionsTest-1259041256-project-member] REQ: curl -i https://10.4.3.170:8080/v1/AUTH_5c28f60ba7b041d1a4ff5e213fa4d79d/glance -I -H "X-Auth-Token: gAAAAABqfVHNlPBk..." {{(pid=99791) http_log /opt/stack/data/venv/lib/python3.12/site-packages/swiftclient/client.py:160}}
Aug 13 05:10:37.695309 np0000007154 devstack@g-api.service[99791]: DEBUG swiftclient [None req-406f7914-b6c1-405b-8a7c-8c23266cc229 tempest-VolumesActionsTest-1259041256 tempest-VolumesActionsTest-1259041256-project-member] RESP STATUS: 204 No Content {{(pid=99791) http_log /opt/stack/data/venv/lib/python3.12/site-packages/swiftclient/client.py:161}}
Aug 13 05:10:37.695705 np0000007154 devstack@g-api.service[99791]: DEBUG swiftclient [None req-406f7914-b6c1-405b-8a7c-8c23266cc229 tempest-VolumesActionsTest-1259041256 tempest-VolumesActionsTest-1259041256-project-member] RESP HEADERS: {'Date': 'Thu, 13 Aug 2026 05:10:37 GMT', 'Server': 'Apache/2.4.58 (Ubuntu)', 'Content-Type': 'text/plain; charset=utf-8', 'X-Container-Object-Count': '3', 'X-Container-Bytes-Used': '64356352', 'X-Timestamp': '1786597422.64587', 'Last-Modified': 'Thu, 13 Aug 2026 05:03:43 GMT', 'Accept-Ranges': 'bytes', 'X-Storage-Policy': 'Policy-0', 'X-Container-Sharding': 'False', 'Vary': 'Accept', 'X-Trans-Id': 'tx9fcdd3ce45e74fc693ffe-006a7d51cd', 'X-Openstack-Request-Id': 'tx9fcdd3ce45e74fc693ffe-006a7d51cd', 'Connection': 'close'} {{(pid=99791) http_log /opt/stack/data/venv/lib/python3.12/site-packages/swiftclient/client.py:162}}
Aug 13 05:10:37.695817 np0000007154 devstack@g-api.service[99791]: DEBUG glance_store._drivers.swift.store [None req-406f7914-b6c1-405b-8a7c-8c23266cc229 tempest-VolumesActionsTest-1259041256 tempest-VolumesActionsTest-1259041256-project-member] Adding image object '6da008ee-79e5-4d79-969a-6d29378c42a9' to Swift {{(pid=99791) add /opt/stack/data/venv/lib/python3.12/site-packages/glance_store/_drivers/swift/store.py:970}}
Aug 13 05:10:37.695866 np0000007154 devstack@g-api.service[99791]: DEBUG glance_store._drivers.swift.store [None req-406f7914-b6c1-405b-8a7c-8c23266cc229 tempest-VolumesActionsTest-1259041256 tempest-VolumesActionsTest-1259041256-project-member] Cannot determine image size because it is either not provided in the request or chunked-transfer encoding is used. Adding image as a segmented object to Swift. {{(pid=99791) add /opt/stack/data/venv/lib/python3.12/site-packages/glance_store/_drivers/swift/store.py:994}}
Aug 13 05:10:37.701983 np0000007154 devstack@g-api.service[99791]: DEBUG oslo_utils.imageutils.format_inspector [None req-406f7914-b6c1-405b-8a7c-8c23266cc229 tempest-VolumesActionsTest-1259041256 tempest-VolumesActionsTest-1259041256-project-member] Format inspector for vmdk does not match, excluding from consideration (Signature KDMV not found: b'\x00\x00\x00\x00') {{(pid=99791) _process_chunk /opt/stack/data/venv/lib/python3.12/site-packages/oslo_utils/imageutils/format_inspector.py:1758}}
Aug 13 05:10:37.704689 np0000007154 devstack@g-api.service[99791]: DEBUG oslo_utils.imageutils.format_inspector [None req-406f7914-b6c1-405b-8a7c-8c23266cc229 tempest-VolumesActionsTest-1259041256 tempest-VolumesActionsTest-1259041256-project-member] Format inspector for vhdx does not match, excluding from consideration (Region signature not found at 30000) {{(pid=99791) _process_chunk /opt/stack/data/venv/lib/python3.12/site-packages/oslo_utils/imageutils/format_inspector.py:1758}}
Aug 13 05:10:38.225124 np0000007154 devstack@g-api.service[99792]: DEBUG glance.api.middleware.version_negotiation [None req-79ef032a-74b6-4cd7-85dd-80a431cd1e92 tempest-VolumesActionsTest-1259041256 tempest-VolumesActionsTest-1259041256-project-member] Determining version of request: GET /v2/images/6da008ee-79e5-4d79-969a-6d29378c42a9 Accept: application/json {{(pid=99792) process_request /opt/stack/glance/glance/api/middleware/version_negotiation.py:44}}
Aug 13 05:10:38.226267 np0000007154 devstack@g-api.service[99792]: DEBUG glance.api.middleware.version_negotiation [None req-79ef032a-74b6-4cd7-85dd-80a431cd1e92 tempest-VolumesActionsTest-1259041256 tempest-VolumesActionsTest-1259041256-project-member] Using url versioning {{(pid=99792) process_request /opt/stack/glance/glance/api/middleware/version_negotiation.py:57}}
Aug 13 05:10:38.226267 np0000007154 devstack@g-api.service[99792]: DEBUG glance.api.middleware.version_negotiation [None req-79ef032a-74b6-4cd7-85dd-80a431cd1e92 tempest-VolumesActionsTest-1259041256 tempest-VolumesActionsTest-1259041256-project-member] Matched version: v2 {{(pid=99792) process_request /opt/stack/glance/glance/api/middleware/version_negotiation.py:69}}
Aug 13 05:10:38.226267 np0000007154 devstack@g-api.service[99792]: DEBUG glance.api.middleware.version_negotiation [None req-79ef032a-74b6-4cd7-85dd-80a431cd1e92 tempest-VolumesActionsTest-1259041256 tempest-VolumesActionsTest-1259041256-project-member] new path /v2/images/6da008ee-79e5-4d79-969a-6d29378c42a9 {{(pid=99792) process_request /opt/stack/glance/glance/api/middleware/version_negotiation.py:70}}
Aug 13 05:10:38.236849 np0000007154 devstack@g-api.service[99792]: [pid: 99792|app: 0|req: 126/396] 127.0.0.1 () {40 vars in 838 bytes} [Thu Aug 13 05:10:38 2026] GET /v2/images/6da008ee-79e5-4d79-969a-6d29378c42a9 => generated 650 bytes in 12 msecs (HTTP/1.1 200) 4 headers in 157 bytes (1 switches on core 0)
Aug 13 05:10:39.251277 np0000007154 devstack@g-api.service[99793]: DEBUG glance.api.middleware.version_negotiation [None req-37579f44-b317-4a30-9489-f1cc7926cdb3 tempest-VolumesActionsTest-1259041256 tempest-VolumesActionsTest-1259041256-project-member] Determining version of request: GET /v2/images/6da008ee-79e5-4d79-969a-6d29378c42a9 Accept: application/json {{(pid=99793) process_request /opt/stack/glance/glance/api/middleware/version_negotiation.py:44}}
Aug 13 05:10:39.251277 np0000007154 devstack@g-api.service[99793]: DEBUG glance.api.middleware.version_negotiation [None req-37579f44-b317-4a30-9489-f1cc7926cdb3 tempest-VolumesActionsTest-1259041256 tempest-VolumesActionsTest-1259041256-project-member] Using url versioning {{(pid=99793) process_request /opt/stack/glance/glance/api/middleware/version_negotiation.py:57}}
Aug 13 05:10:39.251632 np0000007154 devstack@g-api.service[99793]: DEBUG glance.api.middleware.version_negotiation [None req-37579f44-b317-4a30-9489-f1cc7926cdb3 tempest-VolumesActionsTest-1259041256 tempest-VolumesActionsTest-1259041256-project-member] Matched version: v2 {{(pid=99793) process_request /opt/stack/glance/glance/api/middleware/version_negotiation.py:69}}
Aug 13 05:10:39.251632 np0000007154 devstack@g-api.service[99793]: DEBUG glance.api.middleware.version_negotiation [None req-37579f44-b317-4a30-9489-f1cc7926cdb3 tempest-VolumesActionsTest-1259041256 tempest-VolumesActionsTest-1259041256-project-member] new path /v2/images/6da008ee-79e5-4d79-969a-6d29378c42a9 {{(pid=99793) process_request /opt/stack/glance/glance/api/middleware/version_negotiation.py:70}}
Aug 13 05:10:39.261644 np0000007154 devstack@g-api.service[99793]: [pid: 99793|app: 0|req: 136/397] 127.0.0.1 () {40 vars in 838 bytes} [Thu Aug 13 05:10:39 2026] GET /v2/images/6da008ee-79e5-4d79-969a-6d29378c42a9 => generated 650 bytes in 11 msecs (HTTP/1.1 200) 4 headers in 157 bytes (1 switches on core 0)
Aug 13 05:10:39.756403 np0000007154 devstack@g-api.service[99791]: DEBUG swiftclient [None req-406f7914-b6c1-405b-8a7c-8c23266cc229 tempest-VolumesActionsTest-1259041256 tempest-VolumesActionsTest-1259041256-project-member] REQ: curl -i https://10.4.3.170:8080/v1/AUTH_5c28f60ba7b041d1a4ff5e213fa4d79d/glance/6da008ee-79e5-4d79-969a-6d29378c42a9-00001 -X PUT -H "X-Auth-Token: gAAAAABqfVHNlPBk..." {{(pid=99791) http_log /opt/stack/data/venv/lib/python3.12/site-packages/swiftclient/client.py:160}}
Aug 13 05:10:39.756730 np0000007154 devstack@g-api.service[99791]: DEBUG swiftclient [None req-406f7914-b6c1-405b-8a7c-8c23266cc229 tempest-VolumesActionsTest-1259041256 tempest-VolumesActionsTest-1259041256-project-member] RESP STATUS: 201 Created {{(pid=99791) http_log /opt/stack/data/venv/lib/python3.12/site-packages/swiftclient/client.py:161}}
Aug 13 05:10:39.756730 np0000007154 devstack@g-api.service[99791]: DEBUG swiftclient [None req-406f7914-b6c1-405b-8a7c-8c23266cc229 tempest-VolumesActionsTest-1259041256 tempest-VolumesActionsTest-1259041256-project-member] RESP HEADERS: {'Date': 'Thu, 13 Aug 2026 05:10:39 GMT', 'Server': 'Apache/2.4.58 (Ubuntu)', 'Content-Type': 'text/html; charset=UTF-8', 'Content-Length': '0', 'Etag': 'eda9a9889837ac4bc81d6387d92c1bec', 'Last-Modified': 'Thu, 13 Aug 2026 05:10:38 GMT', 'X-Trans-Id': 'txe5c332c8937c4325bf201-006a7d51cd', 'X-Openstack-Request-Id': 'txe5c332c8937c4325bf201-006a7d51cd', 'Connection': 'close'} {{(pid=99791) http_log /opt/stack/data/venv/lib/python3.12/site-packages/swiftclient/client.py:162}}
Aug 13 05:10:39.756925 np0000007154 devstack@g-api.service[99791]: DEBUG glance_store._drivers.swift.store [None req-406f7914-b6c1-405b-8a7c-8c23266cc229 tempest-VolumesActionsTest-1259041256 tempest-VolumesActionsTest-1259041256-project-member] Wrote chunk 6da008ee-79e5-4d79-969a-6d29378c42a9-00001 (1/?) of length 204800000 to Swift returning MD5 of content: eda9a9889837ac4bc81d6387d92c1bec {{(pid=99791) add /opt/stack/data/venv/lib/python3.12/site-packages/glance_store/_drivers/swift/store.py:1059}}
Aug 13 05:10:40.273440 np0000007154 devstack@g-api.service[99792]: DEBUG glance.api.middleware.version_negotiation [None req-a2ed7692-f798-49c0-b509-0a8435274216 tempest-VolumesActionsTest-1259041256 tempest-VolumesActionsTest-1259041256-project-member] Determining version of request: GET /v2/images/6da008ee-79e5-4d79-969a-6d29378c42a9 Accept: application/json {{(pid=99792) process_request /opt/stack/glance/glance/api/middleware/version_negotiation.py:44}}
Aug 13 05:10:40.273827 np0000007154 devstack@g-api.service[99792]: DEBUG glance.api.middleware.version_negotiation [None req-a2ed7692-f798-49c0-b509-0a8435274216 tempest-VolumesActionsTest-1259041256 tempest-VolumesActionsTest-1259041256-project-member] Using url versioning {{(pid=99792) process_request /opt/stack/glance/glance/api/middleware/version_negotiation.py:57}}
Aug 13 05:10:40.273827 np0000007154 devstack@g-api.service[99792]: DEBUG glance.api.middleware.version_negotiation [None req-a2ed7692-f798-49c0-b509-0a8435274216 tempest-VolumesActionsTest-1259041256 tempest-VolumesActionsTest-1259041256-project-member] Matched version: v2 {{(pid=99792) process_request /opt/stack/glance/glance/api/middleware/version_negotiation.py:69}}
Aug 13 05:10:40.273827 np0000007154 devstack@g-api.service[99792]: DEBUG glance.api.middleware.version_negotiation [None req-a2ed7692-f798-49c0-b509-0a8435274216 tempest-VolumesActionsTest-1259041256 tempest-VolumesActionsTest-1259041256-project-member] new path /v2/images/6da008ee-79e5-4d79-969a-6d29378c42a9 {{(pid=99792) process_request /opt/stack/glance/glance/api/middleware/version_negotiation.py:70}}
Aug 13 05:10:40.283849 np0000007154 devstack@g-api.service[99792]: [pid: 99792|app: 0|req: 127/398] 127.0.0.1 () {40 vars in 838 bytes} [Thu Aug 13 05:10:40 2026] GET /v2/images/6da008ee-79e5-4d79-969a-6d29378c42a9 => generated 650 bytes in 11 msecs (HTTP/1.1 200) 4 headers in 157 bytes (1 switches on core 0)
Aug 13 05:10:40.374398 np0000007154 devstack@g-api.service[99793]: DEBUG glance.api.middleware.version_negotiation [None req-b702019e-5c51-41e4-9490-4345bf7f9fde tempest-VolumesActionsTest-1259041256 tempest-VolumesActionsTest-1259041256-project-member] Determining version of request: GET /v2/images/b91c5f27-4d96-48c4-9584-6a6cdcb1c5fb Accept: */* {{(pid=99793) process_request /opt/stack/glance/glance/api/middleware/version_negotiation.py:44}}
Aug 13 05:10:40.375943 np0000007154 devstack@g-api.service[99793]: DEBUG glance.api.middleware.version_negotiation [None req-b702019e-5c51-41e4-9490-4345bf7f9fde tempest-VolumesActionsTest-1259041256 tempest-VolumesActionsTest-1259041256-project-member] Using url versioning {{(pid=99793) process_request /opt/stack/glance/glance/api/middleware/version_negotiation.py:57}}
Aug 13 05:10:40.376080 np0000007154 devstack@g-api.service[99793]: DEBUG glance.api.middleware.version_negotiation [None req-b702019e-5c51-41e4-9490-4345bf7f9fde tempest-VolumesActionsTest-1259041256 tempest-VolumesActionsTest-1259041256-project-member] Matched version: v2 {{(pid=99793) process_request /opt/stack/glance/glance/api/middleware/version_negotiation.py:69}}
Aug 13 05:10:40.376251 np0000007154 devstack@g-api.service[99793]: DEBUG glance.api.middleware.version_negotiation [None req-b702019e-5c51-41e4-9490-4345bf7f9fde tempest-VolumesActionsTest-1259041256 tempest-VolumesActionsTest-1259041256-project-member] new path /v2/images/b91c5f27-4d96-48c4-9584-6a6cdcb1c5fb {{(pid=99793) process_request /opt/stack/glance/glance/api/middleware/version_negotiation.py:70}}
Aug 13 05:10:40.396323 np0000007154 devstack@g-api.service[99793]: [pid: 99793|app: 0|req: 137/399] 127.0.0.1 () {44 vars in 1115 bytes} [Thu Aug 13 05:10:40 2026] GET /v2/images/b91c5f27-4d96-48c4-9584-6a6cdcb1c5fb => generated 1044 bytes in 22 msecs (HTTP/1.1 200) 4 headers in 158 bytes (1 switches on core 0)
Aug 13 05:10:40.426304 np0000007154 devstack@g-api.service[99792]: DEBUG glance.api.middleware.version_negotiation [None req-61ef865b-1465-4186-9ccf-98731e1a9228 tempest-VolumesActionsTest-1259041256 tempest-VolumesActionsTest-1259041256-project-member] Determining version of request: GET /v2/schemas/image Accept: */* {{(pid=99792) process_request /opt/stack/glance/glance/api/middleware/version_negotiation.py:44}}
Aug 13 05:10:40.428509 np0000007154 devstack@g-api.service[99792]: DEBUG glance.api.middleware.version_negotiation [None req-61ef865b-1465-4186-9ccf-98731e1a9228 tempest-VolumesActionsTest-1259041256 tempest-VolumesActionsTest-1259041256-project-member] Using url versioning {{(pid=99792) process_request /opt/stack/glance/glance/api/middleware/version_negotiation.py:57}}
Aug 13 05:10:40.428509 np0000007154 devstack@g-api.service[99792]: DEBUG glance.api.middleware.version_negotiation [None req-61ef865b-1465-4186-9ccf-98731e1a9228 tempest-VolumesActionsTest-1259041256 tempest-VolumesActionsTest-1259041256-project-member] Matched version: v2 {{(pid=99792) process_request /opt/stack/glance/glance/api/middleware/version_negotiation.py:69}}
Aug 13 05:10:40.428509 np0000007154 devstack@g-api.service[99792]: DEBUG glance.api.middleware.version_negotiation [None req-61ef865b-1465-4186-9ccf-98731e1a9228 tempest-VolumesActionsTest-1259041256 tempest-VolumesActionsTest-1259041256-project-member] new path /v2/schemas/image {{(pid=99792) process_request /opt/stack/glance/glance/api/middleware/version_negotiation.py:70}}
Aug 13 05:10:40.434567 np0000007154 devstack@g-api.service[99792]: [pid: 99792|app: 0|req: 128/400] 127.0.0.1 () {44 vars in 1055 bytes} [Thu Aug 13 05:10:40 2026] GET /v2/schemas/image => generated 6083 bytes in 9 msecs (HTTP/1.1 200) 4 headers in 158 bytes (1 switches on core 0)
Aug 13 05:10:41.293297 np0000007154 devstack@g-api.service[99793]: DEBUG glance.api.middleware.version_negotiation [None req-2bbc939b-9bda-4e67-848e-8481627dfd1a tempest-AttachVolumeNegativeTest-550442585 tempest-AttachVolumeNegativeTest-550442585-project-member] Determining version of request: GET /v2/images/6da008ee-79e5-4d79-969a-6d29378c42a9 Accept: application/json {{(pid=99793) process_request /opt/stack/glance/glance/api/middleware/version_negotiation.py:44}}
Aug 13 05:10:41.293485 np0000007154 devstack@g-api.service[99793]: DEBUG glance.api.middleware.version_negotiation [None req-2bbc939b-9bda-4e67-848e-8481627dfd1a tempest-AttachVolumeNegativeTest-550442585 tempest-AttachVolumeNegativeTest-550442585-project-member] Using url versioning {{(pid=99793) process_request /opt/stack/glance/glance/api/middleware/version_negotiation.py:57}}
Aug 13 05:10:41.293649 np0000007154 devstack@g-api.service[99793]: DEBUG glance.api.middleware.version_negotiation [None req-2bbc939b-9bda-4e67-848e-8481627dfd1a tempest-AttachVolumeNegativeTest-550442585 tempest-AttachVolumeNegativeTest-550442585-project-member] Matched version: v2 {{(pid=99793) process_request /opt/stack/glance/glance/api/middleware/version_negotiation.py:69}}
Aug 13 05:10:41.293805 np0000007154 devstack@g-api.service[99793]: DEBUG glance.api.middleware.version_negotiation [None req-2bbc939b-9bda-4e67-848e-8481627dfd1a tempest-AttachVolumeNegativeTest-550442585 tempest-AttachVolumeNegativeTest-550442585-project-member] new path /v2/images/6da008ee-79e5-4d79-969a-6d29378c42a9 {{(pid=99793) process_request /opt/stack/glance/glance/api/middleware/version_negotiation.py:70}}
Aug 13 05:10:41.313992 np0000007154 devstack@g-api.service[99793]: [pid: 99793|app: 0|req: 138/401] 127.0.0.1 () {40 vars in 838 bytes} [Thu Aug 13 05:10:41 2026] GET /v2/images/6da008ee-79e5-4d79-969a-6d29378c42a9 => generated 650 bytes in 21 msecs (HTTP/1.1 200) 4 headers in 157 bytes (1 switches on core 0)
Aug 13 05:10:41.856152 np0000007154 devstack@g-api.service[99791]: DEBUG swiftclient [None req-406f7914-b6c1-405b-8a7c-8c23266cc229 tempest-VolumesActionsTest-1259041256 tempest-VolumesActionsTest-1259041256-project-member] REQ: curl -i https://10.4.3.170:8080/v1/AUTH_5c28f60ba7b041d1a4ff5e213fa4d79d/glance/6da008ee-79e5-4d79-969a-6d29378c42a9-00002 -X PUT -H "X-Auth-Token: gAAAAABqfVHNlPBk..." {{(pid=99791) http_log /opt/stack/data/venv/lib/python3.12/site-packages/swiftclient/client.py:160}}
Aug 13 05:10:41.856523 np0000007154 devstack@g-api.service[99791]: DEBUG swiftclient [None req-406f7914-b6c1-405b-8a7c-8c23266cc229 tempest-VolumesActionsTest-1259041256 tempest-VolumesActionsTest-1259041256-project-member] RESP STATUS: 201 Created {{(pid=99791) http_log /opt/stack/data/venv/lib/python3.12/site-packages/swiftclient/client.py:161}}
Aug 13 05:10:41.856523 np0000007154 devstack@g-api.service[99791]: DEBUG swiftclient [None req-406f7914-b6c1-405b-8a7c-8c23266cc229 tempest-VolumesActionsTest-1259041256 tempest-VolumesActionsTest-1259041256-project-member] RESP HEADERS: {'Date': 'Thu, 13 Aug 2026 05:10:41 GMT', 'Server': 'Apache/2.4.58 (Ubuntu)', 'Content-Type': 'text/html; charset=UTF-8', 'Content-Length': '0', 'Etag': 'eda9a9889837ac4bc81d6387d92c1bec', 'Last-Modified': 'Thu, 13 Aug 2026 05:10:40 GMT', 'X-Trans-Id': 'txfc8dfc3786c64bf09eb3f-006a7d51cf', 'X-Openstack-Request-Id': 'txfc8dfc3786c64bf09eb3f-006a7d51cf', 'Connection': 'close'} {{(pid=99791) http_log /opt/stack/data/venv/lib/python3.12/site-packages/swiftclient/client.py:162}}
Aug 13 05:10:41.856523 np0000007154 devstack@g-api.service[99791]: DEBUG glance_store._drivers.swift.store [None req-406f7914-b6c1-405b-8a7c-8c23266cc229 tempest-VolumesActionsTest-1259041256 tempest-VolumesActionsTest-1259041256-project-member] Wrote chunk 6da008ee-79e5-4d79-969a-6d29378c42a9-00002 (2/?) of length 204800000 to Swift returning MD5 of content: eda9a9889837ac4bc81d6387d92c1bec {{(pid=99791) add /opt/stack/data/venv/lib/python3.12/site-packages/glance_store/_drivers/swift/store.py:1059}}
Aug 13 05:10:42.324771 np0000007154 devstack@g-api.service[99792]: DEBUG glance.api.middleware.version_negotiation [None req-2bbc939b-9bda-4e67-848e-8481627dfd1a tempest-AttachVolumeNegativeTest-550442585 tempest-AttachVolumeNegativeTest-550442585-project-member] Determining version of request: GET /v2/images/6da008ee-79e5-4d79-969a-6d29378c42a9 Accept: application/json {{(pid=99792) process_request /opt/stack/glance/glance/api/middleware/version_negotiation.py:44}}
Aug 13 05:10:42.325152 np0000007154 devstack@g-api.service[99792]: DEBUG glance.api.middleware.version_negotiation [None req-2bbc939b-9bda-4e67-848e-8481627dfd1a tempest-AttachVolumeNegativeTest-550442585 tempest-AttachVolumeNegativeTest-550442585-project-member] Using url versioning {{(pid=99792) process_request /opt/stack/glance/glance/api/middleware/version_negotiation.py:57}}
Aug 13 05:10:42.325152 np0000007154 devstack@g-api.service[99792]: DEBUG glance.api.middleware.version_negotiation [None req-2bbc939b-9bda-4e67-848e-8481627dfd1a tempest-AttachVolumeNegativeTest-550442585 tempest-AttachVolumeNegativeTest-550442585-project-member] Matched version: v2 {{(pid=99792) process_request /opt/stack/glance/glance/api/middleware/version_negotiation.py:69}}
Aug 13 05:10:42.325284 np0000007154 devstack@g-api.service[99792]: DEBUG glance.api.middleware.version_negotiation [None req-2bbc939b-9bda-4e67-848e-8481627dfd1a tempest-AttachVolumeNegativeTest-550442585 tempest-AttachVolumeNegativeTest-550442585-project-member] new path /v2/images/6da008ee-79e5-4d79-969a-6d29378c42a9 {{(pid=99792) process_request /opt/stack/glance/glance/api/middleware/version_negotiation.py:70}}
Aug 13 05:10:42.338767 np0000007154 devstack@g-api.service[99792]: [pid: 99792|app: 0|req: 129/402] 127.0.0.1 () {40 vars in 838 bytes} [Thu Aug 13 05:10:42 2026] GET /v2/images/6da008ee-79e5-4d79-969a-6d29378c42a9 => generated 650 bytes in 14 msecs (HTTP/1.1 200) 4 headers in 157 bytes (1 switches on core 0)
Aug 13 05:10:43.349206 np0000007154 devstack@g-api.service[99793]: DEBUG glance.api.middleware.version_negotiation [None req-de911d65-639a-46c3-a0f0-abc084baf319 tempest-VolumesActionsTest-1259041256 tempest-VolumesActionsTest-1259041256-project-member] Determining version of request: GET /v2/images/6da008ee-79e5-4d79-969a-6d29378c42a9 Accept: application/json {{(pid=99793) process_request /opt/stack/glance/glance/api/middleware/version_negotiation.py:44}}
Aug 13 05:10:43.349206 np0000007154 devstack@g-api.service[99793]: DEBUG glance.api.middleware.version_negotiation [None req-de911d65-639a-46c3-a0f0-abc084baf319 tempest-VolumesActionsTest-1259041256 tempest-VolumesActionsTest-1259041256-project-member] Using url versioning {{(pid=99793) process_request /opt/stack/glance/glance/api/middleware/version_negotiation.py:57}}
Aug 13 05:10:43.349206 np0000007154 devstack@g-api.service[99793]: DEBUG glance.api.middleware.version_negotiation [None req-de911d65-639a-46c3-a0f0-abc084baf319 tempest-VolumesActionsTest-1259041256 tempest-VolumesActionsTest-1259041256-project-member] Matched version: v2 {{(pid=99793) process_request /opt/stack/glance/glance/api/middleware/version_negotiation.py:69}}
Aug 13 05:10:43.349206 np0000007154 devstack@g-api.service[99793]: DEBUG glance.api.middleware.version_negotiation [None req-de911d65-639a-46c3-a0f0-abc084baf319 tempest-VolumesActionsTest-1259041256 tempest-VolumesActionsTest-1259041256-project-member] new path /v2/images/6da008ee-79e5-4d79-969a-6d29378c42a9 {{(pid=99793) process_request /opt/stack/glance/glance/api/middleware/version_negotiation.py:70}}
Aug 13 05:10:43.372958 np0000007154 devstack@g-api.service[99793]: [pid: 99793|app: 0|req: 139/403] 127.0.0.1 () {40 vars in 838 bytes} [Thu Aug 13 05:10:43 2026] GET /v2/images/6da008ee-79e5-4d79-969a-6d29378c42a9 => generated 650 bytes in 25 msecs (HTTP/1.1 200) 4 headers in 157 bytes (1 switches on core 0)
Aug 13 05:10:44.018462 np0000007154 devstack@g-api.service[99791]: DEBUG swiftclient [None req-406f7914-b6c1-405b-8a7c-8c23266cc229 tempest-VolumesActionsTest-1259041256 tempest-VolumesActionsTest-1259041256-project-member] REQ: curl -i https://10.4.3.170:8080/v1/AUTH_5c28f60ba7b041d1a4ff5e213fa4d79d/glance/6da008ee-79e5-4d79-969a-6d29378c42a9-00003 -X PUT -H "X-Auth-Token: gAAAAABqfVHNlPBk..." {{(pid=99791) http_log /opt/stack/data/venv/lib/python3.12/site-packages/swiftclient/client.py:160}}
Aug 13 05:10:44.018836 np0000007154 devstack@g-api.service[99791]: DEBUG swiftclient [None req-406f7914-b6c1-405b-8a7c-8c23266cc229 tempest-VolumesActionsTest-1259041256 tempest-VolumesActionsTest-1259041256-project-member] RESP STATUS: 201 Created {{(pid=99791) http_log /opt/stack/data/venv/lib/python3.12/site-packages/swiftclient/client.py:161}}
Aug 13 05:10:44.018836 np0000007154 devstack@g-api.service[99791]: DEBUG swiftclient [None req-406f7914-b6c1-405b-8a7c-8c23266cc229 tempest-VolumesActionsTest-1259041256 tempest-VolumesActionsTest-1259041256-project-member] RESP HEADERS: {'Date': 'Thu, 13 Aug 2026 05:10:44 GMT', 'Server': 'Apache/2.4.58 (Ubuntu)', 'Content-Type': 'text/html; charset=UTF-8', 'Content-Length': '0', 'Etag': 'eda9a9889837ac4bc81d6387d92c1bec', 'Last-Modified': 'Thu, 13 Aug 2026 05:10:42 GMT', 'X-Trans-Id': 'tx15ee3a36366e482aa85fc-006a7d51d1', 'X-Openstack-Request-Id': 'tx15ee3a36366e482aa85fc-006a7d51d1', 'Connection': 'close'} {{(pid=99791) http_log /opt/stack/data/venv/lib/python3.12/site-packages/swiftclient/client.py:162}}
Aug 13 05:10:44.018836 np0000007154 devstack@g-api.service[99791]: DEBUG glance_store._drivers.swift.store [None req-406f7914-b6c1-405b-8a7c-8c23266cc229 tempest-VolumesActionsTest-1259041256 tempest-VolumesActionsTest-1259041256-project-member] Wrote chunk 6da008ee-79e5-4d79-969a-6d29378c42a9-00003 (3/?) of length 204800000 to Swift returning MD5 of content: eda9a9889837ac4bc81d6387d92c1bec {{(pid=99791) add /opt/stack/data/venv/lib/python3.12/site-packages/glance_store/_drivers/swift/store.py:1059}}
Aug 13 05:10:44.382717 np0000007154 devstack@g-api.service[99792]: DEBUG glance.api.middleware.version_negotiation [None req-ea7becc9-ebb7-4ee4-8225-fc86e5881675 tempest-VolumesActionsTest-1259041256 tempest-VolumesActionsTest-1259041256-project-member] Determining version of request: GET /v2/images/6da008ee-79e5-4d79-969a-6d29378c42a9 Accept: application/json {{(pid=99792) process_request /opt/stack/glance/glance/api/middleware/version_negotiation.py:44}}
Aug 13 05:10:44.383193 np0000007154 devstack@g-api.service[99792]: DEBUG glance.api.middleware.version_negotiation [None req-ea7becc9-ebb7-4ee4-8225-fc86e5881675 tempest-VolumesActionsTest-1259041256 tempest-VolumesActionsTest-1259041256-project-member] Using url versioning {{(pid=99792) process_request /opt/stack/glance/glance/api/middleware/version_negotiation.py:57}}
Aug 13 05:10:44.383193 np0000007154 devstack@g-api.service[99792]: DEBUG glance.api.middleware.version_negotiation [None req-ea7becc9-ebb7-4ee4-8225-fc86e5881675 tempest-VolumesActionsTest-1259041256 tempest-VolumesActionsTest-1259041256-project-member] Matched version: v2 {{(pid=99792) process_request /opt/stack/glance/glance/api/middleware/version_negotiation.py:69}}
Aug 13 05:10:44.383286 np0000007154 devstack@g-api.service[99792]: DEBUG glance.api.middleware.version_negotiation [None req-ea7becc9-ebb7-4ee4-8225-fc86e5881675 tempest-VolumesActionsTest-1259041256 tempest-VolumesActionsTest-1259041256-project-member] new path /v2/images/6da008ee-79e5-4d79-969a-6d29378c42a9 {{(pid=99792) process_request /opt/stack/glance/glance/api/middleware/version_negotiation.py:70}}
Aug 13 05:10:44.392765 np0000007154 devstack@g-api.service[99792]: [pid: 99792|app: 0|req: 130/404] 127.0.0.1 () {40 vars in 838 bytes} [Thu Aug 13 05:10:44 2026] GET /v2/images/6da008ee-79e5-4d79-969a-6d29378c42a9 => generated 650 bytes in 10 msecs (HTTP/1.1 200) 4 headers in 157 bytes (1 switches on core 0)
Aug 13 05:10:45.401692 np0000007154 devstack@g-api.service[99793]: DEBUG glance.api.middleware.version_negotiation [None req-7fe3c1c3-9711-4780-b375-8c12e3f13d47 tempest-VolumesActionsTest-1259041256 tempest-VolumesActionsTest-1259041256-project-member] Determining version of request: GET /v2/images/6da008ee-79e5-4d79-969a-6d29378c42a9 Accept: application/json {{(pid=99793) process_request /opt/stack/glance/glance/api/middleware/version_negotiation.py:44}}
Aug 13 05:10:45.405442 np0000007154 devstack@g-api.service[99793]: DEBUG glance.api.middleware.version_negotiation [None req-7fe3c1c3-9711-4780-b375-8c12e3f13d47 tempest-VolumesActionsTest-1259041256 tempest-VolumesActionsTest-1259041256-project-member] Using url versioning {{(pid=99793) process_request /opt/stack/glance/glance/api/middleware/version_negotiation.py:57}}
Aug 13 05:10:45.406572 np0000007154 devstack@g-api.service[99793]: DEBUG glance.api.middleware.version_negotiation [None req-7fe3c1c3-9711-4780-b375-8c12e3f13d47 tempest-VolumesActionsTest-1259041256 tempest-VolumesActionsTest-1259041256-project-member] Matched version: v2 {{(pid=99793) process_request /opt/stack/glance/glance/api/middleware/version_negotiation.py:69}}
Aug 13 05:10:45.407094 np0000007154 devstack@g-api.service[99793]: DEBUG glance.api.middleware.version_negotiation [None req-7fe3c1c3-9711-4780-b375-8c12e3f13d47 tempest-VolumesActionsTest-1259041256 tempest-VolumesActionsTest-1259041256-project-member] new path /v2/images/6da008ee-79e5-4d79-969a-6d29378c42a9 {{(pid=99793) process_request /opt/stack/glance/glance/api/middleware/version_negotiation.py:70}}
Aug 13 05:10:45.432951 np0000007154 devstack@g-api.service[99793]: [pid: 99793|app: 0|req: 140/405] 127.0.0.1 () {40 vars in 838 bytes} [Thu Aug 13 05:10:45 2026] GET /v2/images/6da008ee-79e5-4d79-969a-6d29378c42a9 => generated 650 bytes in 31 msecs (HTTP/1.1 200) 4 headers in 157 bytes (1 switches on core 0)
Aug 13 05:10:46.377272 np0000007154 devstack@g-api.service[99791]: DEBUG swiftclient [None req-406f7914-b6c1-405b-8a7c-8c23266cc229 tempest-VolumesActionsTest-1259041256 tempest-VolumesActionsTest-1259041256-project-member] REQ: curl -i https://10.4.3.170:8080/v1/AUTH_5c28f60ba7b041d1a4ff5e213fa4d79d/glance/6da008ee-79e5-4d79-969a-6d29378c42a9-00004 -X PUT -H "X-Auth-Token: gAAAAABqfVHNlPBk..." {{(pid=99791) http_log /opt/stack/data/venv/lib/python3.12/site-packages/swiftclient/client.py:160}}
Aug 13 05:10:46.377586 np0000007154 devstack@g-api.service[99791]: DEBUG swiftclient [None req-406f7914-b6c1-405b-8a7c-8c23266cc229 tempest-VolumesActionsTest-1259041256 tempest-VolumesActionsTest-1259041256-project-member] RESP STATUS: 201 Created {{(pid=99791) http_log /opt/stack/data/venv/lib/python3.12/site-packages/swiftclient/client.py:161}}
Aug 13 05:10:46.377586 np0000007154 devstack@g-api.service[99791]: DEBUG swiftclient [None req-406f7914-b6c1-405b-8a7c-8c23266cc229 tempest-VolumesActionsTest-1259041256 tempest-VolumesActionsTest-1259041256-project-member] RESP HEADERS: {'Date': 'Thu, 13 Aug 2026 05:10:46 GMT', 'Server': 'Apache/2.4.58 (Ubuntu)', 'Content-Type': 'text/html; charset=UTF-8', 'Content-Length': '0', 'Etag': 'eda9a9889837ac4bc81d6387d92c1bec', 'Last-Modified': 'Thu, 13 Aug 2026 05:10:45 GMT', 'X-Trans-Id': 'txbe2b586ff73b4dcca8b65-006a7d51d4', 'X-Openstack-Request-Id': 'txbe2b586ff73b4dcca8b65-006a7d51d4', 'Connection': 'close'} {{(pid=99791) http_log /opt/stack/data/venv/lib/python3.12/site-packages/swiftclient/client.py:162}}
Aug 13 05:10:46.377745 np0000007154 devstack@g-api.service[99791]: DEBUG glance_store._drivers.swift.store [None req-406f7914-b6c1-405b-8a7c-8c23266cc229 tempest-VolumesActionsTest-1259041256 tempest-VolumesActionsTest-1259041256-project-member] Wrote chunk 6da008ee-79e5-4d79-969a-6d29378c42a9-00004 (4/?) of length 204800000 to Swift returning MD5 of content: eda9a9889837ac4bc81d6387d92c1bec {{(pid=99791) add /opt/stack/data/venv/lib/python3.12/site-packages/glance_store/_drivers/swift/store.py:1059}}
Aug 13 05:10:46.442940 np0000007154 devstack@g-api.service[99792]: DEBUG glance.api.middleware.version_negotiation [None req-3dc94e69-bac4-4e95-b91b-4621e633ed99 tempest-VolumesActionsTest-1259041256 tempest-VolumesActionsTest-1259041256-project-member] Determining version of request: GET /v2/images/6da008ee-79e5-4d79-969a-6d29378c42a9 Accept: application/json {{(pid=99792) process_request /opt/stack/glance/glance/api/middleware/version_negotiation.py:44}}
Aug 13 05:10:46.442940 np0000007154 devstack@g-api.service[99792]: DEBUG glance.api.middleware.version_negotiation [None req-3dc94e69-bac4-4e95-b91b-4621e633ed99 tempest-VolumesActionsTest-1259041256 tempest-VolumesActionsTest-1259041256-project-member] Using url versioning {{(pid=99792) process_request /opt/stack/glance/glance/api/middleware/version_negotiation.py:57}}
Aug 13 05:10:46.442940 np0000007154 devstack@g-api.service[99792]: DEBUG glance.api.middleware.version_negotiation [None req-3dc94e69-bac4-4e95-b91b-4621e633ed99 tempest-VolumesActionsTest-1259041256 tempest-VolumesActionsTest-1259041256-project-member] Matched version: v2 {{(pid=99792) process_request /opt/stack/glance/glance/api/middleware/version_negotiation.py:69}}
Aug 13 05:10:46.442940 np0000007154 devstack@g-api.service[99792]: DEBUG glance.api.middleware.version_negotiation [None req-3dc94e69-bac4-4e95-b91b-4621e633ed99 tempest-VolumesActionsTest-1259041256 tempest-VolumesActionsTest-1259041256-project-member] new path /v2/images/6da008ee-79e5-4d79-969a-6d29378c42a9 {{(pid=99792) process_request /opt/stack/glance/glance/api/middleware/version_negotiation.py:70}}
Aug 13 05:10:46.453972 np0000007154 devstack@g-api.service[99792]: [pid: 99792|app: 0|req: 131/406] 127.0.0.1 () {40 vars in 838 bytes} [Thu Aug 13 05:10:46 2026] GET /v2/images/6da008ee-79e5-4d79-969a-6d29378c42a9 => generated 650 bytes in 13 msecs (HTTP/1.1 200) 4 headers in 157 bytes (1 switches on core 0)
Aug 13 05:10:47.390254 np0000007154 devstack@g-api.service[99793]: DEBUG glance.api.middleware.version_negotiation [None req-5ac74320-7170-445b-a84b-056607f5d16a tempest-VolumesActionsTest-1259041256 tempest-VolumesActionsTest-1259041256-project-member] Determining version of request: GET /v2/images/b91c5f27-4d96-48c4-9584-6a6cdcb1c5fb Accept: */* {{(pid=99793) process_request /opt/stack/glance/glance/api/middleware/version_negotiation.py:44}}
Aug 13 05:10:47.390568 np0000007154 devstack@g-api.service[99793]: DEBUG glance.api.middleware.version_negotiation [None req-5ac74320-7170-445b-a84b-056607f5d16a tempest-VolumesActionsTest-1259041256 tempest-VolumesActionsTest-1259041256-project-member] Using url versioning {{(pid=99793) process_request /opt/stack/glance/glance/api/middleware/version_negotiation.py:57}}
Aug 13 05:10:47.390568 np0000007154 devstack@g-api.service[99793]: DEBUG glance.api.middleware.version_negotiation [None req-5ac74320-7170-445b-a84b-056607f5d16a tempest-VolumesActionsTest-1259041256 tempest-VolumesActionsTest-1259041256-project-member] Matched version: v2 {{(pid=99793) process_request /opt/stack/glance/glance/api/middleware/version_negotiation.py:69}}
Aug 13 05:10:47.390679 np0000007154 devstack@g-api.service[99793]: DEBUG glance.api.middleware.version_negotiation [None req-5ac74320-7170-445b-a84b-056607f5d16a tempest-VolumesActionsTest-1259041256 tempest-VolumesActionsTest-1259041256-project-member] new path /v2/images/b91c5f27-4d96-48c4-9584-6a6cdcb1c5fb {{(pid=99793) process_request /opt/stack/glance/glance/api/middleware/version_negotiation.py:70}}
Aug 13 05:10:47.406026 np0000007154 devstack@g-api.service[99793]: [pid: 99793|app: 0|req: 141/407] 127.0.0.1 () {44 vars in 1115 bytes} [Thu Aug 13 05:10:47 2026] GET /v2/images/b91c5f27-4d96-48c4-9584-6a6cdcb1c5fb => generated 1044 bytes in 16 msecs (HTTP/1.1 200) 4 headers in 158 bytes (1 switches on core 0)
Aug 13 05:10:47.438757 np0000007154 devstack@g-api.service[99792]: DEBUG glance.api.middleware.version_negotiation [None req-d3e0ca98-4129-4dab-ab6a-609f3b43b27b tempest-VolumesActionsTest-1259041256 tempest-VolumesActionsTest-1259041256-project-member] Determining version of request: GET /v2/schemas/image Accept: */* {{(pid=99792) process_request /opt/stack/glance/glance/api/middleware/version_negotiation.py:44}}
