Aug 13 05:07:25.877815 np0000007154 devstack@placement-api.service[90036]: DEBUG placement.wsgi_wrapper [None req-74f2caee-3443-4f0e-958d-ac87d048a726 service placement] Placement API returning an error response: No resource provider with uuid 9529c273-c03e-4880-92a7-684fa24e2b5d found for delete {{(pid=90036) call_func /opt/stack/placement/placement/wsgi_wrapper.py:31}}
Aug 13 05:07:25.878767 np0000007154 devstack@placement-api.service[90036]: INFO placement.requestlog [None req-74f2caee-3443-4f0e-958d-ac87d048a726 service placement] 10.4.3.170 "DELETE /placement/resource_providers/9529c273-c03e-4880-92a7-684fa24e2b5d" status: 404 len: 246 microversion: 1.1
Aug 13 05:07:25.879419 np0000007154 devstack@placement-api.service[90036]: [pid: 90036|app: 0|req: 122/361] 10.4.3.170 () {68 vars in 1463 bytes} [Thu Aug 13 05:07:25 2026] DELETE /placement/resource_providers/9529c273-c03e-4880-92a7-684fa24e2b5d => generated 246 bytes in 11 msecs (HTTP/1.1 404) 6 headers in 231 bytes (1 switches on core 0)
Aug 13 05:07:28.650269 np0000007154 devstack@placement-api.service[90037]: DEBUG placement.requestlog [req-692386cf-c066-4439-83af-5a0a9f24a7b1 req-0fe3f4eb-424d-4ce5-bdcc-a9b5f12e8075 None None] Starting request: 10.4.3.170 "GET /placement/allocation_candidates?limit=1000&resources=MEMORY_MB%3A192%2CVCPU%3A1&root_required=%21COMPUTE_STATUS_DISABLED" {{(pid=90037) __call__ /opt/stack/placement/placement/requestlog.py:55}}
Aug 13 05:07:28.687487 np0000007154 devstack@placement-api.service[90038]: DEBUG placement.requestlog [None req-645c9be0-587f-4098-b429-6bd5f0ac4ea7 None None] Starting request: 10.4.3.170 "GET /placement/resource_providers/77d0fac2-a509-4c5b-93d1-74b81499e530/aggregates" {{(pid=90038) __call__ /opt/stack/placement/placement/requestlog.py:55}}
Aug 13 05:07:28.692887 np0000007154 devstack@placement-api.service[90037]: DEBUG placement.objects.research_context [req-692386cf-c066-4439-83af-5a0a9f24a7b1 req-0fe3f4eb-424d-4ce5-bdcc-a9b5f12e8075 service nova] getting providers with 192 MEMORY_MB {{(pid=90037) __init__ /opt/stack/placement/placement/objects/research_context.py:137}}
Aug 13 05:07:28.697218 np0000007154 devstack@placement-api.service[90037]: DEBUG placement.objects.research_context [req-692386cf-c066-4439-83af-5a0a9f24a7b1 req-0fe3f4eb-424d-4ce5-bdcc-a9b5f12e8075 service nova] getting providers with 1 VCPU {{(pid=90037) __init__ /opt/stack/placement/placement/objects/research_context.py:137}}
Aug 13 05:07:28.700070 np0000007154 devstack@placement-api.service[90037]: DEBUG placement.objects.research_context [req-692386cf-c066-4439-83af-5a0a9f24a7b1 req-0fe3f4eb-424d-4ce5-bdcc-a9b5f12e8075 service nova] found 1 providers with available 192 MEMORY_MB {{(pid=90037) get_provider_ids_matching /opt/stack/placement/placement/objects/research_context.py:566}}
Aug 13 05:07:28.700217 np0000007154 devstack@placement-api.service[90037]: DEBUG placement.objects.research_context [req-692386cf-c066-4439-83af-5a0a9f24a7b1 req-0fe3f4eb-424d-4ce5-bdcc-a9b5f12e8075 service nova] found 1 providers with available 1 VCPU {{(pid=90037) get_provider_ids_matching /opt/stack/placement/placement/objects/research_context.py:566}}
Aug 13 05:07:28.700360 np0000007154 devstack@placement-api.service[90037]: DEBUG placement.objects.research_context [req-692386cf-c066-4439-83af-5a0a9f24a7b1 req-0fe3f4eb-424d-4ce5-bdcc-a9b5f12e8075 service nova] found 1 providers after filtering by previous result {{(pid=90037) get_provider_ids_matching /opt/stack/placement/placement/objects/research_context.py:597}}
Aug 13 05:07:28.701146 np0000007154 devstack@placement-api.service[90038]: INFO placement.requestlog [None req-645c9be0-587f-4098-b429-6bd5f0ac4ea7 service placement] 10.4.3.170 "GET /placement/resource_providers/77d0fac2-a509-4c5b-93d1-74b81499e530/aggregates" status: 404 len: 235 microversion: 1.1
Aug 13 05:07:28.701419 np0000007154 devstack@placement-api.service[90038]: [pid: 90038|app: 0|req: 123/362] 10.4.3.170 () {66 vars in 1474 bytes} [Thu Aug 13 05:07:28 2026] GET /placement/resource_providers/77d0fac2-a509-4c5b-93d1-74b81499e530/aggregates => generated 235 bytes in 14 msecs (HTTP/1.1 404) 5 headers in 202 bytes (1 switches on core 0)
Aug 13 05:07:28.707097 np0000007154 devstack@placement-api.service[90037]: DEBUG placement.objects.allocation_candidate [req-692386cf-c066-4439-83af-5a0a9f24a7b1 req-0fe3f4eb-424d-4ce5-bdcc-a9b5f12e8075 service nova] RequestGroup(use_same_provider=False, resources={MEMORY_MB:192, VCPU:1}, traits=(), aggregates=[]) (suffix '') returned 1 matches {{(pid=90037) _get_by_requests /opt/stack/placement/placement/objects/allocation_candidate.py:158}}
Aug 13 05:07:28.707283 np0000007154 devstack@placement-api.service[90037]: DEBUG placement.objects.allocation_candidate [req-692386cf-c066-4439-83af-5a0a9f24a7b1 req-0fe3f4eb-424d-4ce5-bdcc-a9b5f12e8075 service nova] Merging candidates yields 1 allocation requests and 1 provider summaries {{(pid=90037) _merge_candidates /opt/stack/placement/placement/objects/allocation_candidate.py:973}}
Aug 13 05:07:28.708958 np0000007154 devstack@placement-api.service[90037]: INFO placement.requestlog [req-692386cf-c066-4439-83af-5a0a9f24a7b1 req-0fe3f4eb-424d-4ce5-bdcc-a9b5f12e8075 service nova] 10.4.3.170 "GET /placement/allocation_candidates?limit=1000&resources=MEMORY_MB%3A192%2CVCPU%3A1&root_required=%21COMPUTE_STATUS_DISABLED" status: 200 len: 2478 microversion: 1.36
Aug 13 05:07:28.708958 np0000007154 devstack@placement-api.service[90037]: [pid: 90037|app: 0|req: 118/363] 10.4.3.170 () {68 vars in 1597 bytes} [Thu Aug 13 05:07:28 2026] GET /placement/allocation_candidates?limit=1000&resources=MEMORY_MB%3A192%2CVCPU%3A1&root_required=%21COMPUTE_STATUS_DISABLED => generated 2478 bytes in 59 msecs (HTTP/1.1 200) 8 headers in 297 bytes (1 switches on core 0)
Aug 13 05:07:28.734593 np0000007154 devstack@placement-api.service[90036]: DEBUG placement.requestlog [None req-30659ad7-90dd-4808-b7e3-36f7f4b2290a None None] Starting request: 10.4.3.170 "DELETE /placement/resource_providers/77d0fac2-a509-4c5b-93d1-74b81499e530" {{(pid=90036) __call__ /opt/stack/placement/placement/requestlog.py:55}}
Aug 13 05:07:28.739760 np0000007154 devstack@placement-api.service[90036]: DEBUG placement.wsgi_wrapper [None req-30659ad7-90dd-4808-b7e3-36f7f4b2290a service placement] Placement API returning an error response: No resource provider with uuid 77d0fac2-a509-4c5b-93d1-74b81499e530 found for delete {{(pid=90036) call_func /opt/stack/placement/placement/wsgi_wrapper.py:31}}
Aug 13 05:07:28.740380 np0000007154 devstack@placement-api.service[90036]: INFO placement.requestlog [None req-30659ad7-90dd-4808-b7e3-36f7f4b2290a service placement] 10.4.3.170 "DELETE /placement/resource_providers/77d0fac2-a509-4c5b-93d1-74b81499e530" status: 404 len: 246 microversion: 1.1
Aug 13 05:07:28.740511 np0000007154 devstack@placement-api.service[90036]: [pid: 90036|app: 0|req: 123/364] 10.4.3.170 () {68 vars in 1463 bytes} [Thu Aug 13 05:07:28 2026] DELETE /placement/resource_providers/77d0fac2-a509-4c5b-93d1-74b81499e530 => generated 246 bytes in 6 msecs (HTTP/1.1 404) 6 headers in 231 bytes (1 switches on core 0)
Aug 13 05:07:28.777868 np0000007154 devstack@placement-api.service[90038]: DEBUG placement.requestlog [req-692386cf-c066-4439-83af-5a0a9f24a7b1 req-5157a47c-71c3-4e3e-a2c8-75dd28093522 None None] Starting request: 10.4.3.170 "GET /placement/allocations/f1b47f6d-a5ad-4e41-ac8a-6c0a90aa0a2b" {{(pid=90038) __call__ /opt/stack/placement/placement/requestlog.py:55}}
Aug 13 05:07:28.791581 np0000007154 devstack@placement-api.service[90038]: INFO placement.requestlog [req-692386cf-c066-4439-83af-5a0a9f24a7b1 req-5157a47c-71c3-4e3e-a2c8-75dd28093522 service nova] 10.4.3.170 "GET /placement/allocations/f1b47f6d-a5ad-4e41-ac8a-6c0a90aa0a2b" status: 200 len: 19 microversion: 1.28
Aug 13 05:07:28.792852 np0000007154 devstack@placement-api.service[90038]: [pid: 90038|app: 0|req: 124/365] 10.4.3.170 () {68 vars in 1501 bytes} [Thu Aug 13 05:07:28 2026] GET /placement/allocations/f1b47f6d-a5ad-4e41-ac8a-6c0a90aa0a2b => generated 19 bytes in 15 msecs (HTTP/1.1 200) 8 headers in 295 bytes (1 switches on core 0)
Aug 13 05:07:28.831963 np0000007154 devstack@placement-api.service[90037]: DEBUG placement.requestlog [req-692386cf-c066-4439-83af-5a0a9f24a7b1 req-69361566-fe46-4977-a3cc-61ea409a1bde None None] Starting request: 10.4.3.170 "PUT /placement/allocations/f1b47f6d-a5ad-4e41-ac8a-6c0a90aa0a2b" {{(pid=90037) __call__ /opt/stack/placement/placement/requestlog.py:55}}
Aug 13 05:07:28.888763 np0000007154 devstack@placement-api.service[90037]: DEBUG placement.handlers.allocation [req-692386cf-c066-4439-83af-5a0a9f24a7b1 req-69361566-fe46-4977-a3cc-61ea409a1bde service nova] Successfully wrote allocations [, ] {{(pid=90037) _update_consumers_and_create_allocations /opt/stack/placement/placement/handlers/allocation.py:462}}
Aug 13 05:07:28.891413 np0000007154 devstack@placement-api.service[90037]: INFO placement.requestlog [req-692386cf-c066-4439-83af-5a0a9f24a7b1 req-69361566-fe46-4977-a3cc-61ea409a1bde service nova] 10.4.3.170 "PUT /placement/allocations/f1b47f6d-a5ad-4e41-ac8a-6c0a90aa0a2b" status: 204 len: 0 microversion: 1.36
Aug 13 05:07:28.891888 np0000007154 devstack@placement-api.service[90037]: [pid: 90037|app: 0|req: 119/366] 10.4.3.170 () {72 vars in 1554 bytes} [Thu Aug 13 05:07:28 2026] PUT /placement/allocations/f1b47f6d-a5ad-4e41-ac8a-6c0a90aa0a2b => generated 0 bytes in 60 msecs (HTTP/1.1 204) 5 headers in 199 bytes (2 switches on core 0)
Aug 13 05:07:29.173940 np0000007154 devstack@placement-api.service[90036]: DEBUG placement.requestlog [req-692386cf-c066-4439-83af-5a0a9f24a7b1 req-d31405c8-cf7a-47b4-8326-d5c842a8dd3a None None] Starting request: 10.4.3.170 "GET /placement/allocations/f1b47f6d-a5ad-4e41-ac8a-6c0a90aa0a2b" {{(pid=90036) __call__ /opt/stack/placement/placement/requestlog.py:55}}
Aug 13 05:07:29.193833 np0000007154 devstack@placement-api.service[90036]: INFO placement.requestlog [req-692386cf-c066-4439-83af-5a0a9f24a7b1 req-d31405c8-cf7a-47b4-8326-d5c842a8dd3a service nova] 10.4.3.170 "GET /placement/allocations/f1b47f6d-a5ad-4e41-ac8a-6c0a90aa0a2b" status: 200 len: 244 microversion: 1.28
Aug 13 05:07:29.194157 np0000007154 devstack@placement-api.service[90036]: [pid: 90036|app: 0|req: 124/367] 10.4.3.170 () {68 vars in 1499 bytes} [Thu Aug 13 05:07:29 2026] GET /placement/allocations/f1b47f6d-a5ad-4e41-ac8a-6c0a90aa0a2b => generated 244 bytes in 20 msecs (HTTP/1.1 200) 8 headers in 296 bytes (1 switches on core 0)
Aug 13 05:07:29.309827 np0000007154 devstack@placement-api.service[90038]: DEBUG placement.requestlog [req-692386cf-c066-4439-83af-5a0a9f24a7b1 req-addc0eff-6b4c-49b6-9142-e5600bc9ed48 None None] Starting request: 10.4.3.170 "GET /placement/resource_providers/b0026b7d-069f-490e-bb60-4cf594a647ea/allocations" {{(pid=90038) __call__ /opt/stack/placement/placement/requestlog.py:55}}
Aug 13 05:07:29.323966 np0000007154 devstack@placement-api.service[90038]: INFO placement.requestlog [req-692386cf-c066-4439-83af-5a0a9f24a7b1 req-addc0eff-6b4c-49b6-9142-e5600bc9ed48 service nova] 10.4.3.170 "GET /placement/resource_providers/b0026b7d-069f-490e-bb60-4cf594a647ea/allocations" status: 200 len: 539 microversion: 1.0
Aug 13 05:07:29.324399 np0000007154 devstack@placement-api.service[90038]: [pid: 90038|app: 0|req: 125/368] 10.4.3.170 () {66 vars in 1512 bytes} [Thu Aug 13 05:07:29 2026] GET /placement/resource_providers/b0026b7d-069f-490e-bb60-4cf594a647ea/allocations => generated 539 bytes in 14 msecs (HTTP/1.1 200) 6 headers in 224 bytes (1 switches on core 0)
Aug 13 05:07:29.356988 np0000007154 devstack@placement-api.service[90037]: DEBUG placement.requestlog [req-692386cf-c066-4439-83af-5a0a9f24a7b1 req-d278da40-09a0-4eaf-b668-3f1ad25e6345 None None] Starting request: 10.4.3.170 "GET /placement/allocations/3b3b7bcd-fb70-4b0a-9a26-251b20aeff13" {{(pid=90037) __call__ /opt/stack/placement/placement/requestlog.py:55}}
Aug 13 05:07:29.366305 np0000007154 devstack@placement-api.service[90037]: INFO placement.requestlog [req-692386cf-c066-4439-83af-5a0a9f24a7b1 req-d278da40-09a0-4eaf-b668-3f1ad25e6345 service nova] 10.4.3.170 "GET /placement/allocations/3b3b7bcd-fb70-4b0a-9a26-251b20aeff13" status: 200 len: 258 microversion: 1.28
Aug 13 05:07:29.366735 np0000007154 devstack@placement-api.service[90037]: [pid: 90037|app: 0|req: 120/369] 10.4.3.170 () {68 vars in 1499 bytes} [Thu Aug 13 05:07:29 2026] GET /placement/allocations/3b3b7bcd-fb70-4b0a-9a26-251b20aeff13 => generated 258 bytes in 10 msecs (HTTP/1.1 200) 8 headers in 296 bytes (1 switches on core 0)
Aug 13 05:07:29.409668 np0000007154 devstack@placement-api.service[90036]: DEBUG placement.requestlog [req-692386cf-c066-4439-83af-5a0a9f24a7b1 req-e9a55f27-d341-46b4-af8b-b56a7f5189d8 None None] Starting request: 10.4.3.170 "GET /placement/allocations/bbb455bd-1608-4953-8f26-9bb4c0373b30" {{(pid=90036) __call__ /opt/stack/placement/placement/requestlog.py:55}}
Aug 13 05:07:29.426243 np0000007154 devstack@placement-api.service[90036]: INFO placement.requestlog [req-692386cf-c066-4439-83af-5a0a9f24a7b1 req-e9a55f27-d341-46b4-af8b-b56a7f5189d8 service nova] 10.4.3.170 "GET /placement/allocations/bbb455bd-1608-4953-8f26-9bb4c0373b30" status: 200 len: 258 microversion: 1.28
Aug 13 05:07:29.426529 np0000007154 devstack@placement-api.service[90036]: [pid: 90036|app: 0|req: 125/370] 10.4.3.170 () {68 vars in 1499 bytes} [Thu Aug 13 05:07:29 2026] GET /placement/allocations/bbb455bd-1608-4953-8f26-9bb4c0373b30 => generated 258 bytes in 17 msecs (HTTP/1.1 200) 8 headers in 296 bytes (1 switches on core 0)
Aug 13 05:07:29.477348 np0000007154 devstack@placement-api.service[90038]: DEBUG placement.requestlog [req-692386cf-c066-4439-83af-5a0a9f24a7b1 req-5bdfd707-a46f-46e2-990d-fb0c1a71274c None None] Starting request: 10.4.3.170 "GET /placement/allocations/c5de4488-3dab-4a0d-bdd1-faa4580191bd" {{(pid=90038) __call__ /opt/stack/placement/placement/requestlog.py:55}}
Aug 13 05:07:29.487945 np0000007154 devstack@placement-api.service[90038]: INFO placement.requestlog [req-692386cf-c066-4439-83af-5a0a9f24a7b1 req-5bdfd707-a46f-46e2-990d-fb0c1a71274c service nova] 10.4.3.170 "GET /placement/allocations/c5de4488-3dab-4a0d-bdd1-faa4580191bd" status: 200 len: 258 microversion: 1.28
Aug 13 05:07:29.488238 np0000007154 devstack@placement-api.service[90038]: [pid: 90038|app: 0|req: 126/371] 10.4.3.170 () {68 vars in 1499 bytes} [Thu Aug 13 05:07:29 2026] GET /placement/allocations/c5de4488-3dab-4a0d-bdd1-faa4580191bd => generated 258 bytes in 11 msecs (HTTP/1.1 200) 8 headers in 296 bytes (1 switches on core 0)
Aug 13 05:07:29.518318 np0000007154 devstack@placement-api.service[90037]: DEBUG placement.requestlog [req-692386cf-c066-4439-83af-5a0a9f24a7b1 req-e4e3dc8c-3f54-41a3-a442-063fce9cc55f None None] Starting request: 10.4.3.170 "GET /placement/allocations/f1b47f6d-a5ad-4e41-ac8a-6c0a90aa0a2b" {{(pid=90037) __call__ /opt/stack/placement/placement/requestlog.py:55}}
Aug 13 05:07:29.531160 np0000007154 devstack@placement-api.service[90037]: INFO placement.requestlog [req-692386cf-c066-4439-83af-5a0a9f24a7b1 req-e4e3dc8c-3f54-41a3-a442-063fce9cc55f service nova] 10.4.3.170 "GET /placement/allocations/f1b47f6d-a5ad-4e41-ac8a-6c0a90aa0a2b" status: 200 len: 244 microversion: 1.28
Aug 13 05:07:29.531596 np0000007154 devstack@placement-api.service[90037]: [pid: 90037|app: 0|req: 121/372] 10.4.3.170 () {68 vars in 1499 bytes} [Thu Aug 13 05:07:29 2026] GET /placement/allocations/f1b47f6d-a5ad-4e41-ac8a-6c0a90aa0a2b => generated 244 bytes in 14 msecs (HTTP/1.1 200) 8 headers in 296 bytes (1 switches on core 0)
Aug 13 05:07:29.559251 np0000007154 devstack@placement-api.service[90036]: DEBUG placement.requestlog [req-692386cf-c066-4439-83af-5a0a9f24a7b1 req-1366294a-9e91-446c-b7ff-8cf534e590c2 None None] Starting request: 10.4.3.170 "GET /placement/allocations/82c150be-b8c7-4ed2-b8d5-baef2ec867d7" {{(pid=90036) __call__ /opt/stack/placement/placement/requestlog.py:55}}
Aug 13 05:07:29.566860 np0000007154 devstack@placement-api.service[90036]: INFO placement.requestlog [req-692386cf-c066-4439-83af-5a0a9f24a7b1 req-1366294a-9e91-446c-b7ff-8cf534e590c2 service nova] 10.4.3.170 "GET /placement/allocations/82c150be-b8c7-4ed2-b8d5-baef2ec867d7" status: 200 len: 258 microversion: 1.28
Aug 13 05:07:29.567299 np0000007154 devstack@placement-api.service[90036]: [pid: 90036|app: 0|req: 126/373] 10.4.3.170 () {68 vars in 1499 bytes} [Thu Aug 13 05:07:29 2026] GET /placement/allocations/82c150be-b8c7-4ed2-b8d5-baef2ec867d7 => generated 258 bytes in 8 msecs (HTTP/1.1 200) 8 headers in 296 bytes (1 switches on core 0)
Aug 13 05:07:29.767684 np0000007154 devstack@placement-api.service[90038]: DEBUG placement.requestlog [req-a8aff6cd-72e7-4bda-9aa0-5122edfa400c req-6bcb1b11-f6bb-4490-b44c-68d9b4ed4be2 None None] Starting request: 10.4.3.170 "GET /placement/resource_providers/b0026b7d-069f-490e-bb60-4cf594a647ea/allocations" {{(pid=90038) __call__ /opt/stack/placement/placement/requestlog.py:55}}
Aug 13 05:07:29.779963 np0000007154 devstack@placement-api.service[90038]: INFO placement.requestlog [req-a8aff6cd-72e7-4bda-9aa0-5122edfa400c req-6bcb1b11-f6bb-4490-b44c-68d9b4ed4be2 service nova] 10.4.3.170 "GET /placement/resource_providers/b0026b7d-069f-490e-bb60-4cf594a647ea/allocations" status: 200 len: 539 microversion: 1.0
Aug 13 05:07:29.779963 np0000007154 devstack@placement-api.service[90038]: [pid: 90038|app: 0|req: 127/374] 10.4.3.170 () {66 vars in 1512 bytes} [Thu Aug 13 05:07:29 2026] GET /placement/resource_providers/b0026b7d-069f-490e-bb60-4cf594a647ea/allocations => generated 539 bytes in 12 msecs (HTTP/1.1 200) 6 headers in 224 bytes (1 switches on core 0)
Aug 13 05:07:29.812655 np0000007154 devstack@placement-api.service[90037]: DEBUG placement.requestlog [req-a8aff6cd-72e7-4bda-9aa0-5122edfa400c req-8a906f19-98ef-4a82-b5dc-c838c7975f78 None None] Starting request: 10.4.3.170 "GET /placement/allocations/3b3b7bcd-fb70-4b0a-9a26-251b20aeff13" {{(pid=90037) __call__ /opt/stack/placement/placement/requestlog.py:55}}
Aug 13 05:07:29.819863 np0000007154 devstack@placement-api.service[90037]: INFO placement.requestlog [req-a8aff6cd-72e7-4bda-9aa0-5122edfa400c req-8a906f19-98ef-4a82-b5dc-c838c7975f78 service nova] 10.4.3.170 "GET /placement/allocations/3b3b7bcd-fb70-4b0a-9a26-251b20aeff13" status: 200 len: 258 microversion: 1.28
Aug 13 05:07:29.820133 np0000007154 devstack@placement-api.service[90037]: [pid: 90037|app: 0|req: 122/375] 10.4.3.170 () {68 vars in 1499 bytes} [Thu Aug 13 05:07:29 2026] GET /placement/allocations/3b3b7bcd-fb70-4b0a-9a26-251b20aeff13 => generated 258 bytes in 8 msecs (HTTP/1.1 200) 8 headers in 296 bytes (1 switches on core 0)
Aug 13 05:07:29.862258 np0000007154 devstack@placement-api.service[90036]: DEBUG placement.requestlog [req-a8aff6cd-72e7-4bda-9aa0-5122edfa400c req-601f7ad6-d6cd-4577-911d-2dbd907a543f None None] Starting request: 10.4.3.170 "GET /placement/allocations/bbb455bd-1608-4953-8f26-9bb4c0373b30" {{(pid=90036) __call__ /opt/stack/placement/placement/requestlog.py:55}}
Aug 13 05:07:29.869754 np0000007154 devstack@placement-api.service[90036]: INFO placement.requestlog [req-a8aff6cd-72e7-4bda-9aa0-5122edfa400c req-601f7ad6-d6cd-4577-911d-2dbd907a543f service nova] 10.4.3.170 "GET /placement/allocations/bbb455bd-1608-4953-8f26-9bb4c0373b30" status: 200 len: 258 microversion: 1.28
Aug 13 05:07:29.869968 np0000007154 devstack@placement-api.service[90036]: [pid: 90036|app: 0|req: 127/376] 10.4.3.170 () {68 vars in 1499 bytes} [Thu Aug 13 05:07:29 2026] GET /placement/allocations/bbb455bd-1608-4953-8f26-9bb4c0373b30 => generated 258 bytes in 8 msecs (HTTP/1.1 200) 8 headers in 296 bytes (1 switches on core 0)
Aug 13 05:07:29.909317 np0000007154 devstack@placement-api.service[90038]: DEBUG placement.requestlog [req-a8aff6cd-72e7-4bda-9aa0-5122edfa400c req-ee056a13-20b1-4529-9cee-30cc10aa4dc8 None None] Starting request: 10.4.3.170 "GET /placement/allocations/c5de4488-3dab-4a0d-bdd1-faa4580191bd" {{(pid=90038) __call__ /opt/stack/placement/placement/requestlog.py:55}}
Aug 13 05:07:29.919444 np0000007154 devstack@placement-api.service[90038]: INFO placement.requestlog [req-a8aff6cd-72e7-4bda-9aa0-5122edfa400c req-ee056a13-20b1-4529-9cee-30cc10aa4dc8 service nova] 10.4.3.170 "GET /placement/allocations/c5de4488-3dab-4a0d-bdd1-faa4580191bd" status: 200 len: 258 microversion: 1.28
Aug 13 05:07:29.919655 np0000007154 devstack@placement-api.service[90038]: [pid: 90038|app: 0|req: 128/377] 10.4.3.170 () {68 vars in 1499 bytes} [Thu Aug 13 05:07:29 2026] GET /placement/allocations/c5de4488-3dab-4a0d-bdd1-faa4580191bd => generated 258 bytes in 10 msecs (HTTP/1.1 200) 8 headers in 296 bytes (1 switches on core 0)
Aug 13 05:07:29.972489 np0000007154 devstack@placement-api.service[90037]: DEBUG placement.requestlog [req-a8aff6cd-72e7-4bda-9aa0-5122edfa400c req-690cac7c-7748-477b-b225-88670c998446 None None] Starting request: 10.4.3.170 "GET /placement/allocations/f1b47f6d-a5ad-4e41-ac8a-6c0a90aa0a2b" {{(pid=90037) __call__ /opt/stack/placement/placement/requestlog.py:55}}
Aug 13 05:07:29.992639 np0000007154 devstack@placement-api.service[90037]: INFO placement.requestlog [req-a8aff6cd-72e7-4bda-9aa0-5122edfa400c req-690cac7c-7748-477b-b225-88670c998446 service nova] 10.4.3.170 "GET /placement/allocations/f1b47f6d-a5ad-4e41-ac8a-6c0a90aa0a2b" status: 200 len: 244 microversion: 1.28
Aug 13 05:07:29.992942 np0000007154 devstack@placement-api.service[90037]: [pid: 90037|app: 0|req: 123/378] 10.4.3.170 () {68 vars in 1499 bytes} [Thu Aug 13 05:07:29 2026] GET /placement/allocations/f1b47f6d-a5ad-4e41-ac8a-6c0a90aa0a2b => generated 244 bytes in 20 msecs (HTTP/1.1 200) 8 headers in 296 bytes (1 switches on core 0)
Aug 13 05:07:29.996678 np0000007154 devstack@placement-api.service[90036]: DEBUG placement.requestlog [req-09d1e9d6-865f-4b19-80e4-85b7c1552187 req-e869248f-7f64-4de9-a632-9308834b8edf None None] Starting request: 10.4.3.170 "GET /placement/allocation_candidates?limit=1000&resources=DISK_GB%3A1%2CMEMORY_MB%3A192%2CVCPU%3A1&root_required=%21COMPUTE_STATUS_DISABLED" {{(pid=90036) __call__ /opt/stack/placement/placement/requestlog.py:55}}
Aug 13 05:07:30.034829 np0000007154 devstack@placement-api.service[90036]: DEBUG placement.objects.research_context [req-09d1e9d6-865f-4b19-80e4-85b7c1552187 req-e869248f-7f64-4de9-a632-9308834b8edf service nova] getting providers with 1 DISK_GB {{(pid=90036) __init__ /opt/stack/placement/placement/objects/research_context.py:137}}
Aug 13 05:07:30.037673 np0000007154 devstack@placement-api.service[90036]: DEBUG placement.objects.research_context [req-09d1e9d6-865f-4b19-80e4-85b7c1552187 req-e869248f-7f64-4de9-a632-9308834b8edf service nova] getting providers with 192 MEMORY_MB {{(pid=90036) __init__ /opt/stack/placement/placement/objects/research_context.py:137}}
Aug 13 05:07:30.041673 np0000007154 devstack@placement-api.service[90036]: DEBUG placement.objects.research_context [req-09d1e9d6-865f-4b19-80e4-85b7c1552187 req-e869248f-7f64-4de9-a632-9308834b8edf service nova] getting providers with 1 VCPU {{(pid=90036) __init__ /opt/stack/placement/placement/objects/research_context.py:137}}
Aug 13 05:07:30.044296 np0000007154 devstack@placement-api.service[90038]: DEBUG placement.requestlog [req-a8aff6cd-72e7-4bda-9aa0-5122edfa400c req-51d828b2-b0c8-4b6f-89be-36efb77007de None None] Starting request: 10.4.3.170 "GET /placement/allocations/82c150be-b8c7-4ed2-b8d5-baef2ec867d7" {{(pid=90038) __call__ /opt/stack/placement/placement/requestlog.py:55}}
Aug 13 05:07:30.048496 np0000007154 devstack@placement-api.service[90036]: DEBUG placement.objects.research_context [req-09d1e9d6-865f-4b19-80e4-85b7c1552187 req-e869248f-7f64-4de9-a632-9308834b8edf service nova] found 1 providers with available 1 DISK_GB {{(pid=90036) get_provider_ids_matching /opt/stack/placement/placement/objects/research_context.py:566}}
Aug 13 05:07:30.048592 np0000007154 devstack@placement-api.service[90036]: DEBUG placement.objects.research_context [req-09d1e9d6-865f-4b19-80e4-85b7c1552187 req-e869248f-7f64-4de9-a632-9308834b8edf service nova] found 1 providers with available 192 MEMORY_MB {{(pid=90036) get_provider_ids_matching /opt/stack/placement/placement/objects/research_context.py:566}}
Aug 13 05:07:30.048694 np0000007154 devstack@placement-api.service[90036]: DEBUG placement.objects.research_context [req-09d1e9d6-865f-4b19-80e4-85b7c1552187 req-e869248f-7f64-4de9-a632-9308834b8edf service nova] found 1 providers after filtering by previous result {{(pid=90036) get_provider_ids_matching /opt/stack/placement/placement/objects/research_context.py:597}}
Aug 13 05:07:30.048799 np0000007154 devstack@placement-api.service[90036]: DEBUG placement.objects.research_context [req-09d1e9d6-865f-4b19-80e4-85b7c1552187 req-e869248f-7f64-4de9-a632-9308834b8edf service nova] found 1 providers with available 1 VCPU {{(pid=90036) get_provider_ids_matching /opt/stack/placement/placement/objects/research_context.py:566}}
Aug 13 05:07:30.048882 np0000007154 devstack@placement-api.service[90036]: DEBUG placement.objects.research_context [req-09d1e9d6-865f-4b19-80e4-85b7c1552187 req-e869248f-7f64-4de9-a632-9308834b8edf service nova] found 1 providers after filtering by previous result {{(pid=90036) get_provider_ids_matching /opt/stack/placement/placement/objects/research_context.py:597}}
Aug 13 05:07:30.059379 np0000007154 devstack@placement-api.service[90038]: INFO placement.requestlog [req-a8aff6cd-72e7-4bda-9aa0-5122edfa400c req-51d828b2-b0c8-4b6f-89be-36efb77007de service nova] 10.4.3.170 "GET /placement/allocations/82c150be-b8c7-4ed2-b8d5-baef2ec867d7" status: 200 len: 258 microversion: 1.28
Aug 13 05:07:30.059590 np0000007154 devstack@placement-api.service[90038]: [pid: 90038|app: 0|req: 129/379] 10.4.3.170 () {68 vars in 1499 bytes} [Thu Aug 13 05:07:30 2026] GET /placement/allocations/82c150be-b8c7-4ed2-b8d5-baef2ec867d7 => generated 258 bytes in 15 msecs (HTTP/1.1 200) 8 headers in 296 bytes (1 switches on core 0)
Aug 13 05:07:30.060688 np0000007154 devstack@placement-api.service[90036]: DEBUG placement.objects.allocation_candidate [req-09d1e9d6-865f-4b19-80e4-85b7c1552187 req-e869248f-7f64-4de9-a632-9308834b8edf service nova] RequestGroup(use_same_provider=False, resources={DISK_GB:1, MEMORY_MB:192, VCPU:1}, traits=(), aggregates=[]) (suffix '') returned 1 matches {{(pid=90036) _get_by_requests /opt/stack/placement/placement/objects/allocation_candidate.py:158}}
Aug 13 05:07:30.060863 np0000007154 devstack@placement-api.service[90036]: DEBUG placement.objects.allocation_candidate [req-09d1e9d6-865f-4b19-80e4-85b7c1552187 req-e869248f-7f64-4de9-a632-9308834b8edf service nova] Merging candidates yields 1 allocation requests and 1 provider summaries {{(pid=90036) _merge_candidates /opt/stack/placement/placement/objects/allocation_candidate.py:973}}
Aug 13 05:07:30.061829 np0000007154 devstack@placement-api.service[90036]: INFO placement.requestlog [req-09d1e9d6-865f-4b19-80e4-85b7c1552187 req-e869248f-7f64-4de9-a632-9308834b8edf service nova] 10.4.3.170 "GET /placement/allocation_candidates?limit=1000&resources=DISK_GB%3A1%2CMEMORY_MB%3A192%2CVCPU%3A1&root_required=%21COMPUTE_STATUS_DISABLED" status: 200 len: 2492 microversion: 1.36
Aug 13 05:07:30.062075 np0000007154 devstack@placement-api.service[90036]: [pid: 90036|app: 0|req: 128/380] 10.4.3.170 () {68 vars in 1625 bytes} [Thu Aug 13 05:07:29 2026] GET /placement/allocation_candidates?limit=1000&resources=DISK_GB%3A1%2CMEMORY_MB%3A192%2CVCPU%3A1&root_required=%21COMPUTE_STATUS_DISABLED => generated 2492 bytes in 65 msecs (HTTP/1.1 200) 8 headers in 297 bytes (1 switches on core 0)
Aug 13 05:07:30.118767 np0000007154 devstack@placement-api.service[90037]: DEBUG placement.requestlog [req-09d1e9d6-865f-4b19-80e4-85b7c1552187 req-84b60c8f-91e2-463a-b5b1-f460d9ff480b None None] Starting request: 10.4.3.170 "GET /placement/allocations/8e711c70-d18b-486d-85c0-32dffc9c9a04" {{(pid=90037) __call__ /opt/stack/placement/placement/requestlog.py:55}}
Aug 13 05:07:30.127549 np0000007154 devstack@placement-api.service[90037]: INFO placement.requestlog [req-09d1e9d6-865f-4b19-80e4-85b7c1552187 req-84b60c8f-91e2-463a-b5b1-f460d9ff480b service nova] 10.4.3.170 "GET /placement/allocations/8e711c70-d18b-486d-85c0-32dffc9c9a04" status: 200 len: 19 microversion: 1.28
Aug 13 05:07:30.128011 np0000007154 devstack@placement-api.service[90037]: [pid: 90037|app: 0|req: 124/381] 10.4.3.170 () {68 vars in 1501 bytes} [Thu Aug 13 05:07:30 2026] GET /placement/allocations/8e711c70-d18b-486d-85c0-32dffc9c9a04 => generated 19 bytes in 9 msecs (HTTP/1.1 200) 8 headers in 295 bytes (1 switches on core 0)
Aug 13 05:07:30.147409 np0000007154 devstack@placement-api.service[90038]: DEBUG placement.requestlog [req-a8aff6cd-72e7-4bda-9aa0-5122edfa400c req-fb06855c-5070-49ce-880d-16ffd0427d72 None None] Starting request: 10.4.3.170 "DELETE /placement/allocations/bbb455bd-1608-4953-8f26-9bb4c0373b30" {{(pid=90038) __call__ /opt/stack/placement/placement/requestlog.py:55}}
Aug 13 05:07:30.156497 np0000007154 devstack@placement-api.service[90036]: DEBUG placement.requestlog [req-09d1e9d6-865f-4b19-80e4-85b7c1552187 req-b995acad-e9cf-4d32-9bca-2e863dd9afc3 None None] Starting request: 10.4.3.170 "PUT /placement/allocations/8e711c70-d18b-486d-85c0-32dffc9c9a04" {{(pid=90036) __call__ /opt/stack/placement/placement/requestlog.py:55}}
Aug 13 05:07:30.169669 np0000007154 devstack@placement-api.service[90038]: DEBUG placement.handlers.allocation [req-a8aff6cd-72e7-4bda-9aa0-5122edfa400c req-fb06855c-5070-49ce-880d-16ffd0427d72 service nova] Successfully deleted allocations [, , ] {{(pid=90038) delete_allocations /opt/stack/placement/placement/handlers/allocation.py:627}}
Aug 13 05:07:30.169890 np0000007154 devstack@placement-api.service[90038]: INFO placement.requestlog [req-a8aff6cd-72e7-4bda-9aa0-5122edfa400c req-fb06855c-5070-49ce-880d-16ffd0427d72 service nova] 10.4.3.170 "DELETE /placement/allocations/bbb455bd-1608-4953-8f26-9bb4c0373b30" status: 204 len: 0 microversion: 1.0
Aug 13 05:07:30.170121 np0000007154 devstack@placement-api.service[90038]: [pid: 90038|app: 0|req: 130/382] 10.4.3.170 () {68 vars in 1477 bytes} [Thu Aug 13 05:07:30 2026] DELETE /placement/allocations/bbb455bd-1608-4953-8f26-9bb4c0373b30 => generated 0 bytes in 23 msecs (HTTP/1.1 204) 5 headers in 198 bytes (1 switches on core 0)
Aug 13 05:07:30.204411 np0000007154 devstack@placement-api.service[90036]: DEBUG placement.handlers.allocation [req-09d1e9d6-865f-4b19-80e4-85b7c1552187 req-b995acad-e9cf-4d32-9bca-2e863dd9afc3 service nova] Successfully wrote allocations [, , ] {{(pid=90036) _update_consumers_and_create_allocations /opt/stack/placement/placement/handlers/allocation.py:462}}
Aug 13 05:07:30.207566 np0000007154 devstack@placement-api.service[90036]: INFO placement.requestlog [req-09d1e9d6-865f-4b19-80e4-85b7c1552187 req-b995acad-e9cf-4d32-9bca-2e863dd9afc3 service nova] 10.4.3.170 "PUT /placement/allocations/8e711c70-d18b-486d-85c0-32dffc9c9a04" status: 204 len: 0 microversion: 1.36
Aug 13 05:07:30.207869 np0000007154 devstack@placement-api.service[90036]: [pid: 90036|app: 0|req: 129/383] 10.4.3.170 () {72 vars in 1554 bytes} [Thu Aug 13 05:07:30 2026] PUT /placement/allocations/8e711c70-d18b-486d-85c0-32dffc9c9a04 => generated 0 bytes in 51 msecs (HTTP/1.1 204) 5 headers in 199 bytes (1 switches on core 0)
Aug 13 05:07:30.443559 np0000007154 devstack@placement-api.service[90037]: DEBUG placement.requestlog [req-09d1e9d6-865f-4b19-80e4-85b7c1552187 req-68e17d59-1c68-4a09-9cfe-314be8fe98a1 None None] Starting request: 10.4.3.170 "GET /placement/allocations/8e711c70-d18b-486d-85c0-32dffc9c9a04" {{(pid=90037) __call__ /opt/stack/placement/placement/requestlog.py:55}}
Aug 13 05:07:30.453745 np0000007154 devstack@placement-api.service[90037]: INFO placement.requestlog [req-09d1e9d6-865f-4b19-80e4-85b7c1552187 req-68e17d59-1c68-4a09-9cfe-314be8fe98a1 service nova] 10.4.3.170 "GET /placement/allocations/8e711c70-d18b-486d-85c0-32dffc9c9a04" status: 200 len: 258 microversion: 1.28
Aug 13 05:07:30.453995 np0000007154 devstack@placement-api.service[90037]: [pid: 90037|app: 0|req: 125/384] 10.4.3.170 () {68 vars in 1499 bytes} [Thu Aug 13 05:07:30 2026] GET /placement/allocations/8e711c70-d18b-486d-85c0-32dffc9c9a04 => generated 258 bytes in 10 msecs (HTTP/1.1 200) 8 headers in 296 bytes (1 switches on core 0)
Aug 13 05:07:30.564037 np0000007154 devstack@placement-api.service[90038]: DEBUG placement.requestlog [req-09d1e9d6-865f-4b19-80e4-85b7c1552187 req-582c8a3b-2c54-410b-9105-033a5f683c71 None None] Starting request: 10.4.3.170 "GET /placement/resource_providers/b0026b7d-069f-490e-bb60-4cf594a647ea/allocations" {{(pid=90038) __call__ /opt/stack/placement/placement/requestlog.py:55}}
Aug 13 05:07:30.577951 np0000007154 devstack@placement-api.service[90038]: INFO placement.requestlog [req-09d1e9d6-865f-4b19-80e4-85b7c1552187 req-582c8a3b-2c54-410b-9105-033a5f683c71 service nova] 10.4.3.170 "GET /placement/resource_providers/b0026b7d-069f-490e-bb60-4cf594a647ea/allocations" status: 200 len: 539 microversion: 1.0
Aug 13 05:07:30.578187 np0000007154 devstack@placement-api.service[90038]: [pid: 90038|app: 0|req: 131/385] 10.4.3.170 () {66 vars in 1512 bytes} [Thu Aug 13 05:07:30 2026] GET /placement/resource_providers/b0026b7d-069f-490e-bb60-4cf594a647ea/allocations => generated 539 bytes in 14 msecs (HTTP/1.1 200) 6 headers in 224 bytes (1 switches on core 0)
Aug 13 05:07:30.632063 np0000007154 devstack@placement-api.service[90036]: DEBUG placement.requestlog [req-09d1e9d6-865f-4b19-80e4-85b7c1552187 req-b61310d1-ff1b-4bb2-b3ff-373901f08633 None None] Starting request: 10.4.3.170 "GET /placement/allocations/3b3b7bcd-fb70-4b0a-9a26-251b20aeff13" {{(pid=90036) __call__ /opt/stack/placement/placement/requestlog.py:55}}
Aug 13 05:07:30.641283 np0000007154 devstack@placement-api.service[90036]: INFO placement.requestlog [req-09d1e9d6-865f-4b19-80e4-85b7c1552187 req-b61310d1-ff1b-4bb2-b3ff-373901f08633 service nova] 10.4.3.170 "GET /placement/allocations/3b3b7bcd-fb70-4b0a-9a26-251b20aeff13" status: 200 len: 258 microversion: 1.28
Aug 13 05:07:30.641564 np0000007154 devstack@placement-api.service[90036]: [pid: 90036|app: 0|req: 130/386] 10.4.3.170 () {68 vars in 1499 bytes} [Thu Aug 13 05:07:30 2026] GET /placement/allocations/3b3b7bcd-fb70-4b0a-9a26-251b20aeff13 => generated 258 bytes in 9 msecs (HTTP/1.1 200) 8 headers in 296 bytes (1 switches on core 0)
Aug 13 05:07:30.684286 np0000007154 devstack@placement-api.service[90037]: DEBUG placement.requestlog [req-09d1e9d6-865f-4b19-80e4-85b7c1552187 req-12bdacd6-7a9d-49b3-8f07-d0417d91bfe0 None None] Starting request: 10.4.3.170 "GET /placement/allocations/c5de4488-3dab-4a0d-bdd1-faa4580191bd" {{(pid=90037) __call__ /opt/stack/placement/placement/requestlog.py:55}}
Aug 13 05:07:30.690985 np0000007154 devstack@placement-api.service[90037]: INFO placement.requestlog [req-09d1e9d6-865f-4b19-80e4-85b7c1552187 req-12bdacd6-7a9d-49b3-8f07-d0417d91bfe0 service nova] 10.4.3.170 "GET /placement/allocations/c5de4488-3dab-4a0d-bdd1-faa4580191bd" status: 200 len: 258 microversion: 1.28
Aug 13 05:07:30.691206 np0000007154 devstack@placement-api.service[90037]: [pid: 90037|app: 0|req: 126/387] 10.4.3.170 () {68 vars in 1499 bytes} [Thu Aug 13 05:07:30 2026] GET /placement/allocations/c5de4488-3dab-4a0d-bdd1-faa4580191bd => generated 258 bytes in 7 msecs (HTTP/1.1 200) 8 headers in 296 bytes (1 switches on core 0)
Aug 13 05:07:30.728297 np0000007154 devstack@placement-api.service[90038]: DEBUG placement.requestlog [req-09d1e9d6-865f-4b19-80e4-85b7c1552187 req-a437dc9f-d105-4725-8943-0955785cf133 None None] Starting request: 10.4.3.170 "GET /placement/allocations/8e711c70-d18b-486d-85c0-32dffc9c9a04" {{(pid=90038) __call__ /opt/stack/placement/placement/requestlog.py:55}}
Aug 13 05:07:30.746755 np0000007154 devstack@placement-api.service[90038]: INFO placement.requestlog [req-09d1e9d6-865f-4b19-80e4-85b7c1552187 req-a437dc9f-d105-4725-8943-0955785cf133 service nova] 10.4.3.170 "GET /placement/allocations/8e711c70-d18b-486d-85c0-32dffc9c9a04" status: 200 len: 258 microversion: 1.28
Aug 13 05:07:30.746857 np0000007154 devstack@placement-api.service[90038]: [pid: 90038|app: 0|req: 132/388] 10.4.3.170 () {68 vars in 1499 bytes} [Thu Aug 13 05:07:30 2026] GET /placement/allocations/8e711c70-d18b-486d-85c0-32dffc9c9a04 => generated 258 bytes in 19 msecs (HTTP/1.1 200) 8 headers in 296 bytes (1 switches on core 0)
Aug 13 05:07:30.778658 np0000007154 devstack@placement-api.service[90036]: DEBUG placement.requestlog [req-09d1e9d6-865f-4b19-80e4-85b7c1552187 req-26f3d5df-8b69-4648-bf69-53a78e487a14 None None] Starting request: 10.4.3.170 "GET /placement/allocations/f1b47f6d-a5ad-4e41-ac8a-6c0a90aa0a2b" {{(pid=90036) __call__ /opt/stack/placement/placement/requestlog.py:55}}
Aug 13 05:07:30.796475 np0000007154 devstack@placement-api.service[90036]: INFO placement.requestlog [req-09d1e9d6-865f-4b19-80e4-85b7c1552187 req-26f3d5df-8b69-4648-bf69-53a78e487a14 service nova] 10.4.3.170 "GET /placement/allocations/f1b47f6d-a5ad-4e41-ac8a-6c0a90aa0a2b" status: 200 len: 244 microversion: 1.28
Aug 13 05:07:30.796635 np0000007154 devstack@placement-api.service[90036]: [pid: 90036|app: 0|req: 131/389] 10.4.3.170 () {68 vars in 1499 bytes} [Thu Aug 13 05:07:30 2026] GET /placement/allocations/f1b47f6d-a5ad-4e41-ac8a-6c0a90aa0a2b => generated 244 bytes in 18 msecs (HTTP/1.1 200) 8 headers in 296 bytes (1 switches on core 0)
Aug 13 05:07:30.845162 np0000007154 devstack@placement-api.service[90037]: DEBUG placement.requestlog [req-09d1e9d6-865f-4b19-80e4-85b7c1552187 req-53916d99-afcc-4e8e-b4df-9fc8fe7a7261 None None] Starting request: 10.4.3.170 "GET /placement/allocations/82c150be-b8c7-4ed2-b8d5-baef2ec867d7" {{(pid=90037) __call__ /opt/stack/placement/placement/requestlog.py:55}}
Aug 13 05:07:30.865093 np0000007154 devstack@placement-api.service[90037]: INFO placement.requestlog [req-09d1e9d6-865f-4b19-80e4-85b7c1552187 req-53916d99-afcc-4e8e-b4df-9fc8fe7a7261 service nova] 10.4.3.170 "GET /placement/allocations/82c150be-b8c7-4ed2-b8d5-baef2ec867d7" status: 200 len: 258 microversion: 1.28
Aug 13 05:07:30.866279 np0000007154 devstack@placement-api.service[90037]: [pid: 90037|app: 0|req: 127/390] 10.4.3.170 () {68 vars in 1499 bytes} [Thu Aug 13 05:07:30 2026] GET /placement/allocations/82c150be-b8c7-4ed2-b8d5-baef2ec867d7 => generated 258 bytes in 21 msecs (HTTP/1.1 200) 8 headers in 296 bytes (1 switches on core 0)
Aug 13 05:07:36.699289 np0000007154 devstack@placement-api.service[90038]: DEBUG placement.requestlog [None req-0bfc0f11-1598-4e81-bf95-49c2a15a690c None None] Starting request: 10.4.3.170 "GET /placement/resource_providers/612dd85e-e7bf-41e1-8a70-cb9206cc650d/aggregates" {{(pid=90038) __call__ /opt/stack/placement/placement/requestlog.py:55}}
Aug 13 05:07:36.718251 np0000007154 devstack@placement-api.service[90038]: INFO placement.requestlog [None req-0bfc0f11-1598-4e81-bf95-49c2a15a690c service placement] 10.4.3.170 "GET /placement/resource_providers/612dd85e-e7bf-41e1-8a70-cb9206cc650d/aggregates" status: 404 len: 235 microversion: 1.1
Aug 13 05:07:36.718515 np0000007154 devstack@placement-api.service[90038]: [pid: 90038|app: 0|req: 133/391] 10.4.3.170 () {66 vars in 1474 bytes} [Thu Aug 13 05:07:36 2026] GET /placement/resource_providers/612dd85e-e7bf-41e1-8a70-cb9206cc650d/aggregates => generated 235 bytes in 19 msecs (HTTP/1.1 404) 5 headers in 202 bytes (1 switches on core 0)
Aug 13 05:07:36.763869 np0000007154 devstack@placement-api.service[90036]: DEBUG placement.requestlog [None req-2e082be7-1612-4ba4-8bdc-b565d9a339aa None None] Starting request: 10.4.3.170 "DELETE /placement/resource_providers/612dd85e-e7bf-41e1-8a70-cb9206cc650d" {{(pid=90036) __call__ /opt/stack/placement/placement/requestlog.py:55}}
Aug 13 05:07:36.772791 np0000007154 devstack@placement-api.service[90036]: DEBUG placement.wsgi_wrapper [None req-2e082be7-1612-4ba4-8bdc-b565d9a339aa service placement] Placement API returning an error response: No resource provider with uuid 612dd85e-e7bf-41e1-8a70-cb9206cc650d found for delete {{(pid=90036) call_func /opt/stack/placement/placement/wsgi_wrapper.py:31}}
Aug 13 05:07:36.773171 np0000007154 devstack@placement-api.service[90036]: INFO placement.requestlog [None req-2e082be7-1612-4ba4-8bdc-b565d9a339aa service placement] 10.4.3.170 "DELETE /placement/resource_providers/612dd85e-e7bf-41e1-8a70-cb9206cc650d" status: 404 len: 246 microversion: 1.1
Aug 13 05:07:36.773352 np0000007154 devstack@placement-api.service[90036]: [pid: 90036|app: 0|req: 132/392] 10.4.3.170 () {68 vars in 1463 bytes} [Thu Aug 13 05:07:36 2026] DELETE /placement/resource_providers/612dd85e-e7bf-41e1-8a70-cb9206cc650d => generated 246 bytes in 9 msecs (HTTP/1.1 404) 6 headers in 231 bytes (1 switches on core 0)
Aug 13 05:07:39.418376 np0000007154 devstack@placement-api.service[90037]: DEBUG placement.requestlog [req-4d1db220-646d-447f-9186-768dd7911fba req-36b5fbd5-1315-40c0-bfc4-67e32a0c96cf None None] Starting request: 10.4.3.170 "GET /placement/resource_providers/b0026b7d-069f-490e-bb60-4cf594a647ea/allocations" {{(pid=90037) __call__ /opt/stack/placement/placement/requestlog.py:55}}
Aug 13 05:07:39.435364 np0000007154 devstack@placement-api.service[90037]: INFO placement.requestlog [req-4d1db220-646d-447f-9186-768dd7911fba req-36b5fbd5-1315-40c0-bfc4-67e32a0c96cf service nova] 10.4.3.170 "GET /placement/resource_providers/b0026b7d-069f-490e-bb60-4cf594a647ea/allocations" status: 200 len: 539 microversion: 1.0
Aug 13 05:07:39.435585 np0000007154 devstack@placement-api.service[90037]: [pid: 90037|app: 0|req: 128/393] 10.4.3.170 () {66 vars in 1512 bytes} [Thu Aug 13 05:07:39 2026] GET /placement/resource_providers/b0026b7d-069f-490e-bb60-4cf594a647ea/allocations => generated 539 bytes in 17 msecs (HTTP/1.1 200) 6 headers in 224 bytes (1 switches on core 0)
Aug 13 05:07:39.465873 np0000007154 devstack@placement-api.service[90038]: DEBUG placement.requestlog [req-4d1db220-646d-447f-9186-768dd7911fba req-ad6707fe-649d-456c-8137-c8df6a486740 None None] Starting request: 10.4.3.170 "GET /placement/allocations/3b3b7bcd-fb70-4b0a-9a26-251b20aeff13" {{(pid=90038) __call__ /opt/stack/placement/placement/requestlog.py:55}}
Aug 13 05:07:39.475599 np0000007154 devstack@placement-api.service[90038]: INFO placement.requestlog [req-4d1db220-646d-447f-9186-768dd7911fba req-ad6707fe-649d-456c-8137-c8df6a486740 service nova] 10.4.3.170 "GET /placement/allocations/3b3b7bcd-fb70-4b0a-9a26-251b20aeff13" status: 200 len: 258 microversion: 1.28
Aug 13 05:07:39.475844 np0000007154 devstack@placement-api.service[90038]: [pid: 90038|app: 0|req: 134/394] 10.4.3.170 () {68 vars in 1499 bytes} [Thu Aug 13 05:07:39 2026] GET /placement/allocations/3b3b7bcd-fb70-4b0a-9a26-251b20aeff13 => generated 258 bytes in 10 msecs (HTTP/1.1 200) 8 headers in 296 bytes (1 switches on core 0)
Aug 13 05:07:39.506831 np0000007154 devstack@placement-api.service[90036]: DEBUG placement.requestlog [req-4d1db220-646d-447f-9186-768dd7911fba req-e85f4bba-40ec-4bec-8e58-eb6541a9c5b4 None None] Starting request: 10.4.3.170 "GET /placement/allocations/c5de4488-3dab-4a0d-bdd1-faa4580191bd" {{(pid=90036) __call__ /opt/stack/placement/placement/requestlog.py:55}}
Aug 13 05:07:39.515701 np0000007154 devstack@placement-api.service[90036]: INFO placement.requestlog [req-4d1db220-646d-447f-9186-768dd7911fba req-e85f4bba-40ec-4bec-8e58-eb6541a9c5b4 service nova] 10.4.3.170 "GET /placement/allocations/c5de4488-3dab-4a0d-bdd1-faa4580191bd" status: 200 len: 258 microversion: 1.28
Aug 13 05:07:39.515964 np0000007154 devstack@placement-api.service[90036]: [pid: 90036|app: 0|req: 133/395] 10.4.3.170 () {68 vars in 1499 bytes} [Thu Aug 13 05:07:39 2026] GET /placement/allocations/c5de4488-3dab-4a0d-bdd1-faa4580191bd => generated 258 bytes in 9 msecs (HTTP/1.1 200) 8 headers in 296 bytes (1 switches on core 0)
Aug 13 05:07:39.554030 np0000007154 devstack@placement-api.service[90037]: DEBUG placement.requestlog [req-4d1db220-646d-447f-9186-768dd7911fba req-1d775a19-a1af-4753-9de5-9c5bc3f7e32c None None] Starting request: 10.4.3.170 "GET /placement/allocations/8e711c70-d18b-486d-85c0-32dffc9c9a04" {{(pid=90037) __call__ /opt/stack/placement/placement/requestlog.py:55}}
Aug 13 05:07:39.576586 np0000007154 devstack@placement-api.service[90037]: INFO placement.requestlog [req-4d1db220-646d-447f-9186-768dd7911fba req-1d775a19-a1af-4753-9de5-9c5bc3f7e32c service nova] 10.4.3.170 "GET /placement/allocations/8e711c70-d18b-486d-85c0-32dffc9c9a04" status: 200 len: 258 microversion: 1.28
Aug 13 05:07:39.576874 np0000007154 devstack@placement-api.service[90037]: [pid: 90037|app: 0|req: 129/396] 10.4.3.170 () {68 vars in 1499 bytes} [Thu Aug 13 05:07:39 2026] GET /placement/allocations/8e711c70-d18b-486d-85c0-32dffc9c9a04 => generated 258 bytes in 24 msecs (HTTP/1.1 200) 8 headers in 296 bytes (1 switches on core 0)
Aug 13 05:07:39.622712 np0000007154 devstack@placement-api.service[90038]: DEBUG placement.requestlog [req-4d1db220-646d-447f-9186-768dd7911fba req-322d1778-4c27-4272-8e6f-6d0cc51f20f4 None None] Starting request: 10.4.3.170 "GET /placement/allocations/f1b47f6d-a5ad-4e41-ac8a-6c0a90aa0a2b" {{(pid=90038) __call__ /opt/stack/placement/placement/requestlog.py:55}}
Aug 13 05:07:39.632577 np0000007154 devstack@placement-api.service[90038]: INFO placement.requestlog [req-4d1db220-646d-447f-9186-768dd7911fba req-322d1778-4c27-4272-8e6f-6d0cc51f20f4 service nova] 10.4.3.170 "GET /placement/allocations/f1b47f6d-a5ad-4e41-ac8a-6c0a90aa0a2b" status: 200 len: 244 microversion: 1.28
Aug 13 05:07:39.632794 np0000007154 devstack@placement-api.service[90038]: [pid: 90038|app: 0|req: 135/397] 10.4.3.170 () {68 vars in 1499 bytes} [Thu Aug 13 05:07:39 2026] GET /placement/allocations/f1b47f6d-a5ad-4e41-ac8a-6c0a90aa0a2b => generated 244 bytes in 10 msecs (HTTP/1.1 200) 8 headers in 296 bytes (1 switches on core 0)
Aug 13 05:07:39.672817 np0000007154 devstack@placement-api.service[90036]: DEBUG placement.requestlog [req-4d1db220-646d-447f-9186-768dd7911fba req-0413d409-e226-4661-bd62-7c4f65bb7d20 None None] Starting request: 10.4.3.170 "GET /placement/allocations/82c150be-b8c7-4ed2-b8d5-baef2ec867d7" {{(pid=90036) __call__ /opt/stack/placement/placement/requestlog.py:55}}
Aug 13 05:07:39.689059 np0000007154 devstack@placement-api.service[90036]: INFO placement.requestlog [req-4d1db220-646d-447f-9186-768dd7911fba req-0413d409-e226-4661-bd62-7c4f65bb7d20 service nova] 10.4.3.170 "GET /placement/allocations/82c150be-b8c7-4ed2-b8d5-baef2ec867d7" status: 200 len: 258 microversion: 1.28
Aug 13 05:07:39.690011 np0000007154 devstack@placement-api.service[90036]: [pid: 90036|app: 0|req: 134/398] 10.4.3.170 () {68 vars in 1499 bytes} [Thu Aug 13 05:07:39 2026] GET /placement/allocations/82c150be-b8c7-4ed2-b8d5-baef2ec867d7 => generated 258 bytes in 18 msecs (HTTP/1.1 200) 8 headers in 296 bytes (1 switches on core 0)
Aug 13 05:07:39.787637 np0000007154 devstack@placement-api.service[90037]: DEBUG placement.requestlog [req-c2b42c1b-11ee-4de5-8763-c3618c7d6924 req-f1063af6-680a-4823-865b-bb003458e925 None None] Starting request: 10.4.3.170 "GET /placement/resource_providers/b0026b7d-069f-490e-bb60-4cf594a647ea/allocations" {{(pid=90037) __call__ /opt/stack/placement/placement/requestlog.py:55}}
Aug 13 05:07:39.793979 np0000007154 devstack@placement-api.service[90038]: DEBUG placement.requestlog [req-4d1db220-646d-447f-9186-768dd7911fba req-a44634bd-17d6-4bc2-9983-47a3da06791d None None] Starting request: 10.4.3.170 "DELETE /placement/allocations/8e711c70-d18b-486d-85c0-32dffc9c9a04" {{(pid=90038) __call__ /opt/stack/placement/placement/requestlog.py:55}}
Aug 13 05:07:39.799124 np0000007154 devstack@placement-api.service[90037]: INFO placement.requestlog [req-c2b42c1b-11ee-4de5-8763-c3618c7d6924 req-f1063af6-680a-4823-865b-bb003458e925 service nova] 10.4.3.170 "GET /placement/resource_providers/b0026b7d-069f-490e-bb60-4cf594a647ea/allocations" status: 200 len: 539 microversion: 1.0
Aug 13 05:07:39.799325 np0000007154 devstack@placement-api.service[90037]: [pid: 90037|app: 0|req: 130/399] 10.4.3.170 () {66 vars in 1512 bytes} [Thu Aug 13 05:07:39 2026] GET /placement/resource_providers/b0026b7d-069f-490e-bb60-4cf594a647ea/allocations => generated 539 bytes in 12 msecs (HTTP/1.1 200) 6 headers in 224 bytes (1 switches on core 0)
Aug 13 05:07:39.817643 np0000007154 devstack@placement-api.service[90038]: DEBUG placement.handlers.allocation [req-4d1db220-646d-447f-9186-768dd7911fba req-a44634bd-17d6-4bc2-9983-47a3da06791d service nova] Successfully deleted allocations [, , ] {{(pid=90038) delete_allocations /opt/stack/placement/placement/handlers/allocation.py:627}}
Aug 13 05:07:39.817781 np0000007154 devstack@placement-api.service[90038]: INFO placement.requestlog [req-4d1db220-646d-447f-9186-768dd7911fba req-a44634bd-17d6-4bc2-9983-47a3da06791d service nova] 10.4.3.170 "DELETE /placement/allocations/8e711c70-d18b-486d-85c0-32dffc9c9a04" status: 204 len: 0 microversion: 1.0
Aug 13 05:07:39.818239 np0000007154 devstack@placement-api.service[90038]: [pid: 90038|app: 0|req: 136/400] 10.4.3.170 () {68 vars in 1477 bytes} [Thu Aug 13 05:07:39 2026] DELETE /placement/allocations/8e711c70-d18b-486d-85c0-32dffc9c9a04 => generated 0 bytes in 24 msecs (HTTP/1.1 204) 5 headers in 198 bytes (1 switches on core 0)
Aug 13 05:07:39.836820 np0000007154 devstack@placement-api.service[90036]: DEBUG placement.requestlog [req-c2b42c1b-11ee-4de5-8763-c3618c7d6924 req-f45f7cb4-3f33-41d1-b49a-8565a090683b None None] Starting request: 10.4.3.170 "GET /placement/allocations/3b3b7bcd-fb70-4b0a-9a26-251b20aeff13" {{(pid=90036) __call__ /opt/stack/placement/placement/requestlog.py:55}}
