May 28 00:56:54.051624 np0000001577 devstack@g-api.service[101983]: DEBUG glance.api.middleware.version_negotiation [None req-d9d3c21b-a902-4d26-b5b7-41d776143a8d admin admin] Using url versioning {{(pid=101983) process_request /opt/stack/glance/glance/api/middleware/version_negotiation.py:57}}
May 28 00:56:54.051624 np0000001577 devstack@g-api.service[101983]: DEBUG glance.api.middleware.version_negotiation [None req-d9d3c21b-a902-4d26-b5b7-41d776143a8d admin admin] Matched version: v2 {{(pid=101983) process_request /opt/stack/glance/glance/api/middleware/version_negotiation.py:69}}
May 28 00:56:54.051624 np0000001577 devstack@g-api.service[101983]: DEBUG glance.api.middleware.version_negotiation [None req-d9d3c21b-a902-4d26-b5b7-41d776143a8d admin admin] new path /v2/images {{(pid=101983) process_request /opt/stack/glance/glance/api/middleware/version_negotiation.py:70}}
May 28 00:56:54.612180 np0000001577 devstack@g-api.service[101983]: [pid: 101983|app: 0|req: 7/20] 127.0.0.1 () {42 vars in 782 bytes} [Thu May 28 00:56:54 2026] POST /v2/images => generated 690 bytes in 561 msecs (HTTP/1.1 201) 6 headers in 315 bytes (1 switches on core 0)
May 28 00:56:54.620613 np0000001577 devstack@g-api.service[101984]: DEBUG glance.api.middleware.version_negotiation [None req-2e583716-c672-40dd-b8fc-80ec83d65373 tempest-AttachSCSIVolumeTestJSON-1126953535 tempest-AttachSCSIVolumeTestJSON-1126953535-project-reader] Determining version of request: PUT /v2/images/ac1895ec-fe7d-4daa-a504-820cce8782b9/file Accept: {{(pid=101984) process_request /opt/stack/glance/glance/api/middleware/version_negotiation.py:44}}
May 28 00:56:54.620901 np0000001577 devstack@g-api.service[101984]: DEBUG glance.api.middleware.version_negotiation [None req-2e583716-c672-40dd-b8fc-80ec83d65373 tempest-AttachSCSIVolumeTestJSON-1126953535 tempest-AttachSCSIVolumeTestJSON-1126953535-project-reader] Using url versioning {{(pid=101984) process_request /opt/stack/glance/glance/api/middleware/version_negotiation.py:57}}
May 28 00:56:54.620901 np0000001577 devstack@g-api.service[101984]: DEBUG glance.api.middleware.version_negotiation [None req-2e583716-c672-40dd-b8fc-80ec83d65373 tempest-AttachSCSIVolumeTestJSON-1126953535 tempest-AttachSCSIVolumeTestJSON-1126953535-project-reader] Matched version: v2 {{(pid=101984) process_request /opt/stack/glance/glance/api/middleware/version_negotiation.py:69}}
May 28 00:56:54.620962 np0000001577 devstack@g-api.service[101984]: DEBUG glance.api.middleware.version_negotiation [None req-2e583716-c672-40dd-b8fc-80ec83d65373 tempest-AttachSCSIVolumeTestJSON-1126953535 tempest-AttachSCSIVolumeTestJSON-1126953535-project-reader] new path /v2/images/ac1895ec-fe7d-4daa-a504-820cce8782b9/file {{(pid=101984) process_request /opt/stack/glance/glance/api/middleware/version_negotiation.py:70}}
May 28 00:56:54.641312 np0000001577 devstack@g-api.service[101985]: DEBUG glance.image_cache.drivers.centralized_db [None req-240a2375-ee83-4ac6-b978-0b46765c5750 tempest-AttachSCSIVolumeTestJSON-1751247567 tempest-AttachSCSIVolumeTestJSON-1751247567-project-admin] Fetch finished, moving '/opt/stack/data/glance/cache/incomplete/ddb82a83-20d7-4efa-9145-29669d8920b6' to '/opt/stack/data/glance/cache/ddb82a83-20d7-4efa-9145-29669d8920b6' {{(pid=101985) commit /opt/stack/glance/glance/image_cache/drivers/centralized_db.py:243}}
May 28 00:56:54.653976 np0000001577 devstack@g-api.service[101985]: DEBUG glance.image_cache.drivers.centralized_db [None req-240a2375-ee83-4ac6-b978-0b46765c5750 tempest-AttachSCSIVolumeTestJSON-1751247567 tempest-AttachSCSIVolumeTestJSON-1751247567-project-admin] Image cached successfully. {{(pid=101985) commit /opt/stack/glance/glance/image_cache/drivers/centralized_db.py:258}}
May 28 00:56:54.654117 np0000001577 devstack@g-api.service[101985]: [pid: 101985|app: 0|req: 8/21] 127.0.0.1 () {40 vars in 844 bytes} [Thu May 28 00:56:53 2026] GET /v2/images/ddb82a83-20d7-4efa-9145-29669d8920b6/file => generated 21692416 bytes in 1407 msecs (HTTP/1.1 200) 4 headers in 191 bytes (334 switches on core 0)
May 28 00:56:54.757262 np0000001577 devstack@g-api.service[101983]: DEBUG glance.api.middleware.version_negotiation [None req-41dda762-afe1-4637-80f7-704be57c8b84 tempest-AttachSCSIVolumeTestJSON-1751247567 tempest-AttachSCSIVolumeTestJSON-1751247567-project-admin] Determining version of request: GET /v2/images/ddb82a83-20d7-4efa-9145-29669d8920b6 Accept: */* {{(pid=101983) process_request /opt/stack/glance/glance/api/middleware/version_negotiation.py:44}}
May 28 00:56:54.757422 np0000001577 devstack@g-api.service[101983]: DEBUG glance.api.middleware.version_negotiation [None req-41dda762-afe1-4637-80f7-704be57c8b84 tempest-AttachSCSIVolumeTestJSON-1751247567 tempest-AttachSCSIVolumeTestJSON-1751247567-project-admin] Using url versioning {{(pid=101983) process_request /opt/stack/glance/glance/api/middleware/version_negotiation.py:57}}
May 28 00:56:54.757610 np0000001577 devstack@g-api.service[101983]: DEBUG glance.api.middleware.version_negotiation [None req-41dda762-afe1-4637-80f7-704be57c8b84 tempest-AttachSCSIVolumeTestJSON-1751247567 tempest-AttachSCSIVolumeTestJSON-1751247567-project-admin] Matched version: v2 {{(pid=101983) process_request /opt/stack/glance/glance/api/middleware/version_negotiation.py:69}}
May 28 00:56:54.757717 np0000001577 devstack@g-api.service[101983]: DEBUG glance.api.middleware.version_negotiation [None req-41dda762-afe1-4637-80f7-704be57c8b84 tempest-AttachSCSIVolumeTestJSON-1751247567 tempest-AttachSCSIVolumeTestJSON-1751247567-project-admin] new path /v2/images/ddb82a83-20d7-4efa-9145-29669d8920b6 {{(pid=101983) process_request /opt/stack/glance/glance/api/middleware/version_negotiation.py:70}}
May 28 00:56:55.025797 np0000001577 devstack@g-api.service[101983]: [pid: 101983|app: 0|req: 8/22] 127.0.0.1 () {44 vars in 1111 bytes} [Thu May 28 00:56:54 2026] GET /v2/images/ddb82a83-20d7-4efa-9145-29669d8920b6 => generated 1044 bytes in 268 msecs (HTTP/1.1 200) 4 headers in 158 bytes (1 switches on core 0)
May 28 00:56:55.033066 np0000001577 devstack@g-api.service[101985]: DEBUG glance.api.middleware.version_negotiation [None req-240a2375-ee83-4ac6-b978-0b46765c5750 tempest-AttachSCSIVolumeTestJSON-1751247567 tempest-AttachSCSIVolumeTestJSON-1751247567-project-admin] Determining version of request: GET /v2/schemas/image Accept: */* {{(pid=101985) process_request /opt/stack/glance/glance/api/middleware/version_negotiation.py:44}}
May 28 00:56:55.033183 np0000001577 devstack@g-api.service[101985]: DEBUG glance.api.middleware.version_negotiation [None req-240a2375-ee83-4ac6-b978-0b46765c5750 tempest-AttachSCSIVolumeTestJSON-1751247567 tempest-AttachSCSIVolumeTestJSON-1751247567-project-admin] Using url versioning {{(pid=101985) process_request /opt/stack/glance/glance/api/middleware/version_negotiation.py:57}}
May 28 00:56:55.033481 np0000001577 devstack@g-api.service[101985]: DEBUG glance.api.middleware.version_negotiation [None req-240a2375-ee83-4ac6-b978-0b46765c5750 tempest-AttachSCSIVolumeTestJSON-1751247567 tempest-AttachSCSIVolumeTestJSON-1751247567-project-admin] Matched version: v2 {{(pid=101985) process_request /opt/stack/glance/glance/api/middleware/version_negotiation.py:69}}
May 28 00:56:55.033481 np0000001577 devstack@g-api.service[101985]: DEBUG glance.api.middleware.version_negotiation [None req-240a2375-ee83-4ac6-b978-0b46765c5750 tempest-AttachSCSIVolumeTestJSON-1751247567 tempest-AttachSCSIVolumeTestJSON-1751247567-project-admin] new path /v2/schemas/image {{(pid=101985) process_request /opt/stack/glance/glance/api/middleware/version_negotiation.py:70}}
May 28 00:56:55.039990 np0000001577 devstack@g-api.service[101985]: [pid: 101985|app: 0|req: 9/23] 127.0.0.1 () {44 vars in 1051 bytes} [Thu May 28 00:56:55 2026] GET /v2/schemas/image => generated 6083 bytes in 7 msecs (HTTP/1.1 200) 4 headers in 158 bytes (1 switches on core 0)
May 28 00:56:55.047991 np0000001577 devstack@g-api.service[101983]: DEBUG glance.api.middleware.version_negotiation [None req-0a73ed7e-64a3-4225-bb94-17fb407239d0 tempest-TaggedBootDevicesTest-1598854432 tempest-TaggedBootDevicesTest-1598854432-project-member] Determining version of request: GET /v2/schemas/image Accept: */* {{(pid=101983) process_request /opt/stack/glance/glance/api/middleware/version_negotiation.py:44}}
May 28 00:56:55.048149 np0000001577 devstack@g-api.service[101983]: DEBUG glance.api.middleware.version_negotiation [None req-0a73ed7e-64a3-4225-bb94-17fb407239d0 tempest-TaggedBootDevicesTest-1598854432 tempest-TaggedBootDevicesTest-1598854432-project-member] Using url versioning {{(pid=101983) process_request /opt/stack/glance/glance/api/middleware/version_negotiation.py:57}}
May 28 00:56:55.048288 np0000001577 devstack@g-api.service[101983]: DEBUG glance.api.middleware.version_negotiation [None req-0a73ed7e-64a3-4225-bb94-17fb407239d0 tempest-TaggedBootDevicesTest-1598854432 tempest-TaggedBootDevicesTest-1598854432-project-member] Matched version: v2 {{(pid=101983) process_request /opt/stack/glance/glance/api/middleware/version_negotiation.py:69}}
May 28 00:56:55.048478 np0000001577 devstack@g-api.service[101983]: DEBUG glance.api.middleware.version_negotiation [None req-0a73ed7e-64a3-4225-bb94-17fb407239d0 tempest-TaggedBootDevicesTest-1598854432 tempest-TaggedBootDevicesTest-1598854432-project-member] new path /v2/schemas/image {{(pid=101983) process_request /opt/stack/glance/glance/api/middleware/version_negotiation.py:70}}
May 28 00:56:55.052406 np0000001577 devstack@g-api.service[101983]: [pid: 101983|app: 0|req: 9/24] 127.0.0.1 () {44 vars in 1051 bytes} [Thu May 28 00:56:55 2026] GET /v2/schemas/image => generated 6083 bytes in 4 msecs (HTTP/1.1 200) 4 headers in 158 bytes (1 switches on core 0)
May 28 00:56:55.060291 np0000001577 devstack@g-api.service[101985]: DEBUG glance.api.middleware.version_negotiation [None req-0a73ed7e-64a3-4225-bb94-17fb407239d0 tempest-TaggedBootDevicesTest-1598854432 tempest-TaggedBootDevicesTest-1598854432-project-member] Determining version of request: GET /v2/images/ddb82a83-20d7-4efa-9145-29669d8920b6 Accept: */* {{(pid=101985) process_request /opt/stack/glance/glance/api/middleware/version_negotiation.py:44}}
May 28 00:56:55.060445 np0000001577 devstack@g-api.service[101985]: DEBUG glance.api.middleware.version_negotiation [None req-0a73ed7e-64a3-4225-bb94-17fb407239d0 tempest-TaggedBootDevicesTest-1598854432 tempest-TaggedBootDevicesTest-1598854432-project-member] Using url versioning {{(pid=101985) process_request /opt/stack/glance/glance/api/middleware/version_negotiation.py:57}}
May 28 00:56:55.060537 np0000001577 devstack@g-api.service[101985]: DEBUG glance.api.middleware.version_negotiation [None req-0a73ed7e-64a3-4225-bb94-17fb407239d0 tempest-TaggedBootDevicesTest-1598854432 tempest-TaggedBootDevicesTest-1598854432-project-member] Matched version: v2 {{(pid=101985) process_request /opt/stack/glance/glance/api/middleware/version_negotiation.py:69}}
May 28 00:56:55.060705 np0000001577 devstack@g-api.service[101985]: DEBUG glance.api.middleware.version_negotiation [None req-0a73ed7e-64a3-4225-bb94-17fb407239d0 tempest-TaggedBootDevicesTest-1598854432 tempest-TaggedBootDevicesTest-1598854432-project-member] new path /v2/images/ddb82a83-20d7-4efa-9145-29669d8920b6 {{(pid=101985) process_request /opt/stack/glance/glance/api/middleware/version_negotiation.py:70}}
May 28 00:56:55.077790 np0000001577 devstack@g-api.service[101985]: [pid: 101985|app: 0|req: 10/25] 127.0.0.1 () {44 vars in 1111 bytes} [Thu May 28 00:56:55 2026] GET /v2/images/ddb82a83-20d7-4efa-9145-29669d8920b6 => generated 1044 bytes in 17 msecs (HTTP/1.1 200) 4 headers in 158 bytes (1 switches on core 0)
May 28 00:56:55.087573 np0000001577 devstack@g-api.service[101983]: DEBUG glance.api.middleware.version_negotiation [None req-0a73ed7e-64a3-4225-bb94-17fb407239d0 tempest-TaggedBootDevicesTest-1598854432 tempest-TaggedBootDevicesTest-1598854432-project-member] Determining version of request: GET /v2/schemas/image Accept: */* {{(pid=101983) process_request /opt/stack/glance/glance/api/middleware/version_negotiation.py:44}}
May 28 00:56:55.087573 np0000001577 devstack@g-api.service[101983]: DEBUG glance.api.middleware.version_negotiation [None req-0a73ed7e-64a3-4225-bb94-17fb407239d0 tempest-TaggedBootDevicesTest-1598854432 tempest-TaggedBootDevicesTest-1598854432-project-member] Using url versioning {{(pid=101983) process_request /opt/stack/glance/glance/api/middleware/version_negotiation.py:57}}
May 28 00:56:55.087573 np0000001577 devstack@g-api.service[101983]: DEBUG glance.api.middleware.version_negotiation [None req-0a73ed7e-64a3-4225-bb94-17fb407239d0 tempest-TaggedBootDevicesTest-1598854432 tempest-TaggedBootDevicesTest-1598854432-project-member] Matched version: v2 {{(pid=101983) process_request /opt/stack/glance/glance/api/middleware/version_negotiation.py:69}}
May 28 00:56:55.087573 np0000001577 devstack@g-api.service[101983]: DEBUG glance.api.middleware.version_negotiation [None req-0a73ed7e-64a3-4225-bb94-17fb407239d0 tempest-TaggedBootDevicesTest-1598854432 tempest-TaggedBootDevicesTest-1598854432-project-member] new path /v2/schemas/image {{(pid=101983) process_request /opt/stack/glance/glance/api/middleware/version_negotiation.py:70}}
May 28 00:56:55.087573 np0000001577 devstack@g-api.service[101983]: [pid: 101983|app: 0|req: 10/26] 127.0.0.1 () {44 vars in 1051 bytes} [Thu May 28 00:56:55 2026] GET /v2/schemas/image => generated 6083 bytes in 2 msecs (HTTP/1.1 200) 4 headers in 158 bytes (1 switches on core 0)
May 28 00:56:55.095604 np0000001577 devstack@g-api.service[101985]: DEBUG glance.api.middleware.version_negotiation [None req-0a73ed7e-64a3-4225-bb94-17fb407239d0 tempest-TaggedBootDevicesTest-1598854432 tempest-TaggedBootDevicesTest-1598854432-project-member] Determining version of request: GET /v2/schemas/image Accept: */* {{(pid=101985) process_request /opt/stack/glance/glance/api/middleware/version_negotiation.py:44}}
May 28 00:56:55.095604 np0000001577 devstack@g-api.service[101985]: DEBUG glance.api.middleware.version_negotiation [None req-0a73ed7e-64a3-4225-bb94-17fb407239d0 tempest-TaggedBootDevicesTest-1598854432 tempest-TaggedBootDevicesTest-1598854432-project-member] Using url versioning {{(pid=101985) process_request /opt/stack/glance/glance/api/middleware/version_negotiation.py:57}}
May 28 00:56:55.095604 np0000001577 devstack@g-api.service[101985]: DEBUG glance.api.middleware.version_negotiation [None req-0a73ed7e-64a3-4225-bb94-17fb407239d0 tempest-TaggedBootDevicesTest-1598854432 tempest-TaggedBootDevicesTest-1598854432-project-member] Matched version: v2 {{(pid=101985) process_request /opt/stack/glance/glance/api/middleware/version_negotiation.py:69}}
May 28 00:56:55.095604 np0000001577 devstack@g-api.service[101985]: DEBUG glance.api.middleware.version_negotiation [None req-0a73ed7e-64a3-4225-bb94-17fb407239d0 tempest-TaggedBootDevicesTest-1598854432 tempest-TaggedBootDevicesTest-1598854432-project-member] new path /v2/schemas/image {{(pid=101985) process_request /opt/stack/glance/glance/api/middleware/version_negotiation.py:70}}
May 28 00:56:55.099209 np0000001577 devstack@g-api.service[101985]: [pid: 101985|app: 0|req: 11/27] 127.0.0.1 () {44 vars in 1051 bytes} [Thu May 28 00:56:55 2026] GET /v2/schemas/image => generated 6083 bytes in 4 msecs (HTTP/1.1 200) 4 headers in 158 bytes (1 switches on core 0)
May 28 00:56:55.118020 np0000001577 devstack@g-api.service[101983]: DEBUG glance.api.middleware.version_negotiation [None req-0a73ed7e-64a3-4225-bb94-17fb407239d0 tempest-TaggedBootDevicesTest-1598854432 tempest-TaggedBootDevicesTest-1598854432-project-member] Determining version of request: GET /v2/images/ddb82a83-20d7-4efa-9145-29669d8920b6 Accept: */* {{(pid=101983) process_request /opt/stack/glance/glance/api/middleware/version_negotiation.py:44}}
May 28 00:56:55.118144 np0000001577 devstack@g-api.service[101983]: DEBUG glance.api.middleware.version_negotiation [None req-0a73ed7e-64a3-4225-bb94-17fb407239d0 tempest-TaggedBootDevicesTest-1598854432 tempest-TaggedBootDevicesTest-1598854432-project-member] Using url versioning {{(pid=101983) process_request /opt/stack/glance/glance/api/middleware/version_negotiation.py:57}}
May 28 00:56:55.118314 np0000001577 devstack@g-api.service[101983]: DEBUG glance.api.middleware.version_negotiation [None req-0a73ed7e-64a3-4225-bb94-17fb407239d0 tempest-TaggedBootDevicesTest-1598854432 tempest-TaggedBootDevicesTest-1598854432-project-member] Matched version: v2 {{(pid=101983) process_request /opt/stack/glance/glance/api/middleware/version_negotiation.py:69}}
May 28 00:56:55.118358 np0000001577 devstack@g-api.service[101983]: DEBUG glance.api.middleware.version_negotiation [None req-0a73ed7e-64a3-4225-bb94-17fb407239d0 tempest-TaggedBootDevicesTest-1598854432 tempest-TaggedBootDevicesTest-1598854432-project-member] new path /v2/images/ddb82a83-20d7-4efa-9145-29669d8920b6 {{(pid=101983) process_request /opt/stack/glance/glance/api/middleware/version_negotiation.py:70}}
May 28 00:56:55.128051 np0000001577 devstack@g-api.service[101983]: [pid: 101983|app: 0|req: 11/28] 127.0.0.1 () {44 vars in 1111 bytes} [Thu May 28 00:56:55 2026] GET /v2/images/ddb82a83-20d7-4efa-9145-29669d8920b6 => generated 1044 bytes in 10 msecs (HTTP/1.1 200) 4 headers in 158 bytes (1 switches on core 0)
May 28 00:56:55.138200 np0000001577 devstack@g-api.service[101985]: DEBUG glance.api.middleware.version_negotiation [None req-0a73ed7e-64a3-4225-bb94-17fb407239d0 tempest-TaggedBootDevicesTest-1598854432 tempest-TaggedBootDevicesTest-1598854432-project-member] Determining version of request: GET /v2/schemas/image Accept: */* {{(pid=101985) process_request /opt/stack/glance/glance/api/middleware/version_negotiation.py:44}}
May 28 00:56:55.138347 np0000001577 devstack@g-api.service[101985]: DEBUG glance.api.middleware.version_negotiation [None req-0a73ed7e-64a3-4225-bb94-17fb407239d0 tempest-TaggedBootDevicesTest-1598854432 tempest-TaggedBootDevicesTest-1598854432-project-member] Using url versioning {{(pid=101985) process_request /opt/stack/glance/glance/api/middleware/version_negotiation.py:57}}
May 28 00:56:55.138489 np0000001577 devstack@g-api.service[101985]: DEBUG glance.api.middleware.version_negotiation [None req-0a73ed7e-64a3-4225-bb94-17fb407239d0 tempest-TaggedBootDevicesTest-1598854432 tempest-TaggedBootDevicesTest-1598854432-project-member] Matched version: v2 {{(pid=101985) process_request /opt/stack/glance/glance/api/middleware/version_negotiation.py:69}}
May 28 00:56:55.138636 np0000001577 devstack@g-api.service[101985]: DEBUG glance.api.middleware.version_negotiation [None req-0a73ed7e-64a3-4225-bb94-17fb407239d0 tempest-TaggedBootDevicesTest-1598854432 tempest-TaggedBootDevicesTest-1598854432-project-member] new path /v2/schemas/image {{(pid=101985) process_request /opt/stack/glance/glance/api/middleware/version_negotiation.py:70}}
May 28 00:56:55.140792 np0000001577 devstack@g-api.service[101985]: [pid: 101985|app: 0|req: 12/29] 127.0.0.1 () {44 vars in 1051 bytes} [Thu May 28 00:56:55 2026] GET /v2/schemas/image => generated 6083 bytes in 3 msecs (HTTP/1.1 200) 4 headers in 158 bytes (1 switches on core 0)
May 28 00:56:55.149453 np0000001577 devstack@g-api.service[101983]: DEBUG glance.api.middleware.version_negotiation [None req-0a73ed7e-64a3-4225-bb94-17fb407239d0 tempest-TaggedBootDevicesTest-1598854432 tempest-TaggedBootDevicesTest-1598854432-project-member] Determining version of request: GET /v2/schemas/image Accept: */* {{(pid=101983) process_request /opt/stack/glance/glance/api/middleware/version_negotiation.py:44}}
May 28 00:56:55.149453 np0000001577 devstack@g-api.service[101983]: DEBUG glance.api.middleware.version_negotiation [None req-0a73ed7e-64a3-4225-bb94-17fb407239d0 tempest-TaggedBootDevicesTest-1598854432 tempest-TaggedBootDevicesTest-1598854432-project-member] Using url versioning {{(pid=101983) process_request /opt/stack/glance/glance/api/middleware/version_negotiation.py:57}}
May 28 00:56:55.149453 np0000001577 devstack@g-api.service[101983]: DEBUG glance.api.middleware.version_negotiation [None req-0a73ed7e-64a3-4225-bb94-17fb407239d0 tempest-TaggedBootDevicesTest-1598854432 tempest-TaggedBootDevicesTest-1598854432-project-member] Matched version: v2 {{(pid=101983) process_request /opt/stack/glance/glance/api/middleware/version_negotiation.py:69}}
May 28 00:56:55.149588 np0000001577 devstack@g-api.service[101983]: DEBUG glance.api.middleware.version_negotiation [None req-0a73ed7e-64a3-4225-bb94-17fb407239d0 tempest-TaggedBootDevicesTest-1598854432 tempest-TaggedBootDevicesTest-1598854432-project-member] new path /v2/schemas/image {{(pid=101983) process_request /opt/stack/glance/glance/api/middleware/version_negotiation.py:70}}
May 28 00:56:55.151691 np0000001577 devstack@g-api.service[101983]: [pid: 101983|app: 0|req: 12/30] 127.0.0.1 () {44 vars in 1051 bytes} [Thu May 28 00:56:55 2026] GET /v2/schemas/image => generated 6083 bytes in 2 msecs (HTTP/1.1 200) 4 headers in 158 bytes (1 switches on core 0)
May 28 00:56:55.193732 np0000001577 devstack@g-api.service[101984]: INFO glance.api.v2.image_data [None req-9278c9c5-bcb7-4da1-b6f4-d65ec775e90e tempest-AttachSCSIVolumeTestJSON-1751247567 tempest-AttachSCSIVolumeTestJSON-1751247567-project-admin] Unable to create trust: no such option collect_timing in group [keystone_authtoken] Use the existing user token.
May 28 00:56:55.735151 np0000001577 devstack@g-api.service[101985]: DEBUG glance.api.middleware.version_negotiation [None req-0a73ed7e-64a3-4225-bb94-17fb407239d0 tempest-TaggedBootDevicesTest-1598854432 tempest-TaggedBootDevicesTest-1598854432-project-member] Determining version of request: GET /versions Accept: */* {{(pid=101985) process_request /opt/stack/glance/glance/api/middleware/version_negotiation.py:44}}
May 28 00:56:55.736404 np0000001577 devstack@g-api.service[101985]: [pid: 101985|app: 0|req: 13/31] 127.0.0.1 () {44 vars in 1035 bytes} [Thu May 28 00:56:55 2026] GET /versions => generated 1394 bytes in 1 msecs (HTTP/1.1 200) 3 headers in 92 bytes (1 switches on core 0)
May 28 00:56:55.745863 np0000001577 devstack@g-api.service[101983]: DEBUG glance.api.middleware.version_negotiation [None req-0a73ed7e-64a3-4225-bb94-17fb407239d0 tempest-TaggedBootDevicesTest-1598854432 tempest-TaggedBootDevicesTest-1598854432-project-member] Determining version of request: GET /v2/images/ddb82a83-20d7-4efa-9145-29669d8920b6/locations Accept: */* {{(pid=101983) process_request /opt/stack/glance/glance/api/middleware/version_negotiation.py:44}}
May 28 00:56:55.745994 np0000001577 devstack@g-api.service[101983]: DEBUG glance.api.middleware.version_negotiation [None req-0a73ed7e-64a3-4225-bb94-17fb407239d0 tempest-TaggedBootDevicesTest-1598854432 tempest-TaggedBootDevicesTest-1598854432-project-member] Using url versioning {{(pid=101983) process_request /opt/stack/glance/glance/api/middleware/version_negotiation.py:57}}
May 28 00:56:55.746107 np0000001577 devstack@g-api.service[101983]: DEBUG glance.api.middleware.version_negotiation [None req-0a73ed7e-64a3-4225-bb94-17fb407239d0 tempest-TaggedBootDevicesTest-1598854432 tempest-TaggedBootDevicesTest-1598854432-project-member] Matched version: v2 {{(pid=101983) process_request /opt/stack/glance/glance/api/middleware/version_negotiation.py:69}}
May 28 00:56:55.746192 np0000001577 devstack@g-api.service[101983]: DEBUG glance.api.middleware.version_negotiation [None req-0a73ed7e-64a3-4225-bb94-17fb407239d0 tempest-TaggedBootDevicesTest-1598854432 tempest-TaggedBootDevicesTest-1598854432-project-member] new path /v2/images/ddb82a83-20d7-4efa-9145-29669d8920b6/locations {{(pid=101983) process_request /opt/stack/glance/glance/api/middleware/version_negotiation.py:70}}
May 28 00:56:55.825290 np0000001577 devstack@g-api.service[101984]: DEBUG glance.location [None req-9278c9c5-bcb7-4da1-b6f4-d65ec775e90e tempest-AttachSCSIVolumeTestJSON-1751247567 tempest-AttachSCSIVolumeTestJSON-1751247567-project-admin] Enabling in-flight format inspection for qcow2 {{(pid=101984) set_data /opt/stack/glance/glance/location.py:616}}
May 28 00:56:55.827049 np0000001577 devstack@g-api.service[101984]: DEBUG glance_store.backend [None req-9278c9c5-bcb7-4da1-b6f4-d65ec775e90e tempest-AttachSCSIVolumeTestJSON-1751247567 tempest-AttachSCSIVolumeTestJSON-1751247567-project-admin] Attempting to import store swift {{(pid=101984) _load_store /opt/stack/data/venv/lib/python3.12/site-packages/glance_store/backend.py:215}}
May 28 00:56:55.829909 np0000001577 devstack@g-api.service[101984]: DEBUG glance_store.capabilities [None req-9278c9c5-bcb7-4da1-b6f4-d65ec775e90e tempest-AttachSCSIVolumeTestJSON-1751247567 tempest-AttachSCSIVolumeTestJSON-1751247567-project-admin] Store glance_store._drivers.swift.store.SingleTenantStore doesn't support updating dynamic storage capabilities. Please overwrite 'update_capabilities' method of the store to implement updating logics if needed. {{(pid=101984) update_capabilities /opt/stack/data/venv/lib/python3.12/site-packages/glance_store/capabilities.py:91}}
May 28 00:56:55.830500 np0000001577 devstack@g-api.service[101984]: DEBUG glance_store.driver [None req-9278c9c5-bcb7-4da1-b6f4-d65ec775e90e tempest-AttachSCSIVolumeTestJSON-1751247567 tempest-AttachSCSIVolumeTestJSON-1751247567-project-admin] Late loading location class glance_store._drivers.swift.store.StoreLocation {{(pid=101984) get_store_location_class /opt/stack/data/venv/lib/python3.12/site-packages/glance_store/driver.py:134}}
May 28 00:56:55.831573 np0000001577 devstack@g-api.service[101984]: DEBUG glance_store.location [None req-9278c9c5-bcb7-4da1-b6f4-d65ec775e90e tempest-AttachSCSIVolumeTestJSON-1751247567 tempest-AttachSCSIVolumeTestJSON-1751247567-project-admin] Registering scheme swift+https with {'store': , 'location_class': , 'store_entry': 'swift'} {{(pid=101984) register_scheme_map /opt/stack/data/venv/lib/python3.12/site-packages/glance_store/location.py:146}}
May 28 00:56:55.831573 np0000001577 devstack@g-api.service[101984]: DEBUG glance_store.location [None req-9278c9c5-bcb7-4da1-b6f4-d65ec775e90e tempest-AttachSCSIVolumeTestJSON-1751247567 tempest-AttachSCSIVolumeTestJSON-1751247567-project-admin] Registering scheme swift+https with {'store': , 'location_class': , 'store_entry': 'swift'} {{(pid=101984) register_scheme_map /opt/stack/data/venv/lib/python3.12/site-packages/glance_store/location.py:146}}
May 28 00:56:55.831573 np0000001577 devstack@g-api.service[101984]: DEBUG glance_store.location [None req-9278c9c5-bcb7-4da1-b6f4-d65ec775e90e tempest-AttachSCSIVolumeTestJSON-1751247567 tempest-AttachSCSIVolumeTestJSON-1751247567-project-admin] Registering scheme swift with {'store': , 'location_class': , 'store_entry': 'swift'} {{(pid=101984) register_scheme_map /opt/stack/data/venv/lib/python3.12/site-packages/glance_store/location.py:146}}
May 28 00:56:55.831781 np0000001577 devstack@g-api.service[101984]: DEBUG glance_store.location [None req-9278c9c5-bcb7-4da1-b6f4-d65ec775e90e tempest-AttachSCSIVolumeTestJSON-1751247567 tempest-AttachSCSIVolumeTestJSON-1751247567-project-admin] Registering scheme swift+https with {'store': , 'location_class': , 'store_entry': 'swift'} {{(pid=101984) register_scheme_map /opt/stack/data/venv/lib/python3.12/site-packages/glance_store/location.py:146}}
May 28 00:56:55.831781 np0000001577 devstack@g-api.service[101984]: DEBUG glance_store.location [None req-9278c9c5-bcb7-4da1-b6f4-d65ec775e90e tempest-AttachSCSIVolumeTestJSON-1751247567 tempest-AttachSCSIVolumeTestJSON-1751247567-project-admin] Registering scheme swift with {'store': , 'location_class': , 'store_entry': 'swift'} {{(pid=101984) register_scheme_map /opt/stack/data/venv/lib/python3.12/site-packages/glance_store/location.py:146}}
May 28 00:56:55.831781 np0000001577 devstack@g-api.service[101984]: DEBUG glance_store.location [None req-9278c9c5-bcb7-4da1-b6f4-d65ec775e90e tempest-AttachSCSIVolumeTestJSON-1751247567 tempest-AttachSCSIVolumeTestJSON-1751247567-project-admin] Registering scheme swift+http with {'store': , 'location_class': , 'store_entry': 'swift'} {{(pid=101984) register_scheme_map /opt/stack/data/venv/lib/python3.12/site-packages/glance_store/location.py:146}}
May 28 00:56:55.831962 np0000001577 devstack@g-api.service[101984]: DEBUG glance_store.location [None req-9278c9c5-bcb7-4da1-b6f4-d65ec775e90e tempest-AttachSCSIVolumeTestJSON-1751247567 tempest-AttachSCSIVolumeTestJSON-1751247567-project-admin] Registering scheme swift+https with {'store': , 'location_class': , 'store_entry': 'swift'} {{(pid=101984) register_scheme_map /opt/stack/data/venv/lib/python3.12/site-packages/glance_store/location.py:146}}
May 28 00:56:55.831962 np0000001577 devstack@g-api.service[101984]: DEBUG glance_store.location [None req-9278c9c5-bcb7-4da1-b6f4-d65ec775e90e tempest-AttachSCSIVolumeTestJSON-1751247567 tempest-AttachSCSIVolumeTestJSON-1751247567-project-admin] Registering scheme swift with {'store': , 'location_class': , 'store_entry': 'swift'} {{(pid=101984) register_scheme_map /opt/stack/data/venv/lib/python3.12/site-packages/glance_store/location.py:146}}
May 28 00:56:55.832421 np0000001577 devstack@g-api.service[101984]: DEBUG glance_store.location [None req-9278c9c5-bcb7-4da1-b6f4-d65ec775e90e tempest-AttachSCSIVolumeTestJSON-1751247567 tempest-AttachSCSIVolumeTestJSON-1751247567-project-admin] Registering scheme swift+http with {'store': , 'location_class': , 'store_entry': 'swift'} {{(pid=101984) register_scheme_map /opt/stack/data/venv/lib/python3.12/site-packages/glance_store/location.py:146}}
May 28 00:56:55.833437 np0000001577 devstack@g-api.service[101984]: DEBUG glance_store.location [None req-9278c9c5-bcb7-4da1-b6f4-d65ec775e90e tempest-AttachSCSIVolumeTestJSON-1751247567 tempest-AttachSCSIVolumeTestJSON-1751247567-project-admin] Registering scheme swift+config with {'store': , 'location_class': , 'store_entry': 'swift'} {{(pid=101984) register_scheme_map /opt/stack/data/venv/lib/python3.12/site-packages/glance_store/location.py:146}}
May 28 00:56:56.182865 np0000001577 devstack@g-api.service[101983]: [pid: 101983|app: 0|req: 13/32] 127.0.0.1 () {44 vars in 1131 bytes} [Thu May 28 00:56:55 2026] GET /v2/images/ddb82a83-20d7-4efa-9145-29669d8920b6/locations => generated 92 bytes in 437 msecs (HTTP/1.1 200) 4 headers in 156 bytes (1 switches on core 0)
May 28 00:56:56.191281 np0000001577 devstack@g-api.service[101985]: DEBUG glance.api.middleware.version_negotiation [None req-0a73ed7e-64a3-4225-bb94-17fb407239d0 tempest-TaggedBootDevicesTest-1598854432 tempest-TaggedBootDevicesTest-1598854432-project-member] Determining version of request: GET /v2/images/ddb82a83-20d7-4efa-9145-29669d8920b6 Accept: */* {{(pid=101985) process_request /opt/stack/glance/glance/api/middleware/version_negotiation.py:44}}
May 28 00:56:56.191281 np0000001577 devstack@g-api.service[101985]: DEBUG glance.api.middleware.version_negotiation [None req-0a73ed7e-64a3-4225-bb94-17fb407239d0 tempest-TaggedBootDevicesTest-1598854432 tempest-TaggedBootDevicesTest-1598854432-project-member] Using url versioning {{(pid=101985) process_request /opt/stack/glance/glance/api/middleware/version_negotiation.py:57}}
May 28 00:56:56.191281 np0000001577 devstack@g-api.service[101985]: DEBUG glance.api.middleware.version_negotiation [None req-0a73ed7e-64a3-4225-bb94-17fb407239d0 tempest-TaggedBootDevicesTest-1598854432 tempest-TaggedBootDevicesTest-1598854432-project-member] Matched version: v2 {{(pid=101985) process_request /opt/stack/glance/glance/api/middleware/version_negotiation.py:69}}
May 28 00:56:56.191281 np0000001577 devstack@g-api.service[101985]: DEBUG glance.api.middleware.version_negotiation [None req-0a73ed7e-64a3-4225-bb94-17fb407239d0 tempest-TaggedBootDevicesTest-1598854432 tempest-TaggedBootDevicesTest-1598854432-project-member] new path /v2/images/ddb82a83-20d7-4efa-9145-29669d8920b6 {{(pid=101985) process_request /opt/stack/glance/glance/api/middleware/version_negotiation.py:70}}
May 28 00:56:56.202119 np0000001577 devstack@g-api.service[101985]: [pid: 101985|app: 0|req: 14/33] 127.0.0.1 () {44 vars in 1111 bytes} [Thu May 28 00:56:56 2026] GET /v2/images/ddb82a83-20d7-4efa-9145-29669d8920b6 => generated 1044 bytes in 11 msecs (HTTP/1.1 200) 4 headers in 158 bytes (1 switches on core 0)
May 28 00:56:56.210666 np0000001577 devstack@g-api.service[101983]: DEBUG glance.api.middleware.version_negotiation [None req-0a73ed7e-64a3-4225-bb94-17fb407239d0 service glance] Determining version of request: GET /v2/schemas/image Accept: */* {{(pid=101983) process_request /opt/stack/glance/glance/api/middleware/version_negotiation.py:44}}
May 28 00:56:56.210887 np0000001577 devstack@g-api.service[101983]: DEBUG glance.api.middleware.version_negotiation [None req-0a73ed7e-64a3-4225-bb94-17fb407239d0 service glance] Using url versioning {{(pid=101983) process_request /opt/stack/glance/glance/api/middleware/version_negotiation.py:57}}
May 28 00:56:56.211023 np0000001577 devstack@g-api.service[101983]: DEBUG glance.api.middleware.version_negotiation [None req-0a73ed7e-64a3-4225-bb94-17fb407239d0 service glance] Matched version: v2 {{(pid=101983) process_request /opt/stack/glance/glance/api/middleware/version_negotiation.py:69}}
May 28 00:56:56.211119 np0000001577 devstack@g-api.service[101983]: DEBUG glance.api.middleware.version_negotiation [None req-0a73ed7e-64a3-4225-bb94-17fb407239d0 service glance] new path /v2/schemas/image {{(pid=101983) process_request /opt/stack/glance/glance/api/middleware/version_negotiation.py:70}}
May 28 00:56:56.217062 np0000001577 devstack@g-api.service[101983]: [pid: 101983|app: 0|req: 14/34] 127.0.0.1 () {44 vars in 1051 bytes} [Thu May 28 00:56:56 2026] GET /v2/schemas/image => generated 6083 bytes in 5 msecs (HTTP/1.1 200) 4 headers in 158 bytes (1 switches on core 0)
May 28 00:56:56.224196 np0000001577 devstack@g-api.service[101985]: DEBUG glance.api.middleware.version_negotiation [None req-0a73ed7e-64a3-4225-bb94-17fb407239d0 tempest-TaggedBootDevicesTest-1598854432 tempest-TaggedBootDevicesTest-1598854432-project-member] Determining version of request: GET /v2/schemas/image Accept: */* {{(pid=101985) process_request /opt/stack/glance/glance/api/middleware/version_negotiation.py:44}}
May 28 00:56:56.224510 np0000001577 devstack@g-api.service[101985]: DEBUG glance.api.middleware.version_negotiation [None req-0a73ed7e-64a3-4225-bb94-17fb407239d0 tempest-TaggedBootDevicesTest-1598854432 tempest-TaggedBootDevicesTest-1598854432-project-member] Using url versioning {{(pid=101985) process_request /opt/stack/glance/glance/api/middleware/version_negotiation.py:57}}
May 28 00:56:56.224716 np0000001577 devstack@g-api.service[101985]: DEBUG glance.api.middleware.version_negotiation [None req-0a73ed7e-64a3-4225-bb94-17fb407239d0 tempest-TaggedBootDevicesTest-1598854432 tempest-TaggedBootDevicesTest-1598854432-project-member] Matched version: v2 {{(pid=101985) process_request /opt/stack/glance/glance/api/middleware/version_negotiation.py:69}}
May 28 00:56:56.224869 np0000001577 devstack@g-api.service[101985]: DEBUG glance.api.middleware.version_negotiation [None req-0a73ed7e-64a3-4225-bb94-17fb407239d0 tempest-TaggedBootDevicesTest-1598854432 tempest-TaggedBootDevicesTest-1598854432-project-member] new path /v2/schemas/image {{(pid=101985) process_request /opt/stack/glance/glance/api/middleware/version_negotiation.py:70}}
May 28 00:56:56.227269 np0000001577 devstack@g-api.service[101985]: [pid: 101985|app: 0|req: 15/35] 127.0.0.1 () {44 vars in 1051 bytes} [Thu May 28 00:56:56 2026] GET /v2/schemas/image => generated 6083 bytes in 3 msecs (HTTP/1.1 200) 4 headers in 158 bytes (1 switches on core 0)
May 28 00:56:56.258039 np0000001577 devstack@g-api.service[101983]: DEBUG glance.api.middleware.version_negotiation [None req-0a73ed7e-64a3-4225-bb94-17fb407239d0 tempest-TaggedBootDevicesTest-1598854432 tempest-TaggedBootDevicesTest-1598854432-project-member] Determining version of request: GET /v2/images/ddb82a83-20d7-4efa-9145-29669d8920b6 Accept: */* {{(pid=101983) process_request /opt/stack/glance/glance/api/middleware/version_negotiation.py:44}}
May 28 00:56:56.258039 np0000001577 devstack@g-api.service[101983]: DEBUG glance.api.middleware.version_negotiation [None req-0a73ed7e-64a3-4225-bb94-17fb407239d0 tempest-TaggedBootDevicesTest-1598854432 tempest-TaggedBootDevicesTest-1598854432-project-member] Using url versioning {{(pid=101983) process_request /opt/stack/glance/glance/api/middleware/version_negotiation.py:57}}
May 28 00:56:56.258039 np0000001577 devstack@g-api.service[101983]: DEBUG glance.api.middleware.version_negotiation [None req-0a73ed7e-64a3-4225-bb94-17fb407239d0 tempest-TaggedBootDevicesTest-1598854432 tempest-TaggedBootDevicesTest-1598854432-project-member] Matched version: v2 {{(pid=101983) process_request /opt/stack/glance/glance/api/middleware/version_negotiation.py:69}}
May 28 00:56:56.258039 np0000001577 devstack@g-api.service[101983]: DEBUG glance.api.middleware.version_negotiation [None req-0a73ed7e-64a3-4225-bb94-17fb407239d0 tempest-TaggedBootDevicesTest-1598854432 tempest-TaggedBootDevicesTest-1598854432-project-member] new path /v2/images/ddb82a83-20d7-4efa-9145-29669d8920b6 {{(pid=101983) process_request /opt/stack/glance/glance/api/middleware/version_negotiation.py:70}}
May 28 00:56:56.267332 np0000001577 devstack@g-api.service[101983]: [pid: 101983|app: 0|req: 15/36] 127.0.0.1 () {44 vars in 1111 bytes} [Thu May 28 00:56:56 2026] GET /v2/images/ddb82a83-20d7-4efa-9145-29669d8920b6 => generated 1044 bytes in 10 msecs (HTTP/1.1 200) 4 headers in 158 bytes (1 switches on core 0)
May 28 00:56:56.272891 np0000001577 devstack@g-api.service[101984]: DEBUG swiftclient [None req-9278c9c5-bcb7-4da1-b6f4-d65ec775e90e tempest-AttachSCSIVolumeTestJSON-1751247567 tempest-AttachSCSIVolumeTestJSON-1751247567-project-admin] REQ: curl -i https://10.4.3.88:8080/v1/AUTH_dd5ca9aece0d4440991f18dfad354fde/glance -I -H "X-Auth-Token: gAAAAABqF5LXet-2..." {{(pid=101984) http_log /opt/stack/data/venv/lib/python3.12/site-packages/swiftclient/client.py:160}}
May 28 00:56:56.273011 np0000001577 devstack@g-api.service[101984]: DEBUG swiftclient [None req-9278c9c5-bcb7-4da1-b6f4-d65ec775e90e tempest-AttachSCSIVolumeTestJSON-1751247567 tempest-AttachSCSIVolumeTestJSON-1751247567-project-admin] RESP STATUS: 204 No Content {{(pid=101984) http_log /opt/stack/data/venv/lib/python3.12/site-packages/swiftclient/client.py:161}}
May 28 00:56:56.273141 np0000001577 devstack@g-api.service[101984]: DEBUG swiftclient [None req-9278c9c5-bcb7-4da1-b6f4-d65ec775e90e tempest-AttachSCSIVolumeTestJSON-1751247567 tempest-AttachSCSIVolumeTestJSON-1751247567-project-admin] RESP HEADERS: {'Date': 'Thu, 28 May 2026 00:56:56 GMT', 'Server': 'Apache/2.4.58 (Ubuntu)', 'Content-Type': 'text/plain; charset=utf-8', 'X-Container-Object-Count': '3', 'X-Container-Bytes-Used': '64356352', 'X-Timestamp': '1779929690.85202', 'Last-Modified': 'Thu, 28 May 2026 00:54:51 GMT', 'Accept-Ranges': 'bytes', 'X-Storage-Policy': 'Policy-0', 'X-Container-Sharding': 'False', 'Vary': 'Accept', 'X-Trans-Id': 'tx8744955b2b8c419c9dc0d-006a1792d7', 'X-Openstack-Request-Id': 'tx8744955b2b8c419c9dc0d-006a1792d7', 'Connection': 'close'} {{(pid=101984) http_log /opt/stack/data/venv/lib/python3.12/site-packages/swiftclient/client.py:162}}
May 28 00:56:56.273541 np0000001577 devstack@g-api.service[101984]: DEBUG glance_store._drivers.swift.store [None req-9278c9c5-bcb7-4da1-b6f4-d65ec775e90e tempest-AttachSCSIVolumeTestJSON-1751247567 tempest-AttachSCSIVolumeTestJSON-1751247567-project-admin] Adding image object 'ac1895ec-fe7d-4daa-a504-820cce8782b9' to Swift {{(pid=101984) add /opt/stack/data/venv/lib/python3.12/site-packages/glance_store/_drivers/swift/store.py:970}}
May 28 00:56:56.273541 np0000001577 devstack@g-api.service[101984]: DEBUG glance_store._drivers.swift.store [None req-9278c9c5-bcb7-4da1-b6f4-d65ec775e90e tempest-AttachSCSIVolumeTestJSON-1751247567 tempest-AttachSCSIVolumeTestJSON-1751247567-project-admin] Cannot determine image size because it is either not provided in the request or chunked-transfer encoding is used. Adding image as a segmented object to Swift. {{(pid=101984) add /opt/stack/data/venv/lib/python3.12/site-packages/glance_store/_drivers/swift/store.py:994}}
May 28 00:56:56.278709 np0000001577 devstack@g-api.service[101985]: DEBUG glance.api.middleware.version_negotiation [None req-0a73ed7e-64a3-4225-bb94-17fb407239d0 tempest-TaggedBootDevicesTest-1598854432 tempest-TaggedBootDevicesTest-1598854432-project-member] Determining version of request: GET /v2/images/ddb82a83-20d7-4efa-9145-29669d8920b6/file Accept: */* {{(pid=101985) process_request /opt/stack/glance/glance/api/middleware/version_negotiation.py:44}}
May 28 00:56:56.278794 np0000001577 devstack@g-api.service[101985]: DEBUG glance.api.middleware.version_negotiation [None req-0a73ed7e-64a3-4225-bb94-17fb407239d0 tempest-TaggedBootDevicesTest-1598854432 tempest-TaggedBootDevicesTest-1598854432-project-member] Using url versioning {{(pid=101985) process_request /opt/stack/glance/glance/api/middleware/version_negotiation.py:57}}
May 28 00:56:56.278960 np0000001577 devstack@g-api.service[101985]: DEBUG glance.api.middleware.version_negotiation [None req-0a73ed7e-64a3-4225-bb94-17fb407239d0 tempest-TaggedBootDevicesTest-1598854432 tempest-TaggedBootDevicesTest-1598854432-project-member] Matched version: v2 {{(pid=101985) process_request /opt/stack/glance/glance/api/middleware/version_negotiation.py:69}}
May 28 00:56:56.278960 np0000001577 devstack@g-api.service[101985]: DEBUG glance.api.middleware.version_negotiation [None req-0a73ed7e-64a3-4225-bb94-17fb407239d0 tempest-TaggedBootDevicesTest-1598854432 tempest-TaggedBootDevicesTest-1598854432-project-member] new path /v2/images/ddb82a83-20d7-4efa-9145-29669d8920b6/file {{(pid=101985) process_request /opt/stack/glance/glance/api/middleware/version_negotiation.py:70}}
May 28 00:56:56.281496 np0000001577 devstack@g-api.service[101984]: DEBUG oslo_utils.imageutils.format_inspector [None req-9278c9c5-bcb7-4da1-b6f4-d65ec775e90e tempest-AttachSCSIVolumeTestJSON-1751247567 tempest-AttachSCSIVolumeTestJSON-1751247567-project-admin] Format inspector for vmdk does not match, excluding from consideration (Signature KDMV not found: b'QFI\xfb') {{(pid=101984) _process_chunk /opt/stack/data/venv/lib/python3.12/site-packages/oslo_utils/imageutils/format_inspector.py:1538}}
May 28 00:56:56.283891 np0000001577 devstack@g-api.service[101984]: DEBUG oslo_utils.imageutils.format_inspector [None req-9278c9c5-bcb7-4da1-b6f4-d65ec775e90e tempest-AttachSCSIVolumeTestJSON-1751247567 tempest-AttachSCSIVolumeTestJSON-1751247567-project-admin] Format inspector for vhdx does not match, excluding from consideration (Region signature not found at 30000) {{(pid=101984) _process_chunk /opt/stack/data/venv/lib/python3.12/site-packages/oslo_utils/imageutils/format_inspector.py:1538}}
May 28 00:56:56.287881 np0000001577 devstack@g-api.service[101985]: DEBUG glance.api.middleware.cache [None req-0a73ed7e-64a3-4225-bb94-17fb407239d0 tempest-TaggedBootDevicesTest-1598854432 tempest-TaggedBootDevicesTest-1598854432-project-member] Cache hit for image 'ddb82a83-20d7-4efa-9145-29669d8920b6' {{(pid=101985) process_request /opt/stack/glance/glance/api/middleware/cache.py:160}}
May 28 00:56:56.360359 np0000001577 devstack@g-api.service[101985]: [pid: 101985|app: 0|req: 16/37] 127.0.0.1 () {44 vars in 1121 bytes} [Thu May 28 00:56:56 2026] GET /v2/images/ddb82a83-20d7-4efa-9145-29669d8920b6/file => generated 21692416 bytes in 81 msecs (HTTP/1.1 200) 5 headers in 217 bytes (340 switches on core 0)
May 28 00:56:56.513557 np0000001577 devstack@g-api.service[101983]: DEBUG glance.api.middleware.version_negotiation [None req-0a73ed7e-64a3-4225-bb94-17fb407239d0 tempest-TaggedBootDevicesTest-1598854432 tempest-TaggedBootDevicesTest-1598854432-project-member] Determining version of request: GET /v2/images/ddb82a83-20d7-4efa-9145-29669d8920b6 Accept: */* {{(pid=101983) process_request /opt/stack/glance/glance/api/middleware/version_negotiation.py:44}}
May 28 00:56:56.513557 np0000001577 devstack@g-api.service[101983]: DEBUG glance.api.middleware.version_negotiation [None req-0a73ed7e-64a3-4225-bb94-17fb407239d0 tempest-TaggedBootDevicesTest-1598854432 tempest-TaggedBootDevicesTest-1598854432-project-member] Using url versioning {{(pid=101983) process_request /opt/stack/glance/glance/api/middleware/version_negotiation.py:57}}
May 28 00:56:56.513557 np0000001577 devstack@g-api.service[101983]: DEBUG glance.api.middleware.version_negotiation [None req-0a73ed7e-64a3-4225-bb94-17fb407239d0 tempest-TaggedBootDevicesTest-1598854432 tempest-TaggedBootDevicesTest-1598854432-project-member] Matched version: v2 {{(pid=101983) process_request /opt/stack/glance/glance/api/middleware/version_negotiation.py:69}}
May 28 00:56:56.513557 np0000001577 devstack@g-api.service[101983]: DEBUG glance.api.middleware.version_negotiation [None req-0a73ed7e-64a3-4225-bb94-17fb407239d0 tempest-TaggedBootDevicesTest-1598854432 tempest-TaggedBootDevicesTest-1598854432-project-member] new path /v2/images/ddb82a83-20d7-4efa-9145-29669d8920b6 {{(pid=101983) process_request /opt/stack/glance/glance/api/middleware/version_negotiation.py:70}}
May 28 00:56:56.522831 np0000001577 devstack@g-api.service[101983]: [pid: 101983|app: 0|req: 16/38] 127.0.0.1 () {44 vars in 1111 bytes} [Thu May 28 00:56:56 2026] GET /v2/images/ddb82a83-20d7-4efa-9145-29669d8920b6 => generated 1044 bytes in 10 msecs (HTTP/1.1 200) 4 headers in 158 bytes (1 switches on core 0)
May 28 00:56:56.528595 np0000001577 devstack@g-api.service[101984]: DEBUG swiftclient [None req-9278c9c5-bcb7-4da1-b6f4-d65ec775e90e tempest-AttachSCSIVolumeTestJSON-1751247567 tempest-AttachSCSIVolumeTestJSON-1751247567-project-admin] REQ: curl -i https://10.4.3.88:8080/v1/AUTH_dd5ca9aece0d4440991f18dfad354fde/glance/ac1895ec-fe7d-4daa-a504-820cce8782b9-00001 -X PUT -H "X-Auth-Token: gAAAAABqF5LXet-2..." {{(pid=101984) http_log /opt/stack/data/venv/lib/python3.12/site-packages/swiftclient/client.py:160}}
May 28 00:56:56.528710 np0000001577 devstack@g-api.service[101984]: DEBUG swiftclient [None req-9278c9c5-bcb7-4da1-b6f4-d65ec775e90e tempest-AttachSCSIVolumeTestJSON-1751247567 tempest-AttachSCSIVolumeTestJSON-1751247567-project-admin] RESP STATUS: 201 Created {{(pid=101984) http_log /opt/stack/data/venv/lib/python3.12/site-packages/swiftclient/client.py:161}}
May 28 00:56:56.528892 np0000001577 devstack@g-api.service[101984]: DEBUG swiftclient [None req-9278c9c5-bcb7-4da1-b6f4-d65ec775e90e tempest-AttachSCSIVolumeTestJSON-1751247567 tempest-AttachSCSIVolumeTestJSON-1751247567-project-admin] RESP HEADERS: {'Date': 'Thu, 28 May 2026 00:56:56 GMT', 'Server': 'Apache/2.4.58 (Ubuntu)', 'Content-Type': 'text/html; charset=UTF-8', 'Content-Length': '0', 'Etag': '87617e24a5e30cb3b87fda8c0764838f', 'Last-Modified': 'Thu, 28 May 2026 00:56:57 GMT', 'X-Trans-Id': 'tx73b4e0912867479d9528c-006a1792d8', 'X-Openstack-Request-Id': 'tx73b4e0912867479d9528c-006a1792d8', 'Connection': 'close'} {{(pid=101984) http_log /opt/stack/data/venv/lib/python3.12/site-packages/swiftclient/client.py:162}}
May 28 00:56:56.529110 np0000001577 devstack@g-api.service[101984]: DEBUG glance_store._drivers.swift.store [None req-9278c9c5-bcb7-4da1-b6f4-d65ec775e90e tempest-AttachSCSIVolumeTestJSON-1751247567 tempest-AttachSCSIVolumeTestJSON-1751247567-project-admin] Wrote chunk ac1895ec-fe7d-4daa-a504-820cce8782b9-00001 (1/?) of length 21692416 to Swift returning MD5 of content: 87617e24a5e30cb3b87fda8c0764838f {{(pid=101984) add /opt/stack/data/venv/lib/python3.12/site-packages/glance_store/_drivers/swift/store.py:1059}}
May 28 00:56:56.529360 np0000001577 devstack@g-api.service[101984]: DEBUG glance_store._drivers.swift.store [None req-9278c9c5-bcb7-4da1-b6f4-d65ec775e90e tempest-AttachSCSIVolumeTestJSON-1751247567 tempest-AttachSCSIVolumeTestJSON-1751247567-project-admin] Not writing zero-length chunk. {{(pid=101984) add /opt/stack/data/venv/lib/python3.12/site-packages/glance_store/_drivers/swift/store.py:1028}}
May 28 00:56:56.532964 np0000001577 devstack@g-api.service[101985]: DEBUG glance.api.middleware.version_negotiation [None req-0a73ed7e-64a3-4225-bb94-17fb407239d0 tempest-TaggedBootDevicesTest-1598854432 tempest-TaggedBootDevicesTest-1598854432-project-member] Determining version of request: GET /v2/schemas/image Accept: */* {{(pid=101985) process_request /opt/stack/glance/glance/api/middleware/version_negotiation.py:44}}
May 28 00:56:56.533792 np0000001577 devstack@g-api.service[101985]: DEBUG glance.api.middleware.version_negotiation [None req-0a73ed7e-64a3-4225-bb94-17fb407239d0 tempest-TaggedBootDevicesTest-1598854432 tempest-TaggedBootDevicesTest-1598854432-project-member] Using url versioning {{(pid=101985) process_request /opt/stack/glance/glance/api/middleware/version_negotiation.py:57}}
May 28 00:56:56.533792 np0000001577 devstack@g-api.service[101985]: DEBUG glance.api.middleware.version_negotiation [None req-0a73ed7e-64a3-4225-bb94-17fb407239d0 tempest-TaggedBootDevicesTest-1598854432 tempest-TaggedBootDevicesTest-1598854432-project-member] Matched version: v2 {{(pid=101985) process_request /opt/stack/glance/glance/api/middleware/version_negotiation.py:69}}
May 28 00:56:56.533792 np0000001577 devstack@g-api.service[101985]: DEBUG glance.api.middleware.version_negotiation [None req-0a73ed7e-64a3-4225-bb94-17fb407239d0 tempest-TaggedBootDevicesTest-1598854432 tempest-TaggedBootDevicesTest-1598854432-project-member] new path /v2/schemas/image {{(pid=101985) process_request /opt/stack/glance/glance/api/middleware/version_negotiation.py:70}}
