May 28 00:54:22.563197 np0000001577 nova-scheduler[95757]: DEBUG cotyledon.oslo_config_glue [-] oslo_limit.endpoint_id = None {{(pid=95757) log_opt_values /opt/stack/data/venv/lib/python3.12/site-packages/oslo_config/cfg.py:3256}}
May 28 00:54:22.563457 np0000001577 nova-scheduler[95757]: DEBUG cotyledon.oslo_config_glue [-] oslo_limit.endpoint_interface = public {{(pid=95757) log_opt_values /opt/stack/data/venv/lib/python3.12/site-packages/oslo_config/cfg.py:3256}}
May 28 00:54:22.563457 np0000001577 nova-scheduler[95757]: DEBUG cotyledon.oslo_config_glue [-] oslo_limit.endpoint_override = None {{(pid=95757) log_opt_values /opt/stack/data/venv/lib/python3.12/site-packages/oslo_config/cfg.py:3256}}
May 28 00:54:22.563457 np0000001577 nova-scheduler[95757]: DEBUG cotyledon.oslo_config_glue [-] oslo_limit.endpoint_region_name = None {{(pid=95757) log_opt_values /opt/stack/data/venv/lib/python3.12/site-packages/oslo_config/cfg.py:3256}}
May 28 00:54:22.563457 np0000001577 nova-scheduler[95757]: DEBUG cotyledon.oslo_config_glue [-] oslo_limit.endpoint_service_name = None {{(pid=95757) log_opt_values /opt/stack/data/venv/lib/python3.12/site-packages/oslo_config/cfg.py:3256}}
May 28 00:54:22.563457 np0000001577 nova-scheduler[95757]: DEBUG cotyledon.oslo_config_glue [-] oslo_limit.endpoint_service_type = None {{(pid=95757) log_opt_values /opt/stack/data/venv/lib/python3.12/site-packages/oslo_config/cfg.py:3256}}
May 28 00:54:22.563457 np0000001577 nova-scheduler[95757]: DEBUG cotyledon.oslo_config_glue [-] oslo_limit.insecure = False {{(pid=95757) log_opt_values /opt/stack/data/venv/lib/python3.12/site-packages/oslo_config/cfg.py:3256}}
May 28 00:54:22.563457 np0000001577 nova-scheduler[95757]: DEBUG cotyledon.oslo_config_glue [-] oslo_limit.keyfile = None {{(pid=95757) log_opt_values /opt/stack/data/venv/lib/python3.12/site-packages/oslo_config/cfg.py:3256}}
May 28 00:54:22.563457 np0000001577 nova-scheduler[95757]: DEBUG cotyledon.oslo_config_glue [-] oslo_limit.max_version = None {{(pid=95757) log_opt_values /opt/stack/data/venv/lib/python3.12/site-packages/oslo_config/cfg.py:3256}}
May 28 00:54:22.563457 np0000001577 nova-scheduler[95757]: DEBUG cotyledon.oslo_config_glue [-] oslo_limit.min_version = None {{(pid=95757) log_opt_values /opt/stack/data/venv/lib/python3.12/site-packages/oslo_config/cfg.py:3256}}
May 28 00:54:22.563738 np0000001577 nova-scheduler[95757]: DEBUG cotyledon.oslo_config_glue [-] oslo_limit.region_name = None {{(pid=95757) log_opt_values /opt/stack/data/venv/lib/python3.12/site-packages/oslo_config/cfg.py:3256}}
May 28 00:54:22.563738 np0000001577 nova-scheduler[95757]: DEBUG cotyledon.oslo_config_glue [-] oslo_limit.retriable_status_codes = None {{(pid=95757) log_opt_values /opt/stack/data/venv/lib/python3.12/site-packages/oslo_config/cfg.py:3256}}
May 28 00:54:22.563738 np0000001577 nova-scheduler[95757]: DEBUG cotyledon.oslo_config_glue [-] oslo_limit.service_name = None {{(pid=95757) log_opt_values /opt/stack/data/venv/lib/python3.12/site-packages/oslo_config/cfg.py:3256}}
May 28 00:54:22.563738 np0000001577 nova-scheduler[95757]: DEBUG cotyledon.oslo_config_glue [-] oslo_limit.service_type = None {{(pid=95757) log_opt_values /opt/stack/data/venv/lib/python3.12/site-packages/oslo_config/cfg.py:3256}}
May 28 00:54:22.563738 np0000001577 nova-scheduler[95757]: DEBUG cotyledon.oslo_config_glue [-] oslo_limit.split_loggers = False {{(pid=95757) log_opt_values /opt/stack/data/venv/lib/python3.12/site-packages/oslo_config/cfg.py:3256}}
May 28 00:54:22.563738 np0000001577 nova-scheduler[95757]: DEBUG cotyledon.oslo_config_glue [-] oslo_limit.status_code_retries = None {{(pid=95757) log_opt_values /opt/stack/data/venv/lib/python3.12/site-packages/oslo_config/cfg.py:3256}}
May 28 00:54:22.563738 np0000001577 nova-scheduler[95757]: DEBUG cotyledon.oslo_config_glue [-] oslo_limit.status_code_retry_delay = None {{(pid=95757) log_opt_values /opt/stack/data/venv/lib/python3.12/site-packages/oslo_config/cfg.py:3256}}
May 28 00:54:22.563738 np0000001577 nova-scheduler[95757]: DEBUG cotyledon.oslo_config_glue [-] oslo_limit.timeout = None {{(pid=95757) log_opt_values /opt/stack/data/venv/lib/python3.12/site-packages/oslo_config/cfg.py:3256}}
May 28 00:54:22.563738 np0000001577 nova-scheduler[95757]: DEBUG cotyledon.oslo_config_glue [-] oslo_limit.valid_interfaces = None {{(pid=95757) log_opt_values /opt/stack/data/venv/lib/python3.12/site-packages/oslo_config/cfg.py:3256}}
May 28 00:54:22.563995 np0000001577 nova-scheduler[95757]: DEBUG cotyledon.oslo_config_glue [-] oslo_limit.version = None {{(pid=95757) log_opt_values /opt/stack/data/venv/lib/python3.12/site-packages/oslo_config/cfg.py:3256}}
May 28 00:54:22.563995 np0000001577 nova-scheduler[95757]: DEBUG cotyledon.oslo_config_glue [-] oslo_reports.file_event_handler = None {{(pid=95757) log_opt_values /opt/stack/data/venv/lib/python3.12/site-packages/oslo_config/cfg.py:3256}}
May 28 00:54:22.563995 np0000001577 nova-scheduler[95757]: DEBUG cotyledon.oslo_config_glue [-] oslo_reports.file_event_handler_interval = 1 {{(pid=95757) log_opt_values /opt/stack/data/venv/lib/python3.12/site-packages/oslo_config/cfg.py:3256}}
May 28 00:54:22.563995 np0000001577 nova-scheduler[95757]: DEBUG cotyledon.oslo_config_glue [-] oslo_reports.log_dir = None {{(pid=95757) log_opt_values /opt/stack/data/venv/lib/python3.12/site-packages/oslo_config/cfg.py:3256}}
May 28 00:54:22.563995 np0000001577 nova-scheduler[95757]: DEBUG cotyledon.oslo_config_glue [-] ******************************************************************************** {{(pid=95757) log_opt_values /opt/stack/data/venv/lib/python3.12/site-packages/oslo_config/cfg.py:3263}}
May 28 00:54:22.563995 np0000001577 nova-scheduler[95757]: DEBUG cotyledon._service_worker [-] Run service ServiceWrapper(2) [95757] {{(pid=95757) wait_forever /opt/stack/data/venv/lib/python3.12/site-packages/cotyledon/_service_worker.py:218}}
May 28 00:54:22.563995 np0000001577 nova-scheduler[95757]: INFO nova.service [-] Starting scheduler node (version 33.1.0)
May 28 00:54:22.563995 np0000001577 nova-scheduler[95757]: INFO dbcounter [None req-791188e3-1d53-4b92-84ee-c6c8d6ded96a None None] Registered counter for database nova_cell0
May 28 00:54:22.577526 np0000001577 nova-scheduler[95753]: DEBUG oslo_db.sqlalchemy.engines [None req-dac1f6d2-8fc9-4bef-bc0c-de160d9352d7 None None] MySQL server mode set to STRICT_TRANS_TABLES,STRICT_ALL_TABLES,NO_ZERO_IN_DATE,NO_ZERO_DATE,ERROR_FOR_DIVISION_BY_ZERO,TRADITIONAL,NO_ENGINE_SUBSTITUTION {{(pid=95753) _check_effective_sql_mode /opt/stack/data/venv/lib/python3.12/site-packages/oslo_db/sqlalchemy/engines.py:325}}
May 28 00:54:22.587830 np0000001577 nova-scheduler[95753]: DEBUG dbcounter [-] [95753] Writer thread running {{(pid=95753) stat_writer /opt/stack/data/venv/lib/python3.12/site-packages/dbcounter.py:102}}
May 28 00:54:22.588416 np0000001577 nova-scheduler[95755]: DEBUG oslo_db.sqlalchemy.engines [None req-9da47bae-c501-4047-a62f-9f2be2ee4142 None None] MySQL server mode set to STRICT_TRANS_TABLES,STRICT_ALL_TABLES,NO_ZERO_IN_DATE,NO_ZERO_DATE,ERROR_FOR_DIVISION_BY_ZERO,TRADITIONAL,NO_ENGINE_SUBSTITUTION {{(pid=95755) _check_effective_sql_mode /opt/stack/data/venv/lib/python3.12/site-packages/oslo_db/sqlalchemy/engines.py:325}}
May 28 00:54:22.599299 np0000001577 nova-scheduler[95757]: DEBUG oslo_db.sqlalchemy.engines [None req-791188e3-1d53-4b92-84ee-c6c8d6ded96a None None] MySQL server mode set to STRICT_TRANS_TABLES,STRICT_ALL_TABLES,NO_ZERO_IN_DATE,NO_ZERO_DATE,ERROR_FOR_DIVISION_BY_ZERO,TRADITIONAL,NO_ENGINE_SUBSTITUTION {{(pid=95757) _check_effective_sql_mode /opt/stack/data/venv/lib/python3.12/site-packages/oslo_db/sqlalchemy/engines.py:325}}
May 28 00:54:22.599431 np0000001577 nova-scheduler[95755]: DEBUG dbcounter [-] [95755] Writer thread running {{(pid=95755) stat_writer /opt/stack/data/venv/lib/python3.12/site-packages/dbcounter.py:102}}
May 28 00:54:22.603955 np0000001577 nova-scheduler[95753]: DEBUG nova.service [None req-dac1f6d2-8fc9-4bef-bc0c-de160d9352d7 None None] Creating RPC server for service: nova-scheduler on topic: scheduler {{(pid=95753) start /opt/stack/nova/nova/service.py:195}}
May 28 00:54:22.610805 np0000001577 nova-scheduler[95757]: DEBUG dbcounter [-] [95757] Writer thread running {{(pid=95757) stat_writer /opt/stack/data/venv/lib/python3.12/site-packages/dbcounter.py:102}}
May 28 00:54:22.614491 np0000001577 nova-scheduler[95757]: DEBUG nova.service [None req-791188e3-1d53-4b92-84ee-c6c8d6ded96a None None] Creating RPC server for service: nova-scheduler on topic: scheduler {{(pid=95757) start /opt/stack/nova/nova/service.py:195}}
May 28 00:54:22.616150 np0000001577 nova-scheduler[95755]: DEBUG nova.service [None req-9da47bae-c501-4047-a62f-9f2be2ee4142 None None] Creating RPC server for service: nova-scheduler on topic: scheduler {{(pid=95755) start /opt/stack/nova/nova/service.py:195}}
May 28 00:54:22.639573 np0000001577 nova-scheduler[95757]: DEBUG nova.service [None req-791188e3-1d53-4b92-84ee-c6c8d6ded96a None None] Join ServiceGroup membership for this service scheduler {{(pid=95757) start /opt/stack/nova/nova/service.py:221}}
May 28 00:54:22.639924 np0000001577 nova-scheduler[95757]: DEBUG nova.servicegroup.drivers.db [None req-791188e3-1d53-4b92-84ee-c6c8d6ded96a None None] DB_Driver: join new ServiceGroup member np0000001577 to the scheduler group, service = {{(pid=95757) join /opt/stack/nova/nova/servicegroup/drivers/db.py:44}}
May 28 00:54:22.644073 np0000001577 nova-scheduler[95755]: DEBUG nova.service [None req-9da47bae-c501-4047-a62f-9f2be2ee4142 None None] Join ServiceGroup membership for this service scheduler {{(pid=95755) start /opt/stack/nova/nova/service.py:221}}
May 28 00:54:22.644286 np0000001577 nova-scheduler[95755]: DEBUG nova.servicegroup.drivers.db [None req-9da47bae-c501-4047-a62f-9f2be2ee4142 None None] DB_Driver: join new ServiceGroup member np0000001577 to the scheduler group, service = {{(pid=95755) join /opt/stack/nova/nova/servicegroup/drivers/db.py:44}}
May 28 00:54:22.655171 np0000001577 nova-scheduler[95753]: DEBUG nova.service [None req-dac1f6d2-8fc9-4bef-bc0c-de160d9352d7 None None] Join ServiceGroup membership for this service scheduler {{(pid=95753) start /opt/stack/nova/nova/service.py:221}}
May 28 00:54:22.655342 np0000001577 nova-scheduler[95753]: DEBUG nova.servicegroup.drivers.db [None req-dac1f6d2-8fc9-4bef-bc0c-de160d9352d7 None None] DB_Driver: join new ServiceGroup member np0000001577 to the scheduler group, service = {{(pid=95753) join /opt/stack/nova/nova/servicegroup/drivers/db.py:44}}
May 28 00:54:27.660697 np0000001577 nova-scheduler[95755]: DEBUG oslo.service.backend._threading.loopingcall [-] Fixed interval looping call 'nova.servicegroup.drivers.db.DbDriver._report_state' sleeping for 119.99 seconds {{(pid=95755) _run_loop /opt/stack/data/venv/lib/python3.12/site-packages/oslo_service/backend/_threading/loopingcall.py:125}}
May 28 00:54:27.664570 np0000001577 nova-scheduler[95757]: DEBUG oslo.service.backend._threading.loopingcall [-] Fixed interval looping call 'nova.servicegroup.drivers.db.DbDriver._report_state' sleeping for 119.98 seconds {{(pid=95757) _run_loop /opt/stack/data/venv/lib/python3.12/site-packages/oslo_service/backend/_threading/loopingcall.py:125}}
May 28 00:54:27.670330 np0000001577 nova-scheduler[95753]: DEBUG oslo.service.backend._threading.loopingcall [-] Fixed interval looping call 'nova.servicegroup.drivers.db.DbDriver._report_state' sleeping for 119.99 seconds {{(pid=95753) _run_loop /opt/stack/data/venv/lib/python3.12/site-packages/oslo_service/backend/_threading/loopingcall.py:125}}
May 28 00:54:31.139150 np0000001577 nova-scheduler[94479]: DEBUG dbcounter [-] [94479] Writing DB stats nova_api:SELECT=3 {{(pid=94479) stat_writer /opt/stack/data/venv/lib/python3.12/site-packages/dbcounter.py:115}}
May 28 00:54:31.292657 np0000001577 nova-scheduler[94479]: DEBUG dbcounter [-] [94479] Writing DB stats nova_cell1:SELECT=1 {{(pid=94479) stat_writer /opt/stack/data/venv/lib/python3.12/site-packages/dbcounter.py:115}}
May 28 00:54:31.301519 np0000001577 nova-scheduler[94479]: DEBUG dbcounter [-] [94479] Writing DB stats nova_cell0:SELECT=1 {{(pid=94479) stat_writer /opt/stack/data/venv/lib/python3.12/site-packages/dbcounter.py:115}}
May 28 00:54:37.656613 np0000001577 nova-scheduler[95755]: DEBUG dbcounter [-] [95755] Writing DB stats nova_cell0:SELECT=4,nova_cell0:INSERT=1,nova_cell0:UPDATE=1 {{(pid=95755) stat_writer /opt/stack/data/venv/lib/python3.12/site-packages/dbcounter.py:115}}
May 28 00:54:37.657068 np0000001577 nova-scheduler[95757]: DEBUG dbcounter [-] [95757] Writing DB stats nova_cell0:SELECT=3,nova_cell0:UPDATE=1 {{(pid=95757) stat_writer /opt/stack/data/venv/lib/python3.12/site-packages/dbcounter.py:115}}
May 28 00:54:37.665063 np0000001577 nova-scheduler[95753]: DEBUG dbcounter [-] [95753] Writing DB stats nova_cell0:SELECT=4,nova_cell0:INSERT=1 {{(pid=95753) stat_writer /opt/stack/data/venv/lib/python3.12/site-packages/dbcounter.py:115}}
May 28 00:55:15.647790 np0000001577 nova-scheduler[95755]: DEBUG oslo.service.backend._threading.loopingcall [None req-b72362cd-8f27-4cb0-8650-cea9212324b7 None None] Dynamic interval looping call 'nova.service.Service.periodic_tasks' sleeping for 60.00 seconds {{(pid=95755) _run_loop /opt/stack/data/venv/lib/python3.12/site-packages/oslo_service/backend/_threading/loopingcall.py:125}}
May 28 00:55:15.657006 np0000001577 nova-scheduler[95753]: DEBUG oslo.service.backend._threading.loopingcall [None req-6e4d3bb4-d6ca-47f7-9d7e-d43afd3a41e3 None None] Dynamic interval looping call 'nova.service.Service.periodic_tasks' sleeping for 60.00 seconds {{(pid=95753) _run_loop /opt/stack/data/venv/lib/python3.12/site-packages/oslo_service/backend/_threading/loopingcall.py:125}}
May 28 00:55:19.641907 np0000001577 nova-scheduler[95757]: DEBUG oslo.service.backend._threading.loopingcall [None req-d4f34a89-6720-4be7-a14c-eef5be7f5d0f None None] Dynamic interval looping call 'nova.service.Service.periodic_tasks' sleeping for 60.00 seconds {{(pid=95757) _run_loop /opt/stack/data/venv/lib/python3.12/site-packages/oslo_service/backend/_threading/loopingcall.py:125}}
May 28 00:56:15.648288 np0000001577 nova-scheduler[95755]: DEBUG oslo.service.backend._threading.loopingcall [None req-b72362cd-8f27-4cb0-8650-cea9212324b7 None None] Dynamic interval looping call 'nova.service.Service.periodic_tasks' sleeping for 60.00 seconds {{(pid=95755) _run_loop /opt/stack/data/venv/lib/python3.12/site-packages/oslo_service/backend/_threading/loopingcall.py:125}}
May 28 00:56:15.657501 np0000001577 nova-scheduler[95753]: DEBUG oslo.service.backend._threading.loopingcall [None req-6e4d3bb4-d6ca-47f7-9d7e-d43afd3a41e3 None None] Dynamic interval looping call 'nova.service.Service.periodic_tasks' sleeping for 60.00 seconds {{(pid=95753) _run_loop /opt/stack/data/venv/lib/python3.12/site-packages/oslo_service/backend/_threading/loopingcall.py:125}}
May 28 00:56:19.642423 np0000001577 nova-scheduler[95757]: DEBUG oslo.service.backend._threading.loopingcall [None req-d4f34a89-6720-4be7-a14c-eef5be7f5d0f None None] Dynamic interval looping call 'nova.service.Service.periodic_tasks' sleeping for 60.00 seconds {{(pid=95757) _run_loop /opt/stack/data/venv/lib/python3.12/site-packages/oslo_service/backend/_threading/loopingcall.py:125}}
May 28 00:56:27.649226 np0000001577 nova-scheduler[95757]: DEBUG oslo.service.backend._threading.loopingcall [-] Fixed interval looping call 'nova.servicegroup.drivers.db.DbDriver._report_state' sleeping for 119.99 seconds {{(pid=95757) _run_loop /opt/stack/data/venv/lib/python3.12/site-packages/oslo_service/backend/_threading/loopingcall.py:125}}
May 28 00:56:27.654373 np0000001577 nova-scheduler[95755]: DEBUG oslo.service.backend._threading.loopingcall [-] Fixed interval looping call 'nova.servicegroup.drivers.db.DbDriver._report_state' sleeping for 120.00 seconds {{(pid=95755) _run_loop /opt/stack/data/venv/lib/python3.12/site-packages/oslo_service/backend/_threading/loopingcall.py:125}}
May 28 00:56:27.661611 np0000001577 nova-scheduler[95753]: DEBUG oslo.service.backend._threading.loopingcall [-] Fixed interval looping call 'nova.servicegroup.drivers.db.DbDriver._report_state' sleeping for 120.00 seconds {{(pid=95753) _run_loop /opt/stack/data/venv/lib/python3.12/site-packages/oslo_service/backend/_threading/loopingcall.py:125}}
May 28 00:56:37.645031 np0000001577 nova-scheduler[95757]: DEBUG dbcounter [-] [95757] Writing DB stats nova_cell0:SELECT=1,nova_cell0:UPDATE=1 {{(pid=95757) stat_writer /opt/stack/data/venv/lib/python3.12/site-packages/dbcounter.py:115}}
May 28 00:56:37.652707 np0000001577 nova-scheduler[95755]: DEBUG dbcounter [-] [95755] Writing DB stats nova_cell0:SELECT=1 {{(pid=95755) stat_writer /opt/stack/data/venv/lib/python3.12/site-packages/dbcounter.py:115}}
May 28 00:56:37.659966 np0000001577 nova-scheduler[95753]: DEBUG dbcounter [-] [95753] Writing DB stats nova_cell0:SELECT=1 {{(pid=95753) stat_writer /opt/stack/data/venv/lib/python3.12/site-packages/dbcounter.py:115}}
May 28 00:57:06.254615 np0000001577 nova-scheduler[95757]: DEBUG nova.scheduler.manager [None req-f4df5e2e-b1eb-4dc1-9465-8e603e29bc16 tempest-AttachSCSIVolumeTestJSON-1126953535 tempest-AttachSCSIVolumeTestJSON-1126953535-project-member] Starting to schedule for instances: ['8783a79a-1374-43cf-8f20-81f1a156a315'] {{(pid=95757) select_destinations /opt/stack/nova/nova/scheduler/manager.py:210}}
May 28 00:57:06.255322 np0000001577 nova-scheduler[95757]: DEBUG nova.scheduler.request_filter [None req-f4df5e2e-b1eb-4dc1-9465-8e603e29bc16 tempest-AttachSCSIVolumeTestJSON-1126953535 tempest-AttachSCSIVolumeTestJSON-1126953535-project-member] compute_status_filter request filter added forbidden trait COMPUTE_STATUS_DISABLED {{(pid=95757) compute_status_filter /opt/stack/nova/nova/scheduler/request_filter.py:253}}
May 28 00:57:06.255449 np0000001577 nova-scheduler[95757]: DEBUG nova.scheduler.request_filter [None req-f4df5e2e-b1eb-4dc1-9465-8e603e29bc16 tempest-AttachSCSIVolumeTestJSON-1126953535 tempest-AttachSCSIVolumeTestJSON-1126953535-project-member] Request filter 'compute_status_filter' took 0.0 seconds {{(pid=95757) wrapper /opt/stack/nova/nova/scheduler/request_filter.py:46}}
May 28 00:57:06.255720 np0000001577 nova-scheduler[95757]: DEBUG nova.scheduler.request_filter [None req-f4df5e2e-b1eb-4dc1-9465-8e603e29bc16 tempest-AttachSCSIVolumeTestJSON-1126953535 tempest-AttachSCSIVolumeTestJSON-1126953535-project-member] Request filter 'accelerators_filter' took 0.0 seconds {{(pid=95757) wrapper /opt/stack/nova/nova/scheduler/request_filter.py:46}}
May 28 00:57:06.255927 np0000001577 nova-scheduler[95757]: DEBUG nova.scheduler.request_filter [None req-f4df5e2e-b1eb-4dc1-9465-8e603e29bc16 tempest-AttachSCSIVolumeTestJSON-1126953535 tempest-AttachSCSIVolumeTestJSON-1126953535-project-member] Request filter 'packed_virtqueue_filter' took 0.0 seconds {{(pid=95757) wrapper /opt/stack/nova/nova/scheduler/request_filter.py:46}}
May 28 00:57:06.256232 np0000001577 nova-scheduler[95757]: DEBUG nova.scheduler.request_filter [None req-f4df5e2e-b1eb-4dc1-9465-8e603e29bc16 tempest-AttachSCSIVolumeTestJSON-1126953535 tempest-AttachSCSIVolumeTestJSON-1126953535-project-member] Request filter 'remote_managed_ports_filter' took 0.0 seconds {{(pid=95757) wrapper /opt/stack/nova/nova/scheduler/request_filter.py:46}}
May 28 00:57:06.256403 np0000001577 nova-scheduler[95757]: DEBUG nova.scheduler.request_filter [None req-f4df5e2e-b1eb-4dc1-9465-8e603e29bc16 tempest-AttachSCSIVolumeTestJSON-1126953535 tempest-AttachSCSIVolumeTestJSON-1126953535-project-member] ephemeral_encryption_filter skipped {{(pid=95757) ephemeral_encryption_filter /opt/stack/nova/nova/scheduler/request_filter.py:426}}
May 28 00:57:06.256569 np0000001577 nova-scheduler[95757]: DEBUG nova.scheduler.request_filter [None req-f4df5e2e-b1eb-4dc1-9465-8e603e29bc16 tempest-AttachSCSIVolumeTestJSON-1126953535 tempest-AttachSCSIVolumeTestJSON-1126953535-project-member] virtio_sound_filter skipped {{(pid=95757) virtio_sound_filter /opt/stack/nova/nova/scheduler/request_filter.py:460}}
May 28 00:57:06.256734 np0000001577 nova-scheduler[95757]: DEBUG nova.scheduler.request_filter [None req-f4df5e2e-b1eb-4dc1-9465-8e603e29bc16 tempest-AttachSCSIVolumeTestJSON-1126953535 tempest-AttachSCSIVolumeTestJSON-1126953535-project-member] tpm_secret_security_filter skipped {{(pid=95757) tpm_secret_security_filter /opt/stack/nova/nova/scheduler/request_filter.py:477}}
May 28 00:57:06.425643 np0000001577 nova-scheduler[95755]: DEBUG nova.scheduler.manager [None req-4772ee86-53ff-4633-a4fc-f6cad4f6407a tempest-TaggedAttachmentsTest-585237783 tempest-TaggedAttachmentsTest-585237783-project-member] Starting to schedule for instances: ['b1380963-8254-4ad0-95bb-91d24cea00f9'] {{(pid=95755) select_destinations /opt/stack/nova/nova/scheduler/manager.py:210}}
May 28 00:57:06.425643 np0000001577 nova-scheduler[95755]: DEBUG nova.scheduler.request_filter [None req-4772ee86-53ff-4633-a4fc-f6cad4f6407a tempest-TaggedAttachmentsTest-585237783 tempest-TaggedAttachmentsTest-585237783-project-member] compute_status_filter request filter added forbidden trait COMPUTE_STATUS_DISABLED {{(pid=95755) compute_status_filter /opt/stack/nova/nova/scheduler/request_filter.py:253}}
May 28 00:57:06.426706 np0000001577 nova-scheduler[95755]: DEBUG nova.scheduler.request_filter [None req-4772ee86-53ff-4633-a4fc-f6cad4f6407a tempest-TaggedAttachmentsTest-585237783 tempest-TaggedAttachmentsTest-585237783-project-member] Request filter 'compute_status_filter' took 0.0 seconds {{(pid=95755) wrapper /opt/stack/nova/nova/scheduler/request_filter.py:46}}
May 28 00:57:06.426706 np0000001577 nova-scheduler[95755]: DEBUG nova.scheduler.request_filter [None req-4772ee86-53ff-4633-a4fc-f6cad4f6407a tempest-TaggedAttachmentsTest-585237783 tempest-TaggedAttachmentsTest-585237783-project-member] Request filter 'accelerators_filter' took 0.0 seconds {{(pid=95755) wrapper /opt/stack/nova/nova/scheduler/request_filter.py:46}}
May 28 00:57:06.428637 np0000001577 nova-scheduler[95755]: DEBUG nova.scheduler.request_filter [None req-4772ee86-53ff-4633-a4fc-f6cad4f6407a tempest-TaggedAttachmentsTest-585237783 tempest-TaggedAttachmentsTest-585237783-project-member] Request filter 'packed_virtqueue_filter' took 0.0 seconds {{(pid=95755) wrapper /opt/stack/nova/nova/scheduler/request_filter.py:46}}
May 28 00:57:06.428637 np0000001577 nova-scheduler[95755]: DEBUG nova.scheduler.request_filter [None req-4772ee86-53ff-4633-a4fc-f6cad4f6407a tempest-TaggedAttachmentsTest-585237783 tempest-TaggedAttachmentsTest-585237783-project-member] Request filter 'remote_managed_ports_filter' took 0.0 seconds {{(pid=95755) wrapper /opt/stack/nova/nova/scheduler/request_filter.py:46}}
May 28 00:57:06.428637 np0000001577 nova-scheduler[95755]: DEBUG nova.scheduler.request_filter [None req-4772ee86-53ff-4633-a4fc-f6cad4f6407a tempest-TaggedAttachmentsTest-585237783 tempest-TaggedAttachmentsTest-585237783-project-member] ephemeral_encryption_filter skipped {{(pid=95755) ephemeral_encryption_filter /opt/stack/nova/nova/scheduler/request_filter.py:426}}
May 28 00:57:06.428637 np0000001577 nova-scheduler[95755]: DEBUG nova.scheduler.request_filter [None req-4772ee86-53ff-4633-a4fc-f6cad4f6407a tempest-TaggedAttachmentsTest-585237783 tempest-TaggedAttachmentsTest-585237783-project-member] virtio_sound_filter skipped {{(pid=95755) virtio_sound_filter /opt/stack/nova/nova/scheduler/request_filter.py:460}}
May 28 00:57:06.428637 np0000001577 nova-scheduler[95755]: DEBUG nova.scheduler.request_filter [None req-4772ee86-53ff-4633-a4fc-f6cad4f6407a tempest-TaggedAttachmentsTest-585237783 tempest-TaggedAttachmentsTest-585237783-project-member] tpm_secret_security_filter skipped {{(pid=95755) tpm_secret_security_filter /opt/stack/nova/nova/scheduler/request_filter.py:477}}
May 28 00:57:06.657429 np0000001577 nova-scheduler[95757]: INFO nova.utils [None req-f4df5e2e-b1eb-4dc1-9465-8e603e29bc16 tempest-AttachSCSIVolumeTestJSON-1126953535 tempest-AttachSCSIVolumeTestJSON-1126953535-project-member] The cell worker thread pool ForkProcess-3.cell_worker is initialized
May 28 00:57:06.657935 np0000001577 nova-scheduler[95757]: DEBUG oslo_concurrency.lockutils [None req-f4df5e2e-b1eb-4dc1-9465-8e603e29bc16 tempest-AttachSCSIVolumeTestJSON-1126953535 tempest-AttachSCSIVolumeTestJSON-1126953535-project-member] Acquiring lock "d1e04c73-ae46-41fb-bd4c-5289d67e4dd6" by "nova.context.set_target_cell..get_or_set_cached_cell_and_set_connections" {{(pid=95757) inner /opt/stack/data/venv/lib/python3.12/site-packages/oslo_concurrency/lockutils.py:511}}
May 28 00:57:06.658153 np0000001577 nova-scheduler[95757]: DEBUG oslo_concurrency.lockutils [None req-f4df5e2e-b1eb-4dc1-9465-8e603e29bc16 tempest-AttachSCSIVolumeTestJSON-1126953535 tempest-AttachSCSIVolumeTestJSON-1126953535-project-member] Lock "d1e04c73-ae46-41fb-bd4c-5289d67e4dd6" acquired by "nova.context.set_target_cell..get_or_set_cached_cell_and_set_connections" :: waited 0.000s {{(pid=95757) inner /opt/stack/data/venv/lib/python3.12/site-packages/oslo_concurrency/lockutils.py:524}}
May 28 00:57:06.660200 np0000001577 nova-scheduler[95757]: DEBUG oslo_concurrency.lockutils [None req-f4df5e2e-b1eb-4dc1-9465-8e603e29bc16 tempest-AttachSCSIVolumeTestJSON-1126953535 tempest-AttachSCSIVolumeTestJSON-1126953535-project-member] Lock "d1e04c73-ae46-41fb-bd4c-5289d67e4dd6" "released" by "nova.context.set_target_cell..get_or_set_cached_cell_and_set_connections" :: held 0.002s {{(pid=95757) inner /opt/stack/data/venv/lib/python3.12/site-packages/oslo_concurrency/lockutils.py:543}}
May 28 00:57:06.663138 np0000001577 nova-scheduler[95757]: INFO dbcounter [None req-f4df5e2e-b1eb-4dc1-9465-8e603e29bc16 tempest-AttachSCSIVolumeTestJSON-1126953535 tempest-AttachSCSIVolumeTestJSON-1126953535-project-member] Registered counter for database nova_cell1
May 28 00:57:06.721442 np0000001577 nova-scheduler[95757]: DEBUG oslo_db.sqlalchemy.engines [None req-f4df5e2e-b1eb-4dc1-9465-8e603e29bc16 tempest-AttachSCSIVolumeTestJSON-1126953535 tempest-AttachSCSIVolumeTestJSON-1126953535-project-member] MySQL server mode set to STRICT_TRANS_TABLES,STRICT_ALL_TABLES,NO_ZERO_IN_DATE,NO_ZERO_DATE,ERROR_FOR_DIVISION_BY_ZERO,TRADITIONAL,NO_ENGINE_SUBSTITUTION {{(pid=95757) _check_effective_sql_mode /opt/stack/data/venv/lib/python3.12/site-packages/oslo_db/sqlalchemy/engines.py:325}}
May 28 00:57:06.727598 np0000001577 nova-scheduler[95757]: DEBUG dbcounter [-] [95757] Writer thread running {{(pid=95757) stat_writer /opt/stack/data/venv/lib/python3.12/site-packages/dbcounter.py:102}}
May 28 00:57:06.738344 np0000001577 nova-scheduler[95757]: DEBUG oslo_db.sqlalchemy.engines [None req-f4df5e2e-b1eb-4dc1-9465-8e603e29bc16 tempest-AttachSCSIVolumeTestJSON-1126953535 tempest-AttachSCSIVolumeTestJSON-1126953535-project-member] Parent process 94479 forked (95757) with an open database connection, which is being discarded and recreated. {{(pid=95757) checkout /opt/stack/data/venv/lib/python3.12/site-packages/oslo_db/sqlalchemy/engines.py:402}}
May 28 00:57:06.785697 np0000001577 nova-scheduler[95757]: DEBUG dbcounter [-] [95757] Writer thread running {{(pid=95757) stat_writer /opt/stack/data/venv/lib/python3.12/site-packages/dbcounter.py:102}}
May 28 00:57:06.788914 np0000001577 nova-scheduler[95757]: DEBUG oslo_concurrency.lockutils [None req-f4df5e2e-b1eb-4dc1-9465-8e603e29bc16 tempest-AttachSCSIVolumeTestJSON-1126953535 tempest-AttachSCSIVolumeTestJSON-1126953535-project-member] Acquiring lock "d1e04c73-ae46-41fb-bd4c-5289d67e4dd6" by "nova.context.set_target_cell..get_or_set_cached_cell_and_set_connections" {{(pid=95757) inner /opt/stack/data/venv/lib/python3.12/site-packages/oslo_concurrency/lockutils.py:511}}
May 28 00:57:06.789252 np0000001577 nova-scheduler[95757]: DEBUG oslo_concurrency.lockutils [None req-f4df5e2e-b1eb-4dc1-9465-8e603e29bc16 tempest-AttachSCSIVolumeTestJSON-1126953535 tempest-AttachSCSIVolumeTestJSON-1126953535-project-member] Lock "d1e04c73-ae46-41fb-bd4c-5289d67e4dd6" acquired by "nova.context.set_target_cell..get_or_set_cached_cell_and_set_connections" :: waited 0.000s {{(pid=95757) inner /opt/stack/data/venv/lib/python3.12/site-packages/oslo_concurrency/lockutils.py:524}}
May 28 00:57:06.789398 np0000001577 nova-scheduler[95757]: DEBUG oslo_concurrency.lockutils [None req-f4df5e2e-b1eb-4dc1-9465-8e603e29bc16 tempest-AttachSCSIVolumeTestJSON-1126953535 tempest-AttachSCSIVolumeTestJSON-1126953535-project-member] Lock "d1e04c73-ae46-41fb-bd4c-5289d67e4dd6" "released" by "nova.context.set_target_cell..get_or_set_cached_cell_and_set_connections" :: held 0.000s {{(pid=95757) inner /opt/stack/data/venv/lib/python3.12/site-packages/oslo_concurrency/lockutils.py:543}}
May 28 00:57:06.793389 np0000001577 nova-scheduler[95757]: DEBUG oslo_concurrency.lockutils [None req-f4df5e2e-b1eb-4dc1-9465-8e603e29bc16 tempest-AttachSCSIVolumeTestJSON-1126953535 tempest-AttachSCSIVolumeTestJSON-1126953535-project-member] Acquiring lock "('np0000001577', 'np0000001577')" by "nova.scheduler.host_manager.HostState.update.._locked_update" {{(pid=95757) inner /opt/stack/data/venv/lib/python3.12/site-packages/oslo_concurrency/lockutils.py:511}}
May 28 00:57:06.793510 np0000001577 nova-scheduler[95757]: DEBUG oslo_concurrency.lockutils [None req-f4df5e2e-b1eb-4dc1-9465-8e603e29bc16 tempest-AttachSCSIVolumeTestJSON-1126953535 tempest-AttachSCSIVolumeTestJSON-1126953535-project-member] Lock "('np0000001577', 'np0000001577')" acquired by "nova.scheduler.host_manager.HostState.update.._locked_update" :: waited 0.000s {{(pid=95757) inner /opt/stack/data/venv/lib/python3.12/site-packages/oslo_concurrency/lockutils.py:524}}
May 28 00:57:06.794987 np0000001577 nova-scheduler[95757]: DEBUG nova.scheduler.host_manager [None req-f4df5e2e-b1eb-4dc1-9465-8e603e29bc16 tempest-AttachSCSIVolumeTestJSON-1126953535 tempest-AttachSCSIVolumeTestJSON-1126953535-project-member] Update host state from compute node: ComputeNode(cpu_allocation_ratio=4.0,cpu_info='{"arch": "x86_64", "model": "EPYC-Milan", "vendor": "AMD", "topology": {"cells": 1, "sockets": 12, "cores": 1, "threads": 1}, "maxphysaddr": {"mode": "emulate", "bits": 40}, "features": ["fma", "hypervisor", "tsc-scale", "rdctl-no", "sse2", "de", "pse36", "tsc_adjust", "amd-ssbd", "fsgsbase", "tsc-deadline", "ssse3", "mca", "lahf_lm", "invpcid", "pdpe1gb", "fxsr_opt", "ibpb", "syscall", "xgetbv1", "topoext", "rdrand", "npt", "apic", "misalignsse", "pae", "flushbyasid", "nrip-save", "pge", "xsaveopt", "vgif", "nx", "fsrm", "popcnt", "x2apic", "pse", "umip", "lfence-always-serializing", "mds-no", "pclmuldq", "clzero", "pschange-mc-no", "sha-ni", "stibp", "pcid", "sse4.2", "pause-filter", "ssbd", "virt-ssbd", "clflush", "cx8", "movbe", "smep", "clwb", "fpu", "sse", "xsavec", "xsaveerptr", "cmp_legacy", "cx16", "adx", "sse4.1", "amd-psfd", "mtrr", "rdtscp", "avx2", "svme-addr-chk", "f16c", "mmx", "rdpid", "rdseed", "v-vmsave-vmload", "mmxext", "abm", "fxsr", "arch-capabilities", "ibrs", "xsaves", "sse4a", "no-nested-data-bp", "xsave", "3dnowprefetch", "bmi1", "bmi2", "avx", "lbrv", "pat", "osvw", "vaes", "erms", "cr8legacy", "arat", "clflushopt", "vmcb-clean", "pku", "aes", "svm", "vme", "msr", "lm", "spec-ctrl", "pfthreshold", "sep", "stibp-always-on", "tsc", "gds-no", "vpclmulqdq", "cmov", "mce", "skip-l1dfl-vmentry", "amd-stibp", "pni", "smap", "wbnoinvd", "perfctr_core", "null-sel-clr-base"]}',created_at=2026-05-28T00:54:47Z,current_workload=0,deleted=False,deleted_at=None,disk_allocation_ratio=1.0,disk_available_least=74,free_disk_gb=95,free_ram_mb=23518,host='np0000001577',host_ip=10.4.3.88,hypervisor_hostname='np0000001577',hypervisor_type='QEMU',hypervisor_version=8002002,id=1,local_gb=95,local_gb_used=0,mapped=1,memory_mb=24030,memory_mb_used=512,metrics='[]',numa_topology='{"nova_object.name": "NUMATopology", "nova_object.namespace": "nova", "nova_object.version": "1.2", "nova_object.data": {"cells": [{"nova_object.name": "NUMACell", "nova_object.namespace": "nova", "nova_object.version": "1.5", "nova_object.data": {"id": 0, "cpuset": [0, 1, 2, 3, 4, 5, 6, 7, 8, 9, 10, 11], "pcpuset": [0, 1, 2, 3, 4, 5, 6, 7, 8, 9, 10, 11], "memory": 24030, "cpu_usage": 0, "memory_usage": 0, "pinned_cpus": [], "siblings": [[6], [2], [5], [11], [8], [4], [1], [7], [10], [0], [3], [9]], "mempages": [{"nova_object.name": "NUMAPagesTopology", "nova_object.namespace": "nova", "nova_object.version": "1.1", "nova_object.data": {"size_kb": 4, "total": 6151798, "used": 0, "reserved": 0}, "nova_object.changes": ["reserved", "size_kb", "total", "used"]}, {"nova_object.name": "NUMAPagesTopology", "nova_object.namespace": "nova", "nova_object.version": "1.1", "nova_object.data": {"size_kb": 2048, "total": 0, "used": 0, "reserved": 0}, "nova_object.changes": ["reserved", "size_kb", "total", "used"]}, {"nova_object.name": "NUMAPagesTopology", "nova_object.namespace": "nova", "nova_object.version": "1.1", "nova_object.data": {"size_kb": 1048576, "total": 0, "used": 0, "reserved": 0}, "nova_object.changes": ["reserved", "size_kb", "total", "used"]}], "network_metadata": {"nova_object.name": "NetworkMetadata", "nova_object.namespace": "nova", "nova_object.version": "1.0", "nova_object.data": {"physnets": [], "tunneled": false}, "nova_object.changes": ["tunneled", "physnets"]}, "socket": null}, "nova_object.changes": ["pinned_cpus", "siblings", "id", "network_metadata", "cpuset", "socket", "memory_usage", "memory", "cpu_usage", "mempages", "pcpuset"]}]}, "nova_object.changes": ["cells"]}',pci_device_pools=PciDevicePoolList,ram_allocation_ratio=1.0,running_vms=0,service_id=4,stats={failed_builds='0',uptime=' 00:56:33 up 28 min, 2 users, load average: 1.51, 1.37, 0.80
May 28 00:57:06.794987 np0000001577 nova-scheduler[95757]: '},supported_hv_specs=[HVSpec,HVSpec,HVSpec,HVSpec,HVSpec,HVSpec,HVSpec,HVSpec,HVSpec,HVSpec,HVSpec,HVSpec,HVSpec,HVSpec,HVSpec,HVSpec,HVSpec,HVSpec,HVSpec,HVSpec,HVSpec,HVSpec,HVSpec,HVSpec,HVSpec],updated_at=2026-05-28T00:56:35Z,uuid=78eed366-a2f0-4ead-b3a1-1ceb637e76c2,vcpus=12,vcpus_used=0) {{(pid=95757) _locked_update /opt/stack/nova/nova/scheduler/host_manager.py:168}}
May 28 00:57:06.795639 np0000001577 nova-scheduler[95757]: DEBUG nova.scheduler.host_manager [None req-f4df5e2e-b1eb-4dc1-9465-8e603e29bc16 tempest-AttachSCSIVolumeTestJSON-1126953535 tempest-AttachSCSIVolumeTestJSON-1126953535-project-member] Update host state with aggregates: [] {{(pid=95757) _locked_update /opt/stack/nova/nova/scheduler/host_manager.py:171}}
May 28 00:57:06.795757 np0000001577 nova-scheduler[95757]: DEBUG nova.scheduler.host_manager [None req-f4df5e2e-b1eb-4dc1-9465-8e603e29bc16 tempest-AttachSCSIVolumeTestJSON-1126953535 tempest-AttachSCSIVolumeTestJSON-1126953535-project-member] Update host state with service dict: {'id': 4, 'uuid': 'b02a9709-af08-44b9-b107-47dc09176b75', 'host': 'np0000001577', 'binary': 'nova-compute', 'topic': 'compute', 'report_count': 2, 'disabled': False, 'disabled_reason': None, 'last_seen_up': datetime.datetime(2026, 5, 28, 0, 56, 56, tzinfo=datetime.timezone.utc), 'forced_down': False, 'version': 72, 'created_at': datetime.datetime(2026, 5, 28, 0, 54, 45, tzinfo=datetime.timezone.utc), 'updated_at': datetime.datetime(2026, 5, 28, 0, 56, 56, tzinfo=datetime.timezone.utc), 'deleted_at': None, 'deleted': False} {{(pid=95757) _locked_update /opt/stack/nova/nova/scheduler/host_manager.py:174}}
May 28 00:57:06.795870 np0000001577 nova-scheduler[95757]: DEBUG nova.scheduler.host_manager [None req-f4df5e2e-b1eb-4dc1-9465-8e603e29bc16 tempest-AttachSCSIVolumeTestJSON-1126953535 tempest-AttachSCSIVolumeTestJSON-1126953535-project-member] Update host state with instances: [] {{(pid=95757) _locked_update /opt/stack/nova/nova/scheduler/host_manager.py:177}}
May 28 00:57:06.796064 np0000001577 nova-scheduler[95757]: DEBUG oslo_concurrency.lockutils [None req-f4df5e2e-b1eb-4dc1-9465-8e603e29bc16 tempest-AttachSCSIVolumeTestJSON-1126953535 tempest-AttachSCSIVolumeTestJSON-1126953535-project-member] Lock "('np0000001577', 'np0000001577')" "released" by "nova.scheduler.host_manager.HostState.update.._locked_update" :: held 0.002s {{(pid=95757) inner /opt/stack/data/venv/lib/python3.12/site-packages/oslo_concurrency/lockutils.py:543}}
May 28 00:57:06.796428 np0000001577 nova-scheduler[95757]: DEBUG nova.filters [None req-f4df5e2e-b1eb-4dc1-9465-8e603e29bc16 tempest-AttachSCSIVolumeTestJSON-1126953535 tempest-AttachSCSIVolumeTestJSON-1126953535-project-member] Starting with 1 host(s) {{(pid=95757) get_filtered_objects /opt/stack/nova/nova/filters.py:70}}
May 28 00:57:06.796652 np0000001577 nova-scheduler[95757]: DEBUG nova.filters [None req-f4df5e2e-b1eb-4dc1-9465-8e603e29bc16 tempest-AttachSCSIVolumeTestJSON-1126953535 tempest-AttachSCSIVolumeTestJSON-1126953535-project-member] Filter ComputeFilter returned 1 host(s) {{(pid=95757) get_filtered_objects /opt/stack/nova/nova/filters.py:102}}
May 28 00:57:06.796789 np0000001577 nova-scheduler[95757]: DEBUG nova.filters [None req-f4df5e2e-b1eb-4dc1-9465-8e603e29bc16 tempest-AttachSCSIVolumeTestJSON-1126953535 tempest-AttachSCSIVolumeTestJSON-1126953535-project-member] Filter ComputeCapabilitiesFilter returned 1 host(s) {{(pid=95757) get_filtered_objects /opt/stack/nova/nova/filters.py:102}}
May 28 00:57:06.796997 np0000001577 nova-scheduler[95757]: DEBUG nova.filters [None req-f4df5e2e-b1eb-4dc1-9465-8e603e29bc16 tempest-AttachSCSIVolumeTestJSON-1126953535 tempest-AttachSCSIVolumeTestJSON-1126953535-project-member] Filter ImagePropertiesFilter returned 1 host(s) {{(pid=95757) get_filtered_objects /opt/stack/nova/nova/filters.py:102}}
May 28 00:57:06.797074 np0000001577 nova-scheduler[95757]: DEBUG nova.filters [None req-f4df5e2e-b1eb-4dc1-9465-8e603e29bc16 tempest-AttachSCSIVolumeTestJSON-1126953535 tempest-AttachSCSIVolumeTestJSON-1126953535-project-member] Filter ServerGroupAntiAffinityFilter returned 1 host(s) {{(pid=95757) get_filtered_objects /opt/stack/nova/nova/filters.py:102}}
May 28 00:57:06.797210 np0000001577 nova-scheduler[95757]: DEBUG nova.filters [None req-f4df5e2e-b1eb-4dc1-9465-8e603e29bc16 tempest-AttachSCSIVolumeTestJSON-1126953535 tempest-AttachSCSIVolumeTestJSON-1126953535-project-member] Filter ServerGroupAffinityFilter returned 1 host(s) {{(pid=95757) get_filtered_objects /opt/stack/nova/nova/filters.py:102}}
May 28 00:57:06.797349 np0000001577 nova-scheduler[95757]: DEBUG nova.filters [None req-f4df5e2e-b1eb-4dc1-9465-8e603e29bc16 tempest-AttachSCSIVolumeTestJSON-1126953535 tempest-AttachSCSIVolumeTestJSON-1126953535-project-member] Filter SameHostFilter returned 1 host(s) {{(pid=95757) get_filtered_objects /opt/stack/nova/nova/filters.py:102}}
May 28 00:57:06.797487 np0000001577 nova-scheduler[95757]: DEBUG nova.filters [None req-f4df5e2e-b1eb-4dc1-9465-8e603e29bc16 tempest-AttachSCSIVolumeTestJSON-1126953535 tempest-AttachSCSIVolumeTestJSON-1126953535-project-member] Filter DifferentHostFilter returned 1 host(s) {{(pid=95757) get_filtered_objects /opt/stack/nova/nova/filters.py:102}}
May 28 00:57:06.797663 np0000001577 nova-scheduler[95757]: DEBUG nova.scheduler.manager [None req-f4df5e2e-b1eb-4dc1-9465-8e603e29bc16 tempest-AttachSCSIVolumeTestJSON-1126953535 tempest-AttachSCSIVolumeTestJSON-1126953535-project-member] Filtered [(np0000001577, np0000001577) ram: 23518MB disk: 75776MB io_ops: 0 instances: 0, allocation_candidates: 1] {{(pid=95757) _get_sorted_hosts /opt/stack/nova/nova/scheduler/manager.py:743}}
May 28 00:57:06.797828 np0000001577 nova-scheduler[95757]: DEBUG nova.scheduler.manager [None req-f4df5e2e-b1eb-4dc1-9465-8e603e29bc16 tempest-AttachSCSIVolumeTestJSON-1126953535 tempest-AttachSCSIVolumeTestJSON-1126953535-project-member] Weighed [WeighedHost [host: (np0000001577, np0000001577) ram: 23518MB disk: 75776MB io_ops: 0 instances: 0, allocation_candidates: 1, weight: 0.0]] {{(pid=95757) _get_sorted_hosts /opt/stack/nova/nova/scheduler/manager.py:765}}
May 28 00:57:06.798137 np0000001577 nova-scheduler[95757]: DEBUG nova.scheduler.utils [None req-f4df5e2e-b1eb-4dc1-9465-8e603e29bc16 tempest-AttachSCSIVolumeTestJSON-1126953535 tempest-AttachSCSIVolumeTestJSON-1126953535-project-member] Attempting to claim resources in the placement API for instance 8783a79a-1374-43cf-8f20-81f1a156a315 {{(pid=95757) claim_resources /opt/stack/nova/nova/scheduler/utils.py:1304}}
May 28 00:57:06.976346 np0000001577 nova-scheduler[95757]: DEBUG nova.scheduler.manager [None req-f4df5e2e-b1eb-4dc1-9465-8e603e29bc16 tempest-AttachSCSIVolumeTestJSON-1126953535 tempest-AttachSCSIVolumeTestJSON-1126953535-project-member] [instance: 8783a79a-1374-43cf-8f20-81f1a156a315] Selected host: (np0000001577, np0000001577) ram: 23518MB disk: 75776MB io_ops: 0 instances: 0, allocation_candidates: 1 {{(pid=95757) _consume_selected_host /opt/stack/nova/nova/scheduler/manager.py:625}}
May 28 00:57:06.976674 np0000001577 nova-scheduler[95757]: DEBUG oslo_concurrency.lockutils [None req-f4df5e2e-b1eb-4dc1-9465-8e603e29bc16 tempest-AttachSCSIVolumeTestJSON-1126953535 tempest-AttachSCSIVolumeTestJSON-1126953535-project-member] Acquiring lock "('np0000001577', 'np0000001577')" by "nova.scheduler.host_manager.HostState.consume_from_request.._locked" {{(pid=95757) inner /opt/stack/data/venv/lib/python3.12/site-packages/oslo_concurrency/lockutils.py:511}}
May 28 00:57:06.976857 np0000001577 nova-scheduler[95757]: DEBUG oslo_concurrency.lockutils [None req-f4df5e2e-b1eb-4dc1-9465-8e603e29bc16 tempest-AttachSCSIVolumeTestJSON-1126953535 tempest-AttachSCSIVolumeTestJSON-1126953535-project-member] Lock "('np0000001577', 'np0000001577')" acquired by "nova.scheduler.host_manager.HostState.consume_from_request.._locked" :: waited 0.000s {{(pid=95757) inner /opt/stack/data/venv/lib/python3.12/site-packages/oslo_concurrency/lockutils.py:524}}
May 28 00:57:06.977075 np0000001577 nova-scheduler[95757]: DEBUG oslo_concurrency.lockutils [None req-f4df5e2e-b1eb-4dc1-9465-8e603e29bc16 tempest-AttachSCSIVolumeTestJSON-1126953535 tempest-AttachSCSIVolumeTestJSON-1126953535-project-member] Lock "('np0000001577', 'np0000001577')" "released" by "nova.scheduler.host_manager.HostState.consume_from_request.._locked" :: held 0.000s {{(pid=95757) inner /opt/stack/data/venv/lib/python3.12/site-packages/oslo_concurrency/lockutils.py:543}}
May 28 00:57:07.040698 np0000001577 nova-scheduler[95755]: INFO nova.utils [None req-4772ee86-53ff-4633-a4fc-f6cad4f6407a tempest-TaggedAttachmentsTest-585237783 tempest-TaggedAttachmentsTest-585237783-project-member] The cell worker thread pool ForkProcess-2.cell_worker is initialized
May 28 00:57:07.041336 np0000001577 nova-scheduler[95755]: DEBUG oslo_concurrency.lockutils [None req-4772ee86-53ff-4633-a4fc-f6cad4f6407a tempest-TaggedAttachmentsTest-585237783 tempest-TaggedAttachmentsTest-585237783-project-member] Acquiring lock "d1e04c73-ae46-41fb-bd4c-5289d67e4dd6" by "nova.context.set_target_cell..get_or_set_cached_cell_and_set_connections" {{(pid=95755) inner /opt/stack/data/venv/lib/python3.12/site-packages/oslo_concurrency/lockutils.py:511}}
May 28 00:57:07.041829 np0000001577 nova-scheduler[95755]: DEBUG oslo_concurrency.lockutils [None req-4772ee86-53ff-4633-a4fc-f6cad4f6407a tempest-TaggedAttachmentsTest-585237783 tempest-TaggedAttachmentsTest-585237783-project-member] Lock "d1e04c73-ae46-41fb-bd4c-5289d67e4dd6" acquired by "nova.context.set_target_cell..get_or_set_cached_cell_and_set_connections" :: waited 0.000s {{(pid=95755) inner /opt/stack/data/venv/lib/python3.12/site-packages/oslo_concurrency/lockutils.py:524}}
May 28 00:57:07.043227 np0000001577 nova-scheduler[95755]: DEBUG oslo_concurrency.lockutils [None req-4772ee86-53ff-4633-a4fc-f6cad4f6407a tempest-TaggedAttachmentsTest-585237783 tempest-TaggedAttachmentsTest-585237783-project-member] Lock "d1e04c73-ae46-41fb-bd4c-5289d67e4dd6" "released" by "nova.context.set_target_cell..get_or_set_cached_cell_and_set_connections" :: held 0.001s {{(pid=95755) inner /opt/stack/data/venv/lib/python3.12/site-packages/oslo_concurrency/lockutils.py:543}}
May 28 00:57:07.045319 np0000001577 nova-scheduler[95755]: INFO dbcounter [None req-4772ee86-53ff-4633-a4fc-f6cad4f6407a tempest-TaggedAttachmentsTest-585237783 tempest-TaggedAttachmentsTest-585237783-project-member] Registered counter for database nova_cell1
May 28 00:57:07.092194 np0000001577 nova-scheduler[95755]: DEBUG oslo_db.sqlalchemy.engines [None req-4772ee86-53ff-4633-a4fc-f6cad4f6407a tempest-TaggedAttachmentsTest-585237783 tempest-TaggedAttachmentsTest-585237783-project-member] MySQL server mode set to STRICT_TRANS_TABLES,STRICT_ALL_TABLES,NO_ZERO_IN_DATE,NO_ZERO_DATE,ERROR_FOR_DIVISION_BY_ZERO,TRADITIONAL,NO_ENGINE_SUBSTITUTION {{(pid=95755) _check_effective_sql_mode /opt/stack/data/venv/lib/python3.12/site-packages/oslo_db/sqlalchemy/engines.py:325}}
May 28 00:57:07.097942 np0000001577 nova-scheduler[95755]: DEBUG dbcounter [-] [95755] Writer thread running {{(pid=95755) stat_writer /opt/stack/data/venv/lib/python3.12/site-packages/dbcounter.py:102}}
May 28 00:57:07.158190 np0000001577 nova-scheduler[95755]: DEBUG dbcounter [-] [95755] Writer thread running {{(pid=95755) stat_writer /opt/stack/data/venv/lib/python3.12/site-packages/dbcounter.py:102}}
May 28 00:57:07.164110 np0000001577 nova-scheduler[95755]: DEBUG oslo_concurrency.lockutils [None req-4772ee86-53ff-4633-a4fc-f6cad4f6407a tempest-TaggedAttachmentsTest-585237783 tempest-TaggedAttachmentsTest-585237783-project-member] Acquiring lock "d1e04c73-ae46-41fb-bd4c-5289d67e4dd6" by "nova.context.set_target_cell..get_or_set_cached_cell_and_set_connections" {{(pid=95755) inner /opt/stack/data/venv/lib/python3.12/site-packages/oslo_concurrency/lockutils.py:511}}
May 28 00:57:07.164379 np0000001577 nova-scheduler[95755]: DEBUG oslo_concurrency.lockutils [None req-4772ee86-53ff-4633-a4fc-f6cad4f6407a tempest-TaggedAttachmentsTest-585237783 tempest-TaggedAttachmentsTest-585237783-project-member] Lock "d1e04c73-ae46-41fb-bd4c-5289d67e4dd6" acquired by "nova.context.set_target_cell..get_or_set_cached_cell_and_set_connections" :: waited 0.000s {{(pid=95755) inner /opt/stack/data/venv/lib/python3.12/site-packages/oslo_concurrency/lockutils.py:524}}
May 28 00:57:07.164496 np0000001577 nova-scheduler[95755]: DEBUG oslo_concurrency.lockutils [None req-4772ee86-53ff-4633-a4fc-f6cad4f6407a tempest-TaggedAttachmentsTest-585237783 tempest-TaggedAttachmentsTest-585237783-project-member] Lock "d1e04c73-ae46-41fb-bd4c-5289d67e4dd6" "released" by "nova.context.set_target_cell..get_or_set_cached_cell_and_set_connections" :: held 0.000s {{(pid=95755) inner /opt/stack/data/venv/lib/python3.12/site-packages/oslo_concurrency/lockutils.py:543}}
May 28 00:57:07.167642 np0000001577 nova-scheduler[95755]: DEBUG oslo_concurrency.lockutils [None req-4772ee86-53ff-4633-a4fc-f6cad4f6407a tempest-TaggedAttachmentsTest-585237783 tempest-TaggedAttachmentsTest-585237783-project-member] Acquiring lock "('np0000001577', 'np0000001577')" by "nova.scheduler.host_manager.HostState.update.._locked_update" {{(pid=95755) inner /opt/stack/data/venv/lib/python3.12/site-packages/oslo_concurrency/lockutils.py:511}}
May 28 00:57:07.167822 np0000001577 nova-scheduler[95755]: DEBUG oslo_concurrency.lockutils [None req-4772ee86-53ff-4633-a4fc-f6cad4f6407a tempest-TaggedAttachmentsTest-585237783 tempest-TaggedAttachmentsTest-585237783-project-member] Lock "('np0000001577', 'np0000001577')" acquired by "nova.scheduler.host_manager.HostState.update.._locked_update" :: waited 0.000s {{(pid=95755) inner /opt/stack/data/venv/lib/python3.12/site-packages/oslo_concurrency/lockutils.py:524}}
