May 28 00:53:58.802203 np0000001577 neutron-periodic-workers[92055]: DEBUG cotyledon.oslo_config_glue [-] database.connection_recycle_time = 3600 {{(pid=92055) log_opt_values /opt/stack/data/venv/lib/python3.12/site-packages/oslo_config/cfg.py:3256}}
May 28 00:53:58.802203 np0000001577 neutron-periodic-workers[92055]: DEBUG cotyledon.oslo_config_glue [-] database.connection_trace = False {{(pid=92055) log_opt_values /opt/stack/data/venv/lib/python3.12/site-packages/oslo_config/cfg.py:3256}}
May 28 00:53:58.802203 np0000001577 neutron-periodic-workers[92055]: DEBUG cotyledon.oslo_config_glue [-] database.db_inc_retry_interval = True {{(pid=92055) log_opt_values /opt/stack/data/venv/lib/python3.12/site-packages/oslo_config/cfg.py:3256}}
May 28 00:53:58.802203 np0000001577 neutron-periodic-workers[92055]: DEBUG cotyledon.oslo_config_glue [-] database.db_max_retries = 20 {{(pid=92055) log_opt_values /opt/stack/data/venv/lib/python3.12/site-packages/oslo_config/cfg.py:3256}}
May 28 00:53:58.802203 np0000001577 neutron-periodic-workers[92055]: DEBUG cotyledon.oslo_config_glue [-] database.db_max_retry_interval = 10 {{(pid=92055) log_opt_values /opt/stack/data/venv/lib/python3.12/site-packages/oslo_config/cfg.py:3256}}
May 28 00:53:58.802203 np0000001577 neutron-periodic-workers[92055]: DEBUG cotyledon.oslo_config_glue [-] database.db_retry_interval = 1 {{(pid=92055) log_opt_values /opt/stack/data/venv/lib/python3.12/site-packages/oslo_config/cfg.py:3256}}
May 28 00:53:58.802203 np0000001577 neutron-periodic-workers[92055]: DEBUG cotyledon.oslo_config_glue [-] database.max_overflow = 50 {{(pid=92055) log_opt_values /opt/stack/data/venv/lib/python3.12/site-packages/oslo_config/cfg.py:3256}}
May 28 00:53:58.802203 np0000001577 neutron-periodic-workers[92055]: DEBUG cotyledon.oslo_config_glue [-] database.max_pool_size = 5 {{(pid=92055) log_opt_values /opt/stack/data/venv/lib/python3.12/site-packages/oslo_config/cfg.py:3256}}
May 28 00:53:58.802504 np0000001577 neutron-periodic-workers[92055]: DEBUG cotyledon.oslo_config_glue [-] database.max_retries = 10 {{(pid=92055) log_opt_values /opt/stack/data/venv/lib/python3.12/site-packages/oslo_config/cfg.py:3256}}
May 28 00:53:58.802504 np0000001577 neutron-periodic-workers[92055]: DEBUG cotyledon.oslo_config_glue [-] database.mysql_sql_mode = TRADITIONAL {{(pid=92055) log_opt_values /opt/stack/data/venv/lib/python3.12/site-packages/oslo_config/cfg.py:3256}}
May 28 00:53:58.802504 np0000001577 neutron-periodic-workers[92055]: DEBUG cotyledon.oslo_config_glue [-] database.mysql_wsrep_sync_wait = None {{(pid=92055) log_opt_values /opt/stack/data/venv/lib/python3.12/site-packages/oslo_config/cfg.py:3256}}
May 28 00:53:58.802504 np0000001577 neutron-periodic-workers[92055]: DEBUG cotyledon.oslo_config_glue [-] database.pool_timeout = None {{(pid=92055) log_opt_values /opt/stack/data/venv/lib/python3.12/site-packages/oslo_config/cfg.py:3256}}
May 28 00:53:58.802504 np0000001577 neutron-periodic-workers[92055]: DEBUG cotyledon.oslo_config_glue [-] database.retry_interval = 10 {{(pid=92055) log_opt_values /opt/stack/data/venv/lib/python3.12/site-packages/oslo_config/cfg.py:3256}}
May 28 00:53:58.802504 np0000001577 neutron-periodic-workers[92055]: DEBUG cotyledon.oslo_config_glue [-] database.slave_connection = **** {{(pid=92055) log_opt_values /opt/stack/data/venv/lib/python3.12/site-packages/oslo_config/cfg.py:3256}}
May 28 00:53:58.802504 np0000001577 neutron-periodic-workers[92055]: DEBUG cotyledon.oslo_config_glue [-] database.sqlite_synchronous = True {{(pid=92055) log_opt_values /opt/stack/data/venv/lib/python3.12/site-packages/oslo_config/cfg.py:3256}}
May 28 00:53:58.802504 np0000001577 neutron-periodic-workers[92055]: DEBUG cotyledon.oslo_config_glue [-] database.synchronous_reader = True {{(pid=92055) log_opt_values /opt/stack/data/venv/lib/python3.12/site-packages/oslo_config/cfg.py:3256}}
May 28 00:53:58.802504 np0000001577 neutron-periodic-workers[92055]: DEBUG cotyledon.oslo_config_glue [-] database.use_db_reconnect = False {{(pid=92055) log_opt_values /opt/stack/data/venv/lib/python3.12/site-packages/oslo_config/cfg.py:3256}}
May 28 00:53:58.802856 np0000001577 neutron-periodic-workers[92055]: DEBUG cotyledon.oslo_config_glue [-] ovn.bfd_min_rx = 1000 {{(pid=92055) log_opt_values /opt/stack/data/venv/lib/python3.12/site-packages/oslo_config/cfg.py:3256}}
May 28 00:53:58.802856 np0000001577 neutron-periodic-workers[92055]: DEBUG cotyledon.oslo_config_glue [-] ovn.bfd_min_tx = 100 {{(pid=92055) log_opt_values /opt/stack/data/venv/lib/python3.12/site-packages/oslo_config/cfg.py:3256}}
May 28 00:53:58.802856 np0000001577 neutron-periodic-workers[92055]: DEBUG cotyledon.oslo_config_glue [-] ovn.bfd_mult = 3 {{(pid=92055) log_opt_values /opt/stack/data/venv/lib/python3.12/site-packages/oslo_config/cfg.py:3256}}
May 28 00:53:58.802856 np0000001577 neutron-periodic-workers[92055]: DEBUG cotyledon.oslo_config_glue [-] ovn.broadcast_arps_to_all_routers = True {{(pid=92055) log_opt_values /opt/stack/data/venv/lib/python3.12/site-packages/oslo_config/cfg.py:3256}}
May 28 00:53:58.802856 np0000001577 neutron-periodic-workers[92055]: DEBUG cotyledon.oslo_config_glue [-] ovn.dhcp_default_lease_time = 43200 {{(pid=92055) log_opt_values /opt/stack/data/venv/lib/python3.12/site-packages/oslo_config/cfg.py:3256}}
May 28 00:53:58.802856 np0000001577 neutron-periodic-workers[92055]: DEBUG cotyledon.oslo_config_glue [-] ovn.disable_ovn_dhcp_for_baremetal_ports = False {{(pid=92055) log_opt_values /opt/stack/data/venv/lib/python3.12/site-packages/oslo_config/cfg.py:3256}}
May 28 00:53:58.802856 np0000001577 neutron-periodic-workers[92055]: DEBUG cotyledon.oslo_config_glue [-] ovn.dns_records_ovn_owned = False {{(pid=92055) log_opt_values /opt/stack/data/venv/lib/python3.12/site-packages/oslo_config/cfg.py:3256}}
May 28 00:53:58.802856 np0000001577 neutron-periodic-workers[92055]: DEBUG cotyledon.oslo_config_glue [-] ovn.dns_servers = [] {{(pid=92055) log_opt_values /opt/stack/data/venv/lib/python3.12/site-packages/oslo_config/cfg.py:3256}}
May 28 00:53:58.802856 np0000001577 neutron-periodic-workers[92055]: DEBUG cotyledon.oslo_config_glue [-] ovn.enable_distributed_floating_ip = False {{(pid=92055) log_opt_values /opt/stack/data/venv/lib/python3.12/site-packages/oslo_config/cfg.py:3256}}
May 28 00:53:58.803311 np0000001577 neutron-periodic-workers[92055]: DEBUG cotyledon.oslo_config_glue [-] ovn.fdb_age_threshold = 300 {{(pid=92055) log_opt_values /opt/stack/data/venv/lib/python3.12/site-packages/oslo_config/cfg.py:3256}}
May 28 00:53:58.803311 np0000001577 neutron-periodic-workers[92055]: DEBUG cotyledon.oslo_config_glue [-] ovn.ha_failover_strategy = normal {{(pid=92055) log_opt_values /opt/stack/data/venv/lib/python3.12/site-packages/oslo_config/cfg.py:3256}}
May 28 00:53:58.803311 np0000001577 neutron-periodic-workers[92055]: DEBUG cotyledon.oslo_config_glue [-] ovn.live_migration_activation_strategy = rarp {{(pid=92055) log_opt_values /opt/stack/data/venv/lib/python3.12/site-packages/oslo_config/cfg.py:3256}}
May 28 00:53:58.803311 np0000001577 neutron-periodic-workers[92055]: DEBUG cotyledon.oslo_config_glue [-] ovn.localnet_learn_fdb = False {{(pid=92055) log_opt_values /opt/stack/data/venv/lib/python3.12/site-packages/oslo_config/cfg.py:3256}}
May 28 00:53:58.803311 np0000001577 neutron-periodic-workers[92055]: DEBUG cotyledon.oslo_config_glue [-] ovn.mac_binding_age_threshold = 300 {{(pid=92055) log_opt_values /opt/stack/data/venv/lib/python3.12/site-packages/oslo_config/cfg.py:3256}}
May 28 00:53:58.803311 np0000001577 neutron-periodic-workers[92055]: DEBUG cotyledon.oslo_config_glue [-] ovn.neutron_sync_mode = log {{(pid=92055) log_opt_values /opt/stack/data/venv/lib/python3.12/site-packages/oslo_config/cfg.py:3256}}
May 28 00:53:58.803311 np0000001577 neutron-periodic-workers[92055]: DEBUG cotyledon.oslo_config_glue [-] ovn.ovn_dhcp4_global_options = {} {{(pid=92055) log_opt_values /opt/stack/data/venv/lib/python3.12/site-packages/oslo_config/cfg.py:3256}}
May 28 00:53:58.803311 np0000001577 neutron-periodic-workers[92055]: DEBUG cotyledon.oslo_config_glue [-] ovn.ovn_dhcp6_global_options = {} {{(pid=92055) log_opt_values /opt/stack/data/venv/lib/python3.12/site-packages/oslo_config/cfg.py:3256}}
May 28 00:53:58.803311 np0000001577 neutron-periodic-workers[92055]: DEBUG cotyledon.oslo_config_glue [-] ovn.ovn_l3_scheduler = leastloaded {{(pid=92055) log_opt_values /opt/stack/data/venv/lib/python3.12/site-packages/oslo_config/cfg.py:3256}}
May 28 00:53:58.803666 np0000001577 neutron-periodic-workers[92055]: DEBUG cotyledon.oslo_config_glue [-] ovn.ovn_metadata_enabled = True {{(pid=92055) log_opt_values /opt/stack/data/venv/lib/python3.12/site-packages/oslo_config/cfg.py:3256}}
May 28 00:53:58.803666 np0000001577 neutron-periodic-workers[92055]: DEBUG cotyledon.oslo_config_glue [-] ovn.ovn_nb_ca_cert = /opt/stack/data/CA/int-ca/ca-chain.pem {{(pid=92055) log_opt_values /opt/stack/data/venv/lib/python3.12/site-packages/oslo_config/cfg.py:3256}}
May 28 00:53:58.803666 np0000001577 neutron-periodic-workers[92055]: DEBUG cotyledon.oslo_config_glue [-] ovn.ovn_nb_certificate = /opt/stack/data/CA/int-ca/devstack-cert.crt {{(pid=92055) log_opt_values /opt/stack/data/venv/lib/python3.12/site-packages/oslo_config/cfg.py:3256}}
May 28 00:53:58.803666 np0000001577 neutron-periodic-workers[92055]: DEBUG cotyledon.oslo_config_glue [-] ovn.ovn_nb_connection = ['ssl:10.4.3.88:6641'] {{(pid=92055) log_opt_values /opt/stack/data/venv/lib/python3.12/site-packages/oslo_config/cfg.py:3256}}
May 28 00:53:58.803666 np0000001577 neutron-periodic-workers[92055]: DEBUG cotyledon.oslo_config_glue [-] ovn.ovn_nb_private_key = /opt/stack/data/CA/int-ca/private/devstack-cert.key {{(pid=92055) log_opt_values /opt/stack/data/venv/lib/python3.12/site-packages/oslo_config/cfg.py:3256}}
May 28 00:53:58.803666 np0000001577 neutron-periodic-workers[92055]: DEBUG cotyledon.oslo_config_glue [-] ovn.ovn_router_indirect_snat = False {{(pid=92055) log_opt_values /opt/stack/data/venv/lib/python3.12/site-packages/oslo_config/cfg.py:3256}}
May 28 00:53:58.803666 np0000001577 neutron-periodic-workers[92055]: DEBUG cotyledon.oslo_config_glue [-] ovn.ovn_sb_ca_cert = /opt/stack/data/CA/int-ca/ca-chain.pem {{(pid=92055) log_opt_values /opt/stack/data/venv/lib/python3.12/site-packages/oslo_config/cfg.py:3256}}
May 28 00:53:58.803666 np0000001577 neutron-periodic-workers[92055]: DEBUG cotyledon.oslo_config_glue [-] ovn.ovn_sb_certificate = /opt/stack/data/CA/int-ca/devstack-cert.crt {{(pid=92055) log_opt_values /opt/stack/data/venv/lib/python3.12/site-packages/oslo_config/cfg.py:3256}}
May 28 00:53:58.803987 np0000001577 neutron-periodic-workers[92055]: DEBUG cotyledon.oslo_config_glue [-] ovn.ovn_sb_connection = ['ssl:10.4.3.88:6642'] {{(pid=92055) log_opt_values /opt/stack/data/venv/lib/python3.12/site-packages/oslo_config/cfg.py:3256}}
May 28 00:53:58.803987 np0000001577 neutron-periodic-workers[92055]: DEBUG cotyledon.oslo_config_glue [-] ovn.ovn_sb_private_key = /opt/stack/data/CA/int-ca/private/devstack-cert.key {{(pid=92055) log_opt_values /opt/stack/data/venv/lib/python3.12/site-packages/oslo_config/cfg.py:3256}}
May 28 00:53:58.803987 np0000001577 neutron-periodic-workers[92055]: DEBUG cotyledon.oslo_config_glue [-] ovn.ovs_create_tap = False {{(pid=92055) log_opt_values /opt/stack/data/venv/lib/python3.12/site-packages/oslo_config/cfg.py:3256}}
May 28 00:53:58.803987 np0000001577 neutron-periodic-workers[92055]: DEBUG cotyledon.oslo_config_glue [-] ovn.ovsdb_connection_timeout = 180 {{(pid=92055) log_opt_values /opt/stack/data/venv/lib/python3.12/site-packages/oslo_config/cfg.py:3256}}
May 28 00:53:58.803987 np0000001577 neutron-periodic-workers[92055]: DEBUG cotyledon.oslo_config_glue [-] ovn.ovsdb_log_level = INFO {{(pid=92055) log_opt_values /opt/stack/data/venv/lib/python3.12/site-packages/oslo_config/cfg.py:3256}}
May 28 00:53:58.803987 np0000001577 neutron-periodic-workers[92055]: DEBUG cotyledon.oslo_config_glue [-] ovn.ovsdb_probe_interval = 60000 {{(pid=92055) log_opt_values /opt/stack/data/venv/lib/python3.12/site-packages/oslo_config/cfg.py:3256}}
May 28 00:53:58.803987 np0000001577 neutron-periodic-workers[92055]: DEBUG cotyledon.oslo_config_glue [-] ovn.ovsdb_retry_max_interval = 180 {{(pid=92055) log_opt_values /opt/stack/data/venv/lib/python3.12/site-packages/oslo_config/cfg.py:3256}}
May 28 00:53:58.803987 np0000001577 neutron-periodic-workers[92055]: DEBUG cotyledon.oslo_config_glue [-] ovn.stateless_nat_enabled = False {{(pid=92055) log_opt_values /opt/stack/data/venv/lib/python3.12/site-packages/oslo_config/cfg.py:3256}}
May 28 00:53:58.803987 np0000001577 neutron-periodic-workers[92055]: DEBUG cotyledon.oslo_config_glue [-] ovn.vhost_sock_dir = /var/run/openvswitch {{(pid=92055) log_opt_values /opt/stack/data/venv/lib/python3.12/site-packages/oslo_config/cfg.py:3256}}
May 28 00:53:58.804290 np0000001577 neutron-periodic-workers[92055]: DEBUG cotyledon.oslo_config_glue [-] OVS.bridge_mac_table_size = 50000 {{(pid=92055) log_opt_values /opt/stack/data/venv/lib/python3.12/site-packages/oslo_config/cfg.py:3256}}
May 28 00:53:58.804290 np0000001577 neutron-periodic-workers[92055]: DEBUG cotyledon.oslo_config_glue [-] OVS.igmp_flood = False {{(pid=92055) log_opt_values /opt/stack/data/venv/lib/python3.12/site-packages/oslo_config/cfg.py:3256}}
May 28 00:53:58.804290 np0000001577 neutron-periodic-workers[92055]: DEBUG cotyledon.oslo_config_glue [-] OVS.igmp_flood_reports = True {{(pid=92055) log_opt_values /opt/stack/data/venv/lib/python3.12/site-packages/oslo_config/cfg.py:3256}}
May 28 00:53:58.804290 np0000001577 neutron-periodic-workers[92055]: DEBUG cotyledon.oslo_config_glue [-] OVS.igmp_flood_unregistered = False {{(pid=92055) log_opt_values /opt/stack/data/venv/lib/python3.12/site-packages/oslo_config/cfg.py:3256}}
May 28 00:53:58.804290 np0000001577 neutron-periodic-workers[92055]: DEBUG cotyledon.oslo_config_glue [-] OVS.igmp_snooping_enable = False {{(pid=92055) log_opt_values /opt/stack/data/venv/lib/python3.12/site-packages/oslo_config/cfg.py:3256}}
May 28 00:53:58.804290 np0000001577 neutron-periodic-workers[92055]: DEBUG cotyledon.oslo_config_glue [-] OVS.ovsdb_timeout = 10 {{(pid=92055) log_opt_values /opt/stack/data/venv/lib/python3.12/site-packages/oslo_config/cfg.py:3256}}
May 28 00:53:58.804290 np0000001577 neutron-periodic-workers[92055]: DEBUG cotyledon.oslo_config_glue [-] ovn_nb_global.fdb_removal_limit = 0 {{(pid=92055) log_opt_values /opt/stack/data/venv/lib/python3.12/site-packages/oslo_config/cfg.py:3256}}
May 28 00:53:58.804290 np0000001577 neutron-periodic-workers[92055]: DEBUG cotyledon.oslo_config_glue [-] ovn_nb_global.ignore_lsp_down = False {{(pid=92055) log_opt_values /opt/stack/data/venv/lib/python3.12/site-packages/oslo_config/cfg.py:3256}}
May 28 00:53:58.804290 np0000001577 neutron-periodic-workers[92055]: DEBUG cotyledon.oslo_config_glue [-] ovn_nb_global.mac_binding_removal_limit = 0 {{(pid=92055) log_opt_values /opt/stack/data/venv/lib/python3.12/site-packages/oslo_config/cfg.py:3256}}
May 28 00:53:58.804609 np0000001577 neutron-periodic-workers[92055]: DEBUG cotyledon.oslo_config_glue [-] ******************************************************************************** {{(pid=92055) log_opt_values /opt/stack/data/venv/lib/python3.12/site-packages/oslo_config/cfg.py:3263}}
May 28 00:53:58.804609 np0000001577 neutron-periodic-workers[92055]: DEBUG cotyledon._service_worker [-] Run service ServiceWrapper(0) [92055] {{(pid=92055) wait_forever /opt/stack/data/venv/lib/python3.12/site-packages/cotyledon/_service_worker.py:218}}
May 28 00:53:58.804609 np0000001577 neutron-periodic-workers[92055]: DEBUG neutron.worker [-] PeriodicWorker start called, description: Periodic worker for "L3_NAT_dbonly_mixin" {{(pid=92055) wrapper /opt/stack/neutron/neutron/common/utils.py:197}}
May 28 00:53:58.804609 np0000001577 neutron-periodic-workers[92055]: DEBUG neutron.worker [-] PeriodicWorker start finished, description: Periodic worker for "L3_NAT_dbonly_mixin" {{(pid=92055) wrapper /opt/stack/neutron/neutron/common/utils.py:200}}
May 28 00:53:58.804609 np0000001577 neutron-periodic-workers[92055]: DEBUG neutron.worker [-] PeriodicWorker wait called, description: Periodic worker for "L3_NAT_dbonly_mixin" {{(pid=92055) wrapper /opt/stack/neutron/neutron/common/utils.py:197}}
May 28 00:54:08.448003 np0000001577 neutron-periodic-workers[91000]: DEBUG dbcounter [-] [91000] Writing DB stats neutron:SELECT=4 {{(pid=91000) stat_writer /opt/stack/data/venv/lib/python3.12/site-packages/dbcounter.py:115}}
May 28 00:54:47.757040 np0000001577 neutron-periodic-workers[92027]: DEBUG oslo_db.sqlalchemy.engines [None req-ecb4be2a-c8b5-48a6-9279-c4477e8649e1 None None] Parent process 91000 forked (92027) with an open database connection, which is being discarded and recreated. {{(pid=92027) checkout /opt/stack/data/venv/lib/python3.12/site-packages/oslo_db/sqlalchemy/engines.py:402}}
May 28 00:54:47.799811 np0000001577 neutron-periodic-workers[92027]: DEBUG dbcounter [-] [92027] Writer thread running {{(pid=92027) stat_writer /opt/stack/data/venv/lib/python3.12/site-packages/dbcounter.py:102}}
May 28 00:54:47.808067 np0000001577 neutron-periodic-workers[92027]: DEBUG oslo.service.backend._threading.loopingcall [None req-ecb4be2a-c8b5-48a6-9279-c4477e8649e1 None None] Fixed interval looping call 'neutron.plugins.ml2.plugin.DhcpAgentSchedulerDbMixin.remove_networks_from_down_agents' sleeping for 36.95 seconds {{(pid=92027) _run_loop /opt/stack/data/venv/lib/python3.12/site-packages/oslo_service/backend/_threading/loopingcall.py:125}}
May 28 00:54:57.806989 np0000001577 neutron-periodic-workers[92027]: DEBUG dbcounter [-] [92027] Writing DB stats neutron:SELECT=3 {{(pid=92027) stat_writer /opt/stack/data/venv/lib/python3.12/site-packages/dbcounter.py:115}}
May 28 00:55:01.815819 np0000001577 neutron-periodic-workers[92035]: DEBUG dbcounter [-] [92035] Writer thread running {{(pid=92035) stat_writer /opt/stack/data/venv/lib/python3.12/site-packages/dbcounter.py:102}}
May 28 00:55:01.819212 np0000001577 neutron-periodic-workers[92035]: DEBUG neutron.db.agents_db [None req-a7f3732c-f5b7-4596-90ec-07a45a9e6c0b None None] Agent healthcheck: found 0 active agents {{(pid=92035) agent_health_check /opt/stack/neutron/neutron/db/agents_db.py:322}}
May 28 00:55:01.819430 np0000001577 neutron-periodic-workers[92035]: DEBUG oslo.service.backend._threading.loopingcall [None req-a7f3732c-f5b7-4596-90ec-07a45a9e6c0b None None] Fixed interval looping call 'neutron.plugins.ml2.plugin.AgentDbMixin.agent_health_check' sleeping for 36.95 seconds {{(pid=92035) _run_loop /opt/stack/data/venv/lib/python3.12/site-packages/oslo_service/backend/_threading/loopingcall.py:125}}
May 28 00:55:11.816253 np0000001577 neutron-periodic-workers[92035]: DEBUG dbcounter [-] [92035] Writing DB stats neutron:SELECT=1 {{(pid=92035) stat_writer /opt/stack/data/venv/lib/python3.12/site-packages/dbcounter.py:115}}
May 28 00:55:24.764088 np0000001577 neutron-periodic-workers[92027]: DEBUG oslo.service.backend._threading.loopingcall [None req-ecb4be2a-c8b5-48a6-9279-c4477e8649e1 None None] Fixed interval looping call 'neutron.plugins.ml2.plugin.DhcpAgentSchedulerDbMixin.remove_networks_from_down_agents' sleeping for 36.99 seconds {{(pid=92027) _run_loop /opt/stack/data/venv/lib/python3.12/site-packages/oslo_service/backend/_threading/loopingcall.py:125}}
May 28 00:55:34.763212 np0000001577 neutron-periodic-workers[92027]: DEBUG dbcounter [-] [92027] Writing DB stats neutron:SELECT=3 {{(pid=92027) stat_writer /opt/stack/data/venv/lib/python3.12/site-packages/dbcounter.py:115}}
May 28 00:55:38.772945 np0000001577 neutron-periodic-workers[92035]: DEBUG neutron.db.agents_db [None req-a7f3732c-f5b7-4596-90ec-07a45a9e6c0b None None] Agent healthcheck: found 0 active agents {{(pid=92035) agent_health_check /opt/stack/neutron/neutron/db/agents_db.py:322}}
May 28 00:55:38.772945 np0000001577 neutron-periodic-workers[92035]: DEBUG oslo.service.backend._threading.loopingcall [None req-a7f3732c-f5b7-4596-90ec-07a45a9e6c0b None None] Fixed interval looping call 'neutron.plugins.ml2.plugin.AgentDbMixin.agent_health_check' sleeping for 37.00 seconds {{(pid=92035) _run_loop /opt/stack/data/venv/lib/python3.12/site-packages/oslo_service/backend/_threading/loopingcall.py:125}}
May 28 00:55:48.771830 np0000001577 neutron-periodic-workers[92035]: DEBUG dbcounter [-] [92035] Writing DB stats neutron:SELECT=1 {{(pid=92035) stat_writer /opt/stack/data/venv/lib/python3.12/site-packages/dbcounter.py:115}}
May 28 00:55:58.830435 np0000001577 neutron-periodic-workers[92042]: DEBUG dbcounter [-] [92042] Writer thread running {{(pid=92042) stat_writer /opt/stack/data/venv/lib/python3.12/site-packages/dbcounter.py:102}}
May 28 00:55:58.832047 np0000001577 neutron-periodic-workers[92042]: DEBUG oslo.service.backend._threading.loopingcall [None req-6ec292ee-7ae3-496d-a1ef-e097e227ef2b None None] Fixed interval looping call 'neutron.db.quota.driver_nolock.DbQuotaNoLockDriver._remove_expired_reservations' sleeping for 119.96 seconds {{(pid=92042) _run_loop /opt/stack/data/venv/lib/python3.12/site-packages/oslo_service/backend/_threading/loopingcall.py:125}}
May 28 00:56:01.762012 np0000001577 neutron-periodic-workers[92027]: DEBUG oslo.service.backend._threading.loopingcall [None req-ecb4be2a-c8b5-48a6-9279-c4477e8649e1 None None] Fixed interval looping call 'neutron.plugins.ml2.plugin.DhcpAgentSchedulerDbMixin.remove_networks_from_down_agents' sleeping for 36.99 seconds {{(pid=92027) _run_loop /opt/stack/data/venv/lib/python3.12/site-packages/oslo_service/backend/_threading/loopingcall.py:125}}
May 28 00:56:08.830824 np0000001577 neutron-periodic-workers[92042]: DEBUG dbcounter [-] [92042] Writing DB stats neutron:DELETE=1 {{(pid=92042) stat_writer /opt/stack/data/venv/lib/python3.12/site-packages/dbcounter.py:115}}
May 28 00:56:11.761259 np0000001577 neutron-periodic-workers[92027]: DEBUG dbcounter [-] [92027] Writing DB stats neutron:SELECT=3 {{(pid=92027) stat_writer /opt/stack/data/venv/lib/python3.12/site-packages/dbcounter.py:115}}
May 28 00:56:15.776514 np0000001577 neutron-periodic-workers[92035]: DEBUG neutron.db.agents_db [None req-a7f3732c-f5b7-4596-90ec-07a45a9e6c0b None None] Agent healthcheck: found 0 active agents {{(pid=92035) agent_health_check /opt/stack/neutron/neutron/db/agents_db.py:322}}
May 28 00:56:15.776942 np0000001577 neutron-periodic-workers[92035]: DEBUG oslo.service.backend._threading.loopingcall [None req-a7f3732c-f5b7-4596-90ec-07a45a9e6c0b None None] Fixed interval looping call 'neutron.plugins.ml2.plugin.AgentDbMixin.agent_health_check' sleeping for 37.00 seconds {{(pid=92035) _run_loop /opt/stack/data/venv/lib/python3.12/site-packages/oslo_service/backend/_threading/loopingcall.py:125}}
May 28 00:56:25.775839 np0000001577 neutron-periodic-workers[92035]: DEBUG dbcounter [-] [92035] Writing DB stats neutron:SELECT=1 {{(pid=92035) stat_writer /opt/stack/data/venv/lib/python3.12/site-packages/dbcounter.py:115}}
May 28 00:56:38.761401 np0000001577 neutron-periodic-workers[92027]: DEBUG oslo.service.backend._threading.loopingcall [None req-ecb4be2a-c8b5-48a6-9279-c4477e8649e1 None None] Fixed interval looping call 'neutron.plugins.ml2.plugin.DhcpAgentSchedulerDbMixin.remove_networks_from_down_agents' sleeping for 36.99 seconds {{(pid=92027) _run_loop /opt/stack/data/venv/lib/python3.12/site-packages/oslo_service/backend/_threading/loopingcall.py:125}}
May 28 00:56:48.760895 np0000001577 neutron-periodic-workers[92027]: DEBUG dbcounter [-] [92027] Writing DB stats neutron:SELECT=3 {{(pid=92027) stat_writer /opt/stack/data/venv/lib/python3.12/site-packages/dbcounter.py:115}}
May 28 00:56:52.781024 np0000001577 neutron-periodic-workers[92035]: DEBUG neutron.db.agents_db [None req-a7f3732c-f5b7-4596-90ec-07a45a9e6c0b None None] Agent healthcheck: found 0 active agents {{(pid=92035) agent_health_check /opt/stack/neutron/neutron/db/agents_db.py:322}}
May 28 00:56:52.781431 np0000001577 neutron-periodic-workers[92035]: DEBUG oslo.service.backend._threading.loopingcall [None req-a7f3732c-f5b7-4596-90ec-07a45a9e6c0b None None] Fixed interval looping call 'neutron.plugins.ml2.plugin.AgentDbMixin.agent_health_check' sleeping for 37.00 seconds {{(pid=92035) _run_loop /opt/stack/data/venv/lib/python3.12/site-packages/oslo_service/backend/_threading/loopingcall.py:125}}
May 28 00:57:00.901886 np0000001577 neutron-periodic-workers[92055]: DEBUG dbcounter [-] [92055] Writer thread running {{(pid=92055) stat_writer /opt/stack/data/venv/lib/python3.12/site-packages/dbcounter.py:102}}
May 28 00:57:00.916287 np0000001577 neutron-periodic-workers[92055]: DEBUG oslo.service.backend._threading.loopingcall [None req-024aa6f0-1f6d-424e-8fae-7dc1e19bfe84 None None] Fixed interval looping call 'neutron.services.ovn_l3.plugin.L3_NAT_dbonly_mixin._clean_garbage' sleeping for 299.88 seconds {{(pid=92055) _run_loop /opt/stack/data/venv/lib/python3.12/site-packages/oslo_service/backend/_threading/loopingcall.py:125}}
May 28 00:57:02.780492 np0000001577 neutron-periodic-workers[92035]: DEBUG dbcounter [-] [92035] Writing DB stats neutron:SELECT=1 {{(pid=92035) stat_writer /opt/stack/data/venv/lib/python3.12/site-packages/dbcounter.py:115}}
May 28 00:57:15.759517 np0000001577 neutron-periodic-workers[92027]: DEBUG oslo.service.backend._threading.loopingcall [None req-ecb4be2a-c8b5-48a6-9279-c4477e8649e1 None None] Fixed interval looping call 'neutron.plugins.ml2.plugin.DhcpAgentSchedulerDbMixin.remove_networks_from_down_agents' sleeping for 36.99 seconds {{(pid=92027) _run_loop /opt/stack/data/venv/lib/python3.12/site-packages/oslo_service/backend/_threading/loopingcall.py:125}}
May 28 00:57:20.902331 np0000001577 neutron-periodic-workers[92055]: DEBUG dbcounter [-] [92055] Writing DB stats neutron:SELECT=1 {{(pid=92055) stat_writer /opt/stack/data/venv/lib/python3.12/site-packages/dbcounter.py:115}}
May 28 00:57:25.758370 np0000001577 neutron-periodic-workers[92027]: DEBUG dbcounter [-] [92027] Writing DB stats neutron:SELECT=3 {{(pid=92027) stat_writer /opt/stack/data/venv/lib/python3.12/site-packages/dbcounter.py:115}}
May 28 00:57:29.792398 np0000001577 neutron-periodic-workers[92035]: DEBUG neutron.db.agents_db [None req-a7f3732c-f5b7-4596-90ec-07a45a9e6c0b None None] Agent healthcheck: found 0 active agents {{(pid=92035) agent_health_check /opt/stack/neutron/neutron/db/agents_db.py:322}}
May 28 00:57:29.792398 np0000001577 neutron-periodic-workers[92035]: DEBUG oslo.service.backend._threading.loopingcall [None req-a7f3732c-f5b7-4596-90ec-07a45a9e6c0b None None] Fixed interval looping call 'neutron.plugins.ml2.plugin.AgentDbMixin.agent_health_check' sleeping for 36.99 seconds {{(pid=92035) _run_loop /opt/stack/data/venv/lib/python3.12/site-packages/oslo_service/backend/_threading/loopingcall.py:125}}
May 28 00:57:39.786109 np0000001577 neutron-periodic-workers[92035]: DEBUG dbcounter [-] [92035] Writing DB stats neutron:SELECT=1 {{(pid=92035) stat_writer /opt/stack/data/venv/lib/python3.12/site-packages/dbcounter.py:115}}
May 28 00:57:52.759582 np0000001577 neutron-periodic-workers[92027]: DEBUG oslo.service.backend._threading.loopingcall [None req-ecb4be2a-c8b5-48a6-9279-c4477e8649e1 None None] Fixed interval looping call 'neutron.plugins.ml2.plugin.DhcpAgentSchedulerDbMixin.remove_networks_from_down_agents' sleeping for 36.99 seconds {{(pid=92027) _run_loop /opt/stack/data/venv/lib/python3.12/site-packages/oslo_service/backend/_threading/loopingcall.py:125}}
May 28 00:57:58.801349 np0000001577 neutron-periodic-workers[92042]: DEBUG oslo.service.backend._threading.loopingcall [None req-6ec292ee-7ae3-496d-a1ef-e097e227ef2b None None] Fixed interval looping call 'neutron.db.quota.driver_nolock.DbQuotaNoLockDriver._remove_expired_reservations' sleeping for 119.99 seconds {{(pid=92042) _run_loop /opt/stack/data/venv/lib/python3.12/site-packages/oslo_service/backend/_threading/loopingcall.py:125}}
May 28 00:58:02.757233 np0000001577 neutron-periodic-workers[92027]: DEBUG dbcounter [-] [92027] Writing DB stats neutron:SELECT=3 {{(pid=92027) stat_writer /opt/stack/data/venv/lib/python3.12/site-packages/dbcounter.py:115}}
May 28 00:58:06.785197 np0000001577 neutron-periodic-workers[92035]: DEBUG neutron.db.agents_db [None req-a7f3732c-f5b7-4596-90ec-07a45a9e6c0b None None] Agent healthcheck: found 0 active agents {{(pid=92035) agent_health_check /opt/stack/neutron/neutron/db/agents_db.py:322}}
May 28 00:58:06.785633 np0000001577 neutron-periodic-workers[92035]: DEBUG oslo.service.backend._threading.loopingcall [None req-a7f3732c-f5b7-4596-90ec-07a45a9e6c0b None None] Fixed interval looping call 'neutron.plugins.ml2.plugin.AgentDbMixin.agent_health_check' sleeping for 37.00 seconds {{(pid=92035) _run_loop /opt/stack/data/venv/lib/python3.12/site-packages/oslo_service/backend/_threading/loopingcall.py:125}}
May 28 00:58:08.801930 np0000001577 neutron-periodic-workers[92042]: DEBUG dbcounter [-] [92042] Writing DB stats neutron:DELETE=1 {{(pid=92042) stat_writer /opt/stack/data/venv/lib/python3.12/site-packages/dbcounter.py:115}}
May 28 00:58:16.785589 np0000001577 neutron-periodic-workers[92035]: DEBUG dbcounter [-] [92035] Writing DB stats neutron:SELECT=1 {{(pid=92035) stat_writer /opt/stack/data/venv/lib/python3.12/site-packages/dbcounter.py:115}}
May 28 00:58:29.754300 np0000001577 neutron-periodic-workers[92027]: DEBUG oslo.service.backend._threading.loopingcall [None req-ecb4be2a-c8b5-48a6-9279-c4477e8649e1 None None] Fixed interval looping call 'neutron.plugins.ml2.plugin.DhcpAgentSchedulerDbMixin.remove_networks_from_down_agents' sleeping for 36.99 seconds {{(pid=92027) _run_loop /opt/stack/data/venv/lib/python3.12/site-packages/oslo_service/backend/_threading/loopingcall.py:125}}
May 28 00:58:39.753475 np0000001577 neutron-periodic-workers[92027]: DEBUG dbcounter [-] [92027] Writing DB stats neutron:SELECT=3 {{(pid=92027) stat_writer /opt/stack/data/venv/lib/python3.12/site-packages/dbcounter.py:115}}
May 28 00:58:43.793848 np0000001577 neutron-periodic-workers[92035]: DEBUG neutron.db.agents_db [None req-a7f3732c-f5b7-4596-90ec-07a45a9e6c0b None None] Agent healthcheck: found 0 active agents {{(pid=92035) agent_health_check /opt/stack/neutron/neutron/db/agents_db.py:322}}
May 28 00:58:43.794142 np0000001577 neutron-periodic-workers[92035]: DEBUG oslo.service.backend._threading.loopingcall [None req-a7f3732c-f5b7-4596-90ec-07a45a9e6c0b None None] Fixed interval looping call 'neutron.plugins.ml2.plugin.AgentDbMixin.agent_health_check' sleeping for 36.99 seconds {{(pid=92035) _run_loop /opt/stack/data/venv/lib/python3.12/site-packages/oslo_service/backend/_threading/loopingcall.py:125}}
May 28 00:58:53.793210 np0000001577 neutron-periodic-workers[92035]: DEBUG dbcounter [-] [92035] Writing DB stats neutron:SELECT=1 {{(pid=92035) stat_writer /opt/stack/data/venv/lib/python3.12/site-packages/dbcounter.py:115}}
May 28 00:59:06.761721 np0000001577 neutron-periodic-workers[92027]: DEBUG oslo.service.backend._threading.loopingcall [None req-ecb4be2a-c8b5-48a6-9279-c4477e8649e1 None None] Fixed interval looping call 'neutron.plugins.ml2.plugin.DhcpAgentSchedulerDbMixin.remove_networks_from_down_agents' sleeping for 36.98 seconds {{(pid=92027) _run_loop /opt/stack/data/venv/lib/python3.12/site-packages/oslo_service/backend/_threading/loopingcall.py:125}}
May 28 00:59:16.760820 np0000001577 neutron-periodic-workers[92027]: DEBUG dbcounter [-] [92027] Writing DB stats neutron:SELECT=3 {{(pid=92027) stat_writer /opt/stack/data/venv/lib/python3.12/site-packages/dbcounter.py:115}}
May 28 00:59:20.790246 np0000001577 neutron-periodic-workers[92035]: DEBUG neutron.db.agents_db [None req-a7f3732c-f5b7-4596-90ec-07a45a9e6c0b None None] Agent healthcheck: found 0 active agents {{(pid=92035) agent_health_check /opt/stack/neutron/neutron/db/agents_db.py:322}}
May 28 00:59:20.790246 np0000001577 neutron-periodic-workers[92035]: DEBUG oslo.service.backend._threading.loopingcall [None req-a7f3732c-f5b7-4596-90ec-07a45a9e6c0b None None] Fixed interval looping call 'neutron.plugins.ml2.plugin.AgentDbMixin.agent_health_check' sleeping for 37.00 seconds {{(pid=92035) _run_loop /opt/stack/data/venv/lib/python3.12/site-packages/oslo_service/backend/_threading/loopingcall.py:125}}
May 28 00:59:30.787987 np0000001577 neutron-periodic-workers[92035]: DEBUG dbcounter [-] [92035] Writing DB stats neutron:SELECT=1 {{(pid=92035) stat_writer /opt/stack/data/venv/lib/python3.12/site-packages/dbcounter.py:115}}
May 28 00:59:43.751889 np0000001577 neutron-periodic-workers[92027]: DEBUG oslo.service.backend._threading.loopingcall [None req-ecb4be2a-c8b5-48a6-9279-c4477e8649e1 None None] Fixed interval looping call 'neutron.plugins.ml2.plugin.DhcpAgentSchedulerDbMixin.remove_networks_from_down_agents' sleeping for 36.99 seconds {{(pid=92027) _run_loop /opt/stack/data/venv/lib/python3.12/site-packages/oslo_service/backend/_threading/loopingcall.py:125}}
May 28 00:59:53.750316 np0000001577 neutron-periodic-workers[92027]: DEBUG dbcounter [-] [92027] Writing DB stats neutron:SELECT=3 {{(pid=92027) stat_writer /opt/stack/data/venv/lib/python3.12/site-packages/dbcounter.py:115}}
May 28 00:59:57.793260 np0000001577 neutron-periodic-workers[92035]: DEBUG neutron.db.agents_db [None req-a7f3732c-f5b7-4596-90ec-07a45a9e6c0b None None] Agent healthcheck: found 0 active agents {{(pid=92035) agent_health_check /opt/stack/neutron/neutron/db/agents_db.py:322}}
May 28 00:59:57.793677 np0000001577 neutron-periodic-workers[92035]: DEBUG oslo.service.backend._threading.loopingcall [None req-a7f3732c-f5b7-4596-90ec-07a45a9e6c0b None None] Fixed interval looping call 'neutron.plugins.ml2.plugin.AgentDbMixin.agent_health_check' sleeping for 37.00 seconds {{(pid=92035) _run_loop /opt/stack/data/venv/lib/python3.12/site-packages/oslo_service/backend/_threading/loopingcall.py:125}}
May 28 00:59:58.796331 np0000001577 neutron-periodic-workers[92042]: DEBUG oslo.service.backend._threading.loopingcall [None req-6ec292ee-7ae3-496d-a1ef-e097e227ef2b None None] Fixed interval looping call 'neutron.db.quota.driver_nolock.DbQuotaNoLockDriver._remove_expired_reservations' sleeping for 120.00 seconds {{(pid=92042) _run_loop /opt/stack/data/venv/lib/python3.12/site-packages/oslo_service/backend/_threading/loopingcall.py:125}}
May 28 01:00:07.791826 np0000001577 neutron-periodic-workers[92035]: DEBUG dbcounter [-] [92035] Writing DB stats neutron:SELECT=1 {{(pid=92035) stat_writer /opt/stack/data/venv/lib/python3.12/site-packages/dbcounter.py:115}}
May 28 01:00:08.796193 np0000001577 neutron-periodic-workers[92042]: DEBUG dbcounter [-] [92042] Writing DB stats neutron:DELETE=1 {{(pid=92042) stat_writer /opt/stack/data/venv/lib/python3.12/site-packages/dbcounter.py:115}}
May 28 01:00:20.752126 np0000001577 neutron-periodic-workers[92027]: DEBUG oslo.service.backend._threading.loopingcall [None req-ecb4be2a-c8b5-48a6-9279-c4477e8649e1 None None] Fixed interval looping call 'neutron.plugins.ml2.plugin.DhcpAgentSchedulerDbMixin.remove_networks_from_down_agents' sleeping for 36.99 seconds {{(pid=92027) _run_loop /opt/stack/data/venv/lib/python3.12/site-packages/oslo_service/backend/_threading/loopingcall.py:125}}
May 28 01:00:30.750603 np0000001577 neutron-periodic-workers[92027]: DEBUG dbcounter [-] [92027] Writing DB stats neutron:SELECT=3 {{(pid=92027) stat_writer /opt/stack/data/venv/lib/python3.12/site-packages/dbcounter.py:115}}
May 28 01:00:34.798237 np0000001577 neutron-periodic-workers[92035]: DEBUG neutron.db.agents_db [None req-a7f3732c-f5b7-4596-90ec-07a45a9e6c0b None None] Agent healthcheck: found 0 active agents {{(pid=92035) agent_health_check /opt/stack/neutron/neutron/db/agents_db.py:322}}
May 28 01:00:34.798237 np0000001577 neutron-periodic-workers[92035]: DEBUG oslo.service.backend._threading.loopingcall [None req-a7f3732c-f5b7-4596-90ec-07a45a9e6c0b None None] Fixed interval looping call 'neutron.plugins.ml2.plugin.AgentDbMixin.agent_health_check' sleeping for 37.00 seconds {{(pid=92035) _run_loop /opt/stack/data/venv/lib/python3.12/site-packages/oslo_service/backend/_threading/loopingcall.py:125}}
May 28 01:00:44.798446 np0000001577 neutron-periodic-workers[92035]: DEBUG dbcounter [-] [92035] Writing DB stats neutron:SELECT=1 {{(pid=92035) stat_writer /opt/stack/data/venv/lib/python3.12/site-packages/dbcounter.py:115}}
May 28 01:00:57.759715 np0000001577 neutron-periodic-workers[92027]: DEBUG oslo.service.backend._threading.loopingcall [None req-ecb4be2a-c8b5-48a6-9279-c4477e8649e1 None None] Fixed interval looping call 'neutron.plugins.ml2.plugin.DhcpAgentSchedulerDbMixin.remove_networks_from_down_agents' sleeping for 36.98 seconds {{(pid=92027) _run_loop /opt/stack/data/venv/lib/python3.12/site-packages/oslo_service/backend/_threading/loopingcall.py:125}}
May 28 01:01:07.761531 np0000001577 neutron-periodic-workers[92027]: DEBUG dbcounter [-] [92027] Writing DB stats neutron:SELECT=3 {{(pid=92027) stat_writer /opt/stack/data/venv/lib/python3.12/site-packages/dbcounter.py:115}}
May 28 01:01:11.801519 np0000001577 neutron-periodic-workers[92035]: DEBUG neutron.db.agents_db [None req-a7f3732c-f5b7-4596-90ec-07a45a9e6c0b None None] Agent healthcheck: found 0 active agents {{(pid=92035) agent_health_check /opt/stack/neutron/neutron/db/agents_db.py:322}}
May 28 01:01:11.801519 np0000001577 neutron-periodic-workers[92035]: DEBUG oslo.service.backend._threading.loopingcall [None req-a7f3732c-f5b7-4596-90ec-07a45a9e6c0b None None] Fixed interval looping call 'neutron.plugins.ml2.plugin.AgentDbMixin.agent_health_check' sleeping for 37.00 seconds {{(pid=92035) _run_loop /opt/stack/data/venv/lib/python3.12/site-packages/oslo_service/backend/_threading/loopingcall.py:125}}
May 28 01:01:21.800446 np0000001577 neutron-periodic-workers[92035]: DEBUG dbcounter [-] [92035] Writing DB stats neutron:SELECT=1 {{(pid=92035) stat_writer /opt/stack/data/venv/lib/python3.12/site-packages/dbcounter.py:115}}
May 28 01:01:34.754177 np0000001577 neutron-periodic-workers[92027]: DEBUG oslo.service.backend._threading.loopingcall [None req-ecb4be2a-c8b5-48a6-9279-c4477e8649e1 None None] Fixed interval looping call 'neutron.plugins.ml2.plugin.DhcpAgentSchedulerDbMixin.remove_networks_from_down_agents' sleeping for 36.99 seconds {{(pid=92027) _run_loop /opt/stack/data/venv/lib/python3.12/site-packages/oslo_service/backend/_threading/loopingcall.py:125}}
May 28 01:01:44.748969 np0000001577 neutron-periodic-workers[92027]: DEBUG dbcounter [-] [92027] Writing DB stats neutron:SELECT=3 {{(pid=92027) stat_writer /opt/stack/data/venv/lib/python3.12/site-packages/dbcounter.py:115}}
May 28 01:01:48.810791 np0000001577 neutron-periodic-workers[92035]: DEBUG neutron.db.agents_db [None req-a7f3732c-f5b7-4596-90ec-07a45a9e6c0b None None] Agent healthcheck: found 0 active agents {{(pid=92035) agent_health_check /opt/stack/neutron/neutron/db/agents_db.py:322}}
May 28 01:01:48.811172 np0000001577 neutron-periodic-workers[92035]: DEBUG oslo.service.backend._threading.loopingcall [None req-a7f3732c-f5b7-4596-90ec-07a45a9e6c0b None None] Fixed interval looping call 'neutron.plugins.ml2.plugin.AgentDbMixin.agent_health_check' sleeping for 36.99 seconds {{(pid=92035) _run_loop /opt/stack/data/venv/lib/python3.12/site-packages/oslo_service/backend/_threading/loopingcall.py:125}}
May 28 01:01:58.800232 np0000001577 neutron-periodic-workers[92042]: DEBUG oslo.service.backend._threading.loopingcall [None req-6ec292ee-7ae3-496d-a1ef-e097e227ef2b None None] Fixed interval looping call 'neutron.db.quota.driver_nolock.DbQuotaNoLockDriver._remove_expired_reservations' sleeping for 120.00 seconds {{(pid=92042) _run_loop /opt/stack/data/venv/lib/python3.12/site-packages/oslo_service/backend/_threading/loopingcall.py:125}}
May 28 01:01:58.812354 np0000001577 neutron-periodic-workers[92035]: DEBUG dbcounter [-] [92035] Writing DB stats neutron:SELECT=1 {{(pid=92035) stat_writer /opt/stack/data/venv/lib/python3.12/site-packages/dbcounter.py:115}}
May 28 01:02:00.803323 np0000001577 neutron-periodic-workers[92055]: DEBUG oslo.service.backend._threading.loopingcall [None req-024aa6f0-1f6d-424e-8fae-7dc1e19bfe84 None None] Fixed interval looping call 'neutron.services.ovn_l3.plugin.L3_NAT_dbonly_mixin._clean_garbage' sleeping for 299.99 seconds {{(pid=92055) _run_loop /opt/stack/data/venv/lib/python3.12/site-packages/oslo_service/backend/_threading/loopingcall.py:125}}
May 28 01:02:08.799899 np0000001577 neutron-periodic-workers[92042]: DEBUG dbcounter [-] [92042] Writing DB stats neutron:DELETE=1 {{(pid=92042) stat_writer /opt/stack/data/venv/lib/python3.12/site-packages/dbcounter.py:115}}
May 28 01:02:10.805692 np0000001577 neutron-periodic-workers[92055]: DEBUG dbcounter [-] [92055] Writing DB stats neutron:SELECT=1 {{(pid=92055) stat_writer /opt/stack/data/venv/lib/python3.12/site-packages/dbcounter.py:115}}
May 28 01:02:11.752632 np0000001577 neutron-periodic-workers[92027]: DEBUG oslo.service.backend._threading.loopingcall [None req-ecb4be2a-c8b5-48a6-9279-c4477e8649e1 None None] Fixed interval looping call 'neutron.plugins.ml2.plugin.DhcpAgentSchedulerDbMixin.remove_networks_from_down_agents' sleeping for 36.99 seconds {{(pid=92027) _run_loop /opt/stack/data/venv/lib/python3.12/site-packages/oslo_service/backend/_threading/loopingcall.py:125}}
May 28 01:02:21.751892 np0000001577 neutron-periodic-workers[92027]: DEBUG dbcounter [-] [92027] Writing DB stats neutron:SELECT=3 {{(pid=92027) stat_writer /opt/stack/data/venv/lib/python3.12/site-packages/dbcounter.py:115}}
May 28 01:02:25.805251 np0000001577 neutron-periodic-workers[92035]: DEBUG neutron.db.agents_db [None req-a7f3732c-f5b7-4596-90ec-07a45a9e6c0b None None] Agent healthcheck: found 0 active agents {{(pid=92035) agent_health_check /opt/stack/neutron/neutron/db/agents_db.py:322}}
May 28 01:02:25.805621 np0000001577 neutron-periodic-workers[92035]: DEBUG oslo.service.backend._threading.loopingcall [None req-a7f3732c-f5b7-4596-90ec-07a45a9e6c0b None None] Fixed interval looping call 'neutron.plugins.ml2.plugin.AgentDbMixin.agent_health_check' sleeping for 37.00 seconds {{(pid=92035) _run_loop /opt/stack/data/venv/lib/python3.12/site-packages/oslo_service/backend/_threading/loopingcall.py:125}}
May 28 01:02:35.803466 np0000001577 neutron-periodic-workers[92035]: DEBUG dbcounter [-] [92035] Writing DB stats neutron:SELECT=1 {{(pid=92035) stat_writer /opt/stack/data/venv/lib/python3.12/site-packages/dbcounter.py:115}}
May 28 01:02:48.748575 np0000001577 neutron-periodic-workers[92027]: DEBUG oslo.service.backend._threading.loopingcall [None req-ecb4be2a-c8b5-48a6-9279-c4477e8649e1 None None] Fixed interval looping call 'neutron.plugins.ml2.plugin.DhcpAgentSchedulerDbMixin.remove_networks_from_down_agents' sleeping for 36.99 seconds {{(pid=92027) _run_loop /opt/stack/data/venv/lib/python3.12/site-packages/oslo_service/backend/_threading/loopingcall.py:125}}
May 28 01:02:58.747686 np0000001577 neutron-periodic-workers[92027]: DEBUG dbcounter [-] [92027] Writing DB stats neutron:SELECT=3 {{(pid=92027) stat_writer /opt/stack/data/venv/lib/python3.12/site-packages/dbcounter.py:115}}
May 28 01:03:02.810045 np0000001577 neutron-periodic-workers[92035]: DEBUG neutron.db.agents_db [None req-a7f3732c-f5b7-4596-90ec-07a45a9e6c0b None None] Agent healthcheck: found 0 active agents {{(pid=92035) agent_health_check /opt/stack/neutron/neutron/db/agents_db.py:322}}
May 28 01:03:02.810045 np0000001577 neutron-periodic-workers[92035]: DEBUG oslo.service.backend._threading.loopingcall [None req-a7f3732c-f5b7-4596-90ec-07a45a9e6c0b None None] Fixed interval looping call 'neutron.plugins.ml2.plugin.AgentDbMixin.agent_health_check' sleeping for 37.00 seconds {{(pid=92035) _run_loop /opt/stack/data/venv/lib/python3.12/site-packages/oslo_service/backend/_threading/loopingcall.py:125}}
May 28 01:03:12.808591 np0000001577 neutron-periodic-workers[92035]: DEBUG dbcounter [-] [92035] Writing DB stats neutron:SELECT=1 {{(pid=92035) stat_writer /opt/stack/data/venv/lib/python3.12/site-packages/dbcounter.py:115}}
May 28 01:03:25.754057 np0000001577 neutron-periodic-workers[92027]: DEBUG oslo.service.backend._threading.loopingcall [None req-ecb4be2a-c8b5-48a6-9279-c4477e8649e1 None None] Fixed interval looping call 'neutron.plugins.ml2.plugin.DhcpAgentSchedulerDbMixin.remove_networks_from_down_agents' sleeping for 36.99 seconds {{(pid=92027) _run_loop /opt/stack/data/venv/lib/python3.12/site-packages/oslo_service/backend/_threading/loopingcall.py:125}}
May 28 01:03:35.752502 np0000001577 neutron-periodic-workers[92027]: DEBUG dbcounter [-] [92027] Writing DB stats neutron:SELECT=3 {{(pid=92027) stat_writer /opt/stack/data/venv/lib/python3.12/site-packages/dbcounter.py:115}}
May 28 01:03:39.813305 np0000001577 neutron-periodic-workers[92035]: DEBUG neutron.db.agents_db [None req-a7f3732c-f5b7-4596-90ec-07a45a9e6c0b None None] Agent healthcheck: found 0 active agents {{(pid=92035) agent_health_check /opt/stack/neutron/neutron/db/agents_db.py:322}}
May 28 01:03:39.814168 np0000001577 neutron-periodic-workers[92035]: DEBUG oslo.service.backend._threading.loopingcall [None req-a7f3732c-f5b7-4596-90ec-07a45a9e6c0b None None] Fixed interval looping call 'neutron.plugins.ml2.plugin.AgentDbMixin.agent_health_check' sleeping for 37.00 seconds {{(pid=92035) _run_loop /opt/stack/data/venv/lib/python3.12/site-packages/oslo_service/backend/_threading/loopingcall.py:125}}
May 28 01:03:49.812211 np0000001577 neutron-periodic-workers[92035]: DEBUG dbcounter [-] [92035] Writing DB stats neutron:SELECT=1 {{(pid=92035) stat_writer /opt/stack/data/venv/lib/python3.12/site-packages/dbcounter.py:115}}
May 28 01:03:58.804695 np0000001577 neutron-periodic-workers[92042]: DEBUG oslo.service.backend._threading.loopingcall [None req-6ec292ee-7ae3-496d-a1ef-e097e227ef2b None None] Fixed interval looping call 'neutron.db.quota.driver_nolock.DbQuotaNoLockDriver._remove_expired_reservations' sleeping for 120.00 seconds {{(pid=92042) _run_loop /opt/stack/data/venv/lib/python3.12/site-packages/oslo_service/backend/_threading/loopingcall.py:125}}
May 28 01:04:02.750424 np0000001577 neutron-periodic-workers[92027]: DEBUG oslo.service.backend._threading.loopingcall [None req-ecb4be2a-c8b5-48a6-9279-c4477e8649e1 None None] Fixed interval looping call 'neutron.plugins.ml2.plugin.DhcpAgentSchedulerDbMixin.remove_networks_from_down_agents' sleeping for 36.99 seconds {{(pid=92027) _run_loop /opt/stack/data/venv/lib/python3.12/site-packages/oslo_service/backend/_threading/loopingcall.py:125}}
May 28 01:04:08.804132 np0000001577 neutron-periodic-workers[92042]: DEBUG dbcounter [-] [92042] Writing DB stats neutron:DELETE=1 {{(pid=92042) stat_writer /opt/stack/data/venv/lib/python3.12/site-packages/dbcounter.py:115}}
May 28 01:04:12.749536 np0000001577 neutron-periodic-workers[92027]: DEBUG dbcounter [-] [92027] Writing DB stats neutron:SELECT=3 {{(pid=92027) stat_writer /opt/stack/data/venv/lib/python3.12/site-packages/dbcounter.py:115}}
May 28 01:04:16.816542 np0000001577 neutron-periodic-workers[92035]: DEBUG neutron.db.agents_db [None req-a7f3732c-f5b7-4596-90ec-07a45a9e6c0b None None] Agent healthcheck: found 0 active agents {{(pid=92035) agent_health_check /opt/stack/neutron/neutron/db/agents_db.py:322}}
May 28 01:04:16.816917 np0000001577 neutron-periodic-workers[92035]: DEBUG oslo.service.backend._threading.loopingcall [None req-a7f3732c-f5b7-4596-90ec-07a45a9e6c0b None None] Fixed interval looping call 'neutron.plugins.ml2.plugin.AgentDbMixin.agent_health_check' sleeping for 37.00 seconds {{(pid=92035) _run_loop /opt/stack/data/venv/lib/python3.12/site-packages/oslo_service/backend/_threading/loopingcall.py:125}}
May 28 01:04:26.815645 np0000001577 neutron-periodic-workers[92035]: DEBUG dbcounter [-] [92035] Writing DB stats neutron:SELECT=1 {{(pid=92035) stat_writer /opt/stack/data/venv/lib/python3.12/site-packages/dbcounter.py:115}}
May 28 01:04:39.747247 np0000001577 neutron-periodic-workers[92027]: DEBUG oslo.service.backend._threading.loopingcall [None req-ecb4be2a-c8b5-48a6-9279-c4477e8649e1 None None] Fixed interval looping call 'neutron.plugins.ml2.plugin.DhcpAgentSchedulerDbMixin.remove_networks_from_down_agents' sleeping for 36.99 seconds {{(pid=92027) _run_loop /opt/stack/data/venv/lib/python3.12/site-packages/oslo_service/backend/_threading/loopingcall.py:125}}
May 28 01:04:49.746401 np0000001577 neutron-periodic-workers[92027]: DEBUG dbcounter [-] [92027] Writing DB stats neutron:SELECT=3 {{(pid=92027) stat_writer /opt/stack/data/venv/lib/python3.12/site-packages/dbcounter.py:115}}
May 28 01:04:53.824996 np0000001577 neutron-periodic-workers[92035]: DEBUG neutron.db.agents_db [None req-a7f3732c-f5b7-4596-90ec-07a45a9e6c0b None None] Agent healthcheck: found 0 active agents {{(pid=92035) agent_health_check /opt/stack/neutron/neutron/db/agents_db.py:322}}
May 28 01:04:53.825360 np0000001577 neutron-periodic-workers[92035]: DEBUG oslo.service.backend._threading.loopingcall [None req-a7f3732c-f5b7-4596-90ec-07a45a9e6c0b None None] Fixed interval looping call 'neutron.plugins.ml2.plugin.AgentDbMixin.agent_health_check' sleeping for 36.99 seconds {{(pid=92035) _run_loop /opt/stack/data/venv/lib/python3.12/site-packages/oslo_service/backend/_threading/loopingcall.py:125}}
May 28 01:05:03.821834 np0000001577 neutron-periodic-workers[92035]: DEBUG dbcounter [-] [92035] Writing DB stats neutron:SELECT=1 {{(pid=92035) stat_writer /opt/stack/data/venv/lib/python3.12/site-packages/dbcounter.py:115}}
