May 20 18:05:30.464052 np0000001097 systemd[1]: Starting devstack@n-api.service - Devstack devstack@n-api.service...
May 20 18:05:30.468876 np0000001097 devstack@n-api.service[86675]: [uWSGI] getting INI configuration from /etc/nova/nova-api-uwsgi.ini
May 20 18:05:30.471035 np0000001097 devstack@n-api.service[86675]: *** Starting uWSGI 2.0.24-debian (64bit) on [Wed May 20 18:05:30 2026] ***
May 20 18:05:30.471035 np0000001097 devstack@n-api.service[86675]: compiled with version: 13.2.0 on 17 April 2024 16:23:48
May 20 18:05:30.471035 np0000001097 devstack@n-api.service[86675]: os: Linux-6.8.0-100-generic #100-Ubuntu SMP PREEMPT_DYNAMIC Tue Jan 13 16:40:06 UTC 2026
May 20 18:05:30.471035 np0000001097 devstack@n-api.service[86675]: nodename: np0000001097
May 20 18:05:30.471035 np0000001097 devstack@n-api.service[86675]: machine: x86_64
May 20 18:05:30.471035 np0000001097 devstack@n-api.service[86675]: clock source: unix
May 20 18:05:30.471035 np0000001097 devstack@n-api.service[86675]: pcre jit disabled
May 20 18:05:30.471035 np0000001097 devstack@n-api.service[86675]: detected number of CPU cores: 12
May 20 18:05:30.471035 np0000001097 devstack@n-api.service[86675]: current working directory: /
May 20 18:05:30.471035 np0000001097 devstack@n-api.service[86675]: detected binary path: /usr/bin/uwsgi-core
May 20 18:05:30.471035 np0000001097 devstack@n-api.service[86675]: your processes number limit is 95969
May 20 18:05:30.471035 np0000001097 devstack@n-api.service[86675]: your memory page size is 4096 bytes
May 20 18:05:30.471035 np0000001097 devstack@n-api.service[86675]: detected max file descriptor number: 2048
May 20 18:05:30.471294 np0000001097 devstack@n-api.service[86675]: lock engine: pthread robust mutexes
May 20 18:05:30.471294 np0000001097 devstack@n-api.service[86675]: thunder lock: enabled
May 20 18:05:30.471368 np0000001097 devstack@n-api.service[86675]: uwsgi socket 0 bound to UNIX address /var/run/uwsgi/nova-api.socket fd 4
May 20 18:05:30.471408 np0000001097 devstack@n-api.service[86675]: Python version: 3.12.3 (main, Mar 23 2026, 19:04:32) [GCC 13.3.0]
May 20 18:05:30.471433 np0000001097 devstack@n-api.service[86675]: PEP 405 virtualenv detected: /opt/stack/data/venv
May 20 18:05:30.471433 np0000001097 devstack@n-api.service[86675]: Set PythonHome to /opt/stack/data/venv
May 20 18:05:30.503086 np0000001097 devstack@n-api.service[86675]: Python main interpreter initialized at 0x7610b1aa3668
May 20 18:05:30.503086 np0000001097 devstack@n-api.service[86675]: python threads support enabled
May 20 18:05:30.503086 np0000001097 devstack@n-api.service[86675]: your server socket listen backlog is limited to 100 connections
May 20 18:05:30.503086 np0000001097 devstack@n-api.service[86675]: your mercy for graceful operations on workers is 80 seconds
May 20 18:05:30.503547 np0000001097 devstack@n-api.service[86675]: mapped 537436 bytes (524 KB) for 3 cores
May 20 18:05:30.503659 np0000001097 devstack@n-api.service[86675]: *** Operational MODE: preforking ***
May 20 18:05:30.503870 np0000001097 devstack@n-api.service[86675]: *** uWSGI is running in multiple interpreter mode ***
May 20 18:05:30.503870 np0000001097 devstack@n-api.service[86675]: spawned uWSGI master process (pid: 86675)
May 20 18:05:30.504004 np0000001097 systemd[1]: Started devstack@n-api.service - Devstack devstack@n-api.service.
May 20 18:05:30.504445 np0000001097 devstack@n-api.service[86675]: spawned uWSGI worker 1 (pid: 86676, cores: 1)
May 20 18:05:30.504900 np0000001097 devstack@n-api.service[86675]: spawned uWSGI worker 2 (pid: 86677, cores: 1)
May 20 18:05:30.505368 np0000001097 devstack@n-api.service[86675]: spawned uWSGI worker 3 (pid: 86678, cores: 1)
May 20 18:05:30.505423 np0000001097 devstack@n-api.service[86675]: running "unix_signal:15 gracefully_kill_them_all" (master-start)...
May 20 18:05:32.171480 np0000001097 devstack@n-api.service[86678]: INFO dbcounter [None req-2c781f97-2079-491e-a684-dc447279da7c None None] Registered counter for database nova_api
May 20 18:05:32.173935 np0000001097 devstack@n-api.service[86676]: INFO dbcounter [None req-8e3edcd6-7a86-4bf5-9d05-eb4cf1a64c3d None None] Registered counter for database nova_api
May 20 18:05:32.182122 np0000001097 devstack@n-api.service[86678]: DEBUG oslo_db.sqlalchemy.engines [None req-2c781f97-2079-491e-a684-dc447279da7c None None] MySQL server mode set to STRICT_TRANS_TABLES,STRICT_ALL_TABLES,NO_ZERO_IN_DATE,NO_ZERO_DATE,ERROR_FOR_DIVISION_BY_ZERO,TRADITIONAL,NO_ENGINE_SUBSTITUTION {{(pid=86678) _check_effective_sql_mode /opt/stack/data/venv/lib/python3.12/site-packages/oslo_db/sqlalchemy/engines.py:325}}
May 20 18:05:32.184318 np0000001097 devstack@n-api.service[86676]: DEBUG oslo_db.sqlalchemy.engines [None req-8e3edcd6-7a86-4bf5-9d05-eb4cf1a64c3d None None] MySQL server mode set to STRICT_TRANS_TABLES,STRICT_ALL_TABLES,NO_ZERO_IN_DATE,NO_ZERO_DATE,ERROR_FOR_DIVISION_BY_ZERO,TRADITIONAL,NO_ENGINE_SUBSTITUTION {{(pid=86676) _check_effective_sql_mode /opt/stack/data/venv/lib/python3.12/site-packages/oslo_db/sqlalchemy/engines.py:325}}
May 20 18:05:32.202043 np0000001097 devstack@n-api.service[86677]: INFO dbcounter [None req-40831655-5056-416a-a453-f6c1f4e02acb None None] Registered counter for database nova_api
May 20 18:05:32.209319 np0000001097 devstack@n-api.service[86678]: DEBUG dbcounter [-] [86678] Writer thread running {{(pid=86678) stat_writer /opt/stack/data/venv/lib/python3.12/site-packages/dbcounter.py:102}}
May 20 18:05:32.209685 np0000001097 devstack@n-api.service[86676]: DEBUG dbcounter [-] [86676] Writer thread running {{(pid=86676) stat_writer /opt/stack/data/venv/lib/python3.12/site-packages/dbcounter.py:102}}
May 20 18:05:32.211581 np0000001097 devstack@n-api.service[86678]: DEBUG nova.context [None req-2c781f97-2079-491e-a684-dc447279da7c None None] Found 2 cells: 00000000-0000-0000-0000-000000000000(cell0),c423df23-d335-4ee3-9aac-c6217830da3b(cell1) {{(pid=86678) load_cells /opt/stack/nova/nova/context.py:509}}
May 20 18:05:32.211733 np0000001097 devstack@n-api.service[86676]: DEBUG nova.context [None req-8e3edcd6-7a86-4bf5-9d05-eb4cf1a64c3d None None] Found 2 cells: 00000000-0000-0000-0000-000000000000(cell0),c423df23-d335-4ee3-9aac-c6217830da3b(cell1) {{(pid=86676) load_cells /opt/stack/nova/nova/context.py:509}}
May 20 18:05:32.211841 np0000001097 devstack@n-api.service[86678]: INFO nova.utils [None req-2c781f97-2079-491e-a684-dc447279da7c None None] The cell worker thread pool MainProcess.cell_worker is initialized
May 20 18:05:32.211969 np0000001097 devstack@n-api.service[86676]: INFO nova.utils [None req-8e3edcd6-7a86-4bf5-9d05-eb4cf1a64c3d None None] The cell worker thread pool MainProcess.cell_worker is initialized
May 20 18:05:32.213176 np0000001097 devstack@n-api.service[86677]: DEBUG oslo_db.sqlalchemy.engines [None req-40831655-5056-416a-a453-f6c1f4e02acb None None] MySQL server mode set to STRICT_TRANS_TABLES,STRICT_ALL_TABLES,NO_ZERO_IN_DATE,NO_ZERO_DATE,ERROR_FOR_DIVISION_BY_ZERO,TRADITIONAL,NO_ENGINE_SUBSTITUTION {{(pid=86677) _check_effective_sql_mode /opt/stack/data/venv/lib/python3.12/site-packages/oslo_db/sqlalchemy/engines.py:325}}
May 20 18:05:32.213524 np0000001097 devstack@n-api.service[86676]: DEBUG oslo_concurrency.lockutils [None req-8e3edcd6-7a86-4bf5-9d05-eb4cf1a64c3d None None] Acquiring lock "00000000-0000-0000-0000-000000000000" by "nova.context.set_target_cell..get_or_set_cached_cell_and_set_connections" {{(pid=86676) inner /opt/stack/data/venv/lib/python3.12/site-packages/oslo_concurrency/lockutils.py:511}}
May 20 18:05:32.213581 np0000001097 devstack@n-api.service[86678]: DEBUG oslo_concurrency.lockutils [None req-2c781f97-2079-491e-a684-dc447279da7c None None] Acquiring lock "00000000-0000-0000-0000-000000000000" by "nova.context.set_target_cell..get_or_set_cached_cell_and_set_connections" {{(pid=86678) inner /opt/stack/data/venv/lib/python3.12/site-packages/oslo_concurrency/lockutils.py:511}}
May 20 18:05:32.213713 np0000001097 devstack@n-api.service[86676]: DEBUG oslo_concurrency.lockutils [None req-8e3edcd6-7a86-4bf5-9d05-eb4cf1a64c3d None None] Lock "00000000-0000-0000-0000-000000000000" acquired by "nova.context.set_target_cell..get_or_set_cached_cell_and_set_connections" :: waited 0.000s {{(pid=86676) inner /opt/stack/data/venv/lib/python3.12/site-packages/oslo_concurrency/lockutils.py:524}}
May 20 18:05:32.213790 np0000001097 devstack@n-api.service[86678]: DEBUG oslo_concurrency.lockutils [None req-2c781f97-2079-491e-a684-dc447279da7c None None] Lock "00000000-0000-0000-0000-000000000000" acquired by "nova.context.set_target_cell..get_or_set_cached_cell_and_set_connections" :: waited 0.000s {{(pid=86678) inner /opt/stack/data/venv/lib/python3.12/site-packages/oslo_concurrency/lockutils.py:524}}
May 20 18:05:32.214070 np0000001097 devstack@n-api.service[86676]: DEBUG oslo_concurrency.lockutils [None req-8e3edcd6-7a86-4bf5-9d05-eb4cf1a64c3d None None] Lock "00000000-0000-0000-0000-000000000000" "released" by "nova.context.set_target_cell..get_or_set_cached_cell_and_set_connections" :: held 0.000s {{(pid=86676) inner /opt/stack/data/venv/lib/python3.12/site-packages/oslo_concurrency/lockutils.py:543}}
May 20 18:05:32.214126 np0000001097 devstack@n-api.service[86678]: DEBUG oslo_concurrency.lockutils [None req-2c781f97-2079-491e-a684-dc447279da7c None None] Lock "00000000-0000-0000-0000-000000000000" "released" by "nova.context.set_target_cell..get_or_set_cached_cell_and_set_connections" :: held 0.000s {{(pid=86678) inner /opt/stack/data/venv/lib/python3.12/site-packages/oslo_concurrency/lockutils.py:543}}
May 20 18:05:32.214681 np0000001097 devstack@n-api.service[86678]: DEBUG oslo_concurrency.lockutils [None req-2c781f97-2079-491e-a684-dc447279da7c None None] Acquiring lock "c423df23-d335-4ee3-9aac-c6217830da3b" by "nova.context.set_target_cell..get_or_set_cached_cell_and_set_connections" {{(pid=86678) inner /opt/stack/data/venv/lib/python3.12/site-packages/oslo_concurrency/lockutils.py:511}}
May 20 18:05:32.214773 np0000001097 devstack@n-api.service[86676]: DEBUG oslo_concurrency.lockutils [None req-8e3edcd6-7a86-4bf5-9d05-eb4cf1a64c3d None None] Acquiring lock "c423df23-d335-4ee3-9aac-c6217830da3b" by "nova.context.set_target_cell..get_or_set_cached_cell_and_set_connections" {{(pid=86676) inner /opt/stack/data/venv/lib/python3.12/site-packages/oslo_concurrency/lockutils.py:511}}
May 20 18:05:32.214833 np0000001097 devstack@n-api.service[86676]: DEBUG oslo_concurrency.lockutils [None req-8e3edcd6-7a86-4bf5-9d05-eb4cf1a64c3d None None] Lock "c423df23-d335-4ee3-9aac-c6217830da3b" acquired by "nova.context.set_target_cell..get_or_set_cached_cell_and_set_connections" :: waited 0.000s {{(pid=86676) inner /opt/stack/data/venv/lib/python3.12/site-packages/oslo_concurrency/lockutils.py:524}}
May 20 18:05:32.215632 np0000001097 devstack@n-api.service[86676]: DEBUG oslo_concurrency.lockutils [None req-8e3edcd6-7a86-4bf5-9d05-eb4cf1a64c3d None None] Lock "c423df23-d335-4ee3-9aac-c6217830da3b" "released" by "nova.context.set_target_cell..get_or_set_cached_cell_and_set_connections" :: held 0.001s {{(pid=86676) inner /opt/stack/data/venv/lib/python3.12/site-packages/oslo_concurrency/lockutils.py:543}}
May 20 18:05:32.215983 np0000001097 devstack@n-api.service[86678]: INFO dbcounter [None req-2c781f97-2079-491e-a684-dc447279da7c None None] Registered counter for database nova_cell0
May 20 18:05:32.216999 np0000001097 devstack@n-api.service[86678]: DEBUG oslo_concurrency.lockutils [None req-2c781f97-2079-491e-a684-dc447279da7c None None] Lock "c423df23-d335-4ee3-9aac-c6217830da3b" acquired by "nova.context.set_target_cell..get_or_set_cached_cell_and_set_connections" :: waited 0.001s {{(pid=86678) inner /opt/stack/data/venv/lib/python3.12/site-packages/oslo_concurrency/lockutils.py:524}}
May 20 18:05:32.217540 np0000001097 devstack@n-api.service[86676]: INFO dbcounter [None req-8e3edcd6-7a86-4bf5-9d05-eb4cf1a64c3d None None] Registered counter for database nova_cell0
May 20 18:05:32.218078 np0000001097 devstack@n-api.service[86678]: DEBUG oslo_concurrency.lockutils [None req-2c781f97-2079-491e-a684-dc447279da7c None None] Lock "c423df23-d335-4ee3-9aac-c6217830da3b" "released" by "nova.context.set_target_cell..get_or_set_cached_cell_and_set_connections" :: held 0.002s {{(pid=86678) inner /opt/stack/data/venv/lib/python3.12/site-packages/oslo_concurrency/lockutils.py:543}}
May 20 18:05:32.220271 np0000001097 devstack@n-api.service[86678]: INFO dbcounter [None req-2c781f97-2079-491e-a684-dc447279da7c None None] Registered counter for database nova_cell1
May 20 18:05:32.220321 np0000001097 devstack@n-api.service[86676]: INFO dbcounter [None req-8e3edcd6-7a86-4bf5-9d05-eb4cf1a64c3d None None] Registered counter for database nova_cell1
May 20 18:05:32.229769 np0000001097 devstack@n-api.service[86678]: DEBUG oslo_db.sqlalchemy.engines [None req-2c781f97-2079-491e-a684-dc447279da7c None None] MySQL server mode set to STRICT_TRANS_TABLES,STRICT_ALL_TABLES,NO_ZERO_IN_DATE,NO_ZERO_DATE,ERROR_FOR_DIVISION_BY_ZERO,TRADITIONAL,NO_ENGINE_SUBSTITUTION {{(pid=86678) _check_effective_sql_mode /opt/stack/data/venv/lib/python3.12/site-packages/oslo_db/sqlalchemy/engines.py:325}}
May 20 18:05:32.230485 np0000001097 devstack@n-api.service[86676]: DEBUG oslo_db.sqlalchemy.engines [None req-8e3edcd6-7a86-4bf5-9d05-eb4cf1a64c3d None None] MySQL server mode set to STRICT_TRANS_TABLES,STRICT_ALL_TABLES,NO_ZERO_IN_DATE,NO_ZERO_DATE,ERROR_FOR_DIVISION_BY_ZERO,TRADITIONAL,NO_ENGINE_SUBSTITUTION {{(pid=86676) _check_effective_sql_mode /opt/stack/data/venv/lib/python3.12/site-packages/oslo_db/sqlalchemy/engines.py:325}}
May 20 18:05:32.238469 np0000001097 devstack@n-api.service[86678]: DEBUG oslo_db.sqlalchemy.engines [None req-2c781f97-2079-491e-a684-dc447279da7c None None] MySQL server mode set to STRICT_TRANS_TABLES,STRICT_ALL_TABLES,NO_ZERO_IN_DATE,NO_ZERO_DATE,ERROR_FOR_DIVISION_BY_ZERO,TRADITIONAL,NO_ENGINE_SUBSTITUTION {{(pid=86678) _check_effective_sql_mode /opt/stack/data/venv/lib/python3.12/site-packages/oslo_db/sqlalchemy/engines.py:325}}
May 20 18:05:32.241597 np0000001097 devstack@n-api.service[86677]: DEBUG dbcounter [-] [86677] Writer thread running {{(pid=86677) stat_writer /opt/stack/data/venv/lib/python3.12/site-packages/dbcounter.py:102}}
May 20 18:05:32.243856 np0000001097 devstack@n-api.service[86677]: DEBUG nova.context [None req-40831655-5056-416a-a453-f6c1f4e02acb None None] Found 2 cells: 00000000-0000-0000-0000-000000000000(cell0),c423df23-d335-4ee3-9aac-c6217830da3b(cell1) {{(pid=86677) load_cells /opt/stack/nova/nova/context.py:509}}
May 20 18:05:32.244092 np0000001097 devstack@n-api.service[86677]: INFO nova.utils [None req-40831655-5056-416a-a453-f6c1f4e02acb None None] The cell worker thread pool MainProcess.cell_worker is initialized
May 20 18:05:32.245792 np0000001097 devstack@n-api.service[86677]: DEBUG oslo_concurrency.lockutils [None req-40831655-5056-416a-a453-f6c1f4e02acb None None] Acquiring lock "00000000-0000-0000-0000-000000000000" by "nova.context.set_target_cell..get_or_set_cached_cell_and_set_connections" {{(pid=86677) inner /opt/stack/data/venv/lib/python3.12/site-packages/oslo_concurrency/lockutils.py:511}}
May 20 18:05:32.245957 np0000001097 devstack@n-api.service[86677]: DEBUG oslo_concurrency.lockutils [None req-40831655-5056-416a-a453-f6c1f4e02acb None None] Lock "00000000-0000-0000-0000-000000000000" acquired by "nova.context.set_target_cell..get_or_set_cached_cell_and_set_connections" :: waited 0.000s {{(pid=86677) inner /opt/stack/data/venv/lib/python3.12/site-packages/oslo_concurrency/lockutils.py:524}}
May 20 18:05:32.246300 np0000001097 devstack@n-api.service[86677]: DEBUG oslo_concurrency.lockutils [None req-40831655-5056-416a-a453-f6c1f4e02acb None None] Lock "00000000-0000-0000-0000-000000000000" "released" by "nova.context.set_target_cell..get_or_set_cached_cell_and_set_connections" :: held 0.000s {{(pid=86677) inner /opt/stack/data/venv/lib/python3.12/site-packages/oslo_concurrency/lockutils.py:543}}
May 20 18:05:32.246955 np0000001097 devstack@n-api.service[86677]: DEBUG oslo_concurrency.lockutils [None req-40831655-5056-416a-a453-f6c1f4e02acb None None] Acquiring lock "c423df23-d335-4ee3-9aac-c6217830da3b" by "nova.context.set_target_cell..get_or_set_cached_cell_and_set_connections" {{(pid=86677) inner /opt/stack/data/venv/lib/python3.12/site-packages/oslo_concurrency/lockutils.py:511}}
May 20 18:05:32.247276 np0000001097 devstack@n-api.service[86676]: DEBUG oslo_db.sqlalchemy.engines [None req-8e3edcd6-7a86-4bf5-9d05-eb4cf1a64c3d None None] MySQL server mode set to STRICT_TRANS_TABLES,STRICT_ALL_TABLES,NO_ZERO_IN_DATE,NO_ZERO_DATE,ERROR_FOR_DIVISION_BY_ZERO,TRADITIONAL,NO_ENGINE_SUBSTITUTION {{(pid=86676) _check_effective_sql_mode /opt/stack/data/venv/lib/python3.12/site-packages/oslo_db/sqlalchemy/engines.py:325}}
May 20 18:05:32.248518 np0000001097 devstack@n-api.service[86677]: INFO dbcounter [None req-40831655-5056-416a-a453-f6c1f4e02acb None None] Registered counter for database nova_cell0
May 20 18:05:32.249662 np0000001097 devstack@n-api.service[86677]: DEBUG oslo_concurrency.lockutils [None req-40831655-5056-416a-a453-f6c1f4e02acb None None] Lock "c423df23-d335-4ee3-9aac-c6217830da3b" acquired by "nova.context.set_target_cell..get_or_set_cached_cell_and_set_connections" :: waited 0.001s {{(pid=86677) inner /opt/stack/data/venv/lib/python3.12/site-packages/oslo_concurrency/lockutils.py:524}}
May 20 18:05:32.250791 np0000001097 devstack@n-api.service[86677]: DEBUG oslo_concurrency.lockutils [None req-40831655-5056-416a-a453-f6c1f4e02acb None None] Lock "c423df23-d335-4ee3-9aac-c6217830da3b" "released" by "nova.context.set_target_cell..get_or_set_cached_cell_and_set_connections" :: held 0.002s {{(pid=86677) inner /opt/stack/data/venv/lib/python3.12/site-packages/oslo_concurrency/lockutils.py:543}}
May 20 18:05:32.252711 np0000001097 devstack@n-api.service[86677]: INFO dbcounter [None req-40831655-5056-416a-a453-f6c1f4e02acb None None] Registered counter for database nova_cell1
May 20 18:05:32.259370 np0000001097 devstack@n-api.service[86677]: DEBUG oslo_db.sqlalchemy.engines [None req-40831655-5056-416a-a453-f6c1f4e02acb None None] MySQL server mode set to STRICT_TRANS_TABLES,STRICT_ALL_TABLES,NO_ZERO_IN_DATE,NO_ZERO_DATE,ERROR_FOR_DIVISION_BY_ZERO,TRADITIONAL,NO_ENGINE_SUBSTITUTION {{(pid=86677) _check_effective_sql_mode /opt/stack/data/venv/lib/python3.12/site-packages/oslo_db/sqlalchemy/engines.py:325}}
May 20 18:05:32.263970 np0000001097 devstack@n-api.service[86677]: DEBUG oslo_db.sqlalchemy.engines [None req-40831655-5056-416a-a453-f6c1f4e02acb None None] MySQL server mode set to STRICT_TRANS_TABLES,STRICT_ALL_TABLES,NO_ZERO_IN_DATE,NO_ZERO_DATE,ERROR_FOR_DIVISION_BY_ZERO,TRADITIONAL,NO_ENGINE_SUBSTITUTION {{(pid=86677) _check_effective_sql_mode /opt/stack/data/venv/lib/python3.12/site-packages/oslo_db/sqlalchemy/engines.py:325}}
May 20 18:05:32.305018 np0000001097 devstack@n-api.service[86678]: DEBUG dbcounter [-] [86678] Writer thread running {{(pid=86678) stat_writer /opt/stack/data/venv/lib/python3.12/site-packages/dbcounter.py:102}}
May 20 18:05:32.308137 np0000001097 devstack@n-api.service[86678]: DEBUG dbcounter [-] [86678] Writer thread running {{(pid=86678) stat_writer /opt/stack/data/venv/lib/python3.12/site-packages/dbcounter.py:102}}
May 20 18:05:32.311057 np0000001097 devstack@n-api.service[86678]: INFO dbcounter [None req-2c781f97-2079-491e-a684-dc447279da7c None None] Registered counter for database nova_cell0
May 20 18:05:32.312129 np0000001097 devstack@n-api.service[86676]: DEBUG dbcounter [-] [86676] Writer thread running {{(pid=86676) stat_writer /opt/stack/data/venv/lib/python3.12/site-packages/dbcounter.py:102}}
May 20 18:05:32.315733 np0000001097 devstack@n-api.service[86676]: DEBUG dbcounter [-] [86676] Writer thread running {{(pid=86676) stat_writer /opt/stack/data/venv/lib/python3.12/site-packages/dbcounter.py:102}}
May 20 18:05:32.317345 np0000001097 devstack@n-api.service[86678]: DEBUG oslo_db.sqlalchemy.engines [None req-2c781f97-2079-491e-a684-dc447279da7c None None] MySQL server mode set to STRICT_TRANS_TABLES,STRICT_ALL_TABLES,NO_ZERO_IN_DATE,NO_ZERO_DATE,ERROR_FOR_DIVISION_BY_ZERO,TRADITIONAL,NO_ENGINE_SUBSTITUTION {{(pid=86678) _check_effective_sql_mode /opt/stack/data/venv/lib/python3.12/site-packages/oslo_db/sqlalchemy/engines.py:325}}
May 20 18:05:32.318505 np0000001097 devstack@n-api.service[86676]: INFO dbcounter [None req-8e3edcd6-7a86-4bf5-9d05-eb4cf1a64c3d None None] Registered counter for database nova_cell0
May 20 18:05:32.322673 np0000001097 devstack@n-api.service[86678]: DEBUG dbcounter [-] [86678] Writer thread running {{(pid=86678) stat_writer /opt/stack/data/venv/lib/python3.12/site-packages/dbcounter.py:102}}
May 20 18:05:32.324073 np0000001097 devstack@n-api.service[86676]: DEBUG oslo_db.sqlalchemy.engines [None req-8e3edcd6-7a86-4bf5-9d05-eb4cf1a64c3d None None] MySQL server mode set to STRICT_TRANS_TABLES,STRICT_ALL_TABLES,NO_ZERO_IN_DATE,NO_ZERO_DATE,ERROR_FOR_DIVISION_BY_ZERO,TRADITIONAL,NO_ENGINE_SUBSTITUTION {{(pid=86676) _check_effective_sql_mode /opt/stack/data/venv/lib/python3.12/site-packages/oslo_db/sqlalchemy/engines.py:325}}
May 20 18:05:32.328665 np0000001097 devstack@n-api.service[86676]: DEBUG dbcounter [-] [86676] Writer thread running {{(pid=86676) stat_writer /opt/stack/data/venv/lib/python3.12/site-packages/dbcounter.py:102}}
May 20 18:05:32.342868 np0000001097 devstack@n-api.service[86677]: DEBUG dbcounter [-] [86677] Writer thread running {{(pid=86677) stat_writer /opt/stack/data/venv/lib/python3.12/site-packages/dbcounter.py:102}}
May 20 18:05:32.347782 np0000001097 devstack@n-api.service[86677]: DEBUG dbcounter [-] [86677] Writer thread running {{(pid=86677) stat_writer /opt/stack/data/venv/lib/python3.12/site-packages/dbcounter.py:102}}
May 20 18:05:32.391592 np0000001097 devstack@n-api.service[86677]: INFO dbcounter [None req-40831655-5056-416a-a453-f6c1f4e02acb None None] Registered counter for database nova_cell0
May 20 18:05:32.397679 np0000001097 devstack@n-api.service[86677]: DEBUG oslo_db.sqlalchemy.engines [None req-40831655-5056-416a-a453-f6c1f4e02acb None None] MySQL server mode set to STRICT_TRANS_TABLES,STRICT_ALL_TABLES,NO_ZERO_IN_DATE,NO_ZERO_DATE,ERROR_FOR_DIVISION_BY_ZERO,TRADITIONAL,NO_ENGINE_SUBSTITUTION {{(pid=86677) _check_effective_sql_mode /opt/stack/data/venv/lib/python3.12/site-packages/oslo_db/sqlalchemy/engines.py:325}}
May 20 18:05:32.402455 np0000001097 devstack@n-api.service[86677]: DEBUG dbcounter [-] [86677] Writer thread running {{(pid=86677) stat_writer /opt/stack/data/venv/lib/python3.12/site-packages/dbcounter.py:102}}
May 20 18:05:32.716182 np0000001097 devstack@n-api.service[86678]: DEBUG oslo_concurrency.processutils [None req-2c781f97-2079-491e-a684-dc447279da7c None None] Running cmd (subprocess): grep -F node.session.scan /sbin/iscsiadm {{(pid=86678) execute /opt/stack/data/venv/lib/python3.12/site-packages/oslo_concurrency/processutils.py:440}}
May 20 18:05:32.717709 np0000001097 devstack@n-api.service[86676]: DEBUG oslo_concurrency.processutils [None req-8e3edcd6-7a86-4bf5-9d05-eb4cf1a64c3d None None] Running cmd (subprocess): grep -F node.session.scan /sbin/iscsiadm {{(pid=86676) execute /opt/stack/data/venv/lib/python3.12/site-packages/oslo_concurrency/processutils.py:440}}
May 20 18:05:32.729006 np0000001097 devstack@n-api.service[86676]: DEBUG oslo_concurrency.processutils [None req-8e3edcd6-7a86-4bf5-9d05-eb4cf1a64c3d None None] CMD "grep -F node.session.scan /sbin/iscsiadm" returned: 0 in 0.011s {{(pid=86676) execute /opt/stack/data/venv/lib/python3.12/site-packages/oslo_concurrency/processutils.py:468}}
May 20 18:05:32.729650 np0000001097 devstack@n-api.service[86678]: DEBUG oslo_concurrency.processutils [None req-2c781f97-2079-491e-a684-dc447279da7c None None] CMD "grep -F node.session.scan /sbin/iscsiadm" returned: 0 in 0.013s {{(pid=86678) execute /opt/stack/data/venv/lib/python3.12/site-packages/oslo_concurrency/processutils.py:468}}
May 20 18:05:32.791258 np0000001097 devstack@n-api.service[86677]: DEBUG oslo_concurrency.processutils [None req-40831655-5056-416a-a453-f6c1f4e02acb None None] Running cmd (subprocess): grep -F node.session.scan /sbin/iscsiadm {{(pid=86677) execute /opt/stack/data/venv/lib/python3.12/site-packages/oslo_concurrency/processutils.py:440}}
May 20 18:05:32.801527 np0000001097 devstack@n-api.service[86677]: DEBUG oslo_concurrency.processutils [None req-40831655-5056-416a-a453-f6c1f4e02acb None None] CMD "grep -F node.session.scan /sbin/iscsiadm" returned: 0 in 0.010s {{(pid=86677) execute /opt/stack/data/venv/lib/python3.12/site-packages/oslo_concurrency/processutils.py:468}}
May 20 18:05:33.292772 np0000001097 devstack@n-api.service[86677]: DEBUG nova.api.openstack.wsgi_app [None req-40831655-5056-416a-a453-f6c1f4e02acb None None] ******************************************************************************** {{(pid=86677) log_opt_values /opt/stack/data/venv/lib/python3.12/site-packages/oslo_config/cfg.py:3229}}
May 20 18:05:33.293178 np0000001097 devstack@n-api.service[86677]: DEBUG nova.api.openstack.wsgi_app [None req-40831655-5056-416a-a453-f6c1f4e02acb None None] Configuration options gathered from: {{(pid=86677) log_opt_values /opt/stack/data/venv/lib/python3.12/site-packages/oslo_config/cfg.py:3230}}
May 20 18:05:33.293178 np0000001097 devstack@n-api.service[86677]: DEBUG nova.api.openstack.wsgi_app [None req-40831655-5056-416a-a453-f6c1f4e02acb None None] command line args: [] {{(pid=86677) log_opt_values /opt/stack/data/venv/lib/python3.12/site-packages/oslo_config/cfg.py:3231}}
May 20 18:05:33.293328 np0000001097 devstack@n-api.service[86677]: DEBUG nova.api.openstack.wsgi_app [None req-40831655-5056-416a-a453-f6c1f4e02acb None None] config files: ['/etc/nova/api-paste.ini', '/etc/nova/nova.conf'] {{(pid=86677) log_opt_values /opt/stack/data/venv/lib/python3.12/site-packages/oslo_config/cfg.py:3232}}
May 20 18:05:33.293431 np0000001097 devstack@n-api.service[86677]: DEBUG nova.api.openstack.wsgi_app [None req-40831655-5056-416a-a453-f6c1f4e02acb None None] ================================================================================ {{(pid=86677) log_opt_values /opt/stack/data/venv/lib/python3.12/site-packages/oslo_config/cfg.py:3237}}
May 20 18:05:33.293604 np0000001097 devstack@n-api.service[86677]: DEBUG nova.api.openstack.wsgi_app [None req-40831655-5056-416a-a453-f6c1f4e02acb None None] allow_resize_to_same_host = True {{(pid=86677) log_opt_values /opt/stack/data/venv/lib/python3.12/site-packages/oslo_config/cfg.py:3245}}
May 20 18:05:33.293731 np0000001097 devstack@n-api.service[86677]: DEBUG nova.api.openstack.wsgi_app [None req-40831655-5056-416a-a453-f6c1f4e02acb None None] arq_binding_timeout = 300 {{(pid=86677) log_opt_values /opt/stack/data/venv/lib/python3.12/site-packages/oslo_config/cfg.py:3245}}
May 20 18:05:33.293882 np0000001097 devstack@n-api.service[86677]: DEBUG nova.api.openstack.wsgi_app [None req-40831655-5056-416a-a453-f6c1f4e02acb None None] block_device_allocate_retries = 60 {{(pid=86677) log_opt_values /opt/stack/data/venv/lib/python3.12/site-packages/oslo_config/cfg.py:3245}}
May 20 18:05:33.293998 np0000001097 devstack@n-api.service[86677]: DEBUG nova.api.openstack.wsgi_app [None req-40831655-5056-416a-a453-f6c1f4e02acb None None] block_device_allocate_retries_interval = 3 {{(pid=86677) log_opt_values /opt/stack/data/venv/lib/python3.12/site-packages/oslo_config/cfg.py:3245}}
May 20 18:05:33.294114 np0000001097 devstack@n-api.service[86677]: DEBUG nova.api.openstack.wsgi_app [None req-40831655-5056-416a-a453-f6c1f4e02acb None None] cell_worker_thread_pool_size = 5 {{(pid=86677) log_opt_values /opt/stack/data/venv/lib/python3.12/site-packages/oslo_config/cfg.py:3245}}
May 20 18:05:33.294239 np0000001097 devstack@n-api.service[86677]: DEBUG nova.api.openstack.wsgi_app [None req-40831655-5056-416a-a453-f6c1f4e02acb None None] cert = self.pem {{(pid=86677) log_opt_values /opt/stack/data/venv/lib/python3.12/site-packages/oslo_config/cfg.py:3245}}
May 20 18:05:33.294363 np0000001097 devstack@n-api.service[86677]: DEBUG nova.api.openstack.wsgi_app [None req-40831655-5056-416a-a453-f6c1f4e02acb None None] compute_driver = libvirt.LibvirtDriver {{(pid=86677) log_opt_values /opt/stack/data/venv/lib/python3.12/site-packages/oslo_config/cfg.py:3245}}
May 20 18:05:33.294546 np0000001097 devstack@n-api.service[86677]: DEBUG nova.api.openstack.wsgi_app [None req-40831655-5056-416a-a453-f6c1f4e02acb None None] compute_monitors = [] {{(pid=86677) log_opt_values /opt/stack/data/venv/lib/python3.12/site-packages/oslo_config/cfg.py:3245}}
May 20 18:05:33.294624 np0000001097 devstack@n-api.service[86677]: DEBUG nova.api.openstack.wsgi_app [None req-40831655-5056-416a-a453-f6c1f4e02acb None None] config_dir = [] {{(pid=86677) log_opt_values /opt/stack/data/venv/lib/python3.12/site-packages/oslo_config/cfg.py:3245}}
May 20 18:05:33.294736 np0000001097 devstack@n-api.service[86677]: DEBUG nova.api.openstack.wsgi_app [None req-40831655-5056-416a-a453-f6c1f4e02acb None None] config_drive_format = iso9660 {{(pid=86677) log_opt_values /opt/stack/data/venv/lib/python3.12/site-packages/oslo_config/cfg.py:3245}}
May 20 18:05:33.294852 np0000001097 devstack@n-api.service[86677]: DEBUG nova.api.openstack.wsgi_app [None req-40831655-5056-416a-a453-f6c1f4e02acb None None] config_file = ['/etc/nova/api-paste.ini', '/etc/nova/nova.conf'] {{(pid=86677) log_opt_values /opt/stack/data/venv/lib/python3.12/site-packages/oslo_config/cfg.py:3245}}
May 20 18:05:33.294988 np0000001097 devstack@n-api.service[86677]: DEBUG nova.api.openstack.wsgi_app [None req-40831655-5056-416a-a453-f6c1f4e02acb None None] config_source = [] {{(pid=86677) log_opt_values /opt/stack/data/venv/lib/python3.12/site-packages/oslo_config/cfg.py:3245}}
May 20 18:05:33.295107 np0000001097 devstack@n-api.service[86677]: DEBUG nova.api.openstack.wsgi_app [None req-40831655-5056-416a-a453-f6c1f4e02acb None None] console_host = np0000001097 {{(pid=86677) log_opt_values /opt/stack/data/venv/lib/python3.12/site-packages/oslo_config/cfg.py:3245}}
May 20 18:05:33.295224 np0000001097 devstack@n-api.service[86677]: DEBUG nova.api.openstack.wsgi_app [None req-40831655-5056-416a-a453-f6c1f4e02acb None None] control_exchange = nova {{(pid=86677) log_opt_values /opt/stack/data/venv/lib/python3.12/site-packages/oslo_config/cfg.py:3245}}
May 20 18:05:33.295342 np0000001097 devstack@n-api.service[86677]: DEBUG nova.api.openstack.wsgi_app [None req-40831655-5056-416a-a453-f6c1f4e02acb None None] cpu_allocation_ratio = None {{(pid=86677) log_opt_values /opt/stack/data/venv/lib/python3.12/site-packages/oslo_config/cfg.py:3245}}
May 20 18:05:33.295465 np0000001097 devstack@n-api.service[86677]: DEBUG nova.api.openstack.wsgi_app [None req-40831655-5056-416a-a453-f6c1f4e02acb None None] daemon = False {{(pid=86677) log_opt_values /opt/stack/data/venv/lib/python3.12/site-packages/oslo_config/cfg.py:3245}}
May 20 18:05:33.295595 np0000001097 devstack@n-api.service[86677]: DEBUG nova.api.openstack.wsgi_app [None req-40831655-5056-416a-a453-f6c1f4e02acb None None] debug = True {{(pid=86677) log_opt_values /opt/stack/data/venv/lib/python3.12/site-packages/oslo_config/cfg.py:3245}}
May 20 18:05:33.295715 np0000001097 devstack@n-api.service[86677]: DEBUG nova.api.openstack.wsgi_app [None req-40831655-5056-416a-a453-f6c1f4e02acb None None] default_access_ip_network_name = None {{(pid=86677) log_opt_values /opt/stack/data/venv/lib/python3.12/site-packages/oslo_config/cfg.py:3245}}
May 20 18:05:33.295846 np0000001097 devstack@n-api.service[86677]: DEBUG nova.api.openstack.wsgi_app [None req-40831655-5056-416a-a453-f6c1f4e02acb None None] default_availability_zone = nova {{(pid=86677) log_opt_values /opt/stack/data/venv/lib/python3.12/site-packages/oslo_config/cfg.py:3245}}
May 20 18:05:33.295965 np0000001097 devstack@n-api.service[86677]: DEBUG nova.api.openstack.wsgi_app [None req-40831655-5056-416a-a453-f6c1f4e02acb None None] default_ephemeral_format = ext4 {{(pid=86677) log_opt_values /opt/stack/data/venv/lib/python3.12/site-packages/oslo_config/cfg.py:3245}}
May 20 18:05:33.296092 np0000001097 devstack@n-api.service[86677]: DEBUG nova.api.openstack.wsgi_app [None req-40831655-5056-416a-a453-f6c1f4e02acb None None] default_green_pool_size = 1000 {{(pid=86677) log_opt_values /opt/stack/data/venv/lib/python3.12/site-packages/oslo_config/cfg.py:3245}}
May 20 18:05:33.296280 np0000001097 devstack@n-api.service[86677]: DEBUG nova.api.openstack.wsgi_app [None req-40831655-5056-416a-a453-f6c1f4e02acb None None] default_log_levels = ['amqp=WARN', 'boto=WARN', 'sqlalchemy=WARN', 'suds=INFO', 'oslo.messaging=INFO', 'oslo_messaging=INFO', 'iso8601=WARN', 'requests.packages.urllib3.connectionpool=WARN', 'urllib3.connectionpool=WARN', 'websocket=WARN', 'requests.packages.urllib3.util.retry=WARN', 'urllib3.util.retry=WARN', 'keystonemiddleware=WARN', 'routes.middleware=WARN', 'stevedore=WARN', 'taskflow=WARN', 'keystoneauth=WARN', 'oslo.cache=INFO', 'oslo_policy=INFO', 'dogpile.core.dogpile=INFO', 'glanceclient=WARN', 'oslo.privsep.daemon=INFO'] {{(pid=86677) log_opt_values /opt/stack/data/venv/lib/python3.12/site-packages/oslo_config/cfg.py:3245}}
May 20 18:05:33.296390 np0000001097 devstack@n-api.service[86677]: DEBUG nova.api.openstack.wsgi_app [None req-40831655-5056-416a-a453-f6c1f4e02acb None None] default_schedule_zone = None {{(pid=86677) log_opt_values /opt/stack/data/venv/lib/python3.12/site-packages/oslo_config/cfg.py:3245}}
May 20 18:05:33.296520 np0000001097 devstack@n-api.service[86677]: DEBUG nova.api.openstack.wsgi_app [None req-40831655-5056-416a-a453-f6c1f4e02acb None None] default_thread_pool_size = 10 {{(pid=86677) log_opt_values /opt/stack/data/venv/lib/python3.12/site-packages/oslo_config/cfg.py:3245}}
May 20 18:05:33.296634 np0000001097 devstack@n-api.service[86677]: DEBUG nova.api.openstack.wsgi_app [None req-40831655-5056-416a-a453-f6c1f4e02acb None None] disk_allocation_ratio = None {{(pid=86677) log_opt_values /opt/stack/data/venv/lib/python3.12/site-packages/oslo_config/cfg.py:3245}}
May 20 18:05:33.296768 np0000001097 devstack@n-api.service[86677]: DEBUG nova.api.openstack.wsgi_app [None req-40831655-5056-416a-a453-f6c1f4e02acb None None] enable_new_services = True {{(pid=86677) log_opt_values /opt/stack/data/venv/lib/python3.12/site-packages/oslo_config/cfg.py:3245}}
May 20 18:05:33.296881 np0000001097 devstack@n-api.service[86677]: DEBUG nova.api.openstack.wsgi_app [None req-40831655-5056-416a-a453-f6c1f4e02acb None None] flat_injected = False {{(pid=86677) log_opt_values /opt/stack/data/venv/lib/python3.12/site-packages/oslo_config/cfg.py:3245}}
May 20 18:05:33.296999 np0000001097 devstack@n-api.service[86677]: DEBUG nova.api.openstack.wsgi_app [None req-40831655-5056-416a-a453-f6c1f4e02acb None None] force_config_drive = True {{(pid=86677) log_opt_values /opt/stack/data/venv/lib/python3.12/site-packages/oslo_config/cfg.py:3245}}
May 20 18:05:33.297113 np0000001097 devstack@n-api.service[86677]: DEBUG nova.api.openstack.wsgi_app [None req-40831655-5056-416a-a453-f6c1f4e02acb None None] force_raw_images = True {{(pid=86677) log_opt_values /opt/stack/data/venv/lib/python3.12/site-packages/oslo_config/cfg.py:3245}}
May 20 18:05:33.297276 np0000001097 devstack@n-api.service[86677]: DEBUG nova.api.openstack.wsgi_app [None req-40831655-5056-416a-a453-f6c1f4e02acb None None] graceful_shutdown_timeout = 5 {{(pid=86677) log_opt_values /opt/stack/data/venv/lib/python3.12/site-packages/oslo_config/cfg.py:3245}}
May 20 18:05:33.297409 np0000001097 devstack@n-api.service[86677]: DEBUG nova.api.openstack.wsgi_app [None req-40831655-5056-416a-a453-f6c1f4e02acb None None] heal_instance_info_cache_interval = -1 {{(pid=86677) log_opt_values /opt/stack/data/venv/lib/python3.12/site-packages/oslo_config/cfg.py:3245}}
May 20 18:05:33.297565 np0000001097 devstack@n-api.service[86677]: DEBUG nova.api.openstack.wsgi_app [None req-40831655-5056-416a-a453-f6c1f4e02acb None None] host = np0000001097 {{(pid=86677) log_opt_values /opt/stack/data/venv/lib/python3.12/site-packages/oslo_config/cfg.py:3245}}
May 20 18:05:33.297705 np0000001097 devstack@n-api.service[86677]: DEBUG nova.api.openstack.wsgi_app [None req-40831655-5056-416a-a453-f6c1f4e02acb None None] initial_cpu_allocation_ratio = 4.0 {{(pid=86677) log_opt_values /opt/stack/data/venv/lib/python3.12/site-packages/oslo_config/cfg.py:3245}}
May 20 18:05:33.297895 np0000001097 devstack@n-api.service[86677]: DEBUG nova.api.openstack.wsgi_app [None req-40831655-5056-416a-a453-f6c1f4e02acb None None] initial_disk_allocation_ratio = 1.0 {{(pid=86677) log_opt_values /opt/stack/data/venv/lib/python3.12/site-packages/oslo_config/cfg.py:3245}}
May 20 18:05:33.298081 np0000001097 devstack@n-api.service[86677]: DEBUG nova.api.openstack.wsgi_app [None req-40831655-5056-416a-a453-f6c1f4e02acb None None] initial_ram_allocation_ratio = 1.0 {{(pid=86677) log_opt_values /opt/stack/data/venv/lib/python3.12/site-packages/oslo_config/cfg.py:3245}}
May 20 18:05:33.298303 np0000001097 devstack@n-api.service[86677]: DEBUG nova.api.openstack.wsgi_app [None req-40831655-5056-416a-a453-f6c1f4e02acb None None] injected_network_template = /opt/stack/nova/nova/virt/interfaces.template {{(pid=86677) log_opt_values /opt/stack/data/venv/lib/python3.12/site-packages/oslo_config/cfg.py:3245}}
May 20 18:05:33.298500 np0000001097 devstack@n-api.service[86677]: DEBUG nova.api.openstack.wsgi_app [None req-40831655-5056-416a-a453-f6c1f4e02acb None None] instance_build_timeout = 0 {{(pid=86677) log_opt_values /opt/stack/data/venv/lib/python3.12/site-packages/oslo_config/cfg.py:3245}}
May 20 18:05:33.298691 np0000001097 devstack@n-api.service[86677]: DEBUG nova.api.openstack.wsgi_app [None req-40831655-5056-416a-a453-f6c1f4e02acb None None] instance_delete_interval = 300 {{(pid=86677) log_opt_values /opt/stack/data/venv/lib/python3.12/site-packages/oslo_config/cfg.py:3245}}
May 20 18:05:33.298914 np0000001097 devstack@n-api.service[86677]: DEBUG nova.api.openstack.wsgi_app [None req-40831655-5056-416a-a453-f6c1f4e02acb None None] instance_format = [instance: %(uuid)s] {{(pid=86677) log_opt_values /opt/stack/data/venv/lib/python3.12/site-packages/oslo_config/cfg.py:3245}}
May 20 18:05:33.299113 np0000001097 devstack@n-api.service[86677]: DEBUG nova.api.openstack.wsgi_app [None req-40831655-5056-416a-a453-f6c1f4e02acb None None] instance_name_template = instance-%08x {{(pid=86677) log_opt_values /opt/stack/data/venv/lib/python3.12/site-packages/oslo_config/cfg.py:3245}}
May 20 18:05:33.299307 np0000001097 devstack@n-api.service[86677]: DEBUG nova.api.openstack.wsgi_app [None req-40831655-5056-416a-a453-f6c1f4e02acb None None] instance_usage_audit = False {{(pid=86677) log_opt_values /opt/stack/data/venv/lib/python3.12/site-packages/oslo_config/cfg.py:3245}}
May 20 18:05:33.299511 np0000001097 devstack@n-api.service[86677]: DEBUG nova.api.openstack.wsgi_app [None req-40831655-5056-416a-a453-f6c1f4e02acb None None] instance_usage_audit_period = month {{(pid=86677) log_opt_values /opt/stack/data/venv/lib/python3.12/site-packages/oslo_config/cfg.py:3245}}
May 20 18:05:33.299658 np0000001097 devstack@n-api.service[86677]: DEBUG nova.api.openstack.wsgi_app [None req-40831655-5056-416a-a453-f6c1f4e02acb None None] instance_uuid_format = [instance: %(uuid)s] {{(pid=86677) log_opt_values /opt/stack/data/venv/lib/python3.12/site-packages/oslo_config/cfg.py:3245}}
May 20 18:05:33.299820 np0000001097 devstack@n-api.service[86677]: DEBUG nova.api.openstack.wsgi_app [None req-40831655-5056-416a-a453-f6c1f4e02acb None None] instances_path = /opt/stack/data/nova/instances {{(pid=86677) log_opt_values /opt/stack/data/venv/lib/python3.12/site-packages/oslo_config/cfg.py:3245}}
May 20 18:05:33.299964 np0000001097 devstack@n-api.service[86677]: DEBUG nova.api.openstack.wsgi_app [None req-40831655-5056-416a-a453-f6c1f4e02acb None None] internal_service_availability_zone = internal {{(pid=86677) log_opt_values /opt/stack/data/venv/lib/python3.12/site-packages/oslo_config/cfg.py:3245}}
May 20 18:05:33.300095 np0000001097 devstack@n-api.service[86677]: DEBUG nova.api.openstack.wsgi_app [None req-40831655-5056-416a-a453-f6c1f4e02acb None None] key = None {{(pid=86677) log_opt_values /opt/stack/data/venv/lib/python3.12/site-packages/oslo_config/cfg.py:3245}}
May 20 18:05:33.300222 np0000001097 devstack@n-api.service[86677]: DEBUG nova.api.openstack.wsgi_app [None req-40831655-5056-416a-a453-f6c1f4e02acb None None] live_migration_retry_count = 30 {{(pid=86677) log_opt_values /opt/stack/data/venv/lib/python3.12/site-packages/oslo_config/cfg.py:3245}}
May 20 18:05:33.300365 np0000001097 devstack@n-api.service[86677]: DEBUG nova.api.openstack.wsgi_app [None req-40831655-5056-416a-a453-f6c1f4e02acb None None] log_color = False {{(pid=86677) log_opt_values /opt/stack/data/venv/lib/python3.12/site-packages/oslo_config/cfg.py:3245}}
May 20 18:05:33.300518 np0000001097 devstack@n-api.service[86677]: DEBUG nova.api.openstack.wsgi_app [None req-40831655-5056-416a-a453-f6c1f4e02acb None None] log_config_append = None {{(pid=86677) log_opt_values /opt/stack/data/venv/lib/python3.12/site-packages/oslo_config/cfg.py:3245}}
May 20 18:05:33.300656 np0000001097 devstack@n-api.service[86677]: DEBUG nova.api.openstack.wsgi_app [None req-40831655-5056-416a-a453-f6c1f4e02acb None None] log_date_format = %Y-%m-%d %H:%M:%S {{(pid=86677) log_opt_values /opt/stack/data/venv/lib/python3.12/site-packages/oslo_config/cfg.py:3245}}
May 20 18:05:33.300806 np0000001097 devstack@n-api.service[86677]: DEBUG nova.api.openstack.wsgi_app [None req-40831655-5056-416a-a453-f6c1f4e02acb None None] log_dir = None {{(pid=86677) log_opt_values /opt/stack/data/venv/lib/python3.12/site-packages/oslo_config/cfg.py:3245}}
May 20 18:05:33.300939 np0000001097 devstack@n-api.service[86677]: DEBUG nova.api.openstack.wsgi_app [None req-40831655-5056-416a-a453-f6c1f4e02acb None None] log_file = None {{(pid=86677) log_opt_values /opt/stack/data/venv/lib/python3.12/site-packages/oslo_config/cfg.py:3245}}
May 20 18:05:33.301044 np0000001097 devstack@n-api.service[86677]: DEBUG nova.api.openstack.wsgi_app [None req-40831655-5056-416a-a453-f6c1f4e02acb None None] log_options = True {{(pid=86677) log_opt_values /opt/stack/data/venv/lib/python3.12/site-packages/oslo_config/cfg.py:3245}}
May 20 18:05:33.301172 np0000001097 devstack@n-api.service[86677]: DEBUG nova.api.openstack.wsgi_app [None req-40831655-5056-416a-a453-f6c1f4e02acb None None] log_rotate_interval = 1 {{(pid=86677) log_opt_values /opt/stack/data/venv/lib/python3.12/site-packages/oslo_config/cfg.py:3245}}
May 20 18:05:33.301313 np0000001097 devstack@n-api.service[86677]: DEBUG nova.api.openstack.wsgi_app [None req-40831655-5056-416a-a453-f6c1f4e02acb None None] log_rotate_interval_type = days {{(pid=86677) log_opt_values /opt/stack/data/venv/lib/python3.12/site-packages/oslo_config/cfg.py:3245}}
May 20 18:05:33.301445 np0000001097 devstack@n-api.service[86677]: DEBUG nova.api.openstack.wsgi_app [None req-40831655-5056-416a-a453-f6c1f4e02acb None None] log_rotation_type = none {{(pid=86677) log_opt_values /opt/stack/data/venv/lib/python3.12/site-packages/oslo_config/cfg.py:3245}}
May 20 18:05:33.301564 np0000001097 devstack@n-api.service[86677]: DEBUG nova.api.openstack.wsgi_app [None req-40831655-5056-416a-a453-f6c1f4e02acb None None] logging_context_format_string = %(color)s%(levelname)s %(name)s [%(global_request_id)s %(request_id)s %(project_name)s %(user_name)s%(color)s] %(instance)s%(color)s%(message)s {{(pid=86677) log_opt_values /opt/stack/data/venv/lib/python3.12/site-packages/oslo_config/cfg.py:3245}}
May 20 18:05:33.301667 np0000001097 devstack@n-api.service[86677]: DEBUG nova.api.openstack.wsgi_app [None req-40831655-5056-416a-a453-f6c1f4e02acb None None] logging_debug_format_suffix = {{(pid=%(process)d) %(funcName)s %(pathname)s:%(lineno)d}} {{(pid=86677) log_opt_values /opt/stack/data/venv/lib/python3.12/site-packages/oslo_config/cfg.py:3245}}
May 20 18:05:33.301824 np0000001097 devstack@n-api.service[86677]: DEBUG nova.api.openstack.wsgi_app [None req-40831655-5056-416a-a453-f6c1f4e02acb None None] logging_default_format_string = %(color)s%(levelname)s %(name)s [-%(color)s] %(instance)s%(color)s%(message)s {{(pid=86677) log_opt_values /opt/stack/data/venv/lib/python3.12/site-packages/oslo_config/cfg.py:3245}}
May 20 18:05:33.301963 np0000001097 devstack@n-api.service[86677]: DEBUG nova.api.openstack.wsgi_app [None req-40831655-5056-416a-a453-f6c1f4e02acb None None] logging_exception_prefix = ERROR %(name)s %(instance)s {{(pid=86677) log_opt_values /opt/stack/data/venv/lib/python3.12/site-packages/oslo_config/cfg.py:3245}}
May 20 18:05:33.302107 np0000001097 devstack@n-api.service[86677]: DEBUG nova.api.openstack.wsgi_app [None req-40831655-5056-416a-a453-f6c1f4e02acb None None] logging_user_identity_format = %(user)s %(project)s %(domain)s %(system_scope)s %(user_domain)s %(project_domain)s {{(pid=86677) log_opt_values /opt/stack/data/venv/lib/python3.12/site-packages/oslo_config/cfg.py:3245}}
May 20 18:05:33.302308 np0000001097 devstack@n-api.service[86677]: DEBUG nova.api.openstack.wsgi_app [None req-40831655-5056-416a-a453-f6c1f4e02acb None None] long_rpc_timeout = 1800 {{(pid=86677) log_opt_values /opt/stack/data/venv/lib/python3.12/site-packages/oslo_config/cfg.py:3245}}
May 20 18:05:33.302509 np0000001097 devstack@n-api.service[86677]: DEBUG nova.api.openstack.wsgi_app [None req-40831655-5056-416a-a453-f6c1f4e02acb None None] manager_shutdown_timeout = 160 {{(pid=86677) log_opt_values /opt/stack/data/venv/lib/python3.12/site-packages/oslo_config/cfg.py:3245}}
May 20 18:05:33.302705 np0000001097 devstack@n-api.service[86677]: DEBUG nova.api.openstack.wsgi_app [None req-40831655-5056-416a-a453-f6c1f4e02acb None None] max_concurrent_builds = 10 {{(pid=86677) log_opt_values /opt/stack/data/venv/lib/python3.12/site-packages/oslo_config/cfg.py:3245}}
May 20 18:05:33.302830 np0000001097 devstack@n-api.service[86678]: DEBUG nova.api.openstack.wsgi_app [None req-2c781f97-2079-491e-a684-dc447279da7c None None] ******************************************************************************** {{(pid=86678) log_opt_values /opt/stack/data/venv/lib/python3.12/site-packages/oslo_config/cfg.py:3229}}
May 20 18:05:33.303056 np0000001097 devstack@n-api.service[86677]: DEBUG nova.api.openstack.wsgi_app [None req-40831655-5056-416a-a453-f6c1f4e02acb None None] max_concurrent_live_migrations = 1 {{(pid=86677) log_opt_values /opt/stack/data/venv/lib/python3.12/site-packages/oslo_config/cfg.py:3245}}
May 20 18:05:33.303093 np0000001097 devstack@n-api.service[86678]: DEBUG nova.api.openstack.wsgi_app [None req-2c781f97-2079-491e-a684-dc447279da7c None None] Configuration options gathered from: {{(pid=86678) log_opt_values /opt/stack/data/venv/lib/python3.12/site-packages/oslo_config/cfg.py:3230}}
May 20 18:05:33.303117 np0000001097 devstack@n-api.service[86677]: DEBUG nova.api.openstack.wsgi_app [None req-40831655-5056-416a-a453-f6c1f4e02acb None None] max_concurrent_snapshots = 5 {{(pid=86677) log_opt_values /opt/stack/data/venv/lib/python3.12/site-packages/oslo_config/cfg.py:3245}}
May 20 18:05:33.303143 np0000001097 devstack@n-api.service[86676]: DEBUG nova.api.openstack.wsgi_app [None req-8e3edcd6-7a86-4bf5-9d05-eb4cf1a64c3d None None] ******************************************************************************** {{(pid=86676) log_opt_values /opt/stack/data/venv/lib/python3.12/site-packages/oslo_config/cfg.py:3229}}
May 20 18:05:33.303313 np0000001097 devstack@n-api.service[86678]: DEBUG nova.api.openstack.wsgi_app [None req-2c781f97-2079-491e-a684-dc447279da7c None None] command line args: [] {{(pid=86678) log_opt_values /opt/stack/data/venv/lib/python3.12/site-packages/oslo_config/cfg.py:3231}}
May 20 18:05:33.303345 np0000001097 devstack@n-api.service[86676]: DEBUG nova.api.openstack.wsgi_app [None req-8e3edcd6-7a86-4bf5-9d05-eb4cf1a64c3d None None] Configuration options gathered from: {{(pid=86676) log_opt_values /opt/stack/data/venv/lib/python3.12/site-packages/oslo_config/cfg.py:3230}}
May 20 18:05:33.303368 np0000001097 devstack@n-api.service[86677]: DEBUG nova.api.openstack.wsgi_app [None req-40831655-5056-416a-a453-f6c1f4e02acb None None] max_local_block_devices = 3 {{(pid=86677) log_opt_values /opt/stack/data/venv/lib/python3.12/site-packages/oslo_config/cfg.py:3245}}
May 20 18:05:33.303394 np0000001097 devstack@n-api.service[86678]: DEBUG nova.api.openstack.wsgi_app [None req-2c781f97-2079-491e-a684-dc447279da7c None None] config files: ['/etc/nova/api-paste.ini', '/etc/nova/nova.conf'] {{(pid=86678) log_opt_values /opt/stack/data/venv/lib/python3.12/site-packages/oslo_config/cfg.py:3232}}
May 20 18:05:33.303487 np0000001097 devstack@n-api.service[86677]: DEBUG nova.api.openstack.wsgi_app [None req-40831655-5056-416a-a453-f6c1f4e02acb None None] max_logfile_count = 30 {{(pid=86677) log_opt_values /opt/stack/data/venv/lib/python3.12/site-packages/oslo_config/cfg.py:3245}}
May 20 18:05:33.303523 np0000001097 devstack@n-api.service[86678]: DEBUG nova.api.openstack.wsgi_app [None req-2c781f97-2079-491e-a684-dc447279da7c None None] ================================================================================ {{(pid=86678) log_opt_values /opt/stack/data/venv/lib/python3.12/site-packages/oslo_config/cfg.py:3237}}
May 20 18:05:33.303547 np0000001097 devstack@n-api.service[86676]: DEBUG nova.api.openstack.wsgi_app [None req-8e3edcd6-7a86-4bf5-9d05-eb4cf1a64c3d None None] command line args: [] {{(pid=86676) log_opt_values /opt/stack/data/venv/lib/python3.12/site-packages/oslo_config/cfg.py:3231}}
