Jul 09 22:14:27.340275 np0000004925 nova-scheduler[93489]: DEBUG cotyledon.oslo_config_glue [-] oslo_messaging_rabbit.ssl = False {{(pid=93489) log_opt_values /opt/stack/data/venv/lib/python3.12/site-packages/oslo_config/cfg.py:3253}}
Jul 09 22:14:27.340275 np0000004925 nova-scheduler[93489]: DEBUG cotyledon.oslo_config_glue [-] oslo_messaging_rabbit.ssl_ca_file = {{(pid=93489) log_opt_values /opt/stack/data/venv/lib/python3.12/site-packages/oslo_config/cfg.py:3253}}
Jul 09 22:14:27.340275 np0000004925 nova-scheduler[93489]: DEBUG cotyledon.oslo_config_glue [-] oslo_messaging_rabbit.ssl_cert_file = {{(pid=93489) log_opt_values /opt/stack/data/venv/lib/python3.12/site-packages/oslo_config/cfg.py:3253}}
Jul 09 22:14:27.340596 np0000004925 nova-scheduler[93489]: DEBUG cotyledon.oslo_config_glue [-] oslo_messaging_rabbit.ssl_enforce_fips_mode = False {{(pid=93489) log_opt_values /opt/stack/data/venv/lib/python3.12/site-packages/oslo_config/cfg.py:3253}}
Jul 09 22:14:27.340596 np0000004925 nova-scheduler[93489]: DEBUG cotyledon.oslo_config_glue [-] oslo_messaging_rabbit.ssl_enforce_hostname_verification = True {{(pid=93489) log_opt_values /opt/stack/data/venv/lib/python3.12/site-packages/oslo_config/cfg.py:3253}}
Jul 09 22:14:27.340596 np0000004925 nova-scheduler[93489]: DEBUG cotyledon.oslo_config_glue [-] oslo_messaging_rabbit.ssl_key_file = {{(pid=93489) log_opt_values /opt/stack/data/venv/lib/python3.12/site-packages/oslo_config/cfg.py:3253}}
Jul 09 22:14:27.340596 np0000004925 nova-scheduler[93489]: DEBUG cotyledon.oslo_config_glue [-] oslo_messaging_rabbit.ssl_version = {{(pid=93489) log_opt_values /opt/stack/data/venv/lib/python3.12/site-packages/oslo_config/cfg.py:3253}}
Jul 09 22:14:27.340596 np0000004925 nova-scheduler[93489]: DEBUG cotyledon.oslo_config_glue [-] oslo_messaging_rabbit.use_queue_manager = False {{(pid=93489) log_opt_values /opt/stack/data/venv/lib/python3.12/site-packages/oslo_config/cfg.py:3253}}
Jul 09 22:14:27.340596 np0000004925 nova-scheduler[93489]: DEBUG cotyledon.oslo_config_glue [-] oslo_messaging_notifications.driver = ['messagingv2'] {{(pid=93489) log_opt_values /opt/stack/data/venv/lib/python3.12/site-packages/oslo_config/cfg.py:3253}}
Jul 09 22:14:27.340596 np0000004925 nova-scheduler[93489]: DEBUG cotyledon.oslo_config_glue [-] oslo_messaging_notifications.retry = -1 {{(pid=93489) log_opt_values /opt/stack/data/venv/lib/python3.12/site-packages/oslo_config/cfg.py:3253}}
Jul 09 22:14:27.340596 np0000004925 nova-scheduler[93489]: DEBUG cotyledon.oslo_config_glue [-] oslo_messaging_notifications.topics = ['notifications'] {{(pid=93489) log_opt_values /opt/stack/data/venv/lib/python3.12/site-packages/oslo_config/cfg.py:3253}}
Jul 09 22:14:27.340596 np0000004925 nova-scheduler[93489]: DEBUG cotyledon.oslo_config_glue [-] oslo_messaging_notifications.transport_url = **** {{(pid=93489) log_opt_values /opt/stack/data/venv/lib/python3.12/site-packages/oslo_config/cfg.py:3253}}
Jul 09 22:14:27.340946 np0000004925 nova-scheduler[93489]: DEBUG cotyledon.oslo_config_glue [-] oslo_limit.auth_section = None {{(pid=93489) log_opt_values /opt/stack/data/venv/lib/python3.12/site-packages/oslo_config/cfg.py:3253}}
Jul 09 22:14:27.340946 np0000004925 nova-scheduler[93489]: DEBUG cotyledon.oslo_config_glue [-] oslo_limit.auth_type = None {{(pid=93489) log_opt_values /opt/stack/data/venv/lib/python3.12/site-packages/oslo_config/cfg.py:3253}}
Jul 09 22:14:27.340946 np0000004925 nova-scheduler[93489]: DEBUG cotyledon.oslo_config_glue [-] oslo_limit.cafile = None {{(pid=93489) log_opt_values /opt/stack/data/venv/lib/python3.12/site-packages/oslo_config/cfg.py:3253}}
Jul 09 22:14:27.340946 np0000004925 nova-scheduler[93489]: DEBUG cotyledon.oslo_config_glue [-] oslo_limit.certfile = None {{(pid=93489) log_opt_values /opt/stack/data/venv/lib/python3.12/site-packages/oslo_config/cfg.py:3253}}
Jul 09 22:14:27.340946 np0000004925 nova-scheduler[93489]: DEBUG cotyledon.oslo_config_glue [-] oslo_limit.collect_timing = False {{(pid=93489) log_opt_values /opt/stack/data/venv/lib/python3.12/site-packages/oslo_config/cfg.py:3253}}
Jul 09 22:14:27.340946 np0000004925 nova-scheduler[93489]: DEBUG cotyledon.oslo_config_glue [-] oslo_limit.connect_retries = None {{(pid=93489) log_opt_values /opt/stack/data/venv/lib/python3.12/site-packages/oslo_config/cfg.py:3253}}
Jul 09 22:14:27.340946 np0000004925 nova-scheduler[93489]: DEBUG cotyledon.oslo_config_glue [-] oslo_limit.connect_retry_delay = None {{(pid=93489) log_opt_values /opt/stack/data/venv/lib/python3.12/site-packages/oslo_config/cfg.py:3253}}
Jul 09 22:14:27.340946 np0000004925 nova-scheduler[93489]: DEBUG cotyledon.oslo_config_glue [-] oslo_limit.endpoint_id = None {{(pid=93489) log_opt_values /opt/stack/data/venv/lib/python3.12/site-packages/oslo_config/cfg.py:3253}}
Jul 09 22:14:27.340946 np0000004925 nova-scheduler[93489]: DEBUG cotyledon.oslo_config_glue [-] oslo_limit.endpoint_interface = public {{(pid=93489) log_opt_values /opt/stack/data/venv/lib/python3.12/site-packages/oslo_config/cfg.py:3253}}
Jul 09 22:14:27.341235 np0000004925 nova-scheduler[93489]: DEBUG cotyledon.oslo_config_glue [-] oslo_limit.endpoint_override = None {{(pid=93489) log_opt_values /opt/stack/data/venv/lib/python3.12/site-packages/oslo_config/cfg.py:3253}}
Jul 09 22:14:27.341235 np0000004925 nova-scheduler[93489]: DEBUG cotyledon.oslo_config_glue [-] oslo_limit.endpoint_region_name = None {{(pid=93489) log_opt_values /opt/stack/data/venv/lib/python3.12/site-packages/oslo_config/cfg.py:3253}}
Jul 09 22:14:27.341235 np0000004925 nova-scheduler[93489]: DEBUG cotyledon.oslo_config_glue [-] oslo_limit.endpoint_service_name = None {{(pid=93489) log_opt_values /opt/stack/data/venv/lib/python3.12/site-packages/oslo_config/cfg.py:3253}}
Jul 09 22:14:27.341235 np0000004925 nova-scheduler[93489]: DEBUG cotyledon.oslo_config_glue [-] oslo_limit.endpoint_service_type = None {{(pid=93489) log_opt_values /opt/stack/data/venv/lib/python3.12/site-packages/oslo_config/cfg.py:3253}}
Jul 09 22:14:27.341235 np0000004925 nova-scheduler[93489]: DEBUG cotyledon.oslo_config_glue [-] oslo_limit.insecure = False {{(pid=93489) log_opt_values /opt/stack/data/venv/lib/python3.12/site-packages/oslo_config/cfg.py:3253}}
Jul 09 22:14:27.341235 np0000004925 nova-scheduler[93489]: DEBUG cotyledon.oslo_config_glue [-] oslo_limit.keyfile = None {{(pid=93489) log_opt_values /opt/stack/data/venv/lib/python3.12/site-packages/oslo_config/cfg.py:3253}}
Jul 09 22:14:27.341235 np0000004925 nova-scheduler[93489]: DEBUG cotyledon.oslo_config_glue [-] oslo_limit.max_version = None {{(pid=93489) log_opt_values /opt/stack/data/venv/lib/python3.12/site-packages/oslo_config/cfg.py:3253}}
Jul 09 22:14:27.341235 np0000004925 nova-scheduler[93489]: DEBUG cotyledon.oslo_config_glue [-] oslo_limit.min_version = None {{(pid=93489) log_opt_values /opt/stack/data/venv/lib/python3.12/site-packages/oslo_config/cfg.py:3253}}
Jul 09 22:14:27.341235 np0000004925 nova-scheduler[93489]: DEBUG cotyledon.oslo_config_glue [-] oslo_limit.region_name = None {{(pid=93489) log_opt_values /opt/stack/data/venv/lib/python3.12/site-packages/oslo_config/cfg.py:3253}}
Jul 09 22:14:27.341561 np0000004925 nova-scheduler[93489]: DEBUG cotyledon.oslo_config_glue [-] oslo_limit.retriable_status_codes = None {{(pid=93489) log_opt_values /opt/stack/data/venv/lib/python3.12/site-packages/oslo_config/cfg.py:3253}}
Jul 09 22:14:27.341561 np0000004925 nova-scheduler[93489]: DEBUG cotyledon.oslo_config_glue [-] oslo_limit.service_name = None {{(pid=93489) log_opt_values /opt/stack/data/venv/lib/python3.12/site-packages/oslo_config/cfg.py:3253}}
Jul 09 22:14:27.341561 np0000004925 nova-scheduler[93489]: DEBUG cotyledon.oslo_config_glue [-] oslo_limit.service_type = None {{(pid=93489) log_opt_values /opt/stack/data/venv/lib/python3.12/site-packages/oslo_config/cfg.py:3253}}
Jul 09 22:14:27.341561 np0000004925 nova-scheduler[93489]: DEBUG cotyledon.oslo_config_glue [-] oslo_limit.split_loggers = False {{(pid=93489) log_opt_values /opt/stack/data/venv/lib/python3.12/site-packages/oslo_config/cfg.py:3253}}
Jul 09 22:14:27.341561 np0000004925 nova-scheduler[93489]: DEBUG cotyledon.oslo_config_glue [-] oslo_limit.status_code_retries = None {{(pid=93489) log_opt_values /opt/stack/data/venv/lib/python3.12/site-packages/oslo_config/cfg.py:3253}}
Jul 09 22:14:27.341561 np0000004925 nova-scheduler[93489]: DEBUG cotyledon.oslo_config_glue [-] oslo_limit.status_code_retry_delay = None {{(pid=93489) log_opt_values /opt/stack/data/venv/lib/python3.12/site-packages/oslo_config/cfg.py:3253}}
Jul 09 22:14:27.341561 np0000004925 nova-scheduler[93489]: DEBUG cotyledon.oslo_config_glue [-] oslo_limit.timeout = None {{(pid=93489) log_opt_values /opt/stack/data/venv/lib/python3.12/site-packages/oslo_config/cfg.py:3253}}
Jul 09 22:14:27.341561 np0000004925 nova-scheduler[93489]: DEBUG cotyledon.oslo_config_glue [-] oslo_limit.valid_interfaces = None {{(pid=93489) log_opt_values /opt/stack/data/venv/lib/python3.12/site-packages/oslo_config/cfg.py:3253}}
Jul 09 22:14:27.341561 np0000004925 nova-scheduler[93489]: DEBUG cotyledon.oslo_config_glue [-] oslo_limit.version = None {{(pid=93489) log_opt_values /opt/stack/data/venv/lib/python3.12/site-packages/oslo_config/cfg.py:3253}}
Jul 09 22:14:27.341874 np0000004925 nova-scheduler[93489]: DEBUG cotyledon.oslo_config_glue [-] oslo_reports.file_event_handler = None {{(pid=93489) log_opt_values /opt/stack/data/venv/lib/python3.12/site-packages/oslo_config/cfg.py:3253}}
Jul 09 22:14:27.341874 np0000004925 nova-scheduler[93489]: DEBUG cotyledon.oslo_config_glue [-] oslo_reports.file_event_handler_interval = 1 {{(pid=93489) log_opt_values /opt/stack/data/venv/lib/python3.12/site-packages/oslo_config/cfg.py:3253}}
Jul 09 22:14:27.341874 np0000004925 nova-scheduler[93489]: DEBUG cotyledon.oslo_config_glue [-] oslo_reports.log_dir = None {{(pid=93489) log_opt_values /opt/stack/data/venv/lib/python3.12/site-packages/oslo_config/cfg.py:3253}}
Jul 09 22:14:27.341874 np0000004925 nova-scheduler[93489]: DEBUG cotyledon.oslo_config_glue [-] ******************************************************************************** {{(pid=93489) log_opt_values /opt/stack/data/venv/lib/python3.12/site-packages/oslo_config/cfg.py:3260}}
Jul 09 22:14:27.341874 np0000004925 nova-scheduler[93489]: DEBUG cotyledon._service_worker [-] Run service ServiceWrapper(2) [93489] {{(pid=93489) wait_forever /opt/stack/data/venv/lib/python3.12/site-packages/cotyledon/_service_worker.py:218}}
Jul 09 22:14:27.341874 np0000004925 nova-scheduler[93489]: INFO nova.service [-] Starting scheduler node (version 33.1.0)
Jul 09 22:14:27.341874 np0000004925 nova-scheduler[93489]: INFO dbcounter [None req-1583a27f-43ad-4b10-9fc0-99191d9f2c2a None None] Registered counter for database nova_cell0
Jul 09 22:14:27.342143 np0000004925 nova-scheduler[93454]: DEBUG oslo_db.sqlalchemy.engines [None req-37ca68fd-ce3c-4ccb-8f02-86d36e4390b7 None None] MySQL server mode set to STRICT_TRANS_TABLES,STRICT_ALL_TABLES,NO_ZERO_IN_DATE,NO_ZERO_DATE,ERROR_FOR_DIVISION_BY_ZERO,TRADITIONAL,NO_ENGINE_SUBSTITUTION {{(pid=93454) _check_effective_sql_mode /opt/stack/data/venv/lib/python3.12/site-packages/oslo_db/sqlalchemy/engines.py:325}}
Jul 09 22:14:27.342195 np0000004925 nova-scheduler[93481]: DEBUG oslo_db.sqlalchemy.engines [None req-678e9910-580d-465e-89fc-a444df88a2a3 None None] MySQL server mode set to STRICT_TRANS_TABLES,STRICT_ALL_TABLES,NO_ZERO_IN_DATE,NO_ZERO_DATE,ERROR_FOR_DIVISION_BY_ZERO,TRADITIONAL,NO_ENGINE_SUBSTITUTION {{(pid=93481) _check_effective_sql_mode /opt/stack/data/venv/lib/python3.12/site-packages/oslo_db/sqlalchemy/engines.py:325}}
Jul 09 22:14:27.342244 np0000004925 nova-scheduler[93454]: DEBUG dbcounter [-] [93454] Writer thread running {{(pid=93454) stat_writer /opt/stack/data/venv/lib/python3.12/site-packages/dbcounter.py:102}}
Jul 09 22:14:27.342312 np0000004925 nova-scheduler[93481]: DEBUG dbcounter [-] [93481] Writer thread running {{(pid=93481) stat_writer /opt/stack/data/venv/lib/python3.12/site-packages/dbcounter.py:102}}
Jul 09 22:14:27.342360 np0000004925 nova-scheduler[93454]: DEBUG nova.service [None req-37ca68fd-ce3c-4ccb-8f02-86d36e4390b7 None None] Creating RPC server for service: nova-scheduler on topic: scheduler {{(pid=93454) start /opt/stack/nova/nova/service.py:196}}
Jul 09 22:14:27.347190 np0000004925 nova-scheduler[93489]: DEBUG oslo_db.sqlalchemy.engines [None req-1583a27f-43ad-4b10-9fc0-99191d9f2c2a None None] MySQL server mode set to STRICT_TRANS_TABLES,STRICT_ALL_TABLES,NO_ZERO_IN_DATE,NO_ZERO_DATE,ERROR_FOR_DIVISION_BY_ZERO,TRADITIONAL,NO_ENGINE_SUBSTITUTION {{(pid=93489) _check_effective_sql_mode /opt/stack/data/venv/lib/python3.12/site-packages/oslo_db/sqlalchemy/engines.py:325}}
Jul 09 22:14:27.350323 np0000004925 nova-scheduler[93481]: DEBUG nova.service [None req-678e9910-580d-465e-89fc-a444df88a2a3 None None] Creating RPC server for service: nova-scheduler on topic: scheduler {{(pid=93481) start /opt/stack/nova/nova/service.py:196}}
Jul 09 22:14:27.358144 np0000004925 nova-scheduler[93489]: DEBUG dbcounter [-] [93489] Writer thread running {{(pid=93489) stat_writer /opt/stack/data/venv/lib/python3.12/site-packages/dbcounter.py:102}}
Jul 09 22:14:27.361647 np0000004925 nova-scheduler[93489]: DEBUG nova.service [None req-1583a27f-43ad-4b10-9fc0-99191d9f2c2a None None] Creating RPC server for service: nova-scheduler on topic: scheduler {{(pid=93489) start /opt/stack/nova/nova/service.py:196}}
Jul 09 22:14:27.367131 np0000004925 nova-scheduler[93454]: DEBUG nova.service [None req-37ca68fd-ce3c-4ccb-8f02-86d36e4390b7 None None] Join ServiceGroup membership for this service scheduler {{(pid=93454) start /opt/stack/nova/nova/service.py:222}}
Jul 09 22:14:27.367342 np0000004925 nova-scheduler[93454]: DEBUG nova.servicegroup.drivers.db [None req-37ca68fd-ce3c-4ccb-8f02-86d36e4390b7 None None] DB_Driver: join new ServiceGroup member np0000004925 to the scheduler group, service = {{(pid=93454) join /opt/stack/nova/nova/servicegroup/drivers/db.py:44}}
Jul 09 22:14:27.370472 np0000004925 nova-scheduler[93481]: DEBUG nova.service [None req-678e9910-580d-465e-89fc-a444df88a2a3 None None] Join ServiceGroup membership for this service scheduler {{(pid=93481) start /opt/stack/nova/nova/service.py:222}}
Jul 09 22:14:27.370680 np0000004925 nova-scheduler[93481]: DEBUG nova.servicegroup.drivers.db [None req-678e9910-580d-465e-89fc-a444df88a2a3 None None] DB_Driver: join new ServiceGroup member np0000004925 to the scheduler group, service = {{(pid=93481) join /opt/stack/nova/nova/servicegroup/drivers/db.py:44}}
Jul 09 22:14:27.380062 np0000004925 nova-scheduler[93489]: DEBUG nova.service [None req-1583a27f-43ad-4b10-9fc0-99191d9f2c2a None None] Join ServiceGroup membership for this service scheduler {{(pid=93489) start /opt/stack/nova/nova/service.py:222}}
Jul 09 22:14:27.380313 np0000004925 nova-scheduler[93489]: DEBUG nova.servicegroup.drivers.db [None req-1583a27f-43ad-4b10-9fc0-99191d9f2c2a None None] DB_Driver: join new ServiceGroup member np0000004925 to the scheduler group, service = {{(pid=93489) join /opt/stack/nova/nova/servicegroup/drivers/db.py:44}}
Jul 09 22:14:32.383939 np0000004925 nova-scheduler[93454]: DEBUG oslo.service.backend._threading.loopingcall [-] Fixed interval looping call 'nova.servicegroup.drivers.db.DbDriver._report_state' sleeping for 119.99 seconds {{(pid=93454) _run_loop /opt/stack/data/venv/lib/python3.12/site-packages/oslo_service/backend/_threading/loopingcall.py:125}}
Jul 09 22:14:32.384381 np0000004925 nova-scheduler[93481]: DEBUG oslo.service.backend._threading.loopingcall [-] Fixed interval looping call 'nova.servicegroup.drivers.db.DbDriver._report_state' sleeping for 119.99 seconds {{(pid=93481) _run_loop /opt/stack/data/venv/lib/python3.12/site-packages/oslo_service/backend/_threading/loopingcall.py:125}}
Jul 09 22:14:32.391532 np0000004925 nova-scheduler[93489]: DEBUG oslo.service.backend._threading.loopingcall [-] Fixed interval looping call 'nova.servicegroup.drivers.db.DbDriver._report_state' sleeping for 119.99 seconds {{(pid=93489) _run_loop /opt/stack/data/venv/lib/python3.12/site-packages/oslo_service/backend/_threading/loopingcall.py:125}}
Jul 09 22:14:35.965762 np0000004925 nova-scheduler[92230]: DEBUG dbcounter [-] [92230] Writing DB stats nova_api:SELECT=3 {{(pid=92230) stat_writer /opt/stack/data/venv/lib/python3.12/site-packages/dbcounter.py:115}}
Jul 09 22:14:36.089022 np0000004925 nova-scheduler[92230]: DEBUG dbcounter [-] [92230] Writing DB stats nova_cell0:SELECT=1 {{(pid=92230) stat_writer /opt/stack/data/venv/lib/python3.12/site-packages/dbcounter.py:115}}
Jul 09 22:14:36.092494 np0000004925 nova-scheduler[92230]: DEBUG dbcounter [-] [92230] Writing DB stats nova_cell1:SELECT=1 {{(pid=92230) stat_writer /opt/stack/data/venv/lib/python3.12/site-packages/dbcounter.py:115}}
Jul 09 22:14:42.372613 np0000004925 nova-scheduler[93481]: DEBUG oslo.service.backend._threading.loopingcall [None req-d6d139e4-f8e2-4d08-b18b-752c88b4105d None None] Dynamic interval looping call 'nova.service.Service.periodic_tasks' sleeping for 60.00 seconds {{(pid=93481) _run_loop /opt/stack/data/venv/lib/python3.12/site-packages/oslo_service/backend/_threading/loopingcall.py:125}}
Jul 09 22:14:42.377659 np0000004925 nova-scheduler[93481]: DEBUG dbcounter [-] [93481] Writing DB stats nova_cell0:SELECT=4,nova_cell0:INSERT=1,nova_cell0:UPDATE=1 {{(pid=93481) stat_writer /opt/stack/data/venv/lib/python3.12/site-packages/dbcounter.py:115}}
Jul 09 22:14:42.379116 np0000004925 nova-scheduler[93454]: DEBUG dbcounter [-] [93454] Writing DB stats nova_cell0:SELECT=4,nova_cell0:INSERT=1,nova_cell0:UPDATE=1 {{(pid=93454) stat_writer /opt/stack/data/venv/lib/python3.12/site-packages/dbcounter.py:115}}
Jul 09 22:14:42.388354 np0000004925 nova-scheduler[93489]: DEBUG dbcounter [-] [93489] Writing DB stats nova_cell0:SELECT=3 {{(pid=93489) stat_writer /opt/stack/data/venv/lib/python3.12/site-packages/dbcounter.py:115}}
Jul 09 22:14:50.382932 np0000004925 nova-scheduler[93489]: DEBUG oslo.service.backend._threading.loopingcall [None req-fabdb3d7-5917-4115-9053-333f6b194d21 None None] Dynamic interval looping call 'nova.service.Service.periodic_tasks' sleeping for 60.00 seconds {{(pid=93489) _run_loop /opt/stack/data/venv/lib/python3.12/site-packages/oslo_service/backend/_threading/loopingcall.py:125}}
Jul 09 22:14:58.369843 np0000004925 nova-scheduler[93454]: DEBUG oslo.service.backend._threading.loopingcall [None req-a73c7e5e-f687-46a3-a842-4aa60a4e497e None None] Dynamic interval looping call 'nova.service.Service.periodic_tasks' sleeping for 60.00 seconds {{(pid=93454) _run_loop /opt/stack/data/venv/lib/python3.12/site-packages/oslo_service/backend/_threading/loopingcall.py:125}}
Jul 09 22:15:42.373152 np0000004925 nova-scheduler[93481]: DEBUG oslo.service.backend._threading.loopingcall [None req-d6d139e4-f8e2-4d08-b18b-752c88b4105d None None] Dynamic interval looping call 'nova.service.Service.periodic_tasks' sleeping for 60.00 seconds {{(pid=93481) _run_loop /opt/stack/data/venv/lib/python3.12/site-packages/oslo_service/backend/_threading/loopingcall.py:125}}
Jul 09 22:15:50.383476 np0000004925 nova-scheduler[93489]: DEBUG oslo.service.backend._threading.loopingcall [None req-fabdb3d7-5917-4115-9053-333f6b194d21 None None] Dynamic interval looping call 'nova.service.Service.periodic_tasks' sleeping for 60.00 seconds {{(pid=93489) _run_loop /opt/stack/data/venv/lib/python3.12/site-packages/oslo_service/backend/_threading/loopingcall.py:125}}
Jul 09 22:15:58.370359 np0000004925 nova-scheduler[93454]: DEBUG oslo.service.backend._threading.loopingcall [None req-a73c7e5e-f687-46a3-a842-4aa60a4e497e None None] Dynamic interval looping call 'nova.service.Service.periodic_tasks' sleeping for 60.00 seconds {{(pid=93454) _run_loop /opt/stack/data/venv/lib/python3.12/site-packages/oslo_service/backend/_threading/loopingcall.py:125}}
Jul 09 22:16:32.381919 np0000004925 nova-scheduler[93481]: DEBUG oslo.service.backend._threading.loopingcall [-] Fixed interval looping call 'nova.servicegroup.drivers.db.DbDriver._report_state' sleeping for 119.99 seconds {{(pid=93481) _run_loop /opt/stack/data/venv/lib/python3.12/site-packages/oslo_service/backend/_threading/loopingcall.py:125}}
Jul 09 22:16:32.382546 np0000004925 nova-scheduler[93454]: DEBUG oslo.service.backend._threading.loopingcall [-] Fixed interval looping call 'nova.servicegroup.drivers.db.DbDriver._report_state' sleeping for 119.99 seconds {{(pid=93454) _run_loop /opt/stack/data/venv/lib/python3.12/site-packages/oslo_service/backend/_threading/loopingcall.py:125}}
Jul 09 22:16:32.384618 np0000004925 nova-scheduler[93489]: DEBUG oslo.service.backend._threading.loopingcall [-] Fixed interval looping call 'nova.servicegroup.drivers.db.DbDriver._report_state' sleeping for 120.00 seconds {{(pid=93489) _run_loop /opt/stack/data/venv/lib/python3.12/site-packages/oslo_service/backend/_threading/loopingcall.py:125}}
Jul 09 22:16:42.373637 np0000004925 nova-scheduler[93481]: DEBUG oslo.service.backend._threading.loopingcall [None req-d6d139e4-f8e2-4d08-b18b-752c88b4105d None None] Dynamic interval looping call 'nova.service.Service.periodic_tasks' sleeping for 60.00 seconds {{(pid=93481) _run_loop /opt/stack/data/venv/lib/python3.12/site-packages/oslo_service/backend/_threading/loopingcall.py:125}}
Jul 09 22:16:42.377955 np0000004925 nova-scheduler[93481]: DEBUG dbcounter [-] [93481] Writing DB stats nova_cell0:SELECT=1,nova_cell0:UPDATE=1 {{(pid=93481) stat_writer /opt/stack/data/venv/lib/python3.12/site-packages/dbcounter.py:115}}
Jul 09 22:16:42.378081 np0000004925 nova-scheduler[93454]: DEBUG dbcounter [-] [93454] Writing DB stats nova_cell0:SELECT=1,nova_cell0:UPDATE=1 {{(pid=93454) stat_writer /opt/stack/data/venv/lib/python3.12/site-packages/dbcounter.py:115}}
Jul 09 22:16:42.383524 np0000004925 nova-scheduler[93489]: DEBUG dbcounter [-] [93489] Writing DB stats nova_cell0:SELECT=1 {{(pid=93489) stat_writer /opt/stack/data/venv/lib/python3.12/site-packages/dbcounter.py:115}}
Jul 09 22:16:50.384989 np0000004925 nova-scheduler[93489]: DEBUG oslo.service.backend._threading.loopingcall [None req-fabdb3d7-5917-4115-9053-333f6b194d21 None None] Dynamic interval looping call 'nova.service.Service.periodic_tasks' sleeping for 60.00 seconds {{(pid=93489) _run_loop /opt/stack/data/venv/lib/python3.12/site-packages/oslo_service/backend/_threading/loopingcall.py:125}}
Jul 09 22:16:58.371168 np0000004925 nova-scheduler[93454]: DEBUG oslo.service.backend._threading.loopingcall [None req-a73c7e5e-f687-46a3-a842-4aa60a4e497e None None] Dynamic interval looping call 'nova.service.Service.periodic_tasks' sleeping for 60.00 seconds {{(pid=93454) _run_loop /opt/stack/data/venv/lib/python3.12/site-packages/oslo_service/backend/_threading/loopingcall.py:125}}
Jul 09 22:17:03.442511 np0000004925 nova-scheduler[93454]: DEBUG nova.scheduler.manager [None req-1a056f80-208c-4fc7-ab3c-cb471c10f201 tempest-ServerBootFromVolumeStableRescueTest-1194778825 tempest-ServerBootFromVolumeStableRescueTest-1194778825-project-member] Starting to schedule for instances: ['e1a23b74-bf80-4ce5-8d7f-598574e10bbb'] {{(pid=93454) select_destinations /opt/stack/nova/nova/scheduler/manager.py:209}}
Jul 09 22:17:03.443785 np0000004925 nova-scheduler[93454]: DEBUG nova.scheduler.request_filter [None req-1a056f80-208c-4fc7-ab3c-cb471c10f201 tempest-ServerBootFromVolumeStableRescueTest-1194778825 tempest-ServerBootFromVolumeStableRescueTest-1194778825-project-member] compute_status_filter request filter added forbidden trait COMPUTE_STATUS_DISABLED {{(pid=93454) compute_status_filter /opt/stack/nova/nova/scheduler/request_filter.py:253}}
Jul 09 22:17:03.443952 np0000004925 nova-scheduler[93454]: DEBUG nova.scheduler.request_filter [None req-1a056f80-208c-4fc7-ab3c-cb471c10f201 tempest-ServerBootFromVolumeStableRescueTest-1194778825 tempest-ServerBootFromVolumeStableRescueTest-1194778825-project-member] Request filter 'compute_status_filter' took 0.0 seconds {{(pid=93454) wrapper /opt/stack/nova/nova/scheduler/request_filter.py:46}}
Jul 09 22:17:03.444327 np0000004925 nova-scheduler[93454]: DEBUG nova.scheduler.request_filter [None req-1a056f80-208c-4fc7-ab3c-cb471c10f201 tempest-ServerBootFromVolumeStableRescueTest-1194778825 tempest-ServerBootFromVolumeStableRescueTest-1194778825-project-member] Request filter 'accelerators_filter' took 0.0 seconds {{(pid=93454) wrapper /opt/stack/nova/nova/scheduler/request_filter.py:46}}
Jul 09 22:17:03.444548 np0000004925 nova-scheduler[93454]: DEBUG nova.scheduler.request_filter [None req-1a056f80-208c-4fc7-ab3c-cb471c10f201 tempest-ServerBootFromVolumeStableRescueTest-1194778825 tempest-ServerBootFromVolumeStableRescueTest-1194778825-project-member] Request filter 'packed_virtqueue_filter' took 0.0 seconds {{(pid=93454) wrapper /opt/stack/nova/nova/scheduler/request_filter.py:46}}
Jul 09 22:17:03.445185 np0000004925 nova-scheduler[93454]: DEBUG nova.scheduler.request_filter [None req-1a056f80-208c-4fc7-ab3c-cb471c10f201 tempest-ServerBootFromVolumeStableRescueTest-1194778825 tempest-ServerBootFromVolumeStableRescueTest-1194778825-project-member] Request filter 'remote_managed_ports_filter' took 0.0 seconds {{(pid=93454) wrapper /opt/stack/nova/nova/scheduler/request_filter.py:46}}
Jul 09 22:17:03.445185 np0000004925 nova-scheduler[93454]: DEBUG nova.scheduler.request_filter [None req-1a056f80-208c-4fc7-ab3c-cb471c10f201 tempest-ServerBootFromVolumeStableRescueTest-1194778825 tempest-ServerBootFromVolumeStableRescueTest-1194778825-project-member] ephemeral_encryption_filter skipped {{(pid=93454) ephemeral_encryption_filter /opt/stack/nova/nova/scheduler/request_filter.py:426}}
Jul 09 22:17:03.445360 np0000004925 nova-scheduler[93454]: DEBUG nova.scheduler.request_filter [None req-1a056f80-208c-4fc7-ab3c-cb471c10f201 tempest-ServerBootFromVolumeStableRescueTest-1194778825 tempest-ServerBootFromVolumeStableRescueTest-1194778825-project-member] virtio_sound_filter skipped {{(pid=93454) virtio_sound_filter /opt/stack/nova/nova/scheduler/request_filter.py:460}}
Jul 09 22:17:03.445549 np0000004925 nova-scheduler[93454]: DEBUG nova.scheduler.request_filter [None req-1a056f80-208c-4fc7-ab3c-cb471c10f201 tempest-ServerBootFromVolumeStableRescueTest-1194778825 tempest-ServerBootFromVolumeStableRescueTest-1194778825-project-member] tpm_secret_security_filter skipped {{(pid=93454) tpm_secret_security_filter /opt/stack/nova/nova/scheduler/request_filter.py:477}}
Jul 09 22:17:03.991449 np0000004925 nova-scheduler[93481]: DEBUG nova.scheduler.manager [None req-1983346e-58f4-42a7-ac47-8a8511b3cd1f tempest-ServerActionsTestOtherA-228919064 tempest-ServerActionsTestOtherA-228919064-project-member] Starting to schedule for instances: ['1a9ef260-9e59-4056-b62a-2ffffebc2677'] {{(pid=93481) select_destinations /opt/stack/nova/nova/scheduler/manager.py:209}}
Jul 09 22:17:03.992022 np0000004925 nova-scheduler[93481]: DEBUG nova.scheduler.request_filter [None req-1983346e-58f4-42a7-ac47-8a8511b3cd1f tempest-ServerActionsTestOtherA-228919064 tempest-ServerActionsTestOtherA-228919064-project-member] compute_status_filter request filter added forbidden trait COMPUTE_STATUS_DISABLED {{(pid=93481) compute_status_filter /opt/stack/nova/nova/scheduler/request_filter.py:253}}
Jul 09 22:17:03.992022 np0000004925 nova-scheduler[93481]: DEBUG nova.scheduler.request_filter [None req-1983346e-58f4-42a7-ac47-8a8511b3cd1f tempest-ServerActionsTestOtherA-228919064 tempest-ServerActionsTestOtherA-228919064-project-member] Request filter 'compute_status_filter' took 0.0 seconds {{(pid=93481) wrapper /opt/stack/nova/nova/scheduler/request_filter.py:46}}
Jul 09 22:17:03.992200 np0000004925 nova-scheduler[93481]: DEBUG nova.scheduler.request_filter [None req-1983346e-58f4-42a7-ac47-8a8511b3cd1f tempest-ServerActionsTestOtherA-228919064 tempest-ServerActionsTestOtherA-228919064-project-member] Request filter 'accelerators_filter' took 0.0 seconds {{(pid=93481) wrapper /opt/stack/nova/nova/scheduler/request_filter.py:46}}
Jul 09 22:17:03.992466 np0000004925 nova-scheduler[93481]: DEBUG nova.scheduler.request_filter [None req-1983346e-58f4-42a7-ac47-8a8511b3cd1f tempest-ServerActionsTestOtherA-228919064 tempest-ServerActionsTestOtherA-228919064-project-member] Request filter 'packed_virtqueue_filter' took 0.0 seconds {{(pid=93481) wrapper /opt/stack/nova/nova/scheduler/request_filter.py:46}}
Jul 09 22:17:03.992830 np0000004925 nova-scheduler[93481]: DEBUG nova.scheduler.request_filter [None req-1983346e-58f4-42a7-ac47-8a8511b3cd1f tempest-ServerActionsTestOtherA-228919064 tempest-ServerActionsTestOtherA-228919064-project-member] Request filter 'remote_managed_ports_filter' took 0.0 seconds {{(pid=93481) wrapper /opt/stack/nova/nova/scheduler/request_filter.py:46}}
Jul 09 22:17:03.993049 np0000004925 nova-scheduler[93481]: DEBUG nova.scheduler.request_filter [None req-1983346e-58f4-42a7-ac47-8a8511b3cd1f tempest-ServerActionsTestOtherA-228919064 tempest-ServerActionsTestOtherA-228919064-project-member] ephemeral_encryption_filter skipped {{(pid=93481) ephemeral_encryption_filter /opt/stack/nova/nova/scheduler/request_filter.py:426}}
Jul 09 22:17:03.994455 np0000004925 nova-scheduler[93481]: DEBUG nova.scheduler.request_filter [None req-1983346e-58f4-42a7-ac47-8a8511b3cd1f tempest-ServerActionsTestOtherA-228919064 tempest-ServerActionsTestOtherA-228919064-project-member] virtio_sound_filter skipped {{(pid=93481) virtio_sound_filter /opt/stack/nova/nova/scheduler/request_filter.py:460}}
Jul 09 22:17:03.994455 np0000004925 nova-scheduler[93481]: DEBUG nova.scheduler.request_filter [None req-1983346e-58f4-42a7-ac47-8a8511b3cd1f tempest-ServerActionsTestOtherA-228919064 tempest-ServerActionsTestOtherA-228919064-project-member] tpm_secret_security_filter skipped {{(pid=93481) tpm_secret_security_filter /opt/stack/nova/nova/scheduler/request_filter.py:477}}
Jul 09 22:17:04.059814 np0000004925 nova-scheduler[93454]: INFO nova.utils [None req-1a056f80-208c-4fc7-ab3c-cb471c10f201 tempest-ServerBootFromVolumeStableRescueTest-1194778825 tempest-ServerBootFromVolumeStableRescueTest-1194778825-project-member] The cell worker thread pool ForkProcess-1.cell_worker is initialized
Jul 09 22:17:04.060310 np0000004925 nova-scheduler[93454]: DEBUG oslo_concurrency.lockutils [None req-1a056f80-208c-4fc7-ab3c-cb471c10f201 tempest-ServerBootFromVolumeStableRescueTest-1194778825 tempest-ServerBootFromVolumeStableRescueTest-1194778825-project-member] Acquiring lock "b0171c5c-c84c-428b-b89c-1caf06024794" by "nova.context.set_target_cell..get_or_set_cached_cell_and_set_connections" {{(pid=93454) inner /opt/stack/data/venv/lib/python3.12/site-packages/oslo_concurrency/lockutils.py:511}}
Jul 09 22:17:04.060778 np0000004925 nova-scheduler[93454]: DEBUG oslo_concurrency.lockutils [None req-1a056f80-208c-4fc7-ab3c-cb471c10f201 tempest-ServerBootFromVolumeStableRescueTest-1194778825 tempest-ServerBootFromVolumeStableRescueTest-1194778825-project-member] Lock "b0171c5c-c84c-428b-b89c-1caf06024794" acquired by "nova.context.set_target_cell..get_or_set_cached_cell_and_set_connections" :: waited 0.000s {{(pid=93454) inner /opt/stack/data/venv/lib/python3.12/site-packages/oslo_concurrency/lockutils.py:524}}
Jul 09 22:17:04.062282 np0000004925 nova-scheduler[93454]: DEBUG oslo_concurrency.lockutils [None req-1a056f80-208c-4fc7-ab3c-cb471c10f201 tempest-ServerBootFromVolumeStableRescueTest-1194778825 tempest-ServerBootFromVolumeStableRescueTest-1194778825-project-member] Lock "b0171c5c-c84c-428b-b89c-1caf06024794" "released" by "nova.context.set_target_cell..get_or_set_cached_cell_and_set_connections" :: held 0.002s {{(pid=93454) inner /opt/stack/data/venv/lib/python3.12/site-packages/oslo_concurrency/lockutils.py:543}}
Jul 09 22:17:04.064977 np0000004925 nova-scheduler[93454]: INFO dbcounter [None req-1a056f80-208c-4fc7-ab3c-cb471c10f201 tempest-ServerBootFromVolumeStableRescueTest-1194778825 tempest-ServerBootFromVolumeStableRescueTest-1194778825-project-member] Registered counter for database nova_cell1
Jul 09 22:17:04.121238 np0000004925 nova-scheduler[93454]: DEBUG oslo_db.sqlalchemy.engines [None req-1a056f80-208c-4fc7-ab3c-cb471c10f201 tempest-ServerBootFromVolumeStableRescueTest-1194778825 tempest-ServerBootFromVolumeStableRescueTest-1194778825-project-member] MySQL server mode set to STRICT_TRANS_TABLES,STRICT_ALL_TABLES,NO_ZERO_IN_DATE,NO_ZERO_DATE,ERROR_FOR_DIVISION_BY_ZERO,TRADITIONAL,NO_ENGINE_SUBSTITUTION {{(pid=93454) _check_effective_sql_mode /opt/stack/data/venv/lib/python3.12/site-packages/oslo_db/sqlalchemy/engines.py:325}}
Jul 09 22:17:04.125566 np0000004925 nova-scheduler[93481]: INFO nova.utils [None req-1983346e-58f4-42a7-ac47-8a8511b3cd1f tempest-ServerActionsTestOtherA-228919064 tempest-ServerActionsTestOtherA-228919064-project-member] The cell worker thread pool ForkProcess-2.cell_worker is initialized
Jul 09 22:17:04.126085 np0000004925 nova-scheduler[93481]: DEBUG oslo_concurrency.lockutils [None req-1983346e-58f4-42a7-ac47-8a8511b3cd1f tempest-ServerActionsTestOtherA-228919064 tempest-ServerActionsTestOtherA-228919064-project-member] Acquiring lock "b0171c5c-c84c-428b-b89c-1caf06024794" by "nova.context.set_target_cell..get_or_set_cached_cell_and_set_connections" {{(pid=93481) inner /opt/stack/data/venv/lib/python3.12/site-packages/oslo_concurrency/lockutils.py:511}}
Jul 09 22:17:04.126274 np0000004925 nova-scheduler[93481]: DEBUG oslo_concurrency.lockutils [None req-1983346e-58f4-42a7-ac47-8a8511b3cd1f tempest-ServerActionsTestOtherA-228919064 tempest-ServerActionsTestOtherA-228919064-project-member] Lock "b0171c5c-c84c-428b-b89c-1caf06024794" acquired by "nova.context.set_target_cell..get_or_set_cached_cell_and_set_connections" :: waited 0.000s {{(pid=93481) inner /opt/stack/data/venv/lib/python3.12/site-packages/oslo_concurrency/lockutils.py:524}}
Jul 09 22:17:04.127800 np0000004925 nova-scheduler[93481]: DEBUG oslo_concurrency.lockutils [None req-1983346e-58f4-42a7-ac47-8a8511b3cd1f tempest-ServerActionsTestOtherA-228919064 tempest-ServerActionsTestOtherA-228919064-project-member] Lock "b0171c5c-c84c-428b-b89c-1caf06024794" "released" by "nova.context.set_target_cell..get_or_set_cached_cell_and_set_connections" :: held 0.001s {{(pid=93481) inner /opt/stack/data/venv/lib/python3.12/site-packages/oslo_concurrency/lockutils.py:543}}
Jul 09 22:17:04.132043 np0000004925 nova-scheduler[93454]: DEBUG dbcounter [-] [93454] Writer thread running {{(pid=93454) stat_writer /opt/stack/data/venv/lib/python3.12/site-packages/dbcounter.py:102}}
Jul 09 22:17:04.132122 np0000004925 nova-scheduler[93481]: INFO dbcounter [None req-1983346e-58f4-42a7-ac47-8a8511b3cd1f tempest-ServerActionsTestOtherA-228919064 tempest-ServerActionsTestOtherA-228919064-project-member] Registered counter for database nova_cell1
Jul 09 22:17:04.147782 np0000004925 nova-scheduler[93454]: DEBUG oslo_db.sqlalchemy.engines [None req-1a056f80-208c-4fc7-ab3c-cb471c10f201 tempest-ServerBootFromVolumeStableRescueTest-1194778825 tempest-ServerBootFromVolumeStableRescueTest-1194778825-project-member] Parent process 92230 forked (93454) with an open database connection, which is being discarded and recreated. {{(pid=93454) checkout /opt/stack/data/venv/lib/python3.12/site-packages/oslo_db/sqlalchemy/engines.py:402}}
Jul 09 22:17:04.179185 np0000004925 nova-scheduler[93481]: DEBUG oslo_db.sqlalchemy.engines [None req-1983346e-58f4-42a7-ac47-8a8511b3cd1f tempest-ServerActionsTestOtherA-228919064 tempest-ServerActionsTestOtherA-228919064-project-member] MySQL server mode set to STRICT_TRANS_TABLES,STRICT_ALL_TABLES,NO_ZERO_IN_DATE,NO_ZERO_DATE,ERROR_FOR_DIVISION_BY_ZERO,TRADITIONAL,NO_ENGINE_SUBSTITUTION {{(pid=93481) _check_effective_sql_mode /opt/stack/data/venv/lib/python3.12/site-packages/oslo_db/sqlalchemy/engines.py:325}}
Jul 09 22:17:04.190418 np0000004925 nova-scheduler[93481]: DEBUG dbcounter [-] [93481] Writer thread running {{(pid=93481) stat_writer /opt/stack/data/venv/lib/python3.12/site-packages/dbcounter.py:102}}
Jul 09 22:17:04.198548 np0000004925 nova-scheduler[93454]: DEBUG dbcounter [-] [93454] Writer thread running {{(pid=93454) stat_writer /opt/stack/data/venv/lib/python3.12/site-packages/dbcounter.py:102}}
Jul 09 22:17:04.202143 np0000004925 nova-scheduler[93454]: DEBUG oslo_concurrency.lockutils [None req-1a056f80-208c-4fc7-ab3c-cb471c10f201 tempest-ServerBootFromVolumeStableRescueTest-1194778825 tempest-ServerBootFromVolumeStableRescueTest-1194778825-project-member] Acquiring lock "b0171c5c-c84c-428b-b89c-1caf06024794" by "nova.context.set_target_cell..get_or_set_cached_cell_and_set_connections" {{(pid=93454) inner /opt/stack/data/venv/lib/python3.12/site-packages/oslo_concurrency/lockutils.py:511}}
Jul 09 22:17:04.202280 np0000004925 nova-scheduler[93454]: DEBUG oslo_concurrency.lockutils [None req-1a056f80-208c-4fc7-ab3c-cb471c10f201 tempest-ServerBootFromVolumeStableRescueTest-1194778825 tempest-ServerBootFromVolumeStableRescueTest-1194778825-project-member] Lock "b0171c5c-c84c-428b-b89c-1caf06024794" acquired by "nova.context.set_target_cell..get_or_set_cached_cell_and_set_connections" :: waited 0.000s {{(pid=93454) inner /opt/stack/data/venv/lib/python3.12/site-packages/oslo_concurrency/lockutils.py:524}}
Jul 09 22:17:04.202538 np0000004925 nova-scheduler[93454]: DEBUG oslo_concurrency.lockutils [None req-1a056f80-208c-4fc7-ab3c-cb471c10f201 tempest-ServerBootFromVolumeStableRescueTest-1194778825 tempest-ServerBootFromVolumeStableRescueTest-1194778825-project-member] Lock "b0171c5c-c84c-428b-b89c-1caf06024794" "released" by "nova.context.set_target_cell..get_or_set_cached_cell_and_set_connections" :: held 0.000s {{(pid=93454) inner /opt/stack/data/venv/lib/python3.12/site-packages/oslo_concurrency/lockutils.py:543}}
Jul 09 22:17:04.206950 np0000004925 nova-scheduler[93454]: DEBUG oslo_concurrency.lockutils [None req-1a056f80-208c-4fc7-ab3c-cb471c10f201 tempest-ServerBootFromVolumeStableRescueTest-1194778825 tempest-ServerBootFromVolumeStableRescueTest-1194778825-project-member] Acquiring lock "np0000004925-np0000004925" by "nova.scheduler.host_manager.HostState.update.._locked_update" {{(pid=93454) inner /opt/stack/data/venv/lib/python3.12/site-packages/oslo_concurrency/lockutils.py:511}}
Jul 09 22:17:04.206950 np0000004925 nova-scheduler[93454]: DEBUG oslo_concurrency.lockutils [None req-1a056f80-208c-4fc7-ab3c-cb471c10f201 tempest-ServerBootFromVolumeStableRescueTest-1194778825 tempest-ServerBootFromVolumeStableRescueTest-1194778825-project-member] Lock "np0000004925-np0000004925" acquired by "nova.scheduler.host_manager.HostState.update.._locked_update" :: waited 0.000s {{(pid=93454) inner /opt/stack/data/venv/lib/python3.12/site-packages/oslo_concurrency/lockutils.py:524}}
Jul 09 22:17:04.207670 np0000004925 nova-scheduler[93454]: DEBUG nova.scheduler.host_manager [None req-1a056f80-208c-4fc7-ab3c-cb471c10f201 tempest-ServerBootFromVolumeStableRescueTest-1194778825 tempest-ServerBootFromVolumeStableRescueTest-1194778825-project-member] Update host state from compute node: ComputeNode(cpu_allocation_ratio=4.0,cpu_info='{"arch": "x86_64", "model": "EPYC-Milan", "vendor": "AMD", "topology": {"cells": 1, "sockets": 16, "cores": 1, "threads": 1}, "maxphysaddr": {"mode": "emulate", "bits": 40}, "features": ["pku", "bmi2", "apic", "umip", "clwb", "misalignsse", "tsc", "invpcid", "wbnoinvd", "flushbyasid", "popcnt", "pae", "fpu", "xsavec", "tsc-scale", "vmcb-clean", "tsc-deadline", "virt-ssbd", "perfctr_core", "mmxext", "cr8legacy", "cx8", "nrip-save", "ssbd", "skip-l1dfl-vmentry", "sep", "pni", "sse4.2", "clzero", "pfthreshold", "pat", "pschange-mc-no", "abm", "lahf_lm", "sse4a", "mca", "amd-stibp", "tsc_adjust", "svme-addr-chk", "fxsr_opt", "v-vmsave-vmload", "3dnowprefetch", "ibpb", "smep", "arch-capabilities", "aes", "adx", "nx", "lbrv", "vpclmulqdq", "rdpid", "syscall", "svm", "cx16", "movbe", "vgif", "stibp-always-on", "pse", "mmx", "pdpe1gb", "sse2", "clflushopt", "pause-filter", "pge", "null-sel-clr-base", "rdtscp", "x2apic", "sha-ni", "rdctl-no", "sse", "avx", "xsaveerptr", "arat", "stibp", "cmov", "osvw", "erms", "amd-psfd", "mce", "pse36", "pcid", "fsgsbase", "xsaveopt", "clflush", "fma", "fsrm", "gds-no", "mtrr", "fxsr", "avx2", "npt", "ssse3", "amd-ssbd", "cmp_legacy", "rdseed", "sse4.1", "xsave", "bmi1", "smap", "msr", "no-nested-data-bp", "xsaves", "vme", "topoext", "ibrs", "rdrand", "hypervisor", "mds-no", "vaes", "xgetbv1", "f16c", "lm", "pclmuldq", "spec-ctrl", "lfence-always-serializing", "de"]}',created_at=2026-07-09T22:14:54Z,current_workload=0,deleted=False,deleted_at=None,disk_allocation_ratio=1.0,disk_available_least=73,free_disk_gb=95,free_ram_mb=62765,host='np0000004925',host_ip=10.4.3.30,hypervisor_hostname='np0000004925',hypervisor_type='QEMU',hypervisor_version=8002002,id=1,local_gb=95,local_gb_used=0,mapped=1,memory_mb=63277,memory_mb_used=512,metrics='[]',numa_topology='{"nova_object.name": "NUMATopology", "nova_object.namespace": "nova", "nova_object.version": "1.2", "nova_object.data": {"cells": [{"nova_object.name": "NUMACell", "nova_object.namespace": "nova", "nova_object.version": "1.5", "nova_object.data": {"id": 0, "cpuset": [0, 1, 2, 3, 4, 5, 6, 7, 8, 9, 10, 11, 12, 13, 14, 15], "pcpuset": [0, 1, 2, 3, 4, 5, 6, 7, 8, 9, 10, 11, 12, 13, 14, 15], "memory": 63277, "cpu_usage": 0, "memory_usage": 0, "pinned_cpus": [], "siblings": [[6], [12], [2], [15], [5], [11], [8], [14], [4], [1], [7], [10], [0], [13], [3], [9]], "mempages": [{"nova_object.name": "NUMAPagesTopology", "nova_object.namespace": "nova", "nova_object.version": "1.1", "nova_object.data": {"size_kb": 4, "total": 16177929, "used": 0, "reserved": 0}, "nova_object.changes": ["total", "used", "size_kb", "reserved"]}, {"nova_object.name": "NUMAPagesTopology", "nova_object.namespace": "nova", "nova_object.version": "1.1", "nova_object.data": {"size_kb": 2048, "total": 41, "used": 0, "reserved": 0}, "nova_object.changes": ["total", "used", "size_kb", "reserved"]}, {"nova_object.name": "NUMAPagesTopology", "nova_object.namespace": "nova", "nova_object.version": "1.1", "nova_object.data": {"size_kb": 1048576, "total": 0, "used": 0, "reserved": 0}, "nova_object.changes": ["total", "used", "size_kb", "reserved"]}], "network_metadata": {"nova_object.name": "NetworkMetadata", "nova_object.namespace": "nova", "nova_object.version": "1.0", "nova_object.data": {"physnets": [], "tunneled": false}, "nova_object.changes": ["physnets", "tunneled"]}, "socket": null}, "nova_object.changes": ["cpuset", "pcpuset", "id", "memory_usage", "mempages", "pinned_cpus", "memory", "siblings", "cpu_usage", "socket", "network_metadata"]}]}, "nova_object.changes": ["cells"]}',pci_device_pools=PciDevicePoolList,ram_allocation_ratio=1.0,running_vms=0,service_id=2,stats={failed_builds='0',uptime=' 22:16:38 up 13 min, 2 users, load average: 1.35, 1.50, 0.87
Jul 09 22:17:04.207670 np0000004925 nova-scheduler[93454]: '},supported_hv_specs=[HVSpec,HVSpec,HVSpec,HVSpec,HVSpec,HVSpec,HVSpec,HVSpec,HVSpec,HVSpec,HVSpec,HVSpec,HVSpec,HVSpec,HVSpec,HVSpec,HVSpec,HVSpec,HVSpec,HVSpec,HVSpec,HVSpec,HVSpec,HVSpec,HVSpec],updated_at=2026-07-09T22:16:40Z,uuid=9289cef4-2d9e-425b-a8cd-8fee188f4a9a,vcpus=16,vcpus_used=0) {{(pid=93454) _locked_update /opt/stack/nova/nova/scheduler/host_manager.py:168}}
Jul 09 22:17:04.208488 np0000004925 nova-scheduler[93454]: DEBUG nova.scheduler.host_manager [None req-1a056f80-208c-4fc7-ab3c-cb471c10f201 tempest-ServerBootFromVolumeStableRescueTest-1194778825 tempest-ServerBootFromVolumeStableRescueTest-1194778825-project-member] Update host state with aggregates: [] {{(pid=93454) _locked_update /opt/stack/nova/nova/scheduler/host_manager.py:171}}
Jul 09 22:17:04.208645 np0000004925 nova-scheduler[93454]: DEBUG nova.scheduler.host_manager [None req-1a056f80-208c-4fc7-ab3c-cb471c10f201 tempest-ServerBootFromVolumeStableRescueTest-1194778825 tempest-ServerBootFromVolumeStableRescueTest-1194778825-project-member] Update host state with service dict: {'id': 2, 'uuid': 'b0c35155-761b-4c67-900a-06507bd90d64', 'host': 'np0000004925', 'binary': 'nova-compute', 'topic': 'compute', 'report_count': 2, 'disabled': False, 'disabled_reason': None, 'last_seen_up': datetime.datetime(2026, 7, 9, 22, 17, 3, tzinfo=datetime.timezone.utc), 'forced_down': False, 'version': 72, 'created_at': datetime.datetime(2026, 7, 9, 22, 14, 52, tzinfo=datetime.timezone.utc), 'updated_at': datetime.datetime(2026, 7, 9, 22, 17, 3, tzinfo=datetime.timezone.utc), 'deleted_at': None, 'deleted': False} {{(pid=93454) _locked_update /opt/stack/nova/nova/scheduler/host_manager.py:174}}
Jul 09 22:17:04.209590 np0000004925 nova-scheduler[93454]: DEBUG nova.scheduler.host_manager [None req-1a056f80-208c-4fc7-ab3c-cb471c10f201 tempest-ServerBootFromVolumeStableRescueTest-1194778825 tempest-ServerBootFromVolumeStableRescueTest-1194778825-project-member] Update host state with instances: [] {{(pid=93454) _locked_update /opt/stack/nova/nova/scheduler/host_manager.py:177}}
Jul 09 22:17:04.209590 np0000004925 nova-scheduler[93454]: DEBUG oslo_concurrency.lockutils [None req-1a056f80-208c-4fc7-ab3c-cb471c10f201 tempest-ServerBootFromVolumeStableRescueTest-1194778825 tempest-ServerBootFromVolumeStableRescueTest-1194778825-project-member] Lock "np0000004925-np0000004925" "released" by "nova.scheduler.host_manager.HostState.update.._locked_update" :: held 0.002s {{(pid=93454) inner /opt/stack/data/venv/lib/python3.12/site-packages/oslo_concurrency/lockutils.py:543}}
Jul 09 22:17:04.209590 np0000004925 nova-scheduler[93454]: DEBUG nova.filters [None req-1a056f80-208c-4fc7-ab3c-cb471c10f201 tempest-ServerBootFromVolumeStableRescueTest-1194778825 tempest-ServerBootFromVolumeStableRescueTest-1194778825-project-member] Starting with 1 host(s) {{(pid=93454) get_filtered_objects /opt/stack/nova/nova/filters.py:70}}
Jul 09 22:17:04.209590 np0000004925 nova-scheduler[93454]: DEBUG nova.filters [None req-1a056f80-208c-4fc7-ab3c-cb471c10f201 tempest-ServerBootFromVolumeStableRescueTest-1194778825 tempest-ServerBootFromVolumeStableRescueTest-1194778825-project-member] Filter ComputeFilter returned 1 host(s) {{(pid=93454) get_filtered_objects /opt/stack/nova/nova/filters.py:102}}
Jul 09 22:17:04.209818 np0000004925 nova-scheduler[93454]: DEBUG nova.filters [None req-1a056f80-208c-4fc7-ab3c-cb471c10f201 tempest-ServerBootFromVolumeStableRescueTest-1194778825 tempest-ServerBootFromVolumeStableRescueTest-1194778825-project-member] Filter ComputeCapabilitiesFilter returned 1 host(s) {{(pid=93454) get_filtered_objects /opt/stack/nova/nova/filters.py:102}}
Jul 09 22:17:04.210055 np0000004925 nova-scheduler[93454]: DEBUG nova.filters [None req-1a056f80-208c-4fc7-ab3c-cb471c10f201 tempest-ServerBootFromVolumeStableRescueTest-1194778825 tempest-ServerBootFromVolumeStableRescueTest-1194778825-project-member] Filter ImagePropertiesFilter returned 1 host(s) {{(pid=93454) get_filtered_objects /opt/stack/nova/nova/filters.py:102}}
Jul 09 22:17:04.210222 np0000004925 nova-scheduler[93454]: DEBUG nova.filters [None req-1a056f80-208c-4fc7-ab3c-cb471c10f201 tempest-ServerBootFromVolumeStableRescueTest-1194778825 tempest-ServerBootFromVolumeStableRescueTest-1194778825-project-member] Filter ServerGroupAntiAffinityFilter returned 1 host(s) {{(pid=93454) get_filtered_objects /opt/stack/nova/nova/filters.py:102}}
Jul 09 22:17:04.210405 np0000004925 nova-scheduler[93454]: DEBUG nova.filters [None req-1a056f80-208c-4fc7-ab3c-cb471c10f201 tempest-ServerBootFromVolumeStableRescueTest-1194778825 tempest-ServerBootFromVolumeStableRescueTest-1194778825-project-member] Filter ServerGroupAffinityFilter returned 1 host(s) {{(pid=93454) get_filtered_objects /opt/stack/nova/nova/filters.py:102}}
Jul 09 22:17:04.210568 np0000004925 nova-scheduler[93454]: DEBUG nova.filters [None req-1a056f80-208c-4fc7-ab3c-cb471c10f201 tempest-ServerBootFromVolumeStableRescueTest-1194778825 tempest-ServerBootFromVolumeStableRescueTest-1194778825-project-member] Filter SameHostFilter returned 1 host(s) {{(pid=93454) get_filtered_objects /opt/stack/nova/nova/filters.py:102}}
Jul 09 22:17:04.210765 np0000004925 nova-scheduler[93454]: DEBUG nova.filters [None req-1a056f80-208c-4fc7-ab3c-cb471c10f201 tempest-ServerBootFromVolumeStableRescueTest-1194778825 tempest-ServerBootFromVolumeStableRescueTest-1194778825-project-member] Filter DifferentHostFilter returned 1 host(s) {{(pid=93454) get_filtered_objects /opt/stack/nova/nova/filters.py:102}}
Jul 09 22:17:04.210942 np0000004925 nova-scheduler[93454]: DEBUG nova.scheduler.manager [None req-1a056f80-208c-4fc7-ab3c-cb471c10f201 tempest-ServerBootFromVolumeStableRescueTest-1194778825 tempest-ServerBootFromVolumeStableRescueTest-1194778825-project-member] Filtered [(np0000004925, np0000004925) ram: 62765MB disk: 74752MB io_ops: 0 instances: 0, allocation_candidates: 1] {{(pid=93454) _get_sorted_hosts /opt/stack/nova/nova/scheduler/manager.py:742}}
Jul 09 22:17:04.211182 np0000004925 nova-scheduler[93454]: DEBUG nova.scheduler.manager [None req-1a056f80-208c-4fc7-ab3c-cb471c10f201 tempest-ServerBootFromVolumeStableRescueTest-1194778825 tempest-ServerBootFromVolumeStableRescueTest-1194778825-project-member] Weighed [WeighedHost [host: (np0000004925, np0000004925) ram: 62765MB disk: 74752MB io_ops: 0 instances: 0, allocation_candidates: 1, weight: 0.0]] {{(pid=93454) _get_sorted_hosts /opt/stack/nova/nova/scheduler/manager.py:764}}
Jul 09 22:17:04.211414 np0000004925 nova-scheduler[93454]: DEBUG nova.scheduler.utils [None req-1a056f80-208c-4fc7-ab3c-cb471c10f201 tempest-ServerBootFromVolumeStableRescueTest-1194778825 tempest-ServerBootFromVolumeStableRescueTest-1194778825-project-member] Attempting to claim resources in the placement API for instance e1a23b74-bf80-4ce5-8d7f-598574e10bbb {{(pid=93454) claim_resources /opt/stack/nova/nova/scheduler/utils.py:1345}}
