Jun 26 00:42:06.139623 np0000003671 nova-scheduler[96370]: DEBUG cotyledon.oslo_config_glue [-] profiler.filter_error_trace = False {{(pid=96370) log_opt_values /opt/stack/data/venv/lib/python3.12/site-packages/oslo_config/cfg.py:3253}}
Jun 26 00:42:06.139623 np0000003671 nova-scheduler[96370]: DEBUG cotyledon.oslo_config_glue [-] profiler.hmac_keys = **** {{(pid=96370) log_opt_values /opt/stack/data/venv/lib/python3.12/site-packages/oslo_config/cfg.py:3253}}
Jun 26 00:42:06.139623 np0000003671 nova-scheduler[96370]: DEBUG cotyledon.oslo_config_glue [-] profiler.sentinel_service_name = mymaster {{(pid=96370) log_opt_values /opt/stack/data/venv/lib/python3.12/site-packages/oslo_config/cfg.py:3253}}
Jun 26 00:42:06.139623 np0000003671 nova-scheduler[96370]: DEBUG cotyledon.oslo_config_glue [-] profiler.socket_timeout = 0.1 {{(pid=96370) log_opt_values /opt/stack/data/venv/lib/python3.12/site-packages/oslo_config/cfg.py:3253}}
Jun 26 00:42:06.139623 np0000003671 nova-scheduler[96370]: DEBUG cotyledon.oslo_config_glue [-] profiler.trace_requests = False {{(pid=96370) log_opt_values /opt/stack/data/venv/lib/python3.12/site-packages/oslo_config/cfg.py:3253}}
Jun 26 00:42:06.139623 np0000003671 nova-scheduler[96370]: DEBUG cotyledon.oslo_config_glue [-] profiler.trace_sqlalchemy = False {{(pid=96370) log_opt_values /opt/stack/data/venv/lib/python3.12/site-packages/oslo_config/cfg.py:3253}}
Jun 26 00:42:06.139623 np0000003671 nova-scheduler[96370]: DEBUG cotyledon.oslo_config_glue [-] profiler_jaeger.process_tags = {} {{(pid=96370) log_opt_values /opt/stack/data/venv/lib/python3.12/site-packages/oslo_config/cfg.py:3253}}
Jun 26 00:42:06.139807 np0000003671 nova-scheduler[96370]: DEBUG cotyledon.oslo_config_glue [-] profiler_jaeger.service_name_prefix = None {{(pid=96370) log_opt_values /opt/stack/data/venv/lib/python3.12/site-packages/oslo_config/cfg.py:3253}}
Jun 26 00:42:06.139807 np0000003671 nova-scheduler[96370]: DEBUG cotyledon.oslo_config_glue [-] profiler_otlp.service_name_prefix = None {{(pid=96370) log_opt_values /opt/stack/data/venv/lib/python3.12/site-packages/oslo_config/cfg.py:3253}}
Jun 26 00:42:06.139807 np0000003671 nova-scheduler[96370]: DEBUG cotyledon.oslo_config_glue [-] oslo_messaging_rabbit.amqp_auto_delete = False {{(pid=96370) log_opt_values /opt/stack/data/venv/lib/python3.12/site-packages/oslo_config/cfg.py:3253}}
Jun 26 00:42:06.139807 np0000003671 nova-scheduler[96370]: DEBUG cotyledon.oslo_config_glue [-] oslo_messaging_rabbit.amqp_durable_queues = False {{(pid=96370) log_opt_values /opt/stack/data/venv/lib/python3.12/site-packages/oslo_config/cfg.py:3253}}
Jun 26 00:42:06.139807 np0000003671 nova-scheduler[96370]: DEBUG cotyledon.oslo_config_glue [-] oslo_messaging_rabbit.conn_pool_min_size = 2 {{(pid=96370) log_opt_values /opt/stack/data/venv/lib/python3.12/site-packages/oslo_config/cfg.py:3253}}
Jun 26 00:42:06.139807 np0000003671 nova-scheduler[96370]: DEBUG cotyledon.oslo_config_glue [-] oslo_messaging_rabbit.conn_pool_ttl = 1200 {{(pid=96370) log_opt_values /opt/stack/data/venv/lib/python3.12/site-packages/oslo_config/cfg.py:3253}}
Jun 26 00:42:06.139807 np0000003671 nova-scheduler[96370]: DEBUG cotyledon.oslo_config_glue [-] oslo_messaging_rabbit.direct_mandatory_flag = True {{(pid=96370) log_opt_values /opt/stack/data/venv/lib/python3.12/site-packages/oslo_config/cfg.py:3253}}
Jun 26 00:42:06.139807 np0000003671 nova-scheduler[96370]: DEBUG cotyledon.oslo_config_glue [-] oslo_messaging_rabbit.enable_cancel_on_failover = False {{(pid=96370) log_opt_values /opt/stack/data/venv/lib/python3.12/site-packages/oslo_config/cfg.py:3253}}
Jun 26 00:42:06.139807 np0000003671 nova-scheduler[96370]: DEBUG cotyledon.oslo_config_glue [-] oslo_messaging_rabbit.heartbeat_rate = 3 {{(pid=96370) log_opt_values /opt/stack/data/venv/lib/python3.12/site-packages/oslo_config/cfg.py:3253}}
Jun 26 00:42:06.139987 np0000003671 nova-scheduler[96370]: DEBUG cotyledon.oslo_config_glue [-] oslo_messaging_rabbit.heartbeat_timeout_threshold = 60 {{(pid=96370) log_opt_values /opt/stack/data/venv/lib/python3.12/site-packages/oslo_config/cfg.py:3253}}
Jun 26 00:42:06.139987 np0000003671 nova-scheduler[96370]: DEBUG cotyledon.oslo_config_glue [-] oslo_messaging_rabbit.hostname = np0000003671 {{(pid=96370) log_opt_values /opt/stack/data/venv/lib/python3.12/site-packages/oslo_config/cfg.py:3253}}
Jun 26 00:42:06.139987 np0000003671 nova-scheduler[96370]: DEBUG cotyledon.oslo_config_glue [-] oslo_messaging_rabbit.kombu_compression = None {{(pid=96370) log_opt_values /opt/stack/data/venv/lib/python3.12/site-packages/oslo_config/cfg.py:3253}}
Jun 26 00:42:06.139987 np0000003671 nova-scheduler[96370]: DEBUG cotyledon.oslo_config_glue [-] oslo_messaging_rabbit.kombu_failover_strategy = round-robin {{(pid=96370) log_opt_values /opt/stack/data/venv/lib/python3.12/site-packages/oslo_config/cfg.py:3253}}
Jun 26 00:42:06.139987 np0000003671 nova-scheduler[96370]: DEBUG cotyledon.oslo_config_glue [-] oslo_messaging_rabbit.kombu_missing_consumer_retry_timeout = 60 {{(pid=96370) log_opt_values /opt/stack/data/venv/lib/python3.12/site-packages/oslo_config/cfg.py:3253}}
Jun 26 00:42:06.139987 np0000003671 nova-scheduler[96370]: DEBUG cotyledon.oslo_config_glue [-] oslo_messaging_rabbit.kombu_reconnect_delay = 1.0 {{(pid=96370) log_opt_values /opt/stack/data/venv/lib/python3.12/site-packages/oslo_config/cfg.py:3253}}
Jun 26 00:42:06.139987 np0000003671 nova-scheduler[96370]: DEBUG cotyledon.oslo_config_glue [-] oslo_messaging_rabbit.kombu_reconnect_splay = 0.0 {{(pid=96370) log_opt_values /opt/stack/data/venv/lib/python3.12/site-packages/oslo_config/cfg.py:3253}}
Jun 26 00:42:06.139987 np0000003671 nova-scheduler[96370]: DEBUG cotyledon.oslo_config_glue [-] oslo_messaging_rabbit.processname = nova-scheduler {{(pid=96370) log_opt_values /opt/stack/data/venv/lib/python3.12/site-packages/oslo_config/cfg.py:3253}}
Jun 26 00:42:06.139987 np0000003671 nova-scheduler[96370]: DEBUG cotyledon.oslo_config_glue [-] oslo_messaging_rabbit.rabbit_ha_queues = False {{(pid=96370) log_opt_values /opt/stack/data/venv/lib/python3.12/site-packages/oslo_config/cfg.py:3253}}
Jun 26 00:42:06.140199 np0000003671 nova-scheduler[96370]: DEBUG cotyledon.oslo_config_glue [-] oslo_messaging_rabbit.rabbit_interval_max = 30 {{(pid=96370) log_opt_values /opt/stack/data/venv/lib/python3.12/site-packages/oslo_config/cfg.py:3253}}
Jun 26 00:42:06.140199 np0000003671 nova-scheduler[96370]: DEBUG cotyledon.oslo_config_glue [-] oslo_messaging_rabbit.rabbit_login_method = AMQPLAIN {{(pid=96370) log_opt_values /opt/stack/data/venv/lib/python3.12/site-packages/oslo_config/cfg.py:3253}}
Jun 26 00:42:06.140199 np0000003671 nova-scheduler[96370]: DEBUG cotyledon.oslo_config_glue [-] oslo_messaging_rabbit.rabbit_qos_prefetch_count = 0 {{(pid=96370) log_opt_values /opt/stack/data/venv/lib/python3.12/site-packages/oslo_config/cfg.py:3253}}
Jun 26 00:42:06.140199 np0000003671 nova-scheduler[96370]: DEBUG cotyledon.oslo_config_glue [-] oslo_messaging_rabbit.rabbit_quorum_delivery_limit = 0 {{(pid=96370) log_opt_values /opt/stack/data/venv/lib/python3.12/site-packages/oslo_config/cfg.py:3253}}
Jun 26 00:42:06.140199 np0000003671 nova-scheduler[96370]: DEBUG cotyledon.oslo_config_glue [-] oslo_messaging_rabbit.rabbit_quorum_max_memory_bytes = 0 {{(pid=96370) log_opt_values /opt/stack/data/venv/lib/python3.12/site-packages/oslo_config/cfg.py:3253}}
Jun 26 00:42:06.140199 np0000003671 nova-scheduler[96370]: DEBUG cotyledon.oslo_config_glue [-] oslo_messaging_rabbit.rabbit_quorum_max_memory_length = 0 {{(pid=96370) log_opt_values /opt/stack/data/venv/lib/python3.12/site-packages/oslo_config/cfg.py:3253}}
Jun 26 00:42:06.140199 np0000003671 nova-scheduler[96370]: DEBUG cotyledon.oslo_config_glue [-] oslo_messaging_rabbit.rabbit_quorum_queue = False {{(pid=96370) log_opt_values /opt/stack/data/venv/lib/python3.12/site-packages/oslo_config/cfg.py:3253}}
Jun 26 00:42:06.140199 np0000003671 nova-scheduler[96370]: DEBUG cotyledon.oslo_config_glue [-] oslo_messaging_rabbit.rabbit_retry_backoff = 2 {{(pid=96370) log_opt_values /opt/stack/data/venv/lib/python3.12/site-packages/oslo_config/cfg.py:3253}}
Jun 26 00:42:06.140199 np0000003671 nova-scheduler[96370]: DEBUG cotyledon.oslo_config_glue [-] oslo_messaging_rabbit.rabbit_retry_interval = 1 {{(pid=96370) log_opt_values /opt/stack/data/venv/lib/python3.12/site-packages/oslo_config/cfg.py:3253}}
Jun 26 00:42:06.140441 np0000003671 nova-scheduler[96370]: DEBUG cotyledon.oslo_config_glue [-] oslo_messaging_rabbit.rabbit_stream_fanout = False {{(pid=96370) log_opt_values /opt/stack/data/venv/lib/python3.12/site-packages/oslo_config/cfg.py:3253}}
Jun 26 00:42:06.140441 np0000003671 nova-scheduler[96370]: DEBUG cotyledon.oslo_config_glue [-] oslo_messaging_rabbit.rabbit_transient_queues_ttl = 1800 {{(pid=96370) log_opt_values /opt/stack/data/venv/lib/python3.12/site-packages/oslo_config/cfg.py:3253}}
Jun 26 00:42:06.140441 np0000003671 nova-scheduler[96370]: DEBUG cotyledon.oslo_config_glue [-] oslo_messaging_rabbit.rabbit_transient_quorum_queue = False {{(pid=96370) log_opt_values /opt/stack/data/venv/lib/python3.12/site-packages/oslo_config/cfg.py:3253}}
Jun 26 00:42:06.140441 np0000003671 nova-scheduler[96370]: DEBUG cotyledon.oslo_config_glue [-] oslo_messaging_rabbit.rpc_conn_pool_size = 30 {{(pid=96370) log_opt_values /opt/stack/data/venv/lib/python3.12/site-packages/oslo_config/cfg.py:3253}}
Jun 26 00:42:06.140441 np0000003671 nova-scheduler[96370]: DEBUG cotyledon.oslo_config_glue [-] oslo_messaging_rabbit.ssl = False {{(pid=96370) log_opt_values /opt/stack/data/venv/lib/python3.12/site-packages/oslo_config/cfg.py:3253}}
Jun 26 00:42:06.140441 np0000003671 nova-scheduler[96370]: DEBUG cotyledon.oslo_config_glue [-] oslo_messaging_rabbit.ssl_ca_file = {{(pid=96370) log_opt_values /opt/stack/data/venv/lib/python3.12/site-packages/oslo_config/cfg.py:3253}}
Jun 26 00:42:06.140441 np0000003671 nova-scheduler[96370]: DEBUG cotyledon.oslo_config_glue [-] oslo_messaging_rabbit.ssl_cert_file = {{(pid=96370) log_opt_values /opt/stack/data/venv/lib/python3.12/site-packages/oslo_config/cfg.py:3253}}
Jun 26 00:42:06.140441 np0000003671 nova-scheduler[96370]: DEBUG cotyledon.oslo_config_glue [-] oslo_messaging_rabbit.ssl_enforce_fips_mode = False {{(pid=96370) log_opt_values /opt/stack/data/venv/lib/python3.12/site-packages/oslo_config/cfg.py:3253}}
Jun 26 00:42:06.140441 np0000003671 nova-scheduler[96370]: DEBUG cotyledon.oslo_config_glue [-] oslo_messaging_rabbit.ssl_enforce_hostname_verification = True {{(pid=96370) log_opt_values /opt/stack/data/venv/lib/python3.12/site-packages/oslo_config/cfg.py:3253}}
Jun 26 00:42:06.140707 np0000003671 nova-scheduler[96370]: DEBUG cotyledon.oslo_config_glue [-] oslo_messaging_rabbit.ssl_key_file = {{(pid=96370) log_opt_values /opt/stack/data/venv/lib/python3.12/site-packages/oslo_config/cfg.py:3253}}
Jun 26 00:42:06.140707 np0000003671 nova-scheduler[96370]: DEBUG cotyledon.oslo_config_glue [-] oslo_messaging_rabbit.ssl_version = {{(pid=96370) log_opt_values /opt/stack/data/venv/lib/python3.12/site-packages/oslo_config/cfg.py:3253}}
Jun 26 00:42:06.140707 np0000003671 nova-scheduler[96370]: DEBUG cotyledon.oslo_config_glue [-] oslo_messaging_rabbit.use_queue_manager = False {{(pid=96370) log_opt_values /opt/stack/data/venv/lib/python3.12/site-packages/oslo_config/cfg.py:3253}}
Jun 26 00:42:06.140707 np0000003671 nova-scheduler[96370]: DEBUG cotyledon.oslo_config_glue [-] oslo_messaging_notifications.driver = ['messagingv2'] {{(pid=96370) log_opt_values /opt/stack/data/venv/lib/python3.12/site-packages/oslo_config/cfg.py:3253}}
Jun 26 00:42:06.140707 np0000003671 nova-scheduler[96370]: DEBUG cotyledon.oslo_config_glue [-] oslo_messaging_notifications.retry = -1 {{(pid=96370) log_opt_values /opt/stack/data/venv/lib/python3.12/site-packages/oslo_config/cfg.py:3253}}
Jun 26 00:42:06.140707 np0000003671 nova-scheduler[96370]: DEBUG cotyledon.oslo_config_glue [-] oslo_messaging_notifications.topics = ['notifications'] {{(pid=96370) log_opt_values /opt/stack/data/venv/lib/python3.12/site-packages/oslo_config/cfg.py:3253}}
Jun 26 00:42:06.140707 np0000003671 nova-scheduler[96370]: DEBUG cotyledon.oslo_config_glue [-] oslo_messaging_notifications.transport_url = **** {{(pid=96370) log_opt_values /opt/stack/data/venv/lib/python3.12/site-packages/oslo_config/cfg.py:3253}}
Jun 26 00:42:06.140707 np0000003671 nova-scheduler[96370]: DEBUG cotyledon.oslo_config_glue [-] oslo_limit.auth_section = None {{(pid=96370) log_opt_values /opt/stack/data/venv/lib/python3.12/site-packages/oslo_config/cfg.py:3253}}
Jun 26 00:42:06.140707 np0000003671 nova-scheduler[96370]: DEBUG cotyledon.oslo_config_glue [-] oslo_limit.auth_type = None {{(pid=96370) log_opt_values /opt/stack/data/venv/lib/python3.12/site-packages/oslo_config/cfg.py:3253}}
Jun 26 00:42:06.140919 np0000003671 nova-scheduler[96370]: DEBUG cotyledon.oslo_config_glue [-] oslo_limit.cafile = None {{(pid=96370) log_opt_values /opt/stack/data/venv/lib/python3.12/site-packages/oslo_config/cfg.py:3253}}
Jun 26 00:42:06.140919 np0000003671 nova-scheduler[96370]: DEBUG cotyledon.oslo_config_glue [-] oslo_limit.certfile = None {{(pid=96370) log_opt_values /opt/stack/data/venv/lib/python3.12/site-packages/oslo_config/cfg.py:3253}}
Jun 26 00:42:06.140919 np0000003671 nova-scheduler[96370]: DEBUG cotyledon.oslo_config_glue [-] oslo_limit.collect_timing = False {{(pid=96370) log_opt_values /opt/stack/data/venv/lib/python3.12/site-packages/oslo_config/cfg.py:3253}}
Jun 26 00:42:06.140919 np0000003671 nova-scheduler[96370]: DEBUG cotyledon.oslo_config_glue [-] oslo_limit.connect_retries = None {{(pid=96370) log_opt_values /opt/stack/data/venv/lib/python3.12/site-packages/oslo_config/cfg.py:3253}}
Jun 26 00:42:06.140919 np0000003671 nova-scheduler[96370]: DEBUG cotyledon.oslo_config_glue [-] oslo_limit.connect_retry_delay = None {{(pid=96370) log_opt_values /opt/stack/data/venv/lib/python3.12/site-packages/oslo_config/cfg.py:3253}}
Jun 26 00:42:06.140919 np0000003671 nova-scheduler[96370]: DEBUG cotyledon.oslo_config_glue [-] oslo_limit.endpoint_id = None {{(pid=96370) log_opt_values /opt/stack/data/venv/lib/python3.12/site-packages/oslo_config/cfg.py:3253}}
Jun 26 00:42:06.140919 np0000003671 nova-scheduler[96370]: DEBUG cotyledon.oslo_config_glue [-] oslo_limit.endpoint_interface = public {{(pid=96370) log_opt_values /opt/stack/data/venv/lib/python3.12/site-packages/oslo_config/cfg.py:3253}}
Jun 26 00:42:06.140919 np0000003671 nova-scheduler[96370]: DEBUG cotyledon.oslo_config_glue [-] oslo_limit.endpoint_override = None {{(pid=96370) log_opt_values /opt/stack/data/venv/lib/python3.12/site-packages/oslo_config/cfg.py:3253}}
Jun 26 00:42:06.140919 np0000003671 nova-scheduler[96370]: DEBUG cotyledon.oslo_config_glue [-] oslo_limit.endpoint_region_name = None {{(pid=96370) log_opt_values /opt/stack/data/venv/lib/python3.12/site-packages/oslo_config/cfg.py:3253}}
Jun 26 00:42:06.141130 np0000003671 nova-scheduler[96370]: DEBUG cotyledon.oslo_config_glue [-] oslo_limit.endpoint_service_name = None {{(pid=96370) log_opt_values /opt/stack/data/venv/lib/python3.12/site-packages/oslo_config/cfg.py:3253}}
Jun 26 00:42:06.141130 np0000003671 nova-scheduler[96370]: DEBUG cotyledon.oslo_config_glue [-] oslo_limit.endpoint_service_type = None {{(pid=96370) log_opt_values /opt/stack/data/venv/lib/python3.12/site-packages/oslo_config/cfg.py:3253}}
Jun 26 00:42:06.141130 np0000003671 nova-scheduler[96370]: DEBUG cotyledon.oslo_config_glue [-] oslo_limit.insecure = False {{(pid=96370) log_opt_values /opt/stack/data/venv/lib/python3.12/site-packages/oslo_config/cfg.py:3253}}
Jun 26 00:42:06.141130 np0000003671 nova-scheduler[96370]: DEBUG cotyledon.oslo_config_glue [-] oslo_limit.keyfile = None {{(pid=96370) log_opt_values /opt/stack/data/venv/lib/python3.12/site-packages/oslo_config/cfg.py:3253}}
Jun 26 00:42:06.141130 np0000003671 nova-scheduler[96370]: DEBUG cotyledon.oslo_config_glue [-] oslo_limit.max_version = None {{(pid=96370) log_opt_values /opt/stack/data/venv/lib/python3.12/site-packages/oslo_config/cfg.py:3253}}
Jun 26 00:42:06.141130 np0000003671 nova-scheduler[96370]: DEBUG cotyledon.oslo_config_glue [-] oslo_limit.min_version = None {{(pid=96370) log_opt_values /opt/stack/data/venv/lib/python3.12/site-packages/oslo_config/cfg.py:3253}}
Jun 26 00:42:06.141130 np0000003671 nova-scheduler[96370]: DEBUG cotyledon.oslo_config_glue [-] oslo_limit.region_name = None {{(pid=96370) log_opt_values /opt/stack/data/venv/lib/python3.12/site-packages/oslo_config/cfg.py:3253}}
Jun 26 00:42:06.141130 np0000003671 nova-scheduler[96370]: DEBUG cotyledon.oslo_config_glue [-] oslo_limit.retriable_status_codes = None {{(pid=96370) log_opt_values /opt/stack/data/venv/lib/python3.12/site-packages/oslo_config/cfg.py:3253}}
Jun 26 00:42:06.141130 np0000003671 nova-scheduler[96370]: DEBUG cotyledon.oslo_config_glue [-] oslo_limit.service_name = None {{(pid=96370) log_opt_values /opt/stack/data/venv/lib/python3.12/site-packages/oslo_config/cfg.py:3253}}
Jun 26 00:42:06.141403 np0000003671 nova-scheduler[96370]: DEBUG cotyledon.oslo_config_glue [-] oslo_limit.service_type = None {{(pid=96370) log_opt_values /opt/stack/data/venv/lib/python3.12/site-packages/oslo_config/cfg.py:3253}}
Jun 26 00:42:06.141403 np0000003671 nova-scheduler[96370]: DEBUG cotyledon.oslo_config_glue [-] oslo_limit.split_loggers = False {{(pid=96370) log_opt_values /opt/stack/data/venv/lib/python3.12/site-packages/oslo_config/cfg.py:3253}}
Jun 26 00:42:06.141403 np0000003671 nova-scheduler[96370]: DEBUG cotyledon.oslo_config_glue [-] oslo_limit.status_code_retries = None {{(pid=96370) log_opt_values /opt/stack/data/venv/lib/python3.12/site-packages/oslo_config/cfg.py:3253}}
Jun 26 00:42:06.141403 np0000003671 nova-scheduler[96370]: DEBUG cotyledon.oslo_config_glue [-] oslo_limit.status_code_retry_delay = None {{(pid=96370) log_opt_values /opt/stack/data/venv/lib/python3.12/site-packages/oslo_config/cfg.py:3253}}
Jun 26 00:42:06.141403 np0000003671 nova-scheduler[96370]: DEBUG cotyledon.oslo_config_glue [-] oslo_limit.timeout = None {{(pid=96370) log_opt_values /opt/stack/data/venv/lib/python3.12/site-packages/oslo_config/cfg.py:3253}}
Jun 26 00:42:06.141403 np0000003671 nova-scheduler[96370]: DEBUG cotyledon.oslo_config_glue [-] oslo_limit.valid_interfaces = None {{(pid=96370) log_opt_values /opt/stack/data/venv/lib/python3.12/site-packages/oslo_config/cfg.py:3253}}
Jun 26 00:42:06.141403 np0000003671 nova-scheduler[96370]: DEBUG cotyledon.oslo_config_glue [-] oslo_limit.version = None {{(pid=96370) log_opt_values /opt/stack/data/venv/lib/python3.12/site-packages/oslo_config/cfg.py:3253}}
Jun 26 00:42:06.141403 np0000003671 nova-scheduler[96370]: DEBUG cotyledon.oslo_config_glue [-] oslo_reports.file_event_handler = None {{(pid=96370) log_opt_values /opt/stack/data/venv/lib/python3.12/site-packages/oslo_config/cfg.py:3253}}
Jun 26 00:42:06.141403 np0000003671 nova-scheduler[96370]: DEBUG cotyledon.oslo_config_glue [-] oslo_reports.file_event_handler_interval = 1 {{(pid=96370) log_opt_values /opt/stack/data/venv/lib/python3.12/site-packages/oslo_config/cfg.py:3253}}
Jun 26 00:42:06.141610 np0000003671 nova-scheduler[96370]: DEBUG cotyledon.oslo_config_glue [-] oslo_reports.log_dir = None {{(pid=96370) log_opt_values /opt/stack/data/venv/lib/python3.12/site-packages/oslo_config/cfg.py:3253}}
Jun 26 00:42:06.141610 np0000003671 nova-scheduler[96370]: DEBUG cotyledon.oslo_config_glue [-] ******************************************************************************** {{(pid=96370) log_opt_values /opt/stack/data/venv/lib/python3.12/site-packages/oslo_config/cfg.py:3260}}
Jun 26 00:42:06.141610 np0000003671 nova-scheduler[96370]: DEBUG cotyledon._service_worker [-] Run service ServiceWrapper(3) [96370] {{(pid=96370) wait_forever /opt/stack/data/venv/lib/python3.12/site-packages/cotyledon/_service_worker.py:218}}
Jun 26 00:42:06.141610 np0000003671 nova-scheduler[96370]: INFO nova.service [-] Starting scheduler node (version 33.1.0)
Jun 26 00:42:06.142801 np0000003671 nova-scheduler[96362]: DEBUG oslo_db.sqlalchemy.engines [None req-0d91d414-a460-4ce0-8a17-e5bb23592732 None None] MySQL server mode set to STRICT_TRANS_TABLES,STRICT_ALL_TABLES,NO_ZERO_IN_DATE,NO_ZERO_DATE,ERROR_FOR_DIVISION_BY_ZERO,TRADITIONAL,NO_ENGINE_SUBSTITUTION {{(pid=96362) _check_effective_sql_mode /opt/stack/data/venv/lib/python3.12/site-packages/oslo_db/sqlalchemy/engines.py:325}}
Jun 26 00:42:06.145249 np0000003671 nova-scheduler[96370]: INFO dbcounter [None req-dae5f21d-8320-4a8c-a018-2b324da4bd1f None None] Registered counter for database nova_cell0
Jun 26 00:42:06.145783 np0000003671 nova-scheduler[96360]: DEBUG oslo_db.sqlalchemy.engines [None req-f735c1b0-9977-4d90-b3bb-6b903cb4902f None None] MySQL server mode set to STRICT_TRANS_TABLES,STRICT_ALL_TABLES,NO_ZERO_IN_DATE,NO_ZERO_DATE,ERROR_FOR_DIVISION_BY_ZERO,TRADITIONAL,NO_ENGINE_SUBSTITUTION {{(pid=96360) _check_effective_sql_mode /opt/stack/data/venv/lib/python3.12/site-packages/oslo_db/sqlalchemy/engines.py:325}}
Jun 26 00:42:06.154530 np0000003671 nova-scheduler[96362]: DEBUG dbcounter [-] [96362] Writer thread running {{(pid=96362) stat_writer /opt/stack/data/venv/lib/python3.12/site-packages/dbcounter.py:102}}
Jun 26 00:42:06.155265 np0000003671 nova-scheduler[96360]: DEBUG dbcounter [-] [96360] Writer thread running {{(pid=96360) stat_writer /opt/stack/data/venv/lib/python3.12/site-packages/dbcounter.py:102}}
Jun 26 00:42:06.170368 np0000003671 nova-scheduler[96364]: DEBUG oslo_db.sqlalchemy.engines [None req-08ae708c-31c8-4bbe-acd7-8d374b42ba1f None None] MySQL server mode set to STRICT_TRANS_TABLES,STRICT_ALL_TABLES,NO_ZERO_IN_DATE,NO_ZERO_DATE,ERROR_FOR_DIVISION_BY_ZERO,TRADITIONAL,NO_ENGINE_SUBSTITUTION {{(pid=96364) _check_effective_sql_mode /opt/stack/data/venv/lib/python3.12/site-packages/oslo_db/sqlalchemy/engines.py:325}}
Jun 26 00:42:06.171811 np0000003671 nova-scheduler[96360]: DEBUG nova.service [None req-f735c1b0-9977-4d90-b3bb-6b903cb4902f None None] Creating RPC server for service: nova-scheduler on topic: scheduler {{(pid=96360) start /opt/stack/nova/nova/service.py:196}}
Jun 26 00:42:06.176767 np0000003671 nova-scheduler[96362]: DEBUG nova.service [None req-0d91d414-a460-4ce0-8a17-e5bb23592732 None None] Creating RPC server for service: nova-scheduler on topic: scheduler {{(pid=96362) start /opt/stack/nova/nova/service.py:196}}
Jun 26 00:42:06.180885 np0000003671 nova-scheduler[96364]: DEBUG dbcounter [-] [96364] Writer thread running {{(pid=96364) stat_writer /opt/stack/data/venv/lib/python3.12/site-packages/dbcounter.py:102}}
Jun 26 00:42:06.184524 np0000003671 nova-scheduler[96364]: DEBUG nova.service [None req-08ae708c-31c8-4bbe-acd7-8d374b42ba1f None None] Creating RPC server for service: nova-scheduler on topic: scheduler {{(pid=96364) start /opt/stack/nova/nova/service.py:196}}
Jun 26 00:42:06.208288 np0000003671 nova-scheduler[96370]: DEBUG oslo_db.sqlalchemy.engines [None req-dae5f21d-8320-4a8c-a018-2b324da4bd1f None None] MySQL server mode set to STRICT_TRANS_TABLES,STRICT_ALL_TABLES,NO_ZERO_IN_DATE,NO_ZERO_DATE,ERROR_FOR_DIVISION_BY_ZERO,TRADITIONAL,NO_ENGINE_SUBSTITUTION {{(pid=96370) _check_effective_sql_mode /opt/stack/data/venv/lib/python3.12/site-packages/oslo_db/sqlalchemy/engines.py:325}}
Jun 26 00:42:06.211028 np0000003671 nova-scheduler[96360]: DEBUG nova.service [None req-f735c1b0-9977-4d90-b3bb-6b903cb4902f None None] Join ServiceGroup membership for this service scheduler {{(pid=96360) start /opt/stack/nova/nova/service.py:222}}
Jun 26 00:42:06.211292 np0000003671 nova-scheduler[96360]: DEBUG nova.servicegroup.drivers.db [None req-f735c1b0-9977-4d90-b3bb-6b903cb4902f None None] DB_Driver: join new ServiceGroup member np0000003671 to the scheduler group, service = {{(pid=96360) join /opt/stack/nova/nova/servicegroup/drivers/db.py:44}}
Jun 26 00:42:06.211750 np0000003671 nova-scheduler[96364]: DEBUG nova.service [None req-08ae708c-31c8-4bbe-acd7-8d374b42ba1f None None] Join ServiceGroup membership for this service scheduler {{(pid=96364) start /opt/stack/nova/nova/service.py:222}}
Jun 26 00:42:06.211919 np0000003671 nova-scheduler[96364]: DEBUG nova.servicegroup.drivers.db [None req-08ae708c-31c8-4bbe-acd7-8d374b42ba1f None None] DB_Driver: join new ServiceGroup member np0000003671 to the scheduler group, service = {{(pid=96364) join /opt/stack/nova/nova/servicegroup/drivers/db.py:44}}
Jun 26 00:42:06.217264 np0000003671 nova-scheduler[96362]: DEBUG nova.service [None req-0d91d414-a460-4ce0-8a17-e5bb23592732 None None] Join ServiceGroup membership for this service scheduler {{(pid=96362) start /opt/stack/nova/nova/service.py:222}}
Jun 26 00:42:06.217766 np0000003671 nova-scheduler[96362]: DEBUG nova.servicegroup.drivers.db [None req-0d91d414-a460-4ce0-8a17-e5bb23592732 None None] DB_Driver: join new ServiceGroup member np0000003671 to the scheduler group, service = {{(pid=96362) join /opt/stack/nova/nova/servicegroup/drivers/db.py:44}}
Jun 26 00:42:06.223044 np0000003671 nova-scheduler[96370]: DEBUG dbcounter [-] [96370] Writer thread running {{(pid=96370) stat_writer /opt/stack/data/venv/lib/python3.12/site-packages/dbcounter.py:102}}
Jun 26 00:42:06.226990 np0000003671 nova-scheduler[96370]: DEBUG nova.service [None req-dae5f21d-8320-4a8c-a018-2b324da4bd1f None None] Creating RPC server for service: nova-scheduler on topic: scheduler {{(pid=96370) start /opt/stack/nova/nova/service.py:196}}
Jun 26 00:42:06.269553 np0000003671 nova-scheduler[96370]: DEBUG nova.service [None req-dae5f21d-8320-4a8c-a018-2b324da4bd1f None None] Join ServiceGroup membership for this service scheduler {{(pid=96370) start /opt/stack/nova/nova/service.py:222}}
Jun 26 00:42:06.269987 np0000003671 nova-scheduler[96370]: DEBUG nova.servicegroup.drivers.db [None req-dae5f21d-8320-4a8c-a018-2b324da4bd1f None None] DB_Driver: join new ServiceGroup member np0000003671 to the scheduler group, service = {{(pid=96370) join /opt/stack/nova/nova/servicegroup/drivers/db.py:44}}
Jun 26 00:42:11.225637 np0000003671 nova-scheduler[96364]: DEBUG oslo.service.backend._threading.loopingcall [-] Fixed interval looping call 'nova.servicegroup.drivers.db.DbDriver._report_state' sleeping for 119.99 seconds {{(pid=96364) _run_loop /opt/stack/data/venv/lib/python3.12/site-packages/oslo_service/backend/_threading/loopingcall.py:125}}
Jun 26 00:42:11.226038 np0000003671 nova-scheduler[96360]: DEBUG oslo.service.backend._threading.loopingcall [-] Fixed interval looping call 'nova.servicegroup.drivers.db.DbDriver._report_state' sleeping for 119.99 seconds {{(pid=96360) _run_loop /opt/stack/data/venv/lib/python3.12/site-packages/oslo_service/backend/_threading/loopingcall.py:125}}
Jun 26 00:42:11.228899 np0000003671 nova-scheduler[96362]: DEBUG oslo.service.backend._threading.loopingcall [-] Fixed interval looping call 'nova.servicegroup.drivers.db.DbDriver._report_state' sleeping for 119.99 seconds {{(pid=96362) _run_loop /opt/stack/data/venv/lib/python3.12/site-packages/oslo_service/backend/_threading/loopingcall.py:125}}
Jun 26 00:42:11.281330 np0000003671 nova-scheduler[96370]: DEBUG oslo.service.backend._threading.loopingcall [-] Fixed interval looping call 'nova.servicegroup.drivers.db.DbDriver._report_state' sleeping for 119.99 seconds {{(pid=96370) _run_loop /opt/stack/data/venv/lib/python3.12/site-packages/oslo_service/backend/_threading/loopingcall.py:125}}
Jun 26 00:42:14.739366 np0000003671 nova-scheduler[95166]: DEBUG dbcounter [-] [95166] Writing DB stats nova_api:SELECT=3 {{(pid=95166) stat_writer /opt/stack/data/venv/lib/python3.12/site-packages/dbcounter.py:115}}
Jun 26 00:42:14.870697 np0000003671 nova-scheduler[95166]: DEBUG dbcounter [-] [95166] Writing DB stats nova_cell0:SELECT=1 {{(pid=95166) stat_writer /opt/stack/data/venv/lib/python3.12/site-packages/dbcounter.py:115}}
Jun 26 00:42:14.879708 np0000003671 nova-scheduler[95166]: DEBUG dbcounter [-] [95166] Writing DB stats nova_cell1:SELECT=1 {{(pid=95166) stat_writer /opt/stack/data/venv/lib/python3.12/site-packages/dbcounter.py:115}}
Jun 26 00:42:21.221175 np0000003671 nova-scheduler[96360]: DEBUG dbcounter [-] [96360] Writing DB stats nova_cell0:SELECT=4,nova_cell0:INSERT=1,nova_cell0:UPDATE=1 {{(pid=96360) stat_writer /opt/stack/data/venv/lib/python3.12/site-packages/dbcounter.py:115}}
Jun 26 00:42:21.223726 np0000003671 nova-scheduler[96364]: DEBUG dbcounter [-] [96364] Writing DB stats nova_cell0:SELECT=3,nova_cell0:UPDATE=1 {{(pid=96364) stat_writer /opt/stack/data/venv/lib/python3.12/site-packages/dbcounter.py:115}}
Jun 26 00:42:21.226392 np0000003671 nova-scheduler[96362]: DEBUG dbcounter [-] [96362] Writing DB stats nova_cell0:SELECT=5,nova_cell0:INSERT=1 {{(pid=96362) stat_writer /opt/stack/data/venv/lib/python3.12/site-packages/dbcounter.py:115}}
Jun 26 00:42:21.278269 np0000003671 nova-scheduler[96370]: DEBUG dbcounter [-] [96370] Writing DB stats nova_cell0:SELECT=3 {{(pid=96370) stat_writer /opt/stack/data/venv/lib/python3.12/site-packages/dbcounter.py:115}}
Jun 26 00:42:27.271940 np0000003671 nova-scheduler[96370]: DEBUG oslo.service.backend._threading.loopingcall [None req-205fbf7c-3b5d-4503-81f5-744ebe1ca8ae None None] Dynamic interval looping call 'nova.service.Service.periodic_tasks' sleeping for 60.00 seconds {{(pid=96370) _run_loop /opt/stack/data/venv/lib/python3.12/site-packages/oslo_service/backend/_threading/loopingcall.py:125}}
Jun 26 00:42:46.213221 np0000003671 nova-scheduler[96360]: DEBUG oslo.service.backend._threading.loopingcall [None req-53937478-716e-46d5-9c60-34e7b6fd7a67 None None] Dynamic interval looping call 'nova.service.Service.periodic_tasks' sleeping for 60.00 seconds {{(pid=96360) _run_loop /opt/stack/data/venv/lib/python3.12/site-packages/oslo_service/backend/_threading/loopingcall.py:125}}
Jun 26 00:42:46.220038 np0000003671 nova-scheduler[96362]: DEBUG oslo.service.backend._threading.loopingcall [None req-3c00aec3-880b-4444-b446-24f2e35c46d7 None None] Dynamic interval looping call 'nova.service.Service.periodic_tasks' sleeping for 60.00 seconds {{(pid=96362) _run_loop /opt/stack/data/venv/lib/python3.12/site-packages/oslo_service/backend/_threading/loopingcall.py:125}}
Jun 26 00:43:06.214142 np0000003671 nova-scheduler[96364]: DEBUG oslo.service.backend._threading.loopingcall [None req-4846aab2-9747-4362-bc8d-a2b7bece9e57 None None] Dynamic interval looping call 'nova.service.Service.periodic_tasks' sleeping for 60.00 seconds {{(pid=96364) _run_loop /opt/stack/data/venv/lib/python3.12/site-packages/oslo_service/backend/_threading/loopingcall.py:125}}
Jun 26 00:43:27.272467 np0000003671 nova-scheduler[96370]: DEBUG oslo.service.backend._threading.loopingcall [None req-205fbf7c-3b5d-4503-81f5-744ebe1ca8ae None None] Dynamic interval looping call 'nova.service.Service.periodic_tasks' sleeping for 60.00 seconds {{(pid=96370) _run_loop /opt/stack/data/venv/lib/python3.12/site-packages/oslo_service/backend/_threading/loopingcall.py:125}}
Jun 26 00:43:46.214370 np0000003671 nova-scheduler[96360]: DEBUG oslo.service.backend._threading.loopingcall [None req-53937478-716e-46d5-9c60-34e7b6fd7a67 None None] Dynamic interval looping call 'nova.service.Service.periodic_tasks' sleeping for 60.00 seconds {{(pid=96360) _run_loop /opt/stack/data/venv/lib/python3.12/site-packages/oslo_service/backend/_threading/loopingcall.py:125}}
Jun 26 00:43:46.220640 np0000003671 nova-scheduler[96362]: DEBUG oslo.service.backend._threading.loopingcall [None req-3c00aec3-880b-4444-b446-24f2e35c46d7 None None] Dynamic interval looping call 'nova.service.Service.periodic_tasks' sleeping for 60.00 seconds {{(pid=96362) _run_loop /opt/stack/data/venv/lib/python3.12/site-packages/oslo_service/backend/_threading/loopingcall.py:125}}
Jun 26 00:44:06.214627 np0000003671 nova-scheduler[96364]: DEBUG oslo.service.backend._threading.loopingcall [None req-4846aab2-9747-4362-bc8d-a2b7bece9e57 None None] Dynamic interval looping call 'nova.service.Service.periodic_tasks' sleeping for 60.00 seconds {{(pid=96364) _run_loop /opt/stack/data/venv/lib/python3.12/site-packages/oslo_service/backend/_threading/loopingcall.py:125}}
Jun 26 00:44:11.224193 np0000003671 nova-scheduler[96360]: DEBUG oslo.service.backend._threading.loopingcall [-] Fixed interval looping call 'nova.servicegroup.drivers.db.DbDriver._report_state' sleeping for 119.99 seconds {{(pid=96360) _run_loop /opt/stack/data/venv/lib/python3.12/site-packages/oslo_service/backend/_threading/loopingcall.py:125}}
Jun 26 00:44:11.224929 np0000003671 nova-scheduler[96364]: DEBUG oslo.service.backend._threading.loopingcall [-] Fixed interval looping call 'nova.servicegroup.drivers.db.DbDriver._report_state' sleeping for 119.99 seconds {{(pid=96364) _run_loop /opt/stack/data/venv/lib/python3.12/site-packages/oslo_service/backend/_threading/loopingcall.py:125}}
Jun 26 00:44:11.225414 np0000003671 nova-scheduler[96362]: DEBUG oslo.service.backend._threading.loopingcall [-] Fixed interval looping call 'nova.servicegroup.drivers.db.DbDriver._report_state' sleeping for 119.99 seconds {{(pid=96362) _run_loop /opt/stack/data/venv/lib/python3.12/site-packages/oslo_service/backend/_threading/loopingcall.py:125}}
Jun 26 00:44:11.274888 np0000003671 nova-scheduler[96370]: DEBUG oslo.service.backend._threading.loopingcall [-] Fixed interval looping call 'nova.servicegroup.drivers.db.DbDriver._report_state' sleeping for 120.00 seconds {{(pid=96370) _run_loop /opt/stack/data/venv/lib/python3.12/site-packages/oslo_service/backend/_threading/loopingcall.py:125}}
Jun 26 00:44:21.218903 np0000003671 nova-scheduler[96360]: DEBUG dbcounter [-] [96360] Writing DB stats nova_cell0:SELECT=1,nova_cell0:UPDATE=1 {{(pid=96360) stat_writer /opt/stack/data/venv/lib/python3.12/site-packages/dbcounter.py:115}}
Jun 26 00:44:21.219414 np0000003671 nova-scheduler[96364]: DEBUG dbcounter [-] [96364] Writing DB stats nova_cell0:SELECT=1,nova_cell0:UPDATE=1 {{(pid=96364) stat_writer /opt/stack/data/venv/lib/python3.12/site-packages/dbcounter.py:115}}
Jun 26 00:44:21.223695 np0000003671 nova-scheduler[96362]: DEBUG dbcounter [-] [96362] Writing DB stats nova_cell0:SELECT=1,nova_cell0:UPDATE=1 {{(pid=96362) stat_writer /opt/stack/data/venv/lib/python3.12/site-packages/dbcounter.py:115}}
Jun 26 00:44:21.273295 np0000003671 nova-scheduler[96370]: DEBUG dbcounter [-] [96370] Writing DB stats nova_cell0:SELECT=1 {{(pid=96370) stat_writer /opt/stack/data/venv/lib/python3.12/site-packages/dbcounter.py:115}}
Jun 26 00:44:27.272923 np0000003671 nova-scheduler[96370]: DEBUG oslo.service.backend._threading.loopingcall [None req-205fbf7c-3b5d-4503-81f5-744ebe1ca8ae None None] Dynamic interval looping call 'nova.service.Service.periodic_tasks' sleeping for 60.00 seconds {{(pid=96370) _run_loop /opt/stack/data/venv/lib/python3.12/site-packages/oslo_service/backend/_threading/loopingcall.py:125}}
Jun 26 00:44:46.214604 np0000003671 nova-scheduler[96360]: DEBUG oslo.service.backend._threading.loopingcall [None req-53937478-716e-46d5-9c60-34e7b6fd7a67 None None] Dynamic interval looping call 'nova.service.Service.periodic_tasks' sleeping for 60.00 seconds {{(pid=96360) _run_loop /opt/stack/data/venv/lib/python3.12/site-packages/oslo_service/backend/_threading/loopingcall.py:125}}
Jun 26 00:44:46.220923 np0000003671 nova-scheduler[96362]: DEBUG oslo.service.backend._threading.loopingcall [None req-3c00aec3-880b-4444-b446-24f2e35c46d7 None None] Dynamic interval looping call 'nova.service.Service.periodic_tasks' sleeping for 60.00 seconds {{(pid=96362) _run_loop /opt/stack/data/venv/lib/python3.12/site-packages/oslo_service/backend/_threading/loopingcall.py:125}}
Jun 26 00:44:51.648815 np0000003671 nova-scheduler[96364]: DEBUG nova.scheduler.manager [None req-60de0cb6-e065-4fbc-b813-3b7733c6ad24 tempest-ServerActionsTestOtherA-750148086 tempest-ServerActionsTestOtherA-750148086-project-member] Starting to schedule for instances: ['cd96af4f-5e3b-4457-8d92-0d6b613f9943'] {{(pid=96364) select_destinations /opt/stack/nova/nova/scheduler/manager.py:210}}
Jun 26 00:44:51.649831 np0000003671 nova-scheduler[96364]: DEBUG nova.scheduler.request_filter [None req-60de0cb6-e065-4fbc-b813-3b7733c6ad24 tempest-ServerActionsTestOtherA-750148086 tempest-ServerActionsTestOtherA-750148086-project-member] compute_status_filter request filter added forbidden trait COMPUTE_STATUS_DISABLED {{(pid=96364) compute_status_filter /opt/stack/nova/nova/scheduler/request_filter.py:253}}
Jun 26 00:44:51.649954 np0000003671 nova-scheduler[96364]: DEBUG nova.scheduler.request_filter [None req-60de0cb6-e065-4fbc-b813-3b7733c6ad24 tempest-ServerActionsTestOtherA-750148086 tempest-ServerActionsTestOtherA-750148086-project-member] Request filter 'compute_status_filter' took 0.0 seconds {{(pid=96364) wrapper /opt/stack/nova/nova/scheduler/request_filter.py:46}}
Jun 26 00:44:51.650224 np0000003671 nova-scheduler[96364]: DEBUG nova.scheduler.request_filter [None req-60de0cb6-e065-4fbc-b813-3b7733c6ad24 tempest-ServerActionsTestOtherA-750148086 tempest-ServerActionsTestOtherA-750148086-project-member] Request filter 'accelerators_filter' took 0.0 seconds {{(pid=96364) wrapper /opt/stack/nova/nova/scheduler/request_filter.py:46}}
Jun 26 00:44:51.652556 np0000003671 nova-scheduler[96364]: DEBUG nova.scheduler.request_filter [None req-60de0cb6-e065-4fbc-b813-3b7733c6ad24 tempest-ServerActionsTestOtherA-750148086 tempest-ServerActionsTestOtherA-750148086-project-member] Request filter 'packed_virtqueue_filter' took 0.0 seconds {{(pid=96364) wrapper /opt/stack/nova/nova/scheduler/request_filter.py:46}}
Jun 26 00:44:51.652556 np0000003671 nova-scheduler[96364]: DEBUG nova.scheduler.request_filter [None req-60de0cb6-e065-4fbc-b813-3b7733c6ad24 tempest-ServerActionsTestOtherA-750148086 tempest-ServerActionsTestOtherA-750148086-project-member] Request filter 'remote_managed_ports_filter' took 0.0 seconds {{(pid=96364) wrapper /opt/stack/nova/nova/scheduler/request_filter.py:46}}
Jun 26 00:44:51.652556 np0000003671 nova-scheduler[96364]: DEBUG nova.scheduler.request_filter [None req-60de0cb6-e065-4fbc-b813-3b7733c6ad24 tempest-ServerActionsTestOtherA-750148086 tempest-ServerActionsTestOtherA-750148086-project-member] ephemeral_encryption_filter skipped {{(pid=96364) ephemeral_encryption_filter /opt/stack/nova/nova/scheduler/request_filter.py:426}}
Jun 26 00:44:51.652556 np0000003671 nova-scheduler[96364]: DEBUG nova.scheduler.request_filter [None req-60de0cb6-e065-4fbc-b813-3b7733c6ad24 tempest-ServerActionsTestOtherA-750148086 tempest-ServerActionsTestOtherA-750148086-project-member] virtio_sound_filter skipped {{(pid=96364) virtio_sound_filter /opt/stack/nova/nova/scheduler/request_filter.py:460}}
Jun 26 00:44:51.652556 np0000003671 nova-scheduler[96364]: DEBUG nova.scheduler.request_filter [None req-60de0cb6-e065-4fbc-b813-3b7733c6ad24 tempest-ServerActionsTestOtherA-750148086 tempest-ServerActionsTestOtherA-750148086-project-member] tpm_secret_security_filter skipped {{(pid=96364) tpm_secret_security_filter /opt/stack/nova/nova/scheduler/request_filter.py:477}}
Jun 26 00:44:52.309546 np0000003671 nova-scheduler[96364]: INFO nova.utils [None req-60de0cb6-e065-4fbc-b813-3b7733c6ad24 tempest-ServerActionsTestOtherA-750148086 tempest-ServerActionsTestOtherA-750148086-project-member] The cell worker thread pool ForkProcess-3.cell_worker is initialized
Jun 26 00:44:52.309546 np0000003671 nova-scheduler[96364]: DEBUG oslo_concurrency.lockutils [None req-60de0cb6-e065-4fbc-b813-3b7733c6ad24 tempest-ServerActionsTestOtherA-750148086 tempest-ServerActionsTestOtherA-750148086-project-member] Acquiring lock "6bacb046-8af8-439a-b5ac-c797399c3133" by "nova.context.set_target_cell..get_or_set_cached_cell_and_set_connections" {{(pid=96364) inner /opt/stack/data/venv/lib/python3.12/site-packages/oslo_concurrency/lockutils.py:511}}
Jun 26 00:44:52.309546 np0000003671 nova-scheduler[96364]: DEBUG oslo_concurrency.lockutils [None req-60de0cb6-e065-4fbc-b813-3b7733c6ad24 tempest-ServerActionsTestOtherA-750148086 tempest-ServerActionsTestOtherA-750148086-project-member] Lock "6bacb046-8af8-439a-b5ac-c797399c3133" acquired by "nova.context.set_target_cell..get_or_set_cached_cell_and_set_connections" :: waited 0.000s {{(pid=96364) inner /opt/stack/data/venv/lib/python3.12/site-packages/oslo_concurrency/lockutils.py:524}}
Jun 26 00:44:52.309746 np0000003671 nova-scheduler[96364]: DEBUG oslo_concurrency.lockutils [None req-60de0cb6-e065-4fbc-b813-3b7733c6ad24 tempest-ServerActionsTestOtherA-750148086 tempest-ServerActionsTestOtherA-750148086-project-member] Lock "6bacb046-8af8-439a-b5ac-c797399c3133" "released" by "nova.context.set_target_cell..get_or_set_cached_cell_and_set_connections" :: held 0.001s {{(pid=96364) inner /opt/stack/data/venv/lib/python3.12/site-packages/oslo_concurrency/lockutils.py:543}}
Jun 26 00:44:52.312129 np0000003671 nova-scheduler[96364]: INFO dbcounter [None req-60de0cb6-e065-4fbc-b813-3b7733c6ad24 tempest-ServerActionsTestOtherA-750148086 tempest-ServerActionsTestOtherA-750148086-project-member] Registered counter for database nova_cell1
Jun 26 00:44:52.355491 np0000003671 nova-scheduler[96364]: DEBUG oslo_db.sqlalchemy.engines [None req-60de0cb6-e065-4fbc-b813-3b7733c6ad24 tempest-ServerActionsTestOtherA-750148086 tempest-ServerActionsTestOtherA-750148086-project-member] MySQL server mode set to STRICT_TRANS_TABLES,STRICT_ALL_TABLES,NO_ZERO_IN_DATE,NO_ZERO_DATE,ERROR_FOR_DIVISION_BY_ZERO,TRADITIONAL,NO_ENGINE_SUBSTITUTION {{(pid=96364) _check_effective_sql_mode /opt/stack/data/venv/lib/python3.12/site-packages/oslo_db/sqlalchemy/engines.py:325}}
Jun 26 00:44:52.361758 np0000003671 nova-scheduler[96364]: DEBUG dbcounter [-] [96364] Writer thread running {{(pid=96364) stat_writer /opt/stack/data/venv/lib/python3.12/site-packages/dbcounter.py:102}}
Jun 26 00:44:52.376387 np0000003671 nova-scheduler[96364]: DEBUG oslo_db.sqlalchemy.engines [None req-60de0cb6-e065-4fbc-b813-3b7733c6ad24 tempest-ServerActionsTestOtherA-750148086 tempest-ServerActionsTestOtherA-750148086-project-member] Parent process 95166 forked (96364) with an open database connection, which is being discarded and recreated. {{(pid=96364) checkout /opt/stack/data/venv/lib/python3.12/site-packages/oslo_db/sqlalchemy/engines.py:402}}
Jun 26 00:44:52.414798 np0000003671 nova-scheduler[96364]: DEBUG dbcounter [-] [96364] Writer thread running {{(pid=96364) stat_writer /opt/stack/data/venv/lib/python3.12/site-packages/dbcounter.py:102}}
Jun 26 00:44:52.420471 np0000003671 nova-scheduler[96364]: DEBUG oslo_concurrency.lockutils [None req-60de0cb6-e065-4fbc-b813-3b7733c6ad24 tempest-ServerActionsTestOtherA-750148086 tempest-ServerActionsTestOtherA-750148086-project-member] Acquiring lock "6bacb046-8af8-439a-b5ac-c797399c3133" by "nova.context.set_target_cell..get_or_set_cached_cell_and_set_connections" {{(pid=96364) inner /opt/stack/data/venv/lib/python3.12/site-packages/oslo_concurrency/lockutils.py:511}}
Jun 26 00:44:52.420626 np0000003671 nova-scheduler[96364]: DEBUG oslo_concurrency.lockutils [None req-60de0cb6-e065-4fbc-b813-3b7733c6ad24 tempest-ServerActionsTestOtherA-750148086 tempest-ServerActionsTestOtherA-750148086-project-member] Lock "6bacb046-8af8-439a-b5ac-c797399c3133" acquired by "nova.context.set_target_cell..get_or_set_cached_cell_and_set_connections" :: waited 0.000s {{(pid=96364) inner /opt/stack/data/venv/lib/python3.12/site-packages/oslo_concurrency/lockutils.py:524}}
Jun 26 00:44:52.420773 np0000003671 nova-scheduler[96364]: DEBUG oslo_concurrency.lockutils [None req-60de0cb6-e065-4fbc-b813-3b7733c6ad24 tempest-ServerActionsTestOtherA-750148086 tempest-ServerActionsTestOtherA-750148086-project-member] Lock "6bacb046-8af8-439a-b5ac-c797399c3133" "released" by "nova.context.set_target_cell..get_or_set_cached_cell_and_set_connections" :: held 0.000s {{(pid=96364) inner /opt/stack/data/venv/lib/python3.12/site-packages/oslo_concurrency/lockutils.py:543}}
Jun 26 00:44:52.423942 np0000003671 nova-scheduler[96364]: DEBUG oslo_concurrency.lockutils [None req-60de0cb6-e065-4fbc-b813-3b7733c6ad24 tempest-ServerActionsTestOtherA-750148086 tempest-ServerActionsTestOtherA-750148086-project-member] Acquiring lock "('np0000003671', 'np0000003671')" by "nova.scheduler.host_manager.HostState.update.._locked_update" {{(pid=96364) inner /opt/stack/data/venv/lib/python3.12/site-packages/oslo_concurrency/lockutils.py:511}}
Jun 26 00:44:52.424064 np0000003671 nova-scheduler[96364]: DEBUG oslo_concurrency.lockutils [None req-60de0cb6-e065-4fbc-b813-3b7733c6ad24 tempest-ServerActionsTestOtherA-750148086 tempest-ServerActionsTestOtherA-750148086-project-member] Lock "('np0000003671', 'np0000003671')" acquired by "nova.scheduler.host_manager.HostState.update.._locked_update" :: waited 0.000s {{(pid=96364) inner /opt/stack/data/venv/lib/python3.12/site-packages/oslo_concurrency/lockutils.py:524}}
Jun 26 00:44:52.425013 np0000003671 nova-scheduler[96364]: DEBUG nova.scheduler.host_manager [None req-60de0cb6-e065-4fbc-b813-3b7733c6ad24 tempest-ServerActionsTestOtherA-750148086 tempest-ServerActionsTestOtherA-750148086-project-member] Update host state from compute node: ComputeNode(cpu_allocation_ratio=4.0,cpu_info='{"arch": "x86_64", "model": "EPYC-Milan", "vendor": "AMD", "topology": {"cells": 1, "sockets": 16, "cores": 1, "threads": 1}, "maxphysaddr": {"mode": "emulate", "bits": 40}, "features": ["xsavec", "amd-stibp", "clwb", "null-sel-clr-base", "avx2", "avx", "osvw", "fsgsbase", "tsc-deadline", "arch-capabilities", "sep", "topoext", "tsc-scale", "rdpid", "no-nested-data-bp", "umip", "sha-ni", "sse4.1", "xsave", "lfence-always-serializing", "abm", "lbrv", "popcnt", "xsaves", "cx8", "invpcid", "pause-filter", "skip-l1dfl-vmentry", "ibpb", "pcid", "mce", "tsc_adjust", "stibp", "clflushopt", "movbe", "msr", "de", "fxsr", "rdtscp", "smep", "sse2", "mca", "clzero", "cmov", "rdctl-no", "pfthreshold", "pku", "mmx", "nx", "ssse3", "pclmuldq", "adx", "cr8legacy", "perfctr_core", "vmcb-clean", "virt-ssbd", "lahf_lm", "cx16", "lm", "tsc", "gds-no", "f16c", "mds-no", "sse", "fsrm", "syscall", "erms", "vme", "wbnoinvd", "sse4a", "nrip-save", "amd-ssbd", "pse", "svm", "xgetbv1", "fma", "flushbyasid", "svme-addr-chk", "amd-psfd", "v-vmsave-vmload", "bmi1", "hypervisor", "misalignsse", "smap", "pni", "cmp_legacy", "pge", "rdseed", "bmi2", "pae", "sse4.2", "3dnowprefetch", "pse36", "npt", "aes", "fxsr_opt", "apic", "xsaveerptr", "ibrs", "rdrand", "ssbd", "mmxext", "pat", "vpclmulqdq", "vaes", "arat", "x2apic", "fpu", "clflush", "pdpe1gb", "spec-ctrl", "stibp-always-on", "vgif", "pschange-mc-no", "xsaveopt", "mtrr"]}',created_at=2026-06-26T00:42:31Z,current_workload=0,deleted=False,deleted_at=None,disk_allocation_ratio=1.0,disk_available_least=74,free_disk_gb=95,free_ram_mb=63789,host='np0000003671',host_ip=10.4.3.128,hypervisor_hostname='np0000003671',hypervisor_type='QEMU',hypervisor_version=8002002,id=1,local_gb=95,local_gb_used=0,mapped=1,memory_mb=64301,memory_mb_used=512,metrics='[]',numa_topology='{"nova_object.name": "NUMATopology", "nova_object.namespace": "nova", "nova_object.version": "1.2", "nova_object.data": {"cells": [{"nova_object.name": "NUMACell", "nova_object.namespace": "nova", "nova_object.version": "1.5", "nova_object.data": {"id": 0, "cpuset": [0, 1, 2, 3, 4, 5, 6, 7, 8, 9, 10, 11, 12, 13, 14, 15], "pcpuset": [0, 1, 2, 3, 4, 5, 6, 7, 8, 9, 10, 11, 12, 13, 14, 15], "memory": 64301, "cpu_usage": 0, "memory_usage": 0, "pinned_cpus": [], "siblings": [[6], [12], [2], [15], [5], [11], [8], [14], [4], [1], [7], [10], [0], [13], [3], [9]], "mempages": [{"nova_object.name": "NUMAPagesTopology", "nova_object.namespace": "nova", "nova_object.version": "1.1", "nova_object.data": {"size_kb": 4, "total": 16461069, "used": 0, "reserved": 0}, "nova_object.changes": ["size_kb", "total", "reserved", "used"]}, {"nova_object.name": "NUMAPagesTopology", "nova_object.namespace": "nova", "nova_object.version": "1.1", "nova_object.data": {"size_kb": 2048, "total": 0, "used": 0, "reserved": 0}, "nova_object.changes": ["size_kb", "total", "reserved", "used"]}, {"nova_object.name": "NUMAPagesTopology", "nova_object.namespace": "nova", "nova_object.version": "1.1", "nova_object.data": {"size_kb": 1048576, "total": 0, "used": 0, "reserved": 0}, "nova_object.changes": ["size_kb", "total", "reserved", "used"]}], "network_metadata": {"nova_object.name": "NetworkMetadata", "nova_object.namespace": "nova", "nova_object.version": "1.0", "nova_object.data": {"physnets": [], "tunneled": false}, "nova_object.changes": ["physnets", "tunneled"]}, "socket": null}, "nova_object.changes": ["socket", "memory", "id", "pinned_cpus", "network_metadata", "siblings", "memory_usage", "mempages", "cpuset", "cpu_usage", "pcpuset"]}]}, "nova_object.changes": ["cells"]}',pci_device_pools=PciDevicePoolList,ram_allocation_ratio=1.0,running_vms=0,service_id=2,stats={failed_builds='0',uptime=' 00:44:17 up 27 min, 2 users, load average: 1.29, 1.56, 0.91
Jun 26 00:44:52.425013 np0000003671 nova-scheduler[96364]: '},supported_hv_specs=[HVSpec,HVSpec,HVSpec,HVSpec,HVSpec,HVSpec,HVSpec,HVSpec,HVSpec,HVSpec,HVSpec,HVSpec,HVSpec,HVSpec,HVSpec,HVSpec,HVSpec,HVSpec,HVSpec,HVSpec,HVSpec,HVSpec,HVSpec,HVSpec,HVSpec],updated_at=2026-06-26T00:44:19Z,uuid=31427e34-aeaa-4b3c-95f9-37a52384c239,vcpus=16,vcpus_used=0) {{(pid=96364) _locked_update /opt/stack/nova/nova/scheduler/host_manager.py:168}}
Jun 26 00:44:52.425778 np0000003671 nova-scheduler[96364]: DEBUG nova.scheduler.host_manager [None req-60de0cb6-e065-4fbc-b813-3b7733c6ad24 tempest-ServerActionsTestOtherA-750148086 tempest-ServerActionsTestOtherA-750148086-project-member] Update host state with aggregates: [] {{(pid=96364) _locked_update /opt/stack/nova/nova/scheduler/host_manager.py:171}}
