Jun 26 00:42:11.559291 np0000003671 nova-conductor[98890]: DEBUG cotyledon.oslo_config_glue [-] profiler.es_scroll_time = 2m {{(pid=98890) log_opt_values /opt/stack/data/venv/lib/python3.12/site-packages/oslo_config/cfg.py:3253}}
Jun 26 00:42:11.559291 np0000003671 nova-conductor[98890]: DEBUG cotyledon.oslo_config_glue [-] profiler.filter_error_trace = False {{(pid=98890) log_opt_values /opt/stack/data/venv/lib/python3.12/site-packages/oslo_config/cfg.py:3253}}
Jun 26 00:42:11.559291 np0000003671 nova-conductor[98890]: DEBUG cotyledon.oslo_config_glue [-] profiler.hmac_keys = **** {{(pid=98890) log_opt_values /opt/stack/data/venv/lib/python3.12/site-packages/oslo_config/cfg.py:3253}}
Jun 26 00:42:11.559291 np0000003671 nova-conductor[98890]: DEBUG cotyledon.oslo_config_glue [-] profiler.sentinel_service_name = mymaster {{(pid=98890) log_opt_values /opt/stack/data/venv/lib/python3.12/site-packages/oslo_config/cfg.py:3253}}
Jun 26 00:42:11.559291 np0000003671 nova-conductor[98890]: DEBUG cotyledon.oslo_config_glue [-] profiler.socket_timeout = 0.1 {{(pid=98890) log_opt_values /opt/stack/data/venv/lib/python3.12/site-packages/oslo_config/cfg.py:3253}}
Jun 26 00:42:11.559291 np0000003671 nova-conductor[98890]: DEBUG cotyledon.oslo_config_glue [-] profiler.trace_requests = False {{(pid=98890) log_opt_values /opt/stack/data/venv/lib/python3.12/site-packages/oslo_config/cfg.py:3253}}
Jun 26 00:42:11.559291 np0000003671 nova-conductor[98890]: DEBUG cotyledon.oslo_config_glue [-] profiler.trace_sqlalchemy = False {{(pid=98890) log_opt_values /opt/stack/data/venv/lib/python3.12/site-packages/oslo_config/cfg.py:3253}}
Jun 26 00:42:11.559291 np0000003671 nova-conductor[98890]: DEBUG cotyledon.oslo_config_glue [-] profiler_jaeger.process_tags = {} {{(pid=98890) log_opt_values /opt/stack/data/venv/lib/python3.12/site-packages/oslo_config/cfg.py:3253}}
Jun 26 00:42:11.559561 np0000003671 nova-conductor[98890]: DEBUG cotyledon.oslo_config_glue [-] profiler_jaeger.service_name_prefix = None {{(pid=98890) log_opt_values /opt/stack/data/venv/lib/python3.12/site-packages/oslo_config/cfg.py:3253}}
Jun 26 00:42:11.559561 np0000003671 nova-conductor[98890]: DEBUG cotyledon.oslo_config_glue [-] profiler_otlp.service_name_prefix = None {{(pid=98890) log_opt_values /opt/stack/data/venv/lib/python3.12/site-packages/oslo_config/cfg.py:3253}}
Jun 26 00:42:11.559561 np0000003671 nova-conductor[98890]: DEBUG cotyledon.oslo_config_glue [-] oslo_messaging_rabbit.amqp_auto_delete = False {{(pid=98890) log_opt_values /opt/stack/data/venv/lib/python3.12/site-packages/oslo_config/cfg.py:3253}}
Jun 26 00:42:11.559561 np0000003671 nova-conductor[98890]: DEBUG cotyledon.oslo_config_glue [-] oslo_messaging_rabbit.amqp_durable_queues = False {{(pid=98890) log_opt_values /opt/stack/data/venv/lib/python3.12/site-packages/oslo_config/cfg.py:3253}}
Jun 26 00:42:11.559561 np0000003671 nova-conductor[98890]: DEBUG cotyledon.oslo_config_glue [-] oslo_messaging_rabbit.conn_pool_min_size = 2 {{(pid=98890) log_opt_values /opt/stack/data/venv/lib/python3.12/site-packages/oslo_config/cfg.py:3253}}
Jun 26 00:42:11.559561 np0000003671 nova-conductor[98890]: DEBUG cotyledon.oslo_config_glue [-] oslo_messaging_rabbit.conn_pool_ttl = 1200 {{(pid=98890) log_opt_values /opt/stack/data/venv/lib/python3.12/site-packages/oslo_config/cfg.py:3253}}
Jun 26 00:42:11.559561 np0000003671 nova-conductor[98890]: DEBUG cotyledon.oslo_config_glue [-] oslo_messaging_rabbit.direct_mandatory_flag = True {{(pid=98890) log_opt_values /opt/stack/data/venv/lib/python3.12/site-packages/oslo_config/cfg.py:3253}}
Jun 26 00:42:11.559561 np0000003671 nova-conductor[98890]: DEBUG cotyledon.oslo_config_glue [-] oslo_messaging_rabbit.enable_cancel_on_failover = False {{(pid=98890) log_opt_values /opt/stack/data/venv/lib/python3.12/site-packages/oslo_config/cfg.py:3253}}
Jun 26 00:42:11.559561 np0000003671 nova-conductor[98890]: DEBUG cotyledon.oslo_config_glue [-] oslo_messaging_rabbit.heartbeat_rate = 3 {{(pid=98890) log_opt_values /opt/stack/data/venv/lib/python3.12/site-packages/oslo_config/cfg.py:3253}}
Jun 26 00:42:11.559827 np0000003671 nova-conductor[98890]: DEBUG cotyledon.oslo_config_glue [-] oslo_messaging_rabbit.heartbeat_timeout_threshold = 60 {{(pid=98890) log_opt_values /opt/stack/data/venv/lib/python3.12/site-packages/oslo_config/cfg.py:3253}}
Jun 26 00:42:11.559827 np0000003671 nova-conductor[98890]: DEBUG cotyledon.oslo_config_glue [-] oslo_messaging_rabbit.hostname = np0000003671 {{(pid=98890) log_opt_values /opt/stack/data/venv/lib/python3.12/site-packages/oslo_config/cfg.py:3253}}
Jun 26 00:42:11.559827 np0000003671 nova-conductor[98890]: DEBUG cotyledon.oslo_config_glue [-] oslo_messaging_rabbit.kombu_compression = None {{(pid=98890) log_opt_values /opt/stack/data/venv/lib/python3.12/site-packages/oslo_config/cfg.py:3253}}
Jun 26 00:42:11.559827 np0000003671 nova-conductor[98890]: DEBUG cotyledon.oslo_config_glue [-] oslo_messaging_rabbit.kombu_failover_strategy = round-robin {{(pid=98890) log_opt_values /opt/stack/data/venv/lib/python3.12/site-packages/oslo_config/cfg.py:3253}}
Jun 26 00:42:11.559827 np0000003671 nova-conductor[98890]: DEBUG cotyledon.oslo_config_glue [-] oslo_messaging_rabbit.kombu_missing_consumer_retry_timeout = 60 {{(pid=98890) log_opt_values /opt/stack/data/venv/lib/python3.12/site-packages/oslo_config/cfg.py:3253}}
Jun 26 00:42:11.559827 np0000003671 nova-conductor[98890]: DEBUG cotyledon.oslo_config_glue [-] oslo_messaging_rabbit.kombu_reconnect_delay = 1.0 {{(pid=98890) log_opt_values /opt/stack/data/venv/lib/python3.12/site-packages/oslo_config/cfg.py:3253}}
Jun 26 00:42:11.559827 np0000003671 nova-conductor[98890]: DEBUG cotyledon.oslo_config_glue [-] oslo_messaging_rabbit.kombu_reconnect_splay = 0.0 {{(pid=98890) log_opt_values /opt/stack/data/venv/lib/python3.12/site-packages/oslo_config/cfg.py:3253}}
Jun 26 00:42:11.559827 np0000003671 nova-conductor[98890]: DEBUG cotyledon.oslo_config_glue [-] oslo_messaging_rabbit.processname = nova-conductor {{(pid=98890) log_opt_values /opt/stack/data/venv/lib/python3.12/site-packages/oslo_config/cfg.py:3253}}
Jun 26 00:42:11.559827 np0000003671 nova-conductor[98890]: DEBUG cotyledon.oslo_config_glue [-] oslo_messaging_rabbit.rabbit_ha_queues = False {{(pid=98890) log_opt_values /opt/stack/data/venv/lib/python3.12/site-packages/oslo_config/cfg.py:3253}}
Jun 26 00:42:11.560112 np0000003671 nova-conductor[98886]: INFO nova.service [-] Starting conductor node (version 33.1.0)
Jun 26 00:42:11.560147 np0000003671 nova-conductor[98890]: DEBUG cotyledon.oslo_config_glue [-] oslo_messaging_rabbit.rabbit_interval_max = 30 {{(pid=98890) log_opt_values /opt/stack/data/venv/lib/python3.12/site-packages/oslo_config/cfg.py:3253}}
Jun 26 00:42:11.560147 np0000003671 nova-conductor[98890]: DEBUG cotyledon.oslo_config_glue [-] oslo_messaging_rabbit.rabbit_login_method = AMQPLAIN {{(pid=98890) log_opt_values /opt/stack/data/venv/lib/python3.12/site-packages/oslo_config/cfg.py:3253}}
Jun 26 00:42:11.560147 np0000003671 nova-conductor[98890]: DEBUG cotyledon.oslo_config_glue [-] oslo_messaging_rabbit.rabbit_qos_prefetch_count = 0 {{(pid=98890) log_opt_values /opt/stack/data/venv/lib/python3.12/site-packages/oslo_config/cfg.py:3253}}
Jun 26 00:42:11.560147 np0000003671 nova-conductor[98890]: DEBUG cotyledon.oslo_config_glue [-] oslo_messaging_rabbit.rabbit_quorum_delivery_limit = 0 {{(pid=98890) log_opt_values /opt/stack/data/venv/lib/python3.12/site-packages/oslo_config/cfg.py:3253}}
Jun 26 00:42:11.560147 np0000003671 nova-conductor[98890]: DEBUG cotyledon.oslo_config_glue [-] oslo_messaging_rabbit.rabbit_quorum_max_memory_bytes = 0 {{(pid=98890) log_opt_values /opt/stack/data/venv/lib/python3.12/site-packages/oslo_config/cfg.py:3253}}
Jun 26 00:42:11.560147 np0000003671 nova-conductor[98890]: DEBUG cotyledon.oslo_config_glue [-] oslo_messaging_rabbit.rabbit_quorum_max_memory_length = 0 {{(pid=98890) log_opt_values /opt/stack/data/venv/lib/python3.12/site-packages/oslo_config/cfg.py:3253}}
Jun 26 00:42:11.560147 np0000003671 nova-conductor[98890]: DEBUG cotyledon.oslo_config_glue [-] oslo_messaging_rabbit.rabbit_quorum_queue = False {{(pid=98890) log_opt_values /opt/stack/data/venv/lib/python3.12/site-packages/oslo_config/cfg.py:3253}}
Jun 26 00:42:11.560147 np0000003671 nova-conductor[98890]: DEBUG cotyledon.oslo_config_glue [-] oslo_messaging_rabbit.rabbit_retry_backoff = 2 {{(pid=98890) log_opt_values /opt/stack/data/venv/lib/python3.12/site-packages/oslo_config/cfg.py:3253}}
Jun 26 00:42:11.560147 np0000003671 nova-conductor[98890]: DEBUG cotyledon.oslo_config_glue [-] oslo_messaging_rabbit.rabbit_retry_interval = 1 {{(pid=98890) log_opt_values /opt/stack/data/venv/lib/python3.12/site-packages/oslo_config/cfg.py:3253}}
Jun 26 00:42:11.560404 np0000003671 nova-conductor[98890]: DEBUG cotyledon.oslo_config_glue [-] oslo_messaging_rabbit.rabbit_stream_fanout = False {{(pid=98890) log_opt_values /opt/stack/data/venv/lib/python3.12/site-packages/oslo_config/cfg.py:3253}}
Jun 26 00:42:11.560404 np0000003671 nova-conductor[98890]: DEBUG cotyledon.oslo_config_glue [-] oslo_messaging_rabbit.rabbit_transient_queues_ttl = 1800 {{(pid=98890) log_opt_values /opt/stack/data/venv/lib/python3.12/site-packages/oslo_config/cfg.py:3253}}
Jun 26 00:42:11.560404 np0000003671 nova-conductor[98890]: DEBUG cotyledon.oslo_config_glue [-] oslo_messaging_rabbit.rabbit_transient_quorum_queue = False {{(pid=98890) log_opt_values /opt/stack/data/venv/lib/python3.12/site-packages/oslo_config/cfg.py:3253}}
Jun 26 00:42:11.560404 np0000003671 nova-conductor[98890]: DEBUG cotyledon.oslo_config_glue [-] oslo_messaging_rabbit.rpc_conn_pool_size = 30 {{(pid=98890) log_opt_values /opt/stack/data/venv/lib/python3.12/site-packages/oslo_config/cfg.py:3253}}
Jun 26 00:42:11.560404 np0000003671 nova-conductor[98890]: DEBUG cotyledon.oslo_config_glue [-] oslo_messaging_rabbit.ssl = False {{(pid=98890) log_opt_values /opt/stack/data/venv/lib/python3.12/site-packages/oslo_config/cfg.py:3253}}
Jun 26 00:42:11.560404 np0000003671 nova-conductor[98890]: DEBUG cotyledon.oslo_config_glue [-] oslo_messaging_rabbit.ssl_ca_file = {{(pid=98890) log_opt_values /opt/stack/data/venv/lib/python3.12/site-packages/oslo_config/cfg.py:3253}}
Jun 26 00:42:11.560404 np0000003671 nova-conductor[98890]: DEBUG cotyledon.oslo_config_glue [-] oslo_messaging_rabbit.ssl_cert_file = {{(pid=98890) log_opt_values /opt/stack/data/venv/lib/python3.12/site-packages/oslo_config/cfg.py:3253}}
Jun 26 00:42:11.560404 np0000003671 nova-conductor[98890]: DEBUG cotyledon.oslo_config_glue [-] oslo_messaging_rabbit.ssl_enforce_fips_mode = False {{(pid=98890) log_opt_values /opt/stack/data/venv/lib/python3.12/site-packages/oslo_config/cfg.py:3253}}
Jun 26 00:42:11.560404 np0000003671 nova-conductor[98890]: DEBUG cotyledon.oslo_config_glue [-] oslo_messaging_rabbit.ssl_enforce_hostname_verification = True {{(pid=98890) log_opt_values /opt/stack/data/venv/lib/python3.12/site-packages/oslo_config/cfg.py:3253}}
Jun 26 00:42:11.560704 np0000003671 nova-conductor[98890]: DEBUG cotyledon.oslo_config_glue [-] oslo_messaging_rabbit.ssl_key_file = {{(pid=98890) log_opt_values /opt/stack/data/venv/lib/python3.12/site-packages/oslo_config/cfg.py:3253}}
Jun 26 00:42:11.560704 np0000003671 nova-conductor[98890]: DEBUG cotyledon.oslo_config_glue [-] oslo_messaging_rabbit.ssl_version = {{(pid=98890) log_opt_values /opt/stack/data/venv/lib/python3.12/site-packages/oslo_config/cfg.py:3253}}
Jun 26 00:42:11.560704 np0000003671 nova-conductor[98890]: DEBUG cotyledon.oslo_config_glue [-] oslo_messaging_rabbit.use_queue_manager = False {{(pid=98890) log_opt_values /opt/stack/data/venv/lib/python3.12/site-packages/oslo_config/cfg.py:3253}}
Jun 26 00:42:11.560704 np0000003671 nova-conductor[98890]: DEBUG cotyledon.oslo_config_glue [-] oslo_messaging_notifications.driver = ['messagingv2'] {{(pid=98890) log_opt_values /opt/stack/data/venv/lib/python3.12/site-packages/oslo_config/cfg.py:3253}}
Jun 26 00:42:11.560704 np0000003671 nova-conductor[98890]: DEBUG cotyledon.oslo_config_glue [-] oslo_messaging_notifications.retry = -1 {{(pid=98890) log_opt_values /opt/stack/data/venv/lib/python3.12/site-packages/oslo_config/cfg.py:3253}}
Jun 26 00:42:11.560704 np0000003671 nova-conductor[98890]: DEBUG cotyledon.oslo_config_glue [-] oslo_messaging_notifications.topics = ['notifications'] {{(pid=98890) log_opt_values /opt/stack/data/venv/lib/python3.12/site-packages/oslo_config/cfg.py:3253}}
Jun 26 00:42:11.560704 np0000003671 nova-conductor[98890]: DEBUG cotyledon.oslo_config_glue [-] oslo_messaging_notifications.transport_url = **** {{(pid=98890) log_opt_values /opt/stack/data/venv/lib/python3.12/site-packages/oslo_config/cfg.py:3253}}
Jun 26 00:42:11.560704 np0000003671 nova-conductor[98890]: DEBUG cotyledon.oslo_config_glue [-] oslo_limit.auth_section = None {{(pid=98890) log_opt_values /opt/stack/data/venv/lib/python3.12/site-packages/oslo_config/cfg.py:3253}}
Jun 26 00:42:11.560704 np0000003671 nova-conductor[98890]: DEBUG cotyledon.oslo_config_glue [-] oslo_limit.auth_type = None {{(pid=98890) log_opt_values /opt/stack/data/venv/lib/python3.12/site-packages/oslo_config/cfg.py:3253}}
Jun 26 00:42:11.560974 np0000003671 nova-conductor[98890]: DEBUG cotyledon.oslo_config_glue [-] oslo_limit.cafile = None {{(pid=98890) log_opt_values /opt/stack/data/venv/lib/python3.12/site-packages/oslo_config/cfg.py:3253}}
Jun 26 00:42:11.560974 np0000003671 nova-conductor[98890]: DEBUG cotyledon.oslo_config_glue [-] oslo_limit.certfile = None {{(pid=98890) log_opt_values /opt/stack/data/venv/lib/python3.12/site-packages/oslo_config/cfg.py:3253}}
Jun 26 00:42:11.560974 np0000003671 nova-conductor[98890]: DEBUG cotyledon.oslo_config_glue [-] oslo_limit.collect_timing = False {{(pid=98890) log_opt_values /opt/stack/data/venv/lib/python3.12/site-packages/oslo_config/cfg.py:3253}}
Jun 26 00:42:11.560974 np0000003671 nova-conductor[98890]: DEBUG cotyledon.oslo_config_glue [-] oslo_limit.connect_retries = None {{(pid=98890) log_opt_values /opt/stack/data/venv/lib/python3.12/site-packages/oslo_config/cfg.py:3253}}
Jun 26 00:42:11.560974 np0000003671 nova-conductor[98890]: DEBUG cotyledon.oslo_config_glue [-] oslo_limit.connect_retry_delay = None {{(pid=98890) log_opt_values /opt/stack/data/venv/lib/python3.12/site-packages/oslo_config/cfg.py:3253}}
Jun 26 00:42:11.560974 np0000003671 nova-conductor[98890]: DEBUG cotyledon.oslo_config_glue [-] oslo_limit.endpoint_id = None {{(pid=98890) log_opt_values /opt/stack/data/venv/lib/python3.12/site-packages/oslo_config/cfg.py:3253}}
Jun 26 00:42:11.560974 np0000003671 nova-conductor[98890]: DEBUG cotyledon.oslo_config_glue [-] oslo_limit.endpoint_interface = public {{(pid=98890) log_opt_values /opt/stack/data/venv/lib/python3.12/site-packages/oslo_config/cfg.py:3253}}
Jun 26 00:42:11.560974 np0000003671 nova-conductor[98890]: DEBUG cotyledon.oslo_config_glue [-] oslo_limit.endpoint_override = None {{(pid=98890) log_opt_values /opt/stack/data/venv/lib/python3.12/site-packages/oslo_config/cfg.py:3253}}
Jun 26 00:42:11.560974 np0000003671 nova-conductor[98890]: DEBUG cotyledon.oslo_config_glue [-] oslo_limit.endpoint_region_name = None {{(pid=98890) log_opt_values /opt/stack/data/venv/lib/python3.12/site-packages/oslo_config/cfg.py:3253}}
Jun 26 00:42:11.561237 np0000003671 nova-conductor[98890]: DEBUG cotyledon.oslo_config_glue [-] oslo_limit.endpoint_service_name = None {{(pid=98890) log_opt_values /opt/stack/data/venv/lib/python3.12/site-packages/oslo_config/cfg.py:3253}}
Jun 26 00:42:11.561237 np0000003671 nova-conductor[98890]: DEBUG cotyledon.oslo_config_glue [-] oslo_limit.endpoint_service_type = None {{(pid=98890) log_opt_values /opt/stack/data/venv/lib/python3.12/site-packages/oslo_config/cfg.py:3253}}
Jun 26 00:42:11.561237 np0000003671 nova-conductor[98890]: DEBUG cotyledon.oslo_config_glue [-] oslo_limit.insecure = False {{(pid=98890) log_opt_values /opt/stack/data/venv/lib/python3.12/site-packages/oslo_config/cfg.py:3253}}
Jun 26 00:42:11.561237 np0000003671 nova-conductor[98890]: DEBUG cotyledon.oslo_config_glue [-] oslo_limit.keyfile = None {{(pid=98890) log_opt_values /opt/stack/data/venv/lib/python3.12/site-packages/oslo_config/cfg.py:3253}}
Jun 26 00:42:11.561237 np0000003671 nova-conductor[98890]: DEBUG cotyledon.oslo_config_glue [-] oslo_limit.max_version = None {{(pid=98890) log_opt_values /opt/stack/data/venv/lib/python3.12/site-packages/oslo_config/cfg.py:3253}}
Jun 26 00:42:11.561237 np0000003671 nova-conductor[98890]: DEBUG cotyledon.oslo_config_glue [-] oslo_limit.min_version = None {{(pid=98890) log_opt_values /opt/stack/data/venv/lib/python3.12/site-packages/oslo_config/cfg.py:3253}}
Jun 26 00:42:11.561237 np0000003671 nova-conductor[98890]: DEBUG cotyledon.oslo_config_glue [-] oslo_limit.region_name = None {{(pid=98890) log_opt_values /opt/stack/data/venv/lib/python3.12/site-packages/oslo_config/cfg.py:3253}}
Jun 26 00:42:11.561237 np0000003671 nova-conductor[98890]: DEBUG cotyledon.oslo_config_glue [-] oslo_limit.retriable_status_codes = None {{(pid=98890) log_opt_values /opt/stack/data/venv/lib/python3.12/site-packages/oslo_config/cfg.py:3253}}
Jun 26 00:42:11.561237 np0000003671 nova-conductor[98890]: DEBUG cotyledon.oslo_config_glue [-] oslo_limit.service_name = None {{(pid=98890) log_opt_values /opt/stack/data/venv/lib/python3.12/site-packages/oslo_config/cfg.py:3253}}
Jun 26 00:42:11.561524 np0000003671 nova-conductor[98890]: DEBUG cotyledon.oslo_config_glue [-] oslo_limit.service_type = None {{(pid=98890) log_opt_values /opt/stack/data/venv/lib/python3.12/site-packages/oslo_config/cfg.py:3253}}
Jun 26 00:42:11.561524 np0000003671 nova-conductor[98890]: DEBUG cotyledon.oslo_config_glue [-] oslo_limit.split_loggers = False {{(pid=98890) log_opt_values /opt/stack/data/venv/lib/python3.12/site-packages/oslo_config/cfg.py:3253}}
Jun 26 00:42:11.561524 np0000003671 nova-conductor[98890]: DEBUG cotyledon.oslo_config_glue [-] oslo_limit.status_code_retries = None {{(pid=98890) log_opt_values /opt/stack/data/venv/lib/python3.12/site-packages/oslo_config/cfg.py:3253}}
Jun 26 00:42:11.561524 np0000003671 nova-conductor[98890]: DEBUG cotyledon.oslo_config_glue [-] oslo_limit.status_code_retry_delay = None {{(pid=98890) log_opt_values /opt/stack/data/venv/lib/python3.12/site-packages/oslo_config/cfg.py:3253}}
Jun 26 00:42:11.561524 np0000003671 nova-conductor[98890]: DEBUG cotyledon.oslo_config_glue [-] oslo_limit.timeout = None {{(pid=98890) log_opt_values /opt/stack/data/venv/lib/python3.12/site-packages/oslo_config/cfg.py:3253}}
Jun 26 00:42:11.561524 np0000003671 nova-conductor[98890]: DEBUG cotyledon.oslo_config_glue [-] oslo_limit.valid_interfaces = None {{(pid=98890) log_opt_values /opt/stack/data/venv/lib/python3.12/site-packages/oslo_config/cfg.py:3253}}
Jun 26 00:42:11.561524 np0000003671 nova-conductor[98890]: DEBUG cotyledon.oslo_config_glue [-] oslo_limit.version = None {{(pid=98890) log_opt_values /opt/stack/data/venv/lib/python3.12/site-packages/oslo_config/cfg.py:3253}}
Jun 26 00:42:11.561524 np0000003671 nova-conductor[98890]: DEBUG cotyledon.oslo_config_glue [-] oslo_reports.file_event_handler = None {{(pid=98890) log_opt_values /opt/stack/data/venv/lib/python3.12/site-packages/oslo_config/cfg.py:3253}}
Jun 26 00:42:11.561524 np0000003671 nova-conductor[98890]: DEBUG cotyledon.oslo_config_glue [-] oslo_reports.file_event_handler_interval = 1 {{(pid=98890) log_opt_values /opt/stack/data/venv/lib/python3.12/site-packages/oslo_config/cfg.py:3253}}
Jun 26 00:42:11.561861 np0000003671 nova-conductor[98890]: DEBUG cotyledon.oslo_config_glue [-] oslo_reports.log_dir = None {{(pid=98890) log_opt_values /opt/stack/data/venv/lib/python3.12/site-packages/oslo_config/cfg.py:3253}}
Jun 26 00:42:11.561861 np0000003671 nova-conductor[98890]: DEBUG cotyledon.oslo_config_glue [-] ******************************************************************************** {{(pid=98890) log_opt_values /opt/stack/data/venv/lib/python3.12/site-packages/oslo_config/cfg.py:3260}}
Jun 26 00:42:11.561861 np0000003671 nova-conductor[98890]: DEBUG cotyledon._service_worker [-] Run service ServiceWrapper(3) [98890] {{(pid=98890) wait_forever /opt/stack/data/venv/lib/python3.12/site-packages/cotyledon/_service_worker.py:218}}
Jun 26 00:42:11.561861 np0000003671 nova-conductor[98890]: INFO nova.service [-] Starting conductor node (version 33.1.0)
Jun 26 00:42:11.561991 np0000003671 nova-conductor[98886]: INFO dbcounter [None req-682bc561-f832-4a6a-a799-10b426488c53 None None] Registered counter for database nova_cell0
Jun 26 00:42:11.562032 np0000003671 nova-conductor[98890]: INFO dbcounter [None req-b6d4892c-db0b-4390-b164-8ce8a1e712ff None None] Registered counter for database nova_cell0
Jun 26 00:42:11.562069 np0000003671 nova-conductor[98874]: DEBUG dbcounter [-] [98874] Writer thread running {{(pid=98874) stat_writer /opt/stack/data/venv/lib/python3.12/site-packages/dbcounter.py:102}}
Jun 26 00:42:11.562114 np0000003671 nova-conductor[98879]: DEBUG oslo_db.sqlalchemy.engines [None req-250ccd78-c379-41c1-8e96-8494dea219d9 None None] MySQL server mode set to STRICT_TRANS_TABLES,STRICT_ALL_TABLES,NO_ZERO_IN_DATE,NO_ZERO_DATE,ERROR_FOR_DIVISION_BY_ZERO,TRADITIONAL,NO_ENGINE_SUBSTITUTION {{(pid=98879) _check_effective_sql_mode /opt/stack/data/venv/lib/python3.12/site-packages/oslo_db/sqlalchemy/engines.py:325}}
Jun 26 00:42:11.562157 np0000003671 nova-conductor[98874]: DEBUG nova.service [None req-90701cf9-73a0-4f64-a5d4-be2d38363221 None None] Creating RPC server for service: nova-conductor on topic: conductor {{(pid=98874) start /opt/stack/nova/nova/service.py:196}}
Jun 26 00:42:11.565741 np0000003671 nova-conductor[98879]: DEBUG dbcounter [-] [98879] Writer thread running {{(pid=98879) stat_writer /opt/stack/data/venv/lib/python3.12/site-packages/dbcounter.py:102}}
Jun 26 00:42:11.568477 np0000003671 nova-conductor[98879]: DEBUG nova.service [None req-250ccd78-c379-41c1-8e96-8494dea219d9 None None] Creating RPC server for service: nova-conductor on topic: conductor {{(pid=98879) start /opt/stack/nova/nova/service.py:196}}
Jun 26 00:42:11.581252 np0000003671 nova-conductor[98890]: DEBUG oslo_db.sqlalchemy.engines [None req-b6d4892c-db0b-4390-b164-8ce8a1e712ff None None] MySQL server mode set to STRICT_TRANS_TABLES,STRICT_ALL_TABLES,NO_ZERO_IN_DATE,NO_ZERO_DATE,ERROR_FOR_DIVISION_BY_ZERO,TRADITIONAL,NO_ENGINE_SUBSTITUTION {{(pid=98890) _check_effective_sql_mode /opt/stack/data/venv/lib/python3.12/site-packages/oslo_db/sqlalchemy/engines.py:325}}
Jun 26 00:42:11.585126 np0000003671 nova-conductor[98886]: DEBUG oslo_db.sqlalchemy.engines [None req-682bc561-f832-4a6a-a799-10b426488c53 None None] MySQL server mode set to STRICT_TRANS_TABLES,STRICT_ALL_TABLES,NO_ZERO_IN_DATE,NO_ZERO_DATE,ERROR_FOR_DIVISION_BY_ZERO,TRADITIONAL,NO_ENGINE_SUBSTITUTION {{(pid=98886) _check_effective_sql_mode /opt/stack/data/venv/lib/python3.12/site-packages/oslo_db/sqlalchemy/engines.py:325}}
Jun 26 00:42:11.587462 np0000003671 nova-conductor[98874]: DEBUG nova.service [None req-90701cf9-73a0-4f64-a5d4-be2d38363221 None None] Join ServiceGroup membership for this service conductor {{(pid=98874) start /opt/stack/nova/nova/service.py:222}}
Jun 26 00:42:11.587659 np0000003671 nova-conductor[98879]: DEBUG nova.service [None req-250ccd78-c379-41c1-8e96-8494dea219d9 None None] Join ServiceGroup membership for this service conductor {{(pid=98879) start /opt/stack/nova/nova/service.py:222}}
Jun 26 00:42:11.587823 np0000003671 nova-conductor[98874]: DEBUG nova.servicegroup.drivers.db [None req-90701cf9-73a0-4f64-a5d4-be2d38363221 None None] DB_Driver: join new ServiceGroup member np0000003671 to the conductor group, service = {{(pid=98874) join /opt/stack/nova/nova/servicegroup/drivers/db.py:44}}
Jun 26 00:42:11.587880 np0000003671 nova-conductor[98879]: DEBUG nova.servicegroup.drivers.db [None req-250ccd78-c379-41c1-8e96-8494dea219d9 None None] DB_Driver: join new ServiceGroup member np0000003671 to the conductor group, service = {{(pid=98879) join /opt/stack/nova/nova/servicegroup/drivers/db.py:44}}
Jun 26 00:42:11.593297 np0000003671 nova-conductor[98890]: DEBUG dbcounter [-] [98890] Writer thread running {{(pid=98890) stat_writer /opt/stack/data/venv/lib/python3.12/site-packages/dbcounter.py:102}}
Jun 26 00:42:11.594960 np0000003671 nova-conductor[98886]: DEBUG dbcounter [-] [98886] Writer thread running {{(pid=98886) stat_writer /opt/stack/data/venv/lib/python3.12/site-packages/dbcounter.py:102}}
Jun 26 00:42:11.596649 np0000003671 nova-conductor[98890]: DEBUG nova.service [None req-b6d4892c-db0b-4390-b164-8ce8a1e712ff None None] Creating RPC server for service: nova-conductor on topic: conductor {{(pid=98890) start /opt/stack/nova/nova/service.py:196}}
Jun 26 00:42:11.597805 np0000003671 nova-conductor[98886]: DEBUG nova.service [None req-682bc561-f832-4a6a-a799-10b426488c53 None None] Creating RPC server for service: nova-conductor on topic: conductor {{(pid=98886) start /opt/stack/nova/nova/service.py:196}}
Jun 26 00:42:11.616468 np0000003671 nova-conductor[98890]: DEBUG nova.service [None req-b6d4892c-db0b-4390-b164-8ce8a1e712ff None None] Join ServiceGroup membership for this service conductor {{(pid=98890) start /opt/stack/nova/nova/service.py:222}}
Jun 26 00:42:11.616876 np0000003671 nova-conductor[98890]: DEBUG nova.servicegroup.drivers.db [None req-b6d4892c-db0b-4390-b164-8ce8a1e712ff None None] DB_Driver: join new ServiceGroup member np0000003671 to the conductor group, service = {{(pid=98890) join /opt/stack/nova/nova/servicegroup/drivers/db.py:44}}
Jun 26 00:42:11.616951 np0000003671 nova-conductor[98886]: DEBUG nova.service [None req-682bc561-f832-4a6a-a799-10b426488c53 None None] Join ServiceGroup membership for this service conductor {{(pid=98886) start /opt/stack/nova/nova/service.py:222}}
Jun 26 00:42:11.617200 np0000003671 nova-conductor[98886]: DEBUG nova.servicegroup.drivers.db [None req-682bc561-f832-4a6a-a799-10b426488c53 None None] DB_Driver: join new ServiceGroup member np0000003671 to the conductor group, service = {{(pid=98886) join /opt/stack/nova/nova/servicegroup/drivers/db.py:44}}
Jun 26 00:42:16.606968 np0000003671 nova-conductor[98874]: DEBUG oslo.service.backend._threading.loopingcall [-] Fixed interval looping call 'nova.servicegroup.drivers.db.DbDriver._report_state' sleeping for 119.98 seconds {{(pid=98874) _run_loop /opt/stack/data/venv/lib/python3.12/site-packages/oslo_service/backend/_threading/loopingcall.py:125}}
Jun 26 00:42:16.607816 np0000003671 nova-conductor[98879]: DEBUG oslo.service.backend._threading.loopingcall [-] Fixed interval looping call 'nova.servicegroup.drivers.db.DbDriver._report_state' sleeping for 119.98 seconds {{(pid=98879) _run_loop /opt/stack/data/venv/lib/python3.12/site-packages/oslo_service/backend/_threading/loopingcall.py:125}}
Jun 26 00:42:16.628093 np0000003671 nova-conductor[98886]: DEBUG oslo.service.backend._threading.loopingcall [-] Fixed interval looping call 'nova.servicegroup.drivers.db.DbDriver._report_state' sleeping for 119.99 seconds {{(pid=98886) _run_loop /opt/stack/data/venv/lib/python3.12/site-packages/oslo_service/backend/_threading/loopingcall.py:125}}
Jun 26 00:42:16.642619 np0000003671 nova-conductor[98890]: DEBUG oslo.service.backend._threading.loopingcall [-] Fixed interval looping call 'nova.servicegroup.drivers.db.DbDriver._report_state' sleeping for 119.98 seconds {{(pid=98890) _run_loop /opt/stack/data/venv/lib/python3.12/site-packages/oslo_service/backend/_threading/loopingcall.py:125}}
Jun 26 00:42:18.619063 np0000003671 nova-conductor[98890]: DEBUG oslo.service.backend._threading.loopingcall [None req-3a72c2e6-c1b8-44f7-abfa-f3798f900dcb None None] Dynamic interval looping call 'nova.service.Service.periodic_tasks' sleeping for 60.00 seconds {{(pid=98890) _run_loop /opt/stack/data/venv/lib/python3.12/site-packages/oslo_service/backend/_threading/loopingcall.py:125}}
Jun 26 00:42:20.156604 np0000003671 nova-conductor[97369]: DEBUG dbcounter [-] [97369] Writing DB stats nova_api:SELECT=1 {{(pid=97369) stat_writer /opt/stack/data/venv/lib/python3.12/site-packages/dbcounter.py:115}}
Jun 26 00:42:20.299851 np0000003671 nova-conductor[97369]: DEBUG dbcounter [-] [97369] Writing DB stats nova_cell1:SELECT=1 {{(pid=97369) stat_writer /opt/stack/data/venv/lib/python3.12/site-packages/dbcounter.py:115}}
Jun 26 00:42:20.304473 np0000003671 nova-conductor[97369]: DEBUG dbcounter [-] [97369] Writing DB stats nova_cell0:SELECT=1 {{(pid=97369) stat_writer /opt/stack/data/venv/lib/python3.12/site-packages/dbcounter.py:115}}
Jun 26 00:42:26.598046 np0000003671 nova-conductor[98874]: DEBUG dbcounter [-] [98874] Writing DB stats nova_cell0:SELECT=4,nova_cell0:INSERT=1,nova_cell0:UPDATE=1 {{(pid=98874) stat_writer /opt/stack/data/venv/lib/python3.12/site-packages/dbcounter.py:115}}
Jun 26 00:42:26.599921 np0000003671 nova-conductor[98879]: DEBUG dbcounter [-] [98879] Writing DB stats nova_cell0:SELECT=3,nova_cell0:UPDATE=1 {{(pid=98879) stat_writer /opt/stack/data/venv/lib/python3.12/site-packages/dbcounter.py:115}}
Jun 26 00:42:26.625599 np0000003671 nova-conductor[98886]: DEBUG dbcounter [-] [98886] Writing DB stats nova_cell0:SELECT=3 {{(pid=98886) stat_writer /opt/stack/data/venv/lib/python3.12/site-packages/dbcounter.py:115}}
Jun 26 00:42:26.636626 np0000003671 nova-conductor[98890]: DEBUG dbcounter [-] [98890] Writing DB stats nova_cell0:SELECT=3 {{(pid=98890) stat_writer /opt/stack/data/venv/lib/python3.12/site-packages/dbcounter.py:115}}
Jun 26 00:42:32.589992 np0000003671 nova-conductor[98879]: DEBUG oslo.service.backend._threading.loopingcall [None req-47a0f1e3-ff44-4ca4-bb4b-52dad2c48ab1 None None] Dynamic interval looping call 'nova.service.Service.periodic_tasks' sleeping for 60.00 seconds {{(pid=98879) _run_loop /opt/stack/data/venv/lib/python3.12/site-packages/oslo_service/backend/_threading/loopingcall.py:125}}
Jun 26 00:42:51.619661 np0000003671 nova-conductor[98886]: DEBUG oslo.service.backend._threading.loopingcall [None req-02655be4-f850-4e10-9c6a-c9a266f2196f None None] Dynamic interval looping call 'nova.service.Service.periodic_tasks' sleeping for 60.00 seconds {{(pid=98886) _run_loop /opt/stack/data/venv/lib/python3.12/site-packages/oslo_service/backend/_threading/loopingcall.py:125}}
Jun 26 00:42:55.590279 np0000003671 nova-conductor[98874]: DEBUG oslo.service.backend._threading.loopingcall [None req-a6abb64c-5cd1-4dd8-930a-3f113fa325aa None None] Dynamic interval looping call 'nova.service.Service.periodic_tasks' sleeping for 60.00 seconds {{(pid=98874) _run_loop /opt/stack/data/venv/lib/python3.12/site-packages/oslo_service/backend/_threading/loopingcall.py:125}}
Jun 26 00:43:18.619681 np0000003671 nova-conductor[98890]: DEBUG oslo.service.backend._threading.loopingcall [None req-3a72c2e6-c1b8-44f7-abfa-f3798f900dcb None None] Dynamic interval looping call 'nova.service.Service.periodic_tasks' sleeping for 60.00 seconds {{(pid=98890) _run_loop /opt/stack/data/venv/lib/python3.12/site-packages/oslo_service/backend/_threading/loopingcall.py:125}}
Jun 26 00:43:32.590434 np0000003671 nova-conductor[98879]: DEBUG oslo.service.backend._threading.loopingcall [None req-47a0f1e3-ff44-4ca4-bb4b-52dad2c48ab1 None None] Dynamic interval looping call 'nova.service.Service.periodic_tasks' sleeping for 60.00 seconds {{(pid=98879) _run_loop /opt/stack/data/venv/lib/python3.12/site-packages/oslo_service/backend/_threading/loopingcall.py:125}}
Jun 26 00:43:51.620099 np0000003671 nova-conductor[98886]: DEBUG oslo.service.backend._threading.loopingcall [None req-02655be4-f850-4e10-9c6a-c9a266f2196f None None] Dynamic interval looping call 'nova.service.Service.periodic_tasks' sleeping for 60.00 seconds {{(pid=98886) _run_loop /opt/stack/data/venv/lib/python3.12/site-packages/oslo_service/backend/_threading/loopingcall.py:125}}
Jun 26 00:43:55.590786 np0000003671 nova-conductor[98874]: DEBUG oslo.service.backend._threading.loopingcall [None req-a6abb64c-5cd1-4dd8-930a-3f113fa325aa None None] Dynamic interval looping call 'nova.service.Service.periodic_tasks' sleeping for 60.00 seconds {{(pid=98874) _run_loop /opt/stack/data/venv/lib/python3.12/site-packages/oslo_service/backend/_threading/loopingcall.py:125}}
Jun 26 00:44:16.603672 np0000003671 nova-conductor[98874]: DEBUG oslo.service.backend._threading.loopingcall [-] Fixed interval looping call 'nova.servicegroup.drivers.db.DbDriver._report_state' sleeping for 119.98 seconds {{(pid=98874) _run_loop /opt/stack/data/venv/lib/python3.12/site-packages/oslo_service/backend/_threading/loopingcall.py:125}}
Jun 26 00:44:16.604149 np0000003671 nova-conductor[98879]: DEBUG oslo.service.backend._threading.loopingcall [-] Fixed interval looping call 'nova.servicegroup.drivers.db.DbDriver._report_state' sleeping for 119.98 seconds {{(pid=98879) _run_loop /opt/stack/data/venv/lib/python3.12/site-packages/oslo_service/backend/_threading/loopingcall.py:125}}
Jun 26 00:44:16.621838 np0000003671 nova-conductor[98886]: DEBUG oslo.service.backend._threading.loopingcall [-] Fixed interval looping call 'nova.servicegroup.drivers.db.DbDriver._report_state' sleeping for 120.00 seconds {{(pid=98886) _run_loop /opt/stack/data/venv/lib/python3.12/site-packages/oslo_service/backend/_threading/loopingcall.py:125}}
Jun 26 00:44:16.626553 np0000003671 nova-conductor[98890]: DEBUG oslo.service.backend._threading.loopingcall [-] Fixed interval looping call 'nova.servicegroup.drivers.db.DbDriver._report_state' sleeping for 120.00 seconds {{(pid=98890) _run_loop /opt/stack/data/venv/lib/python3.12/site-packages/oslo_service/backend/_threading/loopingcall.py:125}}
Jun 26 00:44:18.620163 np0000003671 nova-conductor[98890]: DEBUG oslo.service.backend._threading.loopingcall [None req-3a72c2e6-c1b8-44f7-abfa-f3798f900dcb None None] Dynamic interval looping call 'nova.service.Service.periodic_tasks' sleeping for 60.00 seconds {{(pid=98890) _run_loop /opt/stack/data/venv/lib/python3.12/site-packages/oslo_service/backend/_threading/loopingcall.py:125}}
Jun 26 00:44:26.590542 np0000003671 nova-conductor[98874]: DEBUG dbcounter [-] [98874] Writing DB stats nova_cell0:SELECT=1,nova_cell0:UPDATE=1 {{(pid=98874) stat_writer /opt/stack/data/venv/lib/python3.12/site-packages/dbcounter.py:115}}
Jun 26 00:44:26.590968 np0000003671 nova-conductor[98879]: DEBUG dbcounter [-] [98879] Writing DB stats nova_cell0:SELECT=1,nova_cell0:UPDATE=1 {{(pid=98879) stat_writer /opt/stack/data/venv/lib/python3.12/site-packages/dbcounter.py:115}}
Jun 26 00:44:26.619895 np0000003671 nova-conductor[98886]: DEBUG dbcounter [-] [98886] Writing DB stats nova_cell0:SELECT=1 {{(pid=98886) stat_writer /opt/stack/data/venv/lib/python3.12/site-packages/dbcounter.py:115}}
Jun 26 00:44:26.624770 np0000003671 nova-conductor[98890]: DEBUG dbcounter [-] [98890] Writing DB stats nova_cell0:SELECT=1 {{(pid=98890) stat_writer /opt/stack/data/venv/lib/python3.12/site-packages/dbcounter.py:115}}
Jun 26 00:44:32.590909 np0000003671 nova-conductor[98879]: DEBUG oslo.service.backend._threading.loopingcall [None req-47a0f1e3-ff44-4ca4-bb4b-52dad2c48ab1 None None] Dynamic interval looping call 'nova.service.Service.periodic_tasks' sleeping for 60.00 seconds {{(pid=98879) _run_loop /opt/stack/data/venv/lib/python3.12/site-packages/oslo_service/backend/_threading/loopingcall.py:125}}
Jun 26 00:44:51.557646 np0000003671 nova-conductor[98874]: DEBUG oslo_db.sqlalchemy.engines [None req-60de0cb6-e065-4fbc-b813-3b7733c6ad24 tempest-ServerActionsTestOtherA-750148086 tempest-ServerActionsTestOtherA-750148086-project-member] Parent process 97369 forked (98874) with an open database connection, which is being discarded and recreated. {{(pid=98874) checkout /opt/stack/data/venv/lib/python3.12/site-packages/oslo_db/sqlalchemy/engines.py:402}}
Jun 26 00:44:51.611676 np0000003671 nova-conductor[98874]: DEBUG dbcounter [-] [98874] Writer thread running {{(pid=98874) stat_writer /opt/stack/data/venv/lib/python3.12/site-packages/dbcounter.py:102}}
Jun 26 00:44:51.620469 np0000003671 nova-conductor[98886]: DEBUG oslo.service.backend._threading.loopingcall [None req-02655be4-f850-4e10-9c6a-c9a266f2196f None None] Dynamic interval looping call 'nova.service.Service.periodic_tasks' sleeping for 60.00 seconds {{(pid=98886) _run_loop /opt/stack/data/venv/lib/python3.12/site-packages/oslo_service/backend/_threading/loopingcall.py:125}}
Jun 26 00:44:52.646243 np0000003671 nova-conductor[98874]: DEBUG nova.conductor.manager [None req-60de0cb6-e065-4fbc-b813-3b7733c6ad24 tempest-ServerActionsTestOtherA-750148086 tempest-ServerActionsTestOtherA-750148086-project-member] Took 1.03 seconds to select destinations for 1 instance(s). {{(pid=98874) _schedule_instances /opt/stack/nova/nova/conductor/manager.py:968}}
Jun 26 00:44:52.677856 np0000003671 nova-conductor[98874]: DEBUG oslo_concurrency.lockutils [None req-60de0cb6-e065-4fbc-b813-3b7733c6ad24 tempest-ServerActionsTestOtherA-750148086 tempest-ServerActionsTestOtherA-750148086-project-member] Acquiring lock "6bacb046-8af8-439a-b5ac-c797399c3133" by "nova.context.set_target_cell..get_or_set_cached_cell_and_set_connections" {{(pid=98874) inner /opt/stack/data/venv/lib/python3.12/site-packages/oslo_concurrency/lockutils.py:511}}
Jun 26 00:44:52.678043 np0000003671 nova-conductor[98874]: DEBUG oslo_concurrency.lockutils [None req-60de0cb6-e065-4fbc-b813-3b7733c6ad24 tempest-ServerActionsTestOtherA-750148086 tempest-ServerActionsTestOtherA-750148086-project-member] Lock "6bacb046-8af8-439a-b5ac-c797399c3133" acquired by "nova.context.set_target_cell..get_or_set_cached_cell_and_set_connections" :: waited 0.000s {{(pid=98874) inner /opt/stack/data/venv/lib/python3.12/site-packages/oslo_concurrency/lockutils.py:524}}
Jun 26 00:44:52.679358 np0000003671 nova-conductor[98874]: DEBUG oslo_concurrency.lockutils [None req-60de0cb6-e065-4fbc-b813-3b7733c6ad24 tempest-ServerActionsTestOtherA-750148086 tempest-ServerActionsTestOtherA-750148086-project-member] Lock "6bacb046-8af8-439a-b5ac-c797399c3133" "released" by "nova.context.set_target_cell..get_or_set_cached_cell_and_set_connections" :: held 0.001s {{(pid=98874) inner /opt/stack/data/venv/lib/python3.12/site-packages/oslo_concurrency/lockutils.py:543}}
Jun 26 00:44:52.681156 np0000003671 nova-conductor[98874]: INFO dbcounter [None req-60de0cb6-e065-4fbc-b813-3b7733c6ad24 tempest-ServerActionsTestOtherA-750148086 tempest-ServerActionsTestOtherA-750148086-project-member] Registered counter for database nova_cell1
Jun 26 00:44:52.720515 np0000003671 nova-conductor[98874]: DEBUG oslo_db.sqlalchemy.engines [None req-60de0cb6-e065-4fbc-b813-3b7733c6ad24 tempest-ServerActionsTestOtherA-750148086 tempest-ServerActionsTestOtherA-750148086-project-member] MySQL server mode set to STRICT_TRANS_TABLES,STRICT_ALL_TABLES,NO_ZERO_IN_DATE,NO_ZERO_DATE,ERROR_FOR_DIVISION_BY_ZERO,TRADITIONAL,NO_ENGINE_SUBSTITUTION {{(pid=98874) _check_effective_sql_mode /opt/stack/data/venv/lib/python3.12/site-packages/oslo_db/sqlalchemy/engines.py:325}}
Jun 26 00:44:52.727051 np0000003671 nova-conductor[98874]: DEBUG dbcounter [-] [98874] Writer thread running {{(pid=98874) stat_writer /opt/stack/data/venv/lib/python3.12/site-packages/dbcounter.py:102}}
Jun 26 00:44:52.847262 np0000003671 nova-conductor[98874]: INFO nova.utils [None req-60de0cb6-e065-4fbc-b813-3b7733c6ad24 tempest-ServerActionsTestOtherA-750148086 tempest-ServerActionsTestOtherA-750148086-project-member] The cell worker thread pool ForkProcess-1.cell_worker is initialized
Jun 26 00:44:52.847450 np0000003671 nova-conductor[98874]: DEBUG oslo_concurrency.lockutils [None req-60de0cb6-e065-4fbc-b813-3b7733c6ad24 tempest-ServerActionsTestOtherA-750148086 tempest-ServerActionsTestOtherA-750148086-project-member] Acquiring lock "00000000-0000-0000-0000-000000000000" by "nova.context.set_target_cell..get_or_set_cached_cell_and_set_connections" {{(pid=98874) inner /opt/stack/data/venv/lib/python3.12/site-packages/oslo_concurrency/lockutils.py:511}}
Jun 26 00:44:52.848002 np0000003671 nova-conductor[98874]: DEBUG oslo_concurrency.lockutils [None req-60de0cb6-e065-4fbc-b813-3b7733c6ad24 tempest-ServerActionsTestOtherA-750148086 tempest-ServerActionsTestOtherA-750148086-project-member] Lock "00000000-0000-0000-0000-000000000000" acquired by "nova.context.set_target_cell..get_or_set_cached_cell_and_set_connections" :: waited 0.000s {{(pid=98874) inner /opt/stack/data/venv/lib/python3.12/site-packages/oslo_concurrency/lockutils.py:524}}
Jun 26 00:44:52.848002 np0000003671 nova-conductor[98874]: DEBUG oslo_concurrency.lockutils [None req-60de0cb6-e065-4fbc-b813-3b7733c6ad24 tempest-ServerActionsTestOtherA-750148086 tempest-ServerActionsTestOtherA-750148086-project-member] Lock "00000000-0000-0000-0000-000000000000" "released" by "nova.context.set_target_cell..get_or_set_cached_cell_and_set_connections" :: held 0.000s {{(pid=98874) inner /opt/stack/data/venv/lib/python3.12/site-packages/oslo_concurrency/lockutils.py:543}}
Jun 26 00:44:52.848613 np0000003671 nova-conductor[98874]: DEBUG oslo_concurrency.lockutils [None req-60de0cb6-e065-4fbc-b813-3b7733c6ad24 tempest-ServerActionsTestOtherA-750148086 tempest-ServerActionsTestOtherA-750148086-project-member] Acquiring lock "6bacb046-8af8-439a-b5ac-c797399c3133" by "nova.context.set_target_cell..get_or_set_cached_cell_and_set_connections" {{(pid=98874) inner /opt/stack/data/venv/lib/python3.12/site-packages/oslo_concurrency/lockutils.py:511}}
Jun 26 00:44:52.848787 np0000003671 nova-conductor[98874]: DEBUG oslo_concurrency.lockutils [None req-60de0cb6-e065-4fbc-b813-3b7733c6ad24 tempest-ServerActionsTestOtherA-750148086 tempest-ServerActionsTestOtherA-750148086-project-member] Lock "6bacb046-8af8-439a-b5ac-c797399c3133" acquired by "nova.context.set_target_cell..get_or_set_cached_cell_and_set_connections" :: waited 0.000s {{(pid=98874) inner /opt/stack/data/venv/lib/python3.12/site-packages/oslo_concurrency/lockutils.py:524}}
Jun 26 00:44:52.848787 np0000003671 nova-conductor[98874]: DEBUG oslo_concurrency.lockutils [None req-60de0cb6-e065-4fbc-b813-3b7733c6ad24 tempest-ServerActionsTestOtherA-750148086 tempest-ServerActionsTestOtherA-750148086-project-member] Lock "6bacb046-8af8-439a-b5ac-c797399c3133" "released" by "nova.context.set_target_cell..get_or_set_cached_cell_and_set_connections" :: held 0.000s {{(pid=98874) inner /opt/stack/data/venv/lib/python3.12/site-packages/oslo_concurrency/lockutils.py:543}}
Jun 26 00:44:52.851020 np0000003671 nova-conductor[98874]: INFO dbcounter [None req-60de0cb6-e065-4fbc-b813-3b7733c6ad24 tempest-ServerActionsTestOtherA-750148086 tempest-ServerActionsTestOtherA-750148086-project-member] Registered counter for database nova_cell0
Jun 26 00:44:52.906295 np0000003671 nova-conductor[98874]: DEBUG oslo_db.sqlalchemy.engines [None req-60de0cb6-e065-4fbc-b813-3b7733c6ad24 tempest-ServerActionsTestOtherA-750148086 tempest-ServerActionsTestOtherA-750148086-project-member] MySQL server mode set to STRICT_TRANS_TABLES,STRICT_ALL_TABLES,NO_ZERO_IN_DATE,NO_ZERO_DATE,ERROR_FOR_DIVISION_BY_ZERO,TRADITIONAL,NO_ENGINE_SUBSTITUTION {{(pid=98874) _check_effective_sql_mode /opt/stack/data/venv/lib/python3.12/site-packages/oslo_db/sqlalchemy/engines.py:325}}
Jun 26 00:44:52.915417 np0000003671 nova-conductor[98874]: DEBUG dbcounter [-] [98874] Writer thread running {{(pid=98874) stat_writer /opt/stack/data/venv/lib/python3.12/site-packages/dbcounter.py:102}}
Jun 26 00:44:52.944640 np0000003671 nova-conductor[98874]: DEBUG nova.quota [None req-60de0cb6-e065-4fbc-b813-3b7733c6ad24 tempest-ServerActionsTestOtherA-750148086 tempest-ServerActionsTestOtherA-750148086-project-member] Getting quotas for project 2a19a2a8f1b64f8b9178ddf5c857be68. Resources: {'instances', 'cores', 'ram'} {{(pid=98874) _get_quotas /opt/stack/nova/nova/quota.py:392}}
Jun 26 00:44:52.949737 np0000003671 nova-conductor[98874]: DEBUG nova.quota [None req-60de0cb6-e065-4fbc-b813-3b7733c6ad24 tempest-ServerActionsTestOtherA-750148086 tempest-ServerActionsTestOtherA-750148086-project-member] Getting quotas for user 3a2fa5fdf52c43c5afaf2899f3404b3b and project 2a19a2a8f1b64f8b9178ddf5c857be68. Resources: {'instances', 'cores', 'ram'} {{(pid=98874) _get_quotas /opt/stack/nova/nova/quota.py:382}}
Jun 26 00:44:52.966956 np0000003671 nova-conductor[98874]: DEBUG nova.conductor.manager [None req-60de0cb6-e065-4fbc-b813-3b7733c6ad24 tempest-ServerActionsTestOtherA-750148086 tempest-ServerActionsTestOtherA-750148086-project-member] [instance: cd96af4f-5e3b-4457-8d92-0d6b613f9943] Selected host: np0000003671; Selected node: np0000003671; Alternates: [] {{(pid=98874) schedule_and_build_instances /opt/stack/nova/nova/conductor/manager.py:1784}}
Jun 26 00:44:52.967455 np0000003671 nova-conductor[98874]: DEBUG oslo_concurrency.lockutils [None req-60de0cb6-e065-4fbc-b813-3b7733c6ad24 tempest-ServerActionsTestOtherA-750148086 tempest-ServerActionsTestOtherA-750148086-project-member] Acquiring lock "6bacb046-8af8-439a-b5ac-c797399c3133" by "nova.context.set_target_cell..get_or_set_cached_cell_and_set_connections" {{(pid=98874) inner /opt/stack/data/venv/lib/python3.12/site-packages/oslo_concurrency/lockutils.py:511}}
Jun 26 00:44:52.967455 np0000003671 nova-conductor[98874]: DEBUG oslo_concurrency.lockutils [None req-60de0cb6-e065-4fbc-b813-3b7733c6ad24 tempest-ServerActionsTestOtherA-750148086 tempest-ServerActionsTestOtherA-750148086-project-member] Lock "6bacb046-8af8-439a-b5ac-c797399c3133" acquired by "nova.context.set_target_cell..get_or_set_cached_cell_and_set_connections" :: waited 0.000s {{(pid=98874) inner /opt/stack/data/venv/lib/python3.12/site-packages/oslo_concurrency/lockutils.py:524}}
Jun 26 00:44:52.968685 np0000003671 nova-conductor[98874]: DEBUG oslo_concurrency.lockutils [None req-60de0cb6-e065-4fbc-b813-3b7733c6ad24 tempest-ServerActionsTestOtherA-750148086 tempest-ServerActionsTestOtherA-750148086-project-member] Lock "6bacb046-8af8-439a-b5ac-c797399c3133" "released" by "nova.context.set_target_cell..get_or_set_cached_cell_and_set_connections" :: held 0.000s {{(pid=98874) inner /opt/stack/data/venv/lib/python3.12/site-packages/oslo_concurrency/lockutils.py:543}}
Jun 26 00:44:52.981761 np0000003671 nova-conductor[98874]: DEBUG nova.conductor.manager [None req-60de0cb6-e065-4fbc-b813-3b7733c6ad24 tempest-ServerActionsTestOtherA-750148086 tempest-ServerActionsTestOtherA-750148086-project-member] [instance: cd96af4f-5e3b-4457-8d92-0d6b613f9943] block_device_mapping [BlockDeviceMapping(attachment_id=,boot_index=0,connection_info=None,created_at=,delete_on_termination=True,deleted=,deleted_at=,destination_type='local',device_name=None,device_type='disk',disk_bus=None,encrypted=False,encryption_format=None,encryption_options=None,encryption_secret_uuid=None,guest_format=None,id=,image_id='c16d0c4a-fbc9-4123-a3cd-f7d6f72f8437',instance=,instance_uuid=,no_device=False,snapshot_id=None,source_type='image',tag=None,updated_at=,uuid=,volume_id=None,volume_size=None,volume_type=None)] {{(pid=98874) _create_block_device_mapping /opt/stack/nova/nova/conductor/manager.py:1529}}
Jun 26 00:44:52.983519 np0000003671 nova-conductor[98874]: DEBUG oslo_concurrency.lockutils [None req-60de0cb6-e065-4fbc-b813-3b7733c6ad24 tempest-ServerActionsTestOtherA-750148086 tempest-ServerActionsTestOtherA-750148086-project-member] Acquiring lock "6bacb046-8af8-439a-b5ac-c797399c3133" by "nova.context.set_target_cell..get_or_set_cached_cell_and_set_connections" {{(pid=98874) inner /opt/stack/data/venv/lib/python3.12/site-packages/oslo_concurrency/lockutils.py:511}}
Jun 26 00:44:52.983519 np0000003671 nova-conductor[98874]: DEBUG oslo_concurrency.lockutils [None req-60de0cb6-e065-4fbc-b813-3b7733c6ad24 tempest-ServerActionsTestOtherA-750148086 tempest-ServerActionsTestOtherA-750148086-project-member] Lock "6bacb046-8af8-439a-b5ac-c797399c3133" acquired by "nova.context.set_target_cell..get_or_set_cached_cell_and_set_connections" :: waited 0.000s {{(pid=98874) inner /opt/stack/data/venv/lib/python3.12/site-packages/oslo_concurrency/lockutils.py:524}}
Jun 26 00:44:52.983519 np0000003671 nova-conductor[98874]: DEBUG oslo_concurrency.lockutils [None req-60de0cb6-e065-4fbc-b813-3b7733c6ad24 tempest-ServerActionsTestOtherA-750148086 tempest-ServerActionsTestOtherA-750148086-project-member] Lock "6bacb046-8af8-439a-b5ac-c797399c3133" "released" by "nova.context.set_target_cell..get_or_set_cached_cell_and_set_connections" :: held 0.000s {{(pid=98874) inner /opt/stack/data/venv/lib/python3.12/site-packages/oslo_concurrency/lockutils.py:543}}
Jun 26 00:44:53.035477 np0000003671 nova-conductor[98874]: DEBUG oslo_concurrency.lockutils [None req-60de0cb6-e065-4fbc-b813-3b7733c6ad24 tempest-ServerActionsTestOtherA-750148086 tempest-ServerActionsTestOtherA-750148086-project-member] Acquiring lock "6bacb046-8af8-439a-b5ac-c797399c3133" by "nova.context.set_target_cell..get_or_set_cached_cell_and_set_connections" {{(pid=98874) inner /opt/stack/data/venv/lib/python3.12/site-packages/oslo_concurrency/lockutils.py:511}}
Jun 26 00:44:53.035674 np0000003671 nova-conductor[98874]: DEBUG oslo_concurrency.lockutils [None req-60de0cb6-e065-4fbc-b813-3b7733c6ad24 tempest-ServerActionsTestOtherA-750148086 tempest-ServerActionsTestOtherA-750148086-project-member] Lock "6bacb046-8af8-439a-b5ac-c797399c3133" acquired by "nova.context.set_target_cell..get_or_set_cached_cell_and_set_connections" :: waited 0.000s {{(pid=98874) inner /opt/stack/data/venv/lib/python3.12/site-packages/oslo_concurrency/lockutils.py:524}}
