Jul 03 17:42:16.394314 np0000004448 nova-scheduler[96450]: DEBUG cotyledon.oslo_config_glue [-] profiler.hmac_keys = **** {{(pid=96450) log_opt_values /opt/stack/data/venv/lib/python3.12/site-packages/oslo_config/cfg.py:3253}}
Jul 03 17:42:16.394314 np0000004448 nova-scheduler[96450]: DEBUG cotyledon.oslo_config_glue [-] profiler.sentinel_service_name = mymaster {{(pid=96450) log_opt_values /opt/stack/data/venv/lib/python3.12/site-packages/oslo_config/cfg.py:3253}}
Jul 03 17:42:16.394314 np0000004448 nova-scheduler[96450]: DEBUG cotyledon.oslo_config_glue [-] profiler.socket_timeout = 0.1 {{(pid=96450) log_opt_values /opt/stack/data/venv/lib/python3.12/site-packages/oslo_config/cfg.py:3253}}
Jul 03 17:42:16.394314 np0000004448 nova-scheduler[96450]: DEBUG cotyledon.oslo_config_glue [-] profiler.trace_requests = False {{(pid=96450) log_opt_values /opt/stack/data/venv/lib/python3.12/site-packages/oslo_config/cfg.py:3253}}
Jul 03 17:42:16.394314 np0000004448 nova-scheduler[96450]: DEBUG cotyledon.oslo_config_glue [-] profiler.trace_sqlalchemy = False {{(pid=96450) log_opt_values /opt/stack/data/venv/lib/python3.12/site-packages/oslo_config/cfg.py:3253}}
Jul 03 17:42:16.394314 np0000004448 nova-scheduler[96450]: DEBUG cotyledon.oslo_config_glue [-] profiler_jaeger.process_tags = {} {{(pid=96450) log_opt_values /opt/stack/data/venv/lib/python3.12/site-packages/oslo_config/cfg.py:3253}}
Jul 03 17:42:16.394483 np0000004448 nova-scheduler[96450]: DEBUG cotyledon.oslo_config_glue [-] profiler_jaeger.service_name_prefix = None {{(pid=96450) log_opt_values /opt/stack/data/venv/lib/python3.12/site-packages/oslo_config/cfg.py:3253}}
Jul 03 17:42:16.394483 np0000004448 nova-scheduler[96450]: DEBUG cotyledon.oslo_config_glue [-] profiler_otlp.service_name_prefix = None {{(pid=96450) log_opt_values /opt/stack/data/venv/lib/python3.12/site-packages/oslo_config/cfg.py:3253}}
Jul 03 17:42:16.394483 np0000004448 nova-scheduler[96450]: DEBUG cotyledon.oslo_config_glue [-] oslo_messaging_rabbit.amqp_auto_delete = False {{(pid=96450) log_opt_values /opt/stack/data/venv/lib/python3.12/site-packages/oslo_config/cfg.py:3253}}
Jul 03 17:42:16.394483 np0000004448 nova-scheduler[96450]: DEBUG cotyledon.oslo_config_glue [-] oslo_messaging_rabbit.amqp_durable_queues = False {{(pid=96450) log_opt_values /opt/stack/data/venv/lib/python3.12/site-packages/oslo_config/cfg.py:3253}}
Jul 03 17:42:16.394483 np0000004448 nova-scheduler[96450]: DEBUG cotyledon.oslo_config_glue [-] oslo_messaging_rabbit.conn_pool_min_size = 2 {{(pid=96450) log_opt_values /opt/stack/data/venv/lib/python3.12/site-packages/oslo_config/cfg.py:3253}}
Jul 03 17:42:16.394483 np0000004448 nova-scheduler[96450]: DEBUG cotyledon.oslo_config_glue [-] oslo_messaging_rabbit.conn_pool_ttl = 1200 {{(pid=96450) log_opt_values /opt/stack/data/venv/lib/python3.12/site-packages/oslo_config/cfg.py:3253}}
Jul 03 17:42:16.394483 np0000004448 nova-scheduler[96450]: DEBUG cotyledon.oslo_config_glue [-] oslo_messaging_rabbit.direct_mandatory_flag = True {{(pid=96450) log_opt_values /opt/stack/data/venv/lib/python3.12/site-packages/oslo_config/cfg.py:3253}}
Jul 03 17:42:16.394483 np0000004448 nova-scheduler[96450]: DEBUG cotyledon.oslo_config_glue [-] oslo_messaging_rabbit.enable_cancel_on_failover = False {{(pid=96450) log_opt_values /opt/stack/data/venv/lib/python3.12/site-packages/oslo_config/cfg.py:3253}}
Jul 03 17:42:16.394483 np0000004448 nova-scheduler[96450]: DEBUG cotyledon.oslo_config_glue [-] oslo_messaging_rabbit.heartbeat_rate = 3 {{(pid=96450) log_opt_values /opt/stack/data/venv/lib/python3.12/site-packages/oslo_config/cfg.py:3253}}
Jul 03 17:42:16.394659 np0000004448 nova-scheduler[96450]: DEBUG cotyledon.oslo_config_glue [-] oslo_messaging_rabbit.heartbeat_timeout_threshold = 60 {{(pid=96450) log_opt_values /opt/stack/data/venv/lib/python3.12/site-packages/oslo_config/cfg.py:3253}}
Jul 03 17:42:16.394659 np0000004448 nova-scheduler[96450]: DEBUG cotyledon.oslo_config_glue [-] oslo_messaging_rabbit.hostname = np0000004448 {{(pid=96450) log_opt_values /opt/stack/data/venv/lib/python3.12/site-packages/oslo_config/cfg.py:3253}}
Jul 03 17:42:16.394659 np0000004448 nova-scheduler[96450]: DEBUG cotyledon.oslo_config_glue [-] oslo_messaging_rabbit.kombu_compression = None {{(pid=96450) log_opt_values /opt/stack/data/venv/lib/python3.12/site-packages/oslo_config/cfg.py:3253}}
Jul 03 17:42:16.394659 np0000004448 nova-scheduler[96450]: DEBUG cotyledon.oslo_config_glue [-] oslo_messaging_rabbit.kombu_failover_strategy = round-robin {{(pid=96450) log_opt_values /opt/stack/data/venv/lib/python3.12/site-packages/oslo_config/cfg.py:3253}}
Jul 03 17:42:16.394659 np0000004448 nova-scheduler[96450]: DEBUG cotyledon.oslo_config_glue [-] oslo_messaging_rabbit.kombu_missing_consumer_retry_timeout = 60 {{(pid=96450) log_opt_values /opt/stack/data/venv/lib/python3.12/site-packages/oslo_config/cfg.py:3253}}
Jul 03 17:42:16.394659 np0000004448 nova-scheduler[96450]: DEBUG cotyledon.oslo_config_glue [-] oslo_messaging_rabbit.kombu_reconnect_delay = 1.0 {{(pid=96450) log_opt_values /opt/stack/data/venv/lib/python3.12/site-packages/oslo_config/cfg.py:3253}}
Jul 03 17:42:16.394659 np0000004448 nova-scheduler[96450]: DEBUG cotyledon.oslo_config_glue [-] oslo_messaging_rabbit.kombu_reconnect_splay = 0.0 {{(pid=96450) log_opt_values /opt/stack/data/venv/lib/python3.12/site-packages/oslo_config/cfg.py:3253}}
Jul 03 17:42:16.394659 np0000004448 nova-scheduler[96450]: DEBUG cotyledon.oslo_config_glue [-] oslo_messaging_rabbit.processname = nova-scheduler {{(pid=96450) log_opt_values /opt/stack/data/venv/lib/python3.12/site-packages/oslo_config/cfg.py:3253}}
Jul 03 17:42:16.394659 np0000004448 nova-scheduler[96450]: DEBUG cotyledon.oslo_config_glue [-] oslo_messaging_rabbit.rabbit_ha_queues = False {{(pid=96450) log_opt_values /opt/stack/data/venv/lib/python3.12/site-packages/oslo_config/cfg.py:3253}}
Jul 03 17:42:16.394856 np0000004448 nova-scheduler[96450]: DEBUG cotyledon.oslo_config_glue [-] oslo_messaging_rabbit.rabbit_interval_max = 30 {{(pid=96450) log_opt_values /opt/stack/data/venv/lib/python3.12/site-packages/oslo_config/cfg.py:3253}}
Jul 03 17:42:16.394856 np0000004448 nova-scheduler[96450]: DEBUG cotyledon.oslo_config_glue [-] oslo_messaging_rabbit.rabbit_login_method = AMQPLAIN {{(pid=96450) log_opt_values /opt/stack/data/venv/lib/python3.12/site-packages/oslo_config/cfg.py:3253}}
Jul 03 17:42:16.394856 np0000004448 nova-scheduler[96450]: DEBUG cotyledon.oslo_config_glue [-] oslo_messaging_rabbit.rabbit_qos_prefetch_count = 0 {{(pid=96450) log_opt_values /opt/stack/data/venv/lib/python3.12/site-packages/oslo_config/cfg.py:3253}}
Jul 03 17:42:16.394856 np0000004448 nova-scheduler[96450]: DEBUG cotyledon.oslo_config_glue [-] oslo_messaging_rabbit.rabbit_quorum_delivery_limit = 0 {{(pid=96450) log_opt_values /opt/stack/data/venv/lib/python3.12/site-packages/oslo_config/cfg.py:3253}}
Jul 03 17:42:16.394856 np0000004448 nova-scheduler[96450]: DEBUG cotyledon.oslo_config_glue [-] oslo_messaging_rabbit.rabbit_quorum_max_memory_bytes = 0 {{(pid=96450) log_opt_values /opt/stack/data/venv/lib/python3.12/site-packages/oslo_config/cfg.py:3253}}
Jul 03 17:42:16.394856 np0000004448 nova-scheduler[96450]: DEBUG cotyledon.oslo_config_glue [-] oslo_messaging_rabbit.rabbit_quorum_max_memory_length = 0 {{(pid=96450) log_opt_values /opt/stack/data/venv/lib/python3.12/site-packages/oslo_config/cfg.py:3253}}
Jul 03 17:42:16.394856 np0000004448 nova-scheduler[96450]: DEBUG cotyledon.oslo_config_glue [-] oslo_messaging_rabbit.rabbit_quorum_queue = False {{(pid=96450) log_opt_values /opt/stack/data/venv/lib/python3.12/site-packages/oslo_config/cfg.py:3253}}
Jul 03 17:42:16.394856 np0000004448 nova-scheduler[96450]: DEBUG cotyledon.oslo_config_glue [-] oslo_messaging_rabbit.rabbit_retry_backoff = 2 {{(pid=96450) log_opt_values /opt/stack/data/venv/lib/python3.12/site-packages/oslo_config/cfg.py:3253}}
Jul 03 17:42:16.394856 np0000004448 nova-scheduler[96450]: DEBUG cotyledon.oslo_config_glue [-] oslo_messaging_rabbit.rabbit_retry_interval = 1 {{(pid=96450) log_opt_values /opt/stack/data/venv/lib/python3.12/site-packages/oslo_config/cfg.py:3253}}
Jul 03 17:42:16.395040 np0000004448 nova-scheduler[96450]: DEBUG cotyledon.oslo_config_glue [-] oslo_messaging_rabbit.rabbit_stream_fanout = False {{(pid=96450) log_opt_values /opt/stack/data/venv/lib/python3.12/site-packages/oslo_config/cfg.py:3253}}
Jul 03 17:42:16.395040 np0000004448 nova-scheduler[96450]: DEBUG cotyledon.oslo_config_glue [-] oslo_messaging_rabbit.rabbit_transient_queues_ttl = 1800 {{(pid=96450) log_opt_values /opt/stack/data/venv/lib/python3.12/site-packages/oslo_config/cfg.py:3253}}
Jul 03 17:42:16.395040 np0000004448 nova-scheduler[96450]: DEBUG cotyledon.oslo_config_glue [-] oslo_messaging_rabbit.rabbit_transient_quorum_queue = False {{(pid=96450) log_opt_values /opt/stack/data/venv/lib/python3.12/site-packages/oslo_config/cfg.py:3253}}
Jul 03 17:42:16.395040 np0000004448 nova-scheduler[96450]: DEBUG cotyledon.oslo_config_glue [-] oslo_messaging_rabbit.rpc_conn_pool_size = 30 {{(pid=96450) log_opt_values /opt/stack/data/venv/lib/python3.12/site-packages/oslo_config/cfg.py:3253}}
Jul 03 17:42:16.395040 np0000004448 nova-scheduler[96450]: DEBUG cotyledon.oslo_config_glue [-] oslo_messaging_rabbit.ssl = False {{(pid=96450) log_opt_values /opt/stack/data/venv/lib/python3.12/site-packages/oslo_config/cfg.py:3253}}
Jul 03 17:42:16.395040 np0000004448 nova-scheduler[96450]: DEBUG cotyledon.oslo_config_glue [-] oslo_messaging_rabbit.ssl_ca_file = {{(pid=96450) log_opt_values /opt/stack/data/venv/lib/python3.12/site-packages/oslo_config/cfg.py:3253}}
Jul 03 17:42:16.395040 np0000004448 nova-scheduler[96450]: DEBUG cotyledon.oslo_config_glue [-] oslo_messaging_rabbit.ssl_cert_file = {{(pid=96450) log_opt_values /opt/stack/data/venv/lib/python3.12/site-packages/oslo_config/cfg.py:3253}}
Jul 03 17:42:16.395040 np0000004448 nova-scheduler[96450]: DEBUG cotyledon.oslo_config_glue [-] oslo_messaging_rabbit.ssl_enforce_fips_mode = False {{(pid=96450) log_opt_values /opt/stack/data/venv/lib/python3.12/site-packages/oslo_config/cfg.py:3253}}
Jul 03 17:42:16.395040 np0000004448 nova-scheduler[96450]: DEBUG cotyledon.oslo_config_glue [-] oslo_messaging_rabbit.ssl_enforce_hostname_verification = True {{(pid=96450) log_opt_values /opt/stack/data/venv/lib/python3.12/site-packages/oslo_config/cfg.py:3253}}
Jul 03 17:42:16.395219 np0000004448 nova-scheduler[96450]: DEBUG cotyledon.oslo_config_glue [-] oslo_messaging_rabbit.ssl_key_file = {{(pid=96450) log_opt_values /opt/stack/data/venv/lib/python3.12/site-packages/oslo_config/cfg.py:3253}}
Jul 03 17:42:16.395219 np0000004448 nova-scheduler[96450]: DEBUG cotyledon.oslo_config_glue [-] oslo_messaging_rabbit.ssl_version = {{(pid=96450) log_opt_values /opt/stack/data/venv/lib/python3.12/site-packages/oslo_config/cfg.py:3253}}
Jul 03 17:42:16.395219 np0000004448 nova-scheduler[96450]: DEBUG cotyledon.oslo_config_glue [-] oslo_messaging_rabbit.use_queue_manager = False {{(pid=96450) log_opt_values /opt/stack/data/venv/lib/python3.12/site-packages/oslo_config/cfg.py:3253}}
Jul 03 17:42:16.395219 np0000004448 nova-scheduler[96450]: DEBUG cotyledon.oslo_config_glue [-] oslo_messaging_notifications.driver = ['messagingv2'] {{(pid=96450) log_opt_values /opt/stack/data/venv/lib/python3.12/site-packages/oslo_config/cfg.py:3253}}
Jul 03 17:42:16.395219 np0000004448 nova-scheduler[96450]: DEBUG cotyledon.oslo_config_glue [-] oslo_messaging_notifications.retry = -1 {{(pid=96450) log_opt_values /opt/stack/data/venv/lib/python3.12/site-packages/oslo_config/cfg.py:3253}}
Jul 03 17:42:16.395219 np0000004448 nova-scheduler[96450]: DEBUG cotyledon.oslo_config_glue [-] oslo_messaging_notifications.topics = ['notifications'] {{(pid=96450) log_opt_values /opt/stack/data/venv/lib/python3.12/site-packages/oslo_config/cfg.py:3253}}
Jul 03 17:42:16.395219 np0000004448 nova-scheduler[96450]: DEBUG cotyledon.oslo_config_glue [-] oslo_messaging_notifications.transport_url = **** {{(pid=96450) log_opt_values /opt/stack/data/venv/lib/python3.12/site-packages/oslo_config/cfg.py:3253}}
Jul 03 17:42:16.395219 np0000004448 nova-scheduler[96450]: DEBUG cotyledon.oslo_config_glue [-] oslo_limit.auth_section = None {{(pid=96450) log_opt_values /opt/stack/data/venv/lib/python3.12/site-packages/oslo_config/cfg.py:3253}}
Jul 03 17:42:16.395219 np0000004448 nova-scheduler[96450]: DEBUG cotyledon.oslo_config_glue [-] oslo_limit.auth_type = None {{(pid=96450) log_opt_values /opt/stack/data/venv/lib/python3.12/site-packages/oslo_config/cfg.py:3253}}
Jul 03 17:42:16.395410 np0000004448 nova-scheduler[96450]: DEBUG cotyledon.oslo_config_glue [-] oslo_limit.cafile = None {{(pid=96450) log_opt_values /opt/stack/data/venv/lib/python3.12/site-packages/oslo_config/cfg.py:3253}}
Jul 03 17:42:16.395410 np0000004448 nova-scheduler[96450]: DEBUG cotyledon.oslo_config_glue [-] oslo_limit.certfile = None {{(pid=96450) log_opt_values /opt/stack/data/venv/lib/python3.12/site-packages/oslo_config/cfg.py:3253}}
Jul 03 17:42:16.395410 np0000004448 nova-scheduler[96450]: DEBUG cotyledon.oslo_config_glue [-] oslo_limit.collect_timing = False {{(pid=96450) log_opt_values /opt/stack/data/venv/lib/python3.12/site-packages/oslo_config/cfg.py:3253}}
Jul 03 17:42:16.395410 np0000004448 nova-scheduler[96450]: DEBUG cotyledon.oslo_config_glue [-] oslo_limit.connect_retries = None {{(pid=96450) log_opt_values /opt/stack/data/venv/lib/python3.12/site-packages/oslo_config/cfg.py:3253}}
Jul 03 17:42:16.395410 np0000004448 nova-scheduler[96450]: DEBUG cotyledon.oslo_config_glue [-] oslo_limit.connect_retry_delay = None {{(pid=96450) log_opt_values /opt/stack/data/venv/lib/python3.12/site-packages/oslo_config/cfg.py:3253}}
Jul 03 17:42:16.395410 np0000004448 nova-scheduler[96450]: DEBUG cotyledon.oslo_config_glue [-] oslo_limit.endpoint_id = None {{(pid=96450) log_opt_values /opt/stack/data/venv/lib/python3.12/site-packages/oslo_config/cfg.py:3253}}
Jul 03 17:42:16.395410 np0000004448 nova-scheduler[96450]: DEBUG cotyledon.oslo_config_glue [-] oslo_limit.endpoint_interface = public {{(pid=96450) log_opt_values /opt/stack/data/venv/lib/python3.12/site-packages/oslo_config/cfg.py:3253}}
Jul 03 17:42:16.395410 np0000004448 nova-scheduler[96450]: DEBUG cotyledon.oslo_config_glue [-] oslo_limit.endpoint_override = None {{(pid=96450) log_opt_values /opt/stack/data/venv/lib/python3.12/site-packages/oslo_config/cfg.py:3253}}
Jul 03 17:42:16.395410 np0000004448 nova-scheduler[96450]: DEBUG cotyledon.oslo_config_glue [-] oslo_limit.endpoint_region_name = None {{(pid=96450) log_opt_values /opt/stack/data/venv/lib/python3.12/site-packages/oslo_config/cfg.py:3253}}
Jul 03 17:42:16.395656 np0000004448 nova-scheduler[96450]: DEBUG cotyledon.oslo_config_glue [-] oslo_limit.endpoint_service_name = None {{(pid=96450) log_opt_values /opt/stack/data/venv/lib/python3.12/site-packages/oslo_config/cfg.py:3253}}
Jul 03 17:42:16.395656 np0000004448 nova-scheduler[96450]: DEBUG cotyledon.oslo_config_glue [-] oslo_limit.endpoint_service_type = None {{(pid=96450) log_opt_values /opt/stack/data/venv/lib/python3.12/site-packages/oslo_config/cfg.py:3253}}
Jul 03 17:42:16.395656 np0000004448 nova-scheduler[96450]: DEBUG cotyledon.oslo_config_glue [-] oslo_limit.insecure = False {{(pid=96450) log_opt_values /opt/stack/data/venv/lib/python3.12/site-packages/oslo_config/cfg.py:3253}}
Jul 03 17:42:16.395656 np0000004448 nova-scheduler[96450]: DEBUG cotyledon.oslo_config_glue [-] oslo_limit.keyfile = None {{(pid=96450) log_opt_values /opt/stack/data/venv/lib/python3.12/site-packages/oslo_config/cfg.py:3253}}
Jul 03 17:42:16.395656 np0000004448 nova-scheduler[96450]: DEBUG cotyledon.oslo_config_glue [-] oslo_limit.max_version = None {{(pid=96450) log_opt_values /opt/stack/data/venv/lib/python3.12/site-packages/oslo_config/cfg.py:3253}}
Jul 03 17:42:16.395656 np0000004448 nova-scheduler[96450]: DEBUG cotyledon.oslo_config_glue [-] oslo_limit.min_version = None {{(pid=96450) log_opt_values /opt/stack/data/venv/lib/python3.12/site-packages/oslo_config/cfg.py:3253}}
Jul 03 17:42:16.395656 np0000004448 nova-scheduler[96450]: DEBUG cotyledon.oslo_config_glue [-] oslo_limit.region_name = None {{(pid=96450) log_opt_values /opt/stack/data/venv/lib/python3.12/site-packages/oslo_config/cfg.py:3253}}
Jul 03 17:42:16.395656 np0000004448 nova-scheduler[96450]: DEBUG cotyledon.oslo_config_glue [-] oslo_limit.retriable_status_codes = None {{(pid=96450) log_opt_values /opt/stack/data/venv/lib/python3.12/site-packages/oslo_config/cfg.py:3253}}
Jul 03 17:42:16.395656 np0000004448 nova-scheduler[96450]: DEBUG cotyledon.oslo_config_glue [-] oslo_limit.service_name = None {{(pid=96450) log_opt_values /opt/stack/data/venv/lib/python3.12/site-packages/oslo_config/cfg.py:3253}}
Jul 03 17:42:16.395853 np0000004448 nova-scheduler[96450]: DEBUG cotyledon.oslo_config_glue [-] oslo_limit.service_type = None {{(pid=96450) log_opt_values /opt/stack/data/venv/lib/python3.12/site-packages/oslo_config/cfg.py:3253}}
Jul 03 17:42:16.395853 np0000004448 nova-scheduler[96450]: DEBUG cotyledon.oslo_config_glue [-] oslo_limit.split_loggers = False {{(pid=96450) log_opt_values /opt/stack/data/venv/lib/python3.12/site-packages/oslo_config/cfg.py:3253}}
Jul 03 17:42:16.395853 np0000004448 nova-scheduler[96450]: DEBUG cotyledon.oslo_config_glue [-] oslo_limit.status_code_retries = None {{(pid=96450) log_opt_values /opt/stack/data/venv/lib/python3.12/site-packages/oslo_config/cfg.py:3253}}
Jul 03 17:42:16.395853 np0000004448 nova-scheduler[96450]: DEBUG cotyledon.oslo_config_glue [-] oslo_limit.status_code_retry_delay = None {{(pid=96450) log_opt_values /opt/stack/data/venv/lib/python3.12/site-packages/oslo_config/cfg.py:3253}}
Jul 03 17:42:16.395853 np0000004448 nova-scheduler[96450]: DEBUG cotyledon.oslo_config_glue [-] oslo_limit.timeout = None {{(pid=96450) log_opt_values /opt/stack/data/venv/lib/python3.12/site-packages/oslo_config/cfg.py:3253}}
Jul 03 17:42:16.395853 np0000004448 nova-scheduler[96450]: DEBUG cotyledon.oslo_config_glue [-] oslo_limit.valid_interfaces = None {{(pid=96450) log_opt_values /opt/stack/data/venv/lib/python3.12/site-packages/oslo_config/cfg.py:3253}}
Jul 03 17:42:16.395853 np0000004448 nova-scheduler[96450]: DEBUG cotyledon.oslo_config_glue [-] oslo_limit.version = None {{(pid=96450) log_opt_values /opt/stack/data/venv/lib/python3.12/site-packages/oslo_config/cfg.py:3253}}
Jul 03 17:42:16.395853 np0000004448 nova-scheduler[96450]: DEBUG cotyledon.oslo_config_glue [-] oslo_reports.file_event_handler = None {{(pid=96450) log_opt_values /opt/stack/data/venv/lib/python3.12/site-packages/oslo_config/cfg.py:3253}}
Jul 03 17:42:16.395853 np0000004448 nova-scheduler[96450]: DEBUG cotyledon.oslo_config_glue [-] oslo_reports.file_event_handler_interval = 1 {{(pid=96450) log_opt_values /opt/stack/data/venv/lib/python3.12/site-packages/oslo_config/cfg.py:3253}}
Jul 03 17:42:16.396026 np0000004448 nova-scheduler[96450]: DEBUG cotyledon.oslo_config_glue [-] oslo_reports.log_dir = None {{(pid=96450) log_opt_values /opt/stack/data/venv/lib/python3.12/site-packages/oslo_config/cfg.py:3253}}
Jul 03 17:42:16.396026 np0000004448 nova-scheduler[96450]: DEBUG cotyledon.oslo_config_glue [-] ******************************************************************************** {{(pid=96450) log_opt_values /opt/stack/data/venv/lib/python3.12/site-packages/oslo_config/cfg.py:3260}}
Jul 03 17:42:16.396026 np0000004448 nova-scheduler[96450]: DEBUG cotyledon._service_worker [-] Run service ServiceWrapper(3) [96450] {{(pid=96450) wait_forever /opt/stack/data/venv/lib/python3.12/site-packages/cotyledon/_service_worker.py:218}}
Jul 03 17:42:16.396026 np0000004448 nova-scheduler[96450]: INFO nova.service [-] Starting scheduler node (version 33.1.0)
Jul 03 17:42:16.399634 np0000004448 nova-scheduler[96450]: INFO dbcounter [None req-7b979f0f-bfad-4cd8-8a53-b1aa48cfb032 None None] Registered counter for database nova_cell0
Jul 03 17:42:16.411453 np0000004448 nova-scheduler[96398]: DEBUG oslo_db.sqlalchemy.engines [None req-5559c2d3-73a5-402e-a374-e0bfee9859c5 None None] MySQL server mode set to STRICT_TRANS_TABLES,STRICT_ALL_TABLES,NO_ZERO_IN_DATE,NO_ZERO_DATE,ERROR_FOR_DIVISION_BY_ZERO,TRADITIONAL,NO_ENGINE_SUBSTITUTION {{(pid=96398) _check_effective_sql_mode /opt/stack/data/venv/lib/python3.12/site-packages/oslo_db/sqlalchemy/engines.py:325}}
Jul 03 17:42:16.414652 np0000004448 nova-scheduler[96405]: DEBUG oslo_db.sqlalchemy.engines [None req-769b5660-52fa-4708-9dc3-1d3db3e58022 None None] MySQL server mode set to STRICT_TRANS_TABLES,STRICT_ALL_TABLES,NO_ZERO_IN_DATE,NO_ZERO_DATE,ERROR_FOR_DIVISION_BY_ZERO,TRADITIONAL,NO_ENGINE_SUBSTITUTION {{(pid=96405) _check_effective_sql_mode /opt/stack/data/venv/lib/python3.12/site-packages/oslo_db/sqlalchemy/engines.py:325}}
Jul 03 17:42:16.420507 np0000004448 nova-scheduler[96444]: DEBUG oslo_db.sqlalchemy.engines [None req-30e73ea1-e4ce-48ce-9f07-3204a34264e5 None None] MySQL server mode set to STRICT_TRANS_TABLES,STRICT_ALL_TABLES,NO_ZERO_IN_DATE,NO_ZERO_DATE,ERROR_FOR_DIVISION_BY_ZERO,TRADITIONAL,NO_ENGINE_SUBSTITUTION {{(pid=96444) _check_effective_sql_mode /opt/stack/data/venv/lib/python3.12/site-packages/oslo_db/sqlalchemy/engines.py:325}}
Jul 03 17:42:16.420684 np0000004448 nova-scheduler[96398]: DEBUG dbcounter [-] [96398] Writer thread running {{(pid=96398) stat_writer /opt/stack/data/venv/lib/python3.12/site-packages/dbcounter.py:102}}
Jul 03 17:42:16.424323 np0000004448 nova-scheduler[96405]: DEBUG dbcounter [-] [96405] Writer thread running {{(pid=96405) stat_writer /opt/stack/data/venv/lib/python3.12/site-packages/dbcounter.py:102}}
Jul 03 17:42:16.429497 np0000004448 nova-scheduler[96444]: DEBUG dbcounter [-] [96444] Writer thread running {{(pid=96444) stat_writer /opt/stack/data/venv/lib/python3.12/site-packages/dbcounter.py:102}}
Jul 03 17:42:16.436533 np0000004448 nova-scheduler[96398]: DEBUG nova.service [None req-5559c2d3-73a5-402e-a374-e0bfee9859c5 None None] Creating RPC server for service: nova-scheduler on topic: scheduler {{(pid=96398) start /opt/stack/nova/nova/service.py:196}}
Jul 03 17:42:16.446446 np0000004448 nova-scheduler[96405]: DEBUG nova.service [None req-769b5660-52fa-4708-9dc3-1d3db3e58022 None None] Creating RPC server for service: nova-scheduler on topic: scheduler {{(pid=96405) start /opt/stack/nova/nova/service.py:196}}
Jul 03 17:42:16.446782 np0000004448 nova-scheduler[96444]: DEBUG nova.service [None req-30e73ea1-e4ce-48ce-9f07-3204a34264e5 None None] Creating RPC server for service: nova-scheduler on topic: scheduler {{(pid=96444) start /opt/stack/nova/nova/service.py:196}}
Jul 03 17:42:16.449615 np0000004448 nova-scheduler[96450]: DEBUG oslo_db.sqlalchemy.engines [None req-7b979f0f-bfad-4cd8-8a53-b1aa48cfb032 None None] MySQL server mode set to STRICT_TRANS_TABLES,STRICT_ALL_TABLES,NO_ZERO_IN_DATE,NO_ZERO_DATE,ERROR_FOR_DIVISION_BY_ZERO,TRADITIONAL,NO_ENGINE_SUBSTITUTION {{(pid=96450) _check_effective_sql_mode /opt/stack/data/venv/lib/python3.12/site-packages/oslo_db/sqlalchemy/engines.py:325}}
Jul 03 17:42:16.465481 np0000004448 nova-scheduler[96450]: DEBUG dbcounter [-] [96450] Writer thread running {{(pid=96450) stat_writer /opt/stack/data/venv/lib/python3.12/site-packages/dbcounter.py:102}}
Jul 03 17:42:16.467972 np0000004448 nova-scheduler[96398]: DEBUG nova.service [None req-5559c2d3-73a5-402e-a374-e0bfee9859c5 None None] Join ServiceGroup membership for this service scheduler {{(pid=96398) start /opt/stack/nova/nova/service.py:222}}
Jul 03 17:42:16.468276 np0000004448 nova-scheduler[96398]: DEBUG nova.servicegroup.drivers.db [None req-5559c2d3-73a5-402e-a374-e0bfee9859c5 None None] DB_Driver: join new ServiceGroup member np0000004448 to the scheduler group, service = {{(pid=96398) join /opt/stack/nova/nova/servicegroup/drivers/db.py:44}}
Jul 03 17:42:16.470041 np0000004448 nova-scheduler[96450]: DEBUG nova.service [None req-7b979f0f-bfad-4cd8-8a53-b1aa48cfb032 None None] Creating RPC server for service: nova-scheduler on topic: scheduler {{(pid=96450) start /opt/stack/nova/nova/service.py:196}}
Jul 03 17:42:16.470995 np0000004448 nova-scheduler[96444]: DEBUG nova.service [None req-30e73ea1-e4ce-48ce-9f07-3204a34264e5 None None] Join ServiceGroup membership for this service scheduler {{(pid=96444) start /opt/stack/nova/nova/service.py:222}}
Jul 03 17:42:16.471187 np0000004448 nova-scheduler[96444]: DEBUG nova.servicegroup.drivers.db [None req-30e73ea1-e4ce-48ce-9f07-3204a34264e5 None None] DB_Driver: join new ServiceGroup member np0000004448 to the scheduler group, service = {{(pid=96444) join /opt/stack/nova/nova/servicegroup/drivers/db.py:44}}
Jul 03 17:42:16.471248 np0000004448 nova-scheduler[96405]: DEBUG nova.service [None req-769b5660-52fa-4708-9dc3-1d3db3e58022 None None] Join ServiceGroup membership for this service scheduler {{(pid=96405) start /opt/stack/nova/nova/service.py:222}}
Jul 03 17:42:16.471478 np0000004448 nova-scheduler[96405]: DEBUG nova.servicegroup.drivers.db [None req-769b5660-52fa-4708-9dc3-1d3db3e58022 None None] DB_Driver: join new ServiceGroup member np0000004448 to the scheduler group, service = {{(pid=96405) join /opt/stack/nova/nova/servicegroup/drivers/db.py:44}}
Jul 03 17:42:16.494818 np0000004448 nova-scheduler[96450]: DEBUG nova.service [None req-7b979f0f-bfad-4cd8-8a53-b1aa48cfb032 None None] Join ServiceGroup membership for this service scheduler {{(pid=96450) start /opt/stack/nova/nova/service.py:222}}
Jul 03 17:42:16.494818 np0000004448 nova-scheduler[96450]: DEBUG nova.servicegroup.drivers.db [None req-7b979f0f-bfad-4cd8-8a53-b1aa48cfb032 None None] DB_Driver: join new ServiceGroup member np0000004448 to the scheduler group, service = {{(pid=96450) join /opt/stack/nova/nova/servicegroup/drivers/db.py:44}}
Jul 03 17:42:18.496797 np0000004448 nova-scheduler[96450]: DEBUG oslo.service.backend._threading.loopingcall [None req-9643a9f6-f2fd-4134-b8ca-1047e655338e None None] Dynamic interval looping call 'nova.service.Service.periodic_tasks' sleeping for 60.00 seconds {{(pid=96450) _run_loop /opt/stack/data/venv/lib/python3.12/site-packages/oslo_service/backend/_threading/loopingcall.py:125}}
Jul 03 17:42:21.495908 np0000004448 nova-scheduler[96398]: DEBUG oslo.service.backend._threading.loopingcall [-] Fixed interval looping call 'nova.servicegroup.drivers.db.DbDriver._report_state' sleeping for 119.97 seconds {{(pid=96398) _run_loop /opt/stack/data/venv/lib/python3.12/site-packages/oslo_service/backend/_threading/loopingcall.py:125}}
Jul 03 17:42:21.496194 np0000004448 nova-scheduler[96444]: DEBUG oslo.service.backend._threading.loopingcall [-] Fixed interval looping call 'nova.servicegroup.drivers.db.DbDriver._report_state' sleeping for 119.98 seconds {{(pid=96444) _run_loop /opt/stack/data/venv/lib/python3.12/site-packages/oslo_service/backend/_threading/loopingcall.py:125}}
Jul 03 17:42:21.496513 np0000004448 nova-scheduler[96405]: DEBUG oslo.service.backend._threading.loopingcall [-] Fixed interval looping call 'nova.servicegroup.drivers.db.DbDriver._report_state' sleeping for 119.98 seconds {{(pid=96405) _run_loop /opt/stack/data/venv/lib/python3.12/site-packages/oslo_service/backend/_threading/loopingcall.py:125}}
Jul 03 17:42:21.508194 np0000004448 nova-scheduler[96450]: DEBUG oslo.service.backend._threading.loopingcall [-] Fixed interval looping call 'nova.servicegroup.drivers.db.DbDriver._report_state' sleeping for 119.99 seconds {{(pid=96450) _run_loop /opt/stack/data/venv/lib/python3.12/site-packages/oslo_service/backend/_threading/loopingcall.py:125}}
Jul 03 17:42:24.989099 np0000004448 nova-scheduler[95191]: DEBUG dbcounter [-] [95191] Writing DB stats nova_api:SELECT=3 {{(pid=95191) stat_writer /opt/stack/data/venv/lib/python3.12/site-packages/dbcounter.py:115}}
Jul 03 17:42:25.116459 np0000004448 nova-scheduler[95191]: DEBUG dbcounter [-] [95191] Writing DB stats nova_cell0:SELECT=1 {{(pid=95191) stat_writer /opt/stack/data/venv/lib/python3.12/site-packages/dbcounter.py:115}}
Jul 03 17:42:25.119992 np0000004448 nova-scheduler[95191]: DEBUG dbcounter [-] [95191] Writing DB stats nova_cell1:SELECT=1 {{(pid=95191) stat_writer /opt/stack/data/venv/lib/python3.12/site-packages/dbcounter.py:115}}
Jul 03 17:42:30.473352 np0000004448 nova-scheduler[96405]: DEBUG oslo.service.backend._threading.loopingcall [None req-dff929c3-34ac-4fa6-8390-86d796ea60bf None None] Dynamic interval looping call 'nova.service.Service.periodic_tasks' sleeping for 60.00 seconds {{(pid=96405) _run_loop /opt/stack/data/venv/lib/python3.12/site-packages/oslo_service/backend/_threading/loopingcall.py:125}}
Jul 03 17:42:31.480076 np0000004448 nova-scheduler[96398]: DEBUG dbcounter [-] [96398] Writing DB stats nova_cell0:SELECT=4,nova_cell0:INSERT=1,nova_cell0:UPDATE=1 {{(pid=96398) stat_writer /opt/stack/data/venv/lib/python3.12/site-packages/dbcounter.py:115}}
Jul 03 17:42:31.485005 np0000004448 nova-scheduler[96444]: DEBUG dbcounter [-] [96444] Writing DB stats nova_cell0:SELECT=5,nova_cell0:INSERT=1,nova_cell0:UPDATE=1 {{(pid=96444) stat_writer /opt/stack/data/venv/lib/python3.12/site-packages/dbcounter.py:115}}
Jul 03 17:42:31.485993 np0000004448 nova-scheduler[96405]: DEBUG dbcounter [-] [96405] Writing DB stats nova_cell0:SELECT=5,nova_cell0:INSERT=1,nova_cell0:UPDATE=1 {{(pid=96405) stat_writer /opt/stack/data/venv/lib/python3.12/site-packages/dbcounter.py:115}}
Jul 03 17:42:31.504426 np0000004448 nova-scheduler[96450]: DEBUG dbcounter [-] [96450] Writing DB stats nova_cell0:SELECT=3 {{(pid=96450) stat_writer /opt/stack/data/venv/lib/python3.12/site-packages/dbcounter.py:115}}
Jul 03 17:42:51.470140 np0000004448 nova-scheduler[96398]: DEBUG oslo.service.backend._threading.loopingcall [None req-bb70bf56-6aa4-49ad-9b1c-cdef94d29941 None None] Dynamic interval looping call 'nova.service.Service.periodic_tasks' sleeping for 60.00 seconds {{(pid=96398) _run_loop /opt/stack/data/venv/lib/python3.12/site-packages/oslo_service/backend/_threading/loopingcall.py:125}}
Jul 03 17:43:05.473159 np0000004448 nova-scheduler[96444]: DEBUG oslo.service.backend._threading.loopingcall [None req-25c063b2-bae1-4e9e-b0f5-16f1d7104a66 None None] Dynamic interval looping call 'nova.service.Service.periodic_tasks' sleeping for 60.00 seconds {{(pid=96444) _run_loop /opt/stack/data/venv/lib/python3.12/site-packages/oslo_service/backend/_threading/loopingcall.py:125}}
Jul 03 17:43:18.497272 np0000004448 nova-scheduler[96450]: DEBUG oslo.service.backend._threading.loopingcall [None req-9643a9f6-f2fd-4134-b8ca-1047e655338e None None] Dynamic interval looping call 'nova.service.Service.periodic_tasks' sleeping for 60.00 seconds {{(pid=96450) _run_loop /opt/stack/data/venv/lib/python3.12/site-packages/oslo_service/backend/_threading/loopingcall.py:125}}
Jul 03 17:43:30.474270 np0000004448 nova-scheduler[96405]: DEBUG oslo.service.backend._threading.loopingcall [None req-dff929c3-34ac-4fa6-8390-86d796ea60bf None None] Dynamic interval looping call 'nova.service.Service.periodic_tasks' sleeping for 60.00 seconds {{(pid=96405) _run_loop /opt/stack/data/venv/lib/python3.12/site-packages/oslo_service/backend/_threading/loopingcall.py:125}}
Jul 03 17:43:51.470563 np0000004448 nova-scheduler[96398]: DEBUG oslo.service.backend._threading.loopingcall [None req-bb70bf56-6aa4-49ad-9b1c-cdef94d29941 None None] Dynamic interval looping call 'nova.service.Service.periodic_tasks' sleeping for 60.00 seconds {{(pid=96398) _run_loop /opt/stack/data/venv/lib/python3.12/site-packages/oslo_service/backend/_threading/loopingcall.py:125}}
Jul 03 17:44:05.473617 np0000004448 nova-scheduler[96444]: DEBUG oslo.service.backend._threading.loopingcall [None req-25c063b2-bae1-4e9e-b0f5-16f1d7104a66 None None] Dynamic interval looping call 'nova.service.Service.periodic_tasks' sleeping for 60.00 seconds {{(pid=96444) _run_loop /opt/stack/data/venv/lib/python3.12/site-packages/oslo_service/backend/_threading/loopingcall.py:125}}
Jul 03 17:44:18.497722 np0000004448 nova-scheduler[96450]: DEBUG oslo.service.backend._threading.loopingcall [None req-9643a9f6-f2fd-4134-b8ca-1047e655338e None None] Dynamic interval looping call 'nova.service.Service.periodic_tasks' sleeping for 60.00 seconds {{(pid=96450) _run_loop /opt/stack/data/venv/lib/python3.12/site-packages/oslo_service/backend/_threading/loopingcall.py:125}}
Jul 03 17:44:20.849416 np0000004448 nova-scheduler[96398]: DEBUG nova.scheduler.manager [None req-e2f0ff12-cd0c-4d69-aa6d-1b527149aeba tempest-ServerRescueNegativeTestJSON-1179339230 tempest-ServerRescueNegativeTestJSON-1179339230-project-member] Starting to schedule for instances: ['27de75a5-f6e7-46f1-8797-0dad8cc7f2b1'] {{(pid=96398) select_destinations /opt/stack/nova/nova/scheduler/manager.py:209}}
Jul 03 17:44:20.849917 np0000004448 nova-scheduler[96398]: DEBUG nova.scheduler.request_filter [None req-e2f0ff12-cd0c-4d69-aa6d-1b527149aeba tempest-ServerRescueNegativeTestJSON-1179339230 tempest-ServerRescueNegativeTestJSON-1179339230-project-member] compute_status_filter request filter added forbidden trait COMPUTE_STATUS_DISABLED {{(pid=96398) compute_status_filter /opt/stack/nova/nova/scheduler/request_filter.py:253}}
Jul 03 17:44:20.850057 np0000004448 nova-scheduler[96398]: DEBUG nova.scheduler.request_filter [None req-e2f0ff12-cd0c-4d69-aa6d-1b527149aeba tempest-ServerRescueNegativeTestJSON-1179339230 tempest-ServerRescueNegativeTestJSON-1179339230-project-member] Request filter 'compute_status_filter' took 0.0 seconds {{(pid=96398) wrapper /opt/stack/nova/nova/scheduler/request_filter.py:46}}
Jul 03 17:44:20.850274 np0000004448 nova-scheduler[96398]: DEBUG nova.scheduler.request_filter [None req-e2f0ff12-cd0c-4d69-aa6d-1b527149aeba tempest-ServerRescueNegativeTestJSON-1179339230 tempest-ServerRescueNegativeTestJSON-1179339230-project-member] Request filter 'accelerators_filter' took 0.0 seconds {{(pid=96398) wrapper /opt/stack/nova/nova/scheduler/request_filter.py:46}}
Jul 03 17:44:20.850441 np0000004448 nova-scheduler[96398]: DEBUG nova.scheduler.request_filter [None req-e2f0ff12-cd0c-4d69-aa6d-1b527149aeba tempest-ServerRescueNegativeTestJSON-1179339230 tempest-ServerRescueNegativeTestJSON-1179339230-project-member] Request filter 'packed_virtqueue_filter' took 0.0 seconds {{(pid=96398) wrapper /opt/stack/nova/nova/scheduler/request_filter.py:46}}
Jul 03 17:44:20.850685 np0000004448 nova-scheduler[96398]: DEBUG nova.scheduler.request_filter [None req-e2f0ff12-cd0c-4d69-aa6d-1b527149aeba tempest-ServerRescueNegativeTestJSON-1179339230 tempest-ServerRescueNegativeTestJSON-1179339230-project-member] Request filter 'remote_managed_ports_filter' took 0.0 seconds {{(pid=96398) wrapper /opt/stack/nova/nova/scheduler/request_filter.py:46}}
Jul 03 17:44:20.851645 np0000004448 nova-scheduler[96398]: DEBUG nova.scheduler.request_filter [None req-e2f0ff12-cd0c-4d69-aa6d-1b527149aeba tempest-ServerRescueNegativeTestJSON-1179339230 tempest-ServerRescueNegativeTestJSON-1179339230-project-member] ephemeral_encryption_filter skipped {{(pid=96398) ephemeral_encryption_filter /opt/stack/nova/nova/scheduler/request_filter.py:426}}
Jul 03 17:44:20.851645 np0000004448 nova-scheduler[96398]: DEBUG nova.scheduler.request_filter [None req-e2f0ff12-cd0c-4d69-aa6d-1b527149aeba tempest-ServerRescueNegativeTestJSON-1179339230 tempest-ServerRescueNegativeTestJSON-1179339230-project-member] virtio_sound_filter skipped {{(pid=96398) virtio_sound_filter /opt/stack/nova/nova/scheduler/request_filter.py:460}}
Jul 03 17:44:20.851645 np0000004448 nova-scheduler[96398]: DEBUG nova.scheduler.request_filter [None req-e2f0ff12-cd0c-4d69-aa6d-1b527149aeba tempest-ServerRescueNegativeTestJSON-1179339230 tempest-ServerRescueNegativeTestJSON-1179339230-project-member] tpm_secret_security_filter skipped {{(pid=96398) tpm_secret_security_filter /opt/stack/nova/nova/scheduler/request_filter.py:477}}
Jul 03 17:44:21.412474 np0000004448 nova-scheduler[96398]: INFO nova.utils [None req-e2f0ff12-cd0c-4d69-aa6d-1b527149aeba tempest-ServerRescueNegativeTestJSON-1179339230 tempest-ServerRescueNegativeTestJSON-1179339230-project-member] The cell worker thread pool ForkProcess-1.cell_worker is initialized
Jul 03 17:44:21.413422 np0000004448 nova-scheduler[96398]: DEBUG oslo_concurrency.lockutils [None req-e2f0ff12-cd0c-4d69-aa6d-1b527149aeba tempest-ServerRescueNegativeTestJSON-1179339230 tempest-ServerRescueNegativeTestJSON-1179339230-project-member] Acquiring lock "a46e36d7-0caa-439b-bb2d-ba45ecdde7cf" by "nova.context.set_target_cell..get_or_set_cached_cell_and_set_connections" {{(pid=96398) inner /opt/stack/data/venv/lib/python3.12/site-packages/oslo_concurrency/lockutils.py:511}}
Jul 03 17:44:21.413422 np0000004448 nova-scheduler[96398]: DEBUG oslo_concurrency.lockutils [None req-e2f0ff12-cd0c-4d69-aa6d-1b527149aeba tempest-ServerRescueNegativeTestJSON-1179339230 tempest-ServerRescueNegativeTestJSON-1179339230-project-member] Lock "a46e36d7-0caa-439b-bb2d-ba45ecdde7cf" acquired by "nova.context.set_target_cell..get_or_set_cached_cell_and_set_connections" :: waited 0.000s {{(pid=96398) inner /opt/stack/data/venv/lib/python3.12/site-packages/oslo_concurrency/lockutils.py:524}}
Jul 03 17:44:21.415046 np0000004448 nova-scheduler[96398]: DEBUG oslo_concurrency.lockutils [None req-e2f0ff12-cd0c-4d69-aa6d-1b527149aeba tempest-ServerRescueNegativeTestJSON-1179339230 tempest-ServerRescueNegativeTestJSON-1179339230-project-member] Lock "a46e36d7-0caa-439b-bb2d-ba45ecdde7cf" "released" by "nova.context.set_target_cell..get_or_set_cached_cell_and_set_connections" :: held 0.002s {{(pid=96398) inner /opt/stack/data/venv/lib/python3.12/site-packages/oslo_concurrency/lockutils.py:543}}
Jul 03 17:44:21.416488 np0000004448 nova-scheduler[96398]: INFO dbcounter [None req-e2f0ff12-cd0c-4d69-aa6d-1b527149aeba tempest-ServerRescueNegativeTestJSON-1179339230 tempest-ServerRescueNegativeTestJSON-1179339230-project-member] Registered counter for database nova_cell1
Jul 03 17:44:21.455210 np0000004448 nova-scheduler[96398]: DEBUG oslo_db.sqlalchemy.engines [None req-e2f0ff12-cd0c-4d69-aa6d-1b527149aeba tempest-ServerRescueNegativeTestJSON-1179339230 tempest-ServerRescueNegativeTestJSON-1179339230-project-member] MySQL server mode set to STRICT_TRANS_TABLES,STRICT_ALL_TABLES,NO_ZERO_IN_DATE,NO_ZERO_DATE,ERROR_FOR_DIVISION_BY_ZERO,TRADITIONAL,NO_ENGINE_SUBSTITUTION {{(pid=96398) _check_effective_sql_mode /opt/stack/data/venv/lib/python3.12/site-packages/oslo_db/sqlalchemy/engines.py:325}}
Jul 03 17:44:21.465724 np0000004448 nova-scheduler[96398]: DEBUG dbcounter [-] [96398] Writer thread running {{(pid=96398) stat_writer /opt/stack/data/venv/lib/python3.12/site-packages/dbcounter.py:102}}
Jul 03 17:44:21.480865 np0000004448 nova-scheduler[96398]: DEBUG oslo_db.sqlalchemy.engines [None req-e2f0ff12-cd0c-4d69-aa6d-1b527149aeba tempest-ServerRescueNegativeTestJSON-1179339230 tempest-ServerRescueNegativeTestJSON-1179339230-project-member] Parent process 95191 forked (96398) with an open database connection, which is being discarded and recreated. {{(pid=96398) checkout /opt/stack/data/venv/lib/python3.12/site-packages/oslo_db/sqlalchemy/engines.py:402}}
Jul 03 17:44:21.481433 np0000004448 nova-scheduler[96398]: DEBUG oslo.service.backend._threading.loopingcall [-] Fixed interval looping call 'nova.servicegroup.drivers.db.DbDriver._report_state' sleeping for 119.98 seconds {{(pid=96398) _run_loop /opt/stack/data/venv/lib/python3.12/site-packages/oslo_service/backend/_threading/loopingcall.py:125}}
Jul 03 17:44:21.481479 np0000004448 nova-scheduler[96444]: DEBUG oslo.service.backend._threading.loopingcall [-] Fixed interval looping call 'nova.servicegroup.drivers.db.DbDriver._report_state' sleeping for 119.99 seconds {{(pid=96444) _run_loop /opt/stack/data/venv/lib/python3.12/site-packages/oslo_service/backend/_threading/loopingcall.py:125}}
Jul 03 17:44:21.482815 np0000004448 nova-scheduler[96405]: DEBUG oslo.service.backend._threading.loopingcall [-] Fixed interval looping call 'nova.servicegroup.drivers.db.DbDriver._report_state' sleeping for 119.99 seconds {{(pid=96405) _run_loop /opt/stack/data/venv/lib/python3.12/site-packages/oslo_service/backend/_threading/loopingcall.py:125}}
Jul 03 17:44:21.501709 np0000004448 nova-scheduler[96450]: DEBUG oslo.service.backend._threading.loopingcall [-] Fixed interval looping call 'nova.servicegroup.drivers.db.DbDriver._report_state' sleeping for 120.00 seconds {{(pid=96450) _run_loop /opt/stack/data/venv/lib/python3.12/site-packages/oslo_service/backend/_threading/loopingcall.py:125}}
Jul 03 17:44:21.528329 np0000004448 nova-scheduler[96398]: DEBUG dbcounter [-] [96398] Writer thread running {{(pid=96398) stat_writer /opt/stack/data/venv/lib/python3.12/site-packages/dbcounter.py:102}}
Jul 03 17:44:21.532122 np0000004448 nova-scheduler[96398]: DEBUG oslo_concurrency.lockutils [None req-e2f0ff12-cd0c-4d69-aa6d-1b527149aeba tempest-ServerRescueNegativeTestJSON-1179339230 tempest-ServerRescueNegativeTestJSON-1179339230-project-member] Acquiring lock "a46e36d7-0caa-439b-bb2d-ba45ecdde7cf" by "nova.context.set_target_cell..get_or_set_cached_cell_and_set_connections" {{(pid=96398) inner /opt/stack/data/venv/lib/python3.12/site-packages/oslo_concurrency/lockutils.py:511}}
Jul 03 17:44:21.532388 np0000004448 nova-scheduler[96398]: DEBUG oslo_concurrency.lockutils [None req-e2f0ff12-cd0c-4d69-aa6d-1b527149aeba tempest-ServerRescueNegativeTestJSON-1179339230 tempest-ServerRescueNegativeTestJSON-1179339230-project-member] Lock "a46e36d7-0caa-439b-bb2d-ba45ecdde7cf" acquired by "nova.context.set_target_cell..get_or_set_cached_cell_and_set_connections" :: waited 0.000s {{(pid=96398) inner /opt/stack/data/venv/lib/python3.12/site-packages/oslo_concurrency/lockutils.py:524}}
Jul 03 17:44:21.532486 np0000004448 nova-scheduler[96398]: DEBUG oslo_concurrency.lockutils [None req-e2f0ff12-cd0c-4d69-aa6d-1b527149aeba tempest-ServerRescueNegativeTestJSON-1179339230 tempest-ServerRescueNegativeTestJSON-1179339230-project-member] Lock "a46e36d7-0caa-439b-bb2d-ba45ecdde7cf" "released" by "nova.context.set_target_cell..get_or_set_cached_cell_and_set_connections" :: held 0.000s {{(pid=96398) inner /opt/stack/data/venv/lib/python3.12/site-packages/oslo_concurrency/lockutils.py:543}}
Jul 03 17:44:21.536703 np0000004448 nova-scheduler[96398]: DEBUG oslo_concurrency.lockutils [None req-e2f0ff12-cd0c-4d69-aa6d-1b527149aeba tempest-ServerRescueNegativeTestJSON-1179339230 tempest-ServerRescueNegativeTestJSON-1179339230-project-member] Acquiring lock "np0000004448-np0000004448" by "nova.scheduler.host_manager.HostState.update.._locked_update" {{(pid=96398) inner /opt/stack/data/venv/lib/python3.12/site-packages/oslo_concurrency/lockutils.py:511}}
Jul 03 17:44:21.536899 np0000004448 nova-scheduler[96398]: DEBUG oslo_concurrency.lockutils [None req-e2f0ff12-cd0c-4d69-aa6d-1b527149aeba tempest-ServerRescueNegativeTestJSON-1179339230 tempest-ServerRescueNegativeTestJSON-1179339230-project-member] Lock "np0000004448-np0000004448" acquired by "nova.scheduler.host_manager.HostState.update.._locked_update" :: waited 0.000s {{(pid=96398) inner /opt/stack/data/venv/lib/python3.12/site-packages/oslo_concurrency/lockutils.py:524}}
Jul 03 17:44:21.537828 np0000004448 nova-scheduler[96398]: DEBUG nova.scheduler.host_manager [None req-e2f0ff12-cd0c-4d69-aa6d-1b527149aeba tempest-ServerRescueNegativeTestJSON-1179339230 tempest-ServerRescueNegativeTestJSON-1179339230-project-member] Update host state from compute node: ComputeNode(cpu_allocation_ratio=4.0,cpu_info='{"arch": "x86_64", "model": "EPYC-Milan", "vendor": "AMD", "topology": {"cells": 1, "sockets": 16, "cores": 1, "threads": 1}, "maxphysaddr": {"mode": "emulate", "bits": 40}, "features": ["movbe", "pae", "lbrv", "lm", "ssbd", "virt-ssbd", "flushbyasid", "mmxext", "mca", "perfctr_core", "cmov", "amd-psfd", "xsaves", "mtrr", "fpu", "v-vmsave-vmload", "sse4.2", "3dnowprefetch", "mce", "invpcid", "skip-l1dfl-vmentry", "nx", "abm", "clflushopt", "rdseed", "fsrm", "tsc-deadline", "pcid", "amd-stibp", "svm", "nrip-save", "xsaveerptr", "vpclmulqdq", "rdctl-no", "ibrs", "popcnt", "rdrand", "vgif", "pfthreshold", "x2apic", "npt", "umip", "rdpid", "wbnoinvd", "pse36", "stibp", "pclmuldq", "lfence-always-serializing", "syscall", "erms", "sse", "null-sel-clr-base", "f16c", "no-nested-data-bp", "pge", "lahf_lm", "pse", "pause-filter", "svme-addr-chk", "xsaveopt", "pku", "sha-ni", "aes", "ssse3", "arch-capabilities", "rdtscp", "msr", "avx", "clzero", "pat", "cx8", "de", "avx2", "tsc_adjust", "mds-no", "apic", "fma", "vaes", "vmcb-clean", "arat", "cx16", "tsc-scale", "sep", "tsc", "adx", "pdpe1gb", "amd-ssbd", "cr8legacy", "pni", "hypervisor", "cmp_legacy", "fsgsbase", "topoext", "xgetbv1", "sse4.1", "fxsr", "bmi2", "fxsr_opt", "sse4a", "ibpb", "smap", "mmx", "xsave", "sse2", "gds-no", "xsavec", "osvw", "clflush", "stibp-always-on", "pschange-mc-no", "smep", "clwb", "bmi1", "spec-ctrl", "misalignsse", "vme"]}',created_at=2026-07-03T17:42:41Z,current_workload=0,deleted=False,deleted_at=None,disk_allocation_ratio=1.0,disk_available_least=74,free_disk_gb=95,free_ram_mb=63789,host='np0000004448',host_ip=10.4.3.210,hypervisor_hostname='np0000004448',hypervisor_type='QEMU',hypervisor_version=8002002,id=1,local_gb=95,local_gb_used=0,mapped=1,memory_mb=64301,memory_mb_used=512,metrics='[]',numa_topology='{"nova_object.name": "NUMATopology", "nova_object.namespace": "nova", "nova_object.version": "1.2", "nova_object.data": {"cells": [{"nova_object.name": "NUMACell", "nova_object.namespace": "nova", "nova_object.version": "1.5", "nova_object.data": {"id": 0, "cpuset": [0, 1, 2, 3, 4, 5, 6, 7, 8, 9, 10, 11, 12, 13, 14, 15], "pcpuset": [0, 1, 2, 3, 4, 5, 6, 7, 8, 9, 10, 11, 12, 13, 14, 15], "memory": 64301, "cpu_usage": 0, "memory_usage": 0, "pinned_cpus": [], "siblings": [[6], [12], [2], [15], [5], [11], [8], [14], [4], [1], [7], [10], [0], [13], [3], [9]], "mempages": [{"nova_object.name": "NUMAPagesTopology", "nova_object.namespace": "nova", "nova_object.version": "1.1", "nova_object.data": {"size_kb": 4, "total": 16461069, "used": 0, "reserved": 0}, "nova_object.changes": ["reserved", "size_kb", "used", "total"]}, {"nova_object.name": "NUMAPagesTopology", "nova_object.namespace": "nova", "nova_object.version": "1.1", "nova_object.data": {"size_kb": 2048, "total": 0, "used": 0, "reserved": 0}, "nova_object.changes": ["reserved", "size_kb", "used", "total"]}, {"nova_object.name": "NUMAPagesTopology", "nova_object.namespace": "nova", "nova_object.version": "1.1", "nova_object.data": {"size_kb": 1048576, "total": 0, "used": 0, "reserved": 0}, "nova_object.changes": ["reserved", "size_kb", "used", "total"]}], "network_metadata": {"nova_object.name": "NetworkMetadata", "nova_object.namespace": "nova", "nova_object.version": "1.0", "nova_object.data": {"physnets": [], "tunneled": false}, "nova_object.changes": ["physnets", "tunneled"]}, "socket": null}, "nova_object.changes": ["memory_usage", "pcpuset", "cpu_usage", "pinned_cpus", "id", "memory", "cpuset", "siblings", "network_metadata", "socket", "mempages"]}]}, "nova_object.changes": ["cells"]}',pci_device_pools=PciDevicePoolList,ram_allocation_ratio=1.0,running_vms=0,service_id=2,stats={failed_builds='0',uptime=' 17:43:24 up 24 min, 2 users, load average: 2.28, 1.79, 0.93
Jul 03 17:44:21.537828 np0000004448 nova-scheduler[96398]: '},supported_hv_specs=[HVSpec,HVSpec,HVSpec,HVSpec,HVSpec,HVSpec,HVSpec,HVSpec,HVSpec,HVSpec,HVSpec,HVSpec,HVSpec,HVSpec,HVSpec,HVSpec,HVSpec,HVSpec,HVSpec,HVSpec,HVSpec,HVSpec,HVSpec,HVSpec,HVSpec],updated_at=2026-07-03T17:43:26Z,uuid=23d72896-6276-485c-845b-1554a429431f,vcpus=16,vcpus_used=0) {{(pid=96398) _locked_update /opt/stack/nova/nova/scheduler/host_manager.py:168}}
Jul 03 17:44:21.538525 np0000004448 nova-scheduler[96398]: DEBUG nova.scheduler.host_manager [None req-e2f0ff12-cd0c-4d69-aa6d-1b527149aeba tempest-ServerRescueNegativeTestJSON-1179339230 tempest-ServerRescueNegativeTestJSON-1179339230-project-member] Update host state with aggregates: [] {{(pid=96398) _locked_update /opt/stack/nova/nova/scheduler/host_manager.py:171}}
Jul 03 17:44:21.538632 np0000004448 nova-scheduler[96398]: DEBUG nova.scheduler.host_manager [None req-e2f0ff12-cd0c-4d69-aa6d-1b527149aeba tempest-ServerRescueNegativeTestJSON-1179339230 tempest-ServerRescueNegativeTestJSON-1179339230-project-member] Update host state with service dict: {'id': 2, 'uuid': '957e8b6d-9c3b-469d-ab8f-598474a7a40e', 'host': 'np0000004448', 'binary': 'nova-compute', 'topic': 'compute', 'report_count': 1, 'disabled': False, 'disabled_reason': None, 'last_seen_up': datetime.datetime(2026, 7, 3, 17, 42, 50, tzinfo=datetime.timezone.utc), 'forced_down': False, 'version': 72, 'created_at': datetime.datetime(2026, 7, 3, 17, 42, 39, tzinfo=datetime.timezone.utc), 'updated_at': datetime.datetime(2026, 7, 3, 17, 42, 50, tzinfo=datetime.timezone.utc), 'deleted_at': None, 'deleted': False} {{(pid=96398) _locked_update /opt/stack/nova/nova/scheduler/host_manager.py:174}}
Jul 03 17:44:21.538723 np0000004448 nova-scheduler[96398]: DEBUG nova.scheduler.host_manager [None req-e2f0ff12-cd0c-4d69-aa6d-1b527149aeba tempest-ServerRescueNegativeTestJSON-1179339230 tempest-ServerRescueNegativeTestJSON-1179339230-project-member] Update host state with instances: [] {{(pid=96398) _locked_update /opt/stack/nova/nova/scheduler/host_manager.py:177}}
Jul 03 17:44:21.538846 np0000004448 nova-scheduler[96398]: DEBUG oslo_concurrency.lockutils [None req-e2f0ff12-cd0c-4d69-aa6d-1b527149aeba tempest-ServerRescueNegativeTestJSON-1179339230 tempest-ServerRescueNegativeTestJSON-1179339230-project-member] Lock "np0000004448-np0000004448" "released" by "nova.scheduler.host_manager.HostState.update.._locked_update" :: held 0.002s {{(pid=96398) inner /opt/stack/data/venv/lib/python3.12/site-packages/oslo_concurrency/lockutils.py:543}}
