Jul 03 17:42:21.526880 np0000004448 nova-conductor[98850]: DEBUG cotyledon.oslo_config_glue [-] profiler.filter_error_trace = False {{(pid=98850) log_opt_values /opt/stack/data/venv/lib/python3.12/site-packages/oslo_config/cfg.py:3253}}
Jul 03 17:42:21.526880 np0000004448 nova-conductor[98850]: DEBUG cotyledon.oslo_config_glue [-] profiler.hmac_keys = **** {{(pid=98850) log_opt_values /opt/stack/data/venv/lib/python3.12/site-packages/oslo_config/cfg.py:3253}}
Jul 03 17:42:21.526880 np0000004448 nova-conductor[98850]: DEBUG cotyledon.oslo_config_glue [-] profiler.sentinel_service_name = mymaster {{(pid=98850) log_opt_values /opt/stack/data/venv/lib/python3.12/site-packages/oslo_config/cfg.py:3253}}
Jul 03 17:42:21.526880 np0000004448 nova-conductor[98850]: DEBUG cotyledon.oslo_config_glue [-] profiler.socket_timeout = 0.1 {{(pid=98850) log_opt_values /opt/stack/data/venv/lib/python3.12/site-packages/oslo_config/cfg.py:3253}}
Jul 03 17:42:21.526880 np0000004448 nova-conductor[98850]: DEBUG cotyledon.oslo_config_glue [-] profiler.trace_requests = False {{(pid=98850) log_opt_values /opt/stack/data/venv/lib/python3.12/site-packages/oslo_config/cfg.py:3253}}
Jul 03 17:42:21.526880 np0000004448 nova-conductor[98850]: DEBUG cotyledon.oslo_config_glue [-] profiler.trace_sqlalchemy = False {{(pid=98850) log_opt_values /opt/stack/data/venv/lib/python3.12/site-packages/oslo_config/cfg.py:3253}}
Jul 03 17:42:21.526880 np0000004448 nova-conductor[98850]: DEBUG cotyledon.oslo_config_glue [-] profiler_jaeger.process_tags = {} {{(pid=98850) log_opt_values /opt/stack/data/venv/lib/python3.12/site-packages/oslo_config/cfg.py:3253}}
Jul 03 17:42:21.526880 np0000004448 nova-conductor[98850]: DEBUG cotyledon.oslo_config_glue [-] profiler_jaeger.service_name_prefix = None {{(pid=98850) log_opt_values /opt/stack/data/venv/lib/python3.12/site-packages/oslo_config/cfg.py:3253}}
Jul 03 17:42:21.526880 np0000004448 nova-conductor[98850]: DEBUG cotyledon.oslo_config_glue [-] profiler_otlp.service_name_prefix = None {{(pid=98850) log_opt_values /opt/stack/data/venv/lib/python3.12/site-packages/oslo_config/cfg.py:3253}}
Jul 03 17:42:21.527097 np0000004448 nova-conductor[98850]: DEBUG cotyledon.oslo_config_glue [-] oslo_messaging_rabbit.amqp_auto_delete = False {{(pid=98850) log_opt_values /opt/stack/data/venv/lib/python3.12/site-packages/oslo_config/cfg.py:3253}}
Jul 03 17:42:21.527097 np0000004448 nova-conductor[98850]: DEBUG cotyledon.oslo_config_glue [-] oslo_messaging_rabbit.amqp_durable_queues = False {{(pid=98850) log_opt_values /opt/stack/data/venv/lib/python3.12/site-packages/oslo_config/cfg.py:3253}}
Jul 03 17:42:21.527097 np0000004448 nova-conductor[98850]: DEBUG cotyledon.oslo_config_glue [-] oslo_messaging_rabbit.conn_pool_min_size = 2 {{(pid=98850) log_opt_values /opt/stack/data/venv/lib/python3.12/site-packages/oslo_config/cfg.py:3253}}
Jul 03 17:42:21.527097 np0000004448 nova-conductor[98850]: DEBUG cotyledon.oslo_config_glue [-] oslo_messaging_rabbit.conn_pool_ttl = 1200 {{(pid=98850) log_opt_values /opt/stack/data/venv/lib/python3.12/site-packages/oslo_config/cfg.py:3253}}
Jul 03 17:42:21.527097 np0000004448 nova-conductor[98850]: DEBUG cotyledon.oslo_config_glue [-] oslo_messaging_rabbit.direct_mandatory_flag = True {{(pid=98850) log_opt_values /opt/stack/data/venv/lib/python3.12/site-packages/oslo_config/cfg.py:3253}}
Jul 03 17:42:21.527097 np0000004448 nova-conductor[98850]: DEBUG cotyledon.oslo_config_glue [-] oslo_messaging_rabbit.enable_cancel_on_failover = False {{(pid=98850) log_opt_values /opt/stack/data/venv/lib/python3.12/site-packages/oslo_config/cfg.py:3253}}
Jul 03 17:42:21.527097 np0000004448 nova-conductor[98850]: DEBUG cotyledon.oslo_config_glue [-] oslo_messaging_rabbit.heartbeat_rate = 3 {{(pid=98850) log_opt_values /opt/stack/data/venv/lib/python3.12/site-packages/oslo_config/cfg.py:3253}}
Jul 03 17:42:21.527097 np0000004448 nova-conductor[98850]: DEBUG cotyledon.oslo_config_glue [-] oslo_messaging_rabbit.heartbeat_timeout_threshold = 60 {{(pid=98850) log_opt_values /opt/stack/data/venv/lib/python3.12/site-packages/oslo_config/cfg.py:3253}}
Jul 03 17:42:21.527097 np0000004448 nova-conductor[98850]: DEBUG cotyledon.oslo_config_glue [-] oslo_messaging_rabbit.hostname = np0000004448 {{(pid=98850) log_opt_values /opt/stack/data/venv/lib/python3.12/site-packages/oslo_config/cfg.py:3253}}
Jul 03 17:42:21.527261 np0000004448 nova-conductor[98850]: DEBUG cotyledon.oslo_config_glue [-] oslo_messaging_rabbit.kombu_compression = None {{(pid=98850) log_opt_values /opt/stack/data/venv/lib/python3.12/site-packages/oslo_config/cfg.py:3253}}
Jul 03 17:42:21.527261 np0000004448 nova-conductor[98850]: DEBUG cotyledon.oslo_config_glue [-] oslo_messaging_rabbit.kombu_failover_strategy = round-robin {{(pid=98850) log_opt_values /opt/stack/data/venv/lib/python3.12/site-packages/oslo_config/cfg.py:3253}}
Jul 03 17:42:21.527261 np0000004448 nova-conductor[98850]: DEBUG cotyledon.oslo_config_glue [-] oslo_messaging_rabbit.kombu_missing_consumer_retry_timeout = 60 {{(pid=98850) log_opt_values /opt/stack/data/venv/lib/python3.12/site-packages/oslo_config/cfg.py:3253}}
Jul 03 17:42:21.527261 np0000004448 nova-conductor[98850]: DEBUG cotyledon.oslo_config_glue [-] oslo_messaging_rabbit.kombu_reconnect_delay = 1.0 {{(pid=98850) log_opt_values /opt/stack/data/venv/lib/python3.12/site-packages/oslo_config/cfg.py:3253}}
Jul 03 17:42:21.527261 np0000004448 nova-conductor[98850]: DEBUG cotyledon.oslo_config_glue [-] oslo_messaging_rabbit.kombu_reconnect_splay = 0.0 {{(pid=98850) log_opt_values /opt/stack/data/venv/lib/python3.12/site-packages/oslo_config/cfg.py:3253}}
Jul 03 17:42:21.527261 np0000004448 nova-conductor[98850]: DEBUG cotyledon.oslo_config_glue [-] oslo_messaging_rabbit.processname = nova-conductor {{(pid=98850) log_opt_values /opt/stack/data/venv/lib/python3.12/site-packages/oslo_config/cfg.py:3253}}
Jul 03 17:42:21.527261 np0000004448 nova-conductor[98850]: DEBUG cotyledon.oslo_config_glue [-] oslo_messaging_rabbit.rabbit_ha_queues = False {{(pid=98850) log_opt_values /opt/stack/data/venv/lib/python3.12/site-packages/oslo_config/cfg.py:3253}}
Jul 03 17:42:21.527261 np0000004448 nova-conductor[98850]: DEBUG cotyledon.oslo_config_glue [-] oslo_messaging_rabbit.rabbit_interval_max = 30 {{(pid=98850) log_opt_values /opt/stack/data/venv/lib/python3.12/site-packages/oslo_config/cfg.py:3253}}
Jul 03 17:42:21.527261 np0000004448 nova-conductor[98850]: DEBUG cotyledon.oslo_config_glue [-] oslo_messaging_rabbit.rabbit_login_method = AMQPLAIN {{(pid=98850) log_opt_values /opt/stack/data/venv/lib/python3.12/site-packages/oslo_config/cfg.py:3253}}
Jul 03 17:42:21.527432 np0000004448 nova-conductor[98850]: DEBUG cotyledon.oslo_config_glue [-] oslo_messaging_rabbit.rabbit_qos_prefetch_count = 0 {{(pid=98850) log_opt_values /opt/stack/data/venv/lib/python3.12/site-packages/oslo_config/cfg.py:3253}}
Jul 03 17:42:21.527432 np0000004448 nova-conductor[98850]: DEBUG cotyledon.oslo_config_glue [-] oslo_messaging_rabbit.rabbit_quorum_delivery_limit = 0 {{(pid=98850) log_opt_values /opt/stack/data/venv/lib/python3.12/site-packages/oslo_config/cfg.py:3253}}
Jul 03 17:42:21.527432 np0000004448 nova-conductor[98850]: DEBUG cotyledon.oslo_config_glue [-] oslo_messaging_rabbit.rabbit_quorum_max_memory_bytes = 0 {{(pid=98850) log_opt_values /opt/stack/data/venv/lib/python3.12/site-packages/oslo_config/cfg.py:3253}}
Jul 03 17:42:21.527432 np0000004448 nova-conductor[98850]: DEBUG cotyledon.oslo_config_glue [-] oslo_messaging_rabbit.rabbit_quorum_max_memory_length = 0 {{(pid=98850) log_opt_values /opt/stack/data/venv/lib/python3.12/site-packages/oslo_config/cfg.py:3253}}
Jul 03 17:42:21.527432 np0000004448 nova-conductor[98850]: DEBUG cotyledon.oslo_config_glue [-] oslo_messaging_rabbit.rabbit_quorum_queue = False {{(pid=98850) log_opt_values /opt/stack/data/venv/lib/python3.12/site-packages/oslo_config/cfg.py:3253}}
Jul 03 17:42:21.527432 np0000004448 nova-conductor[98850]: DEBUG cotyledon.oslo_config_glue [-] oslo_messaging_rabbit.rabbit_retry_backoff = 2 {{(pid=98850) log_opt_values /opt/stack/data/venv/lib/python3.12/site-packages/oslo_config/cfg.py:3253}}
Jul 03 17:42:21.527432 np0000004448 nova-conductor[98850]: DEBUG cotyledon.oslo_config_glue [-] oslo_messaging_rabbit.rabbit_retry_interval = 1 {{(pid=98850) log_opt_values /opt/stack/data/venv/lib/python3.12/site-packages/oslo_config/cfg.py:3253}}
Jul 03 17:42:21.527432 np0000004448 nova-conductor[98850]: DEBUG cotyledon.oslo_config_glue [-] oslo_messaging_rabbit.rabbit_stream_fanout = False {{(pid=98850) log_opt_values /opt/stack/data/venv/lib/python3.12/site-packages/oslo_config/cfg.py:3253}}
Jul 03 17:42:21.527572 np0000004448 nova-conductor[98850]: DEBUG cotyledon.oslo_config_glue [-] oslo_messaging_rabbit.rabbit_transient_queues_ttl = 1800 {{(pid=98850) log_opt_values /opt/stack/data/venv/lib/python3.12/site-packages/oslo_config/cfg.py:3253}}
Jul 03 17:42:21.527572 np0000004448 nova-conductor[98850]: DEBUG cotyledon.oslo_config_glue [-] oslo_messaging_rabbit.rabbit_transient_quorum_queue = False {{(pid=98850) log_opt_values /opt/stack/data/venv/lib/python3.12/site-packages/oslo_config/cfg.py:3253}}
Jul 03 17:42:21.527572 np0000004448 nova-conductor[98850]: DEBUG cotyledon.oslo_config_glue [-] oslo_messaging_rabbit.rpc_conn_pool_size = 30 {{(pid=98850) log_opt_values /opt/stack/data/venv/lib/python3.12/site-packages/oslo_config/cfg.py:3253}}
Jul 03 17:42:21.527572 np0000004448 nova-conductor[98850]: DEBUG cotyledon.oslo_config_glue [-] oslo_messaging_rabbit.ssl = False {{(pid=98850) log_opt_values /opt/stack/data/venv/lib/python3.12/site-packages/oslo_config/cfg.py:3253}}
Jul 03 17:42:21.527572 np0000004448 nova-conductor[98850]: DEBUG cotyledon.oslo_config_glue [-] oslo_messaging_rabbit.ssl_ca_file = {{(pid=98850) log_opt_values /opt/stack/data/venv/lib/python3.12/site-packages/oslo_config/cfg.py:3253}}
Jul 03 17:42:21.527572 np0000004448 nova-conductor[98850]: DEBUG cotyledon.oslo_config_glue [-] oslo_messaging_rabbit.ssl_cert_file = {{(pid=98850) log_opt_values /opt/stack/data/venv/lib/python3.12/site-packages/oslo_config/cfg.py:3253}}
Jul 03 17:42:21.527572 np0000004448 nova-conductor[98850]: DEBUG cotyledon.oslo_config_glue [-] oslo_messaging_rabbit.ssl_enforce_fips_mode = False {{(pid=98850) log_opt_values /opt/stack/data/venv/lib/python3.12/site-packages/oslo_config/cfg.py:3253}}
Jul 03 17:42:21.527572 np0000004448 nova-conductor[98850]: DEBUG cotyledon.oslo_config_glue [-] oslo_messaging_rabbit.ssl_enforce_hostname_verification = True {{(pid=98850) log_opt_values /opt/stack/data/venv/lib/python3.12/site-packages/oslo_config/cfg.py:3253}}
Jul 03 17:42:21.527572 np0000004448 nova-conductor[98850]: DEBUG cotyledon.oslo_config_glue [-] oslo_messaging_rabbit.ssl_key_file = {{(pid=98850) log_opt_values /opt/stack/data/venv/lib/python3.12/site-packages/oslo_config/cfg.py:3253}}
Jul 03 17:42:21.527745 np0000004448 nova-conductor[98850]: DEBUG cotyledon.oslo_config_glue [-] oslo_messaging_rabbit.ssl_version = {{(pid=98850) log_opt_values /opt/stack/data/venv/lib/python3.12/site-packages/oslo_config/cfg.py:3253}}
Jul 03 17:42:21.527745 np0000004448 nova-conductor[98850]: DEBUG cotyledon.oslo_config_glue [-] oslo_messaging_rabbit.use_queue_manager = False {{(pid=98850) log_opt_values /opt/stack/data/venv/lib/python3.12/site-packages/oslo_config/cfg.py:3253}}
Jul 03 17:42:21.527745 np0000004448 nova-conductor[98850]: DEBUG cotyledon.oslo_config_glue [-] oslo_messaging_notifications.driver = ['messagingv2'] {{(pid=98850) log_opt_values /opt/stack/data/venv/lib/python3.12/site-packages/oslo_config/cfg.py:3253}}
Jul 03 17:42:21.527745 np0000004448 nova-conductor[98850]: DEBUG cotyledon.oslo_config_glue [-] oslo_messaging_notifications.retry = -1 {{(pid=98850) log_opt_values /opt/stack/data/venv/lib/python3.12/site-packages/oslo_config/cfg.py:3253}}
Jul 03 17:42:21.527745 np0000004448 nova-conductor[98850]: DEBUG cotyledon.oslo_config_glue [-] oslo_messaging_notifications.topics = ['notifications'] {{(pid=98850) log_opt_values /opt/stack/data/venv/lib/python3.12/site-packages/oslo_config/cfg.py:3253}}
Jul 03 17:42:21.527745 np0000004448 nova-conductor[98850]: DEBUG cotyledon.oslo_config_glue [-] oslo_messaging_notifications.transport_url = **** {{(pid=98850) log_opt_values /opt/stack/data/venv/lib/python3.12/site-packages/oslo_config/cfg.py:3253}}
Jul 03 17:42:21.527745 np0000004448 nova-conductor[98850]: DEBUG cotyledon.oslo_config_glue [-] oslo_limit.auth_section = None {{(pid=98850) log_opt_values /opt/stack/data/venv/lib/python3.12/site-packages/oslo_config/cfg.py:3253}}
Jul 03 17:42:21.527745 np0000004448 nova-conductor[98850]: DEBUG cotyledon.oslo_config_glue [-] oslo_limit.auth_type = None {{(pid=98850) log_opt_values /opt/stack/data/venv/lib/python3.12/site-packages/oslo_config/cfg.py:3253}}
Jul 03 17:42:21.527745 np0000004448 nova-conductor[98850]: DEBUG cotyledon.oslo_config_glue [-] oslo_limit.cafile = None {{(pid=98850) log_opt_values /opt/stack/data/venv/lib/python3.12/site-packages/oslo_config/cfg.py:3253}}
Jul 03 17:42:21.527940 np0000004448 nova-conductor[98850]: DEBUG cotyledon.oslo_config_glue [-] oslo_limit.certfile = None {{(pid=98850) log_opt_values /opt/stack/data/venv/lib/python3.12/site-packages/oslo_config/cfg.py:3253}}
Jul 03 17:42:21.527940 np0000004448 nova-conductor[98850]: DEBUG cotyledon.oslo_config_glue [-] oslo_limit.collect_timing = False {{(pid=98850) log_opt_values /opt/stack/data/venv/lib/python3.12/site-packages/oslo_config/cfg.py:3253}}
Jul 03 17:42:21.527940 np0000004448 nova-conductor[98850]: DEBUG cotyledon.oslo_config_glue [-] oslo_limit.connect_retries = None {{(pid=98850) log_opt_values /opt/stack/data/venv/lib/python3.12/site-packages/oslo_config/cfg.py:3253}}
Jul 03 17:42:21.527940 np0000004448 nova-conductor[98850]: DEBUG cotyledon.oslo_config_glue [-] oslo_limit.connect_retry_delay = None {{(pid=98850) log_opt_values /opt/stack/data/venv/lib/python3.12/site-packages/oslo_config/cfg.py:3253}}
Jul 03 17:42:21.527940 np0000004448 nova-conductor[98850]: DEBUG cotyledon.oslo_config_glue [-] oslo_limit.endpoint_id = None {{(pid=98850) log_opt_values /opt/stack/data/venv/lib/python3.12/site-packages/oslo_config/cfg.py:3253}}
Jul 03 17:42:21.527940 np0000004448 nova-conductor[98850]: DEBUG cotyledon.oslo_config_glue [-] oslo_limit.endpoint_interface = public {{(pid=98850) log_opt_values /opt/stack/data/venv/lib/python3.12/site-packages/oslo_config/cfg.py:3253}}
Jul 03 17:42:21.527940 np0000004448 nova-conductor[98850]: DEBUG cotyledon.oslo_config_glue [-] oslo_limit.endpoint_override = None {{(pid=98850) log_opt_values /opt/stack/data/venv/lib/python3.12/site-packages/oslo_config/cfg.py:3253}}
Jul 03 17:42:21.527940 np0000004448 nova-conductor[98850]: DEBUG cotyledon.oslo_config_glue [-] oslo_limit.endpoint_region_name = None {{(pid=98850) log_opt_values /opt/stack/data/venv/lib/python3.12/site-packages/oslo_config/cfg.py:3253}}
Jul 03 17:42:21.527940 np0000004448 nova-conductor[98850]: DEBUG cotyledon.oslo_config_glue [-] oslo_limit.endpoint_service_name = None {{(pid=98850) log_opt_values /opt/stack/data/venv/lib/python3.12/site-packages/oslo_config/cfg.py:3253}}
Jul 03 17:42:21.528176 np0000004448 nova-conductor[98850]: DEBUG cotyledon.oslo_config_glue [-] oslo_limit.endpoint_service_type = None {{(pid=98850) log_opt_values /opt/stack/data/venv/lib/python3.12/site-packages/oslo_config/cfg.py:3253}}
Jul 03 17:42:21.528176 np0000004448 nova-conductor[98850]: DEBUG cotyledon.oslo_config_glue [-] oslo_limit.insecure = False {{(pid=98850) log_opt_values /opt/stack/data/venv/lib/python3.12/site-packages/oslo_config/cfg.py:3253}}
Jul 03 17:42:21.528176 np0000004448 nova-conductor[98850]: DEBUG cotyledon.oslo_config_glue [-] oslo_limit.keyfile = None {{(pid=98850) log_opt_values /opt/stack/data/venv/lib/python3.12/site-packages/oslo_config/cfg.py:3253}}
Jul 03 17:42:21.528176 np0000004448 nova-conductor[98850]: DEBUG cotyledon.oslo_config_glue [-] oslo_limit.max_version = None {{(pid=98850) log_opt_values /opt/stack/data/venv/lib/python3.12/site-packages/oslo_config/cfg.py:3253}}
Jul 03 17:42:21.528176 np0000004448 nova-conductor[98850]: DEBUG cotyledon.oslo_config_glue [-] oslo_limit.min_version = None {{(pid=98850) log_opt_values /opt/stack/data/venv/lib/python3.12/site-packages/oslo_config/cfg.py:3253}}
Jul 03 17:42:21.528176 np0000004448 nova-conductor[98850]: DEBUG cotyledon.oslo_config_glue [-] oslo_limit.region_name = None {{(pid=98850) log_opt_values /opt/stack/data/venv/lib/python3.12/site-packages/oslo_config/cfg.py:3253}}
Jul 03 17:42:21.528176 np0000004448 nova-conductor[98850]: DEBUG cotyledon.oslo_config_glue [-] oslo_limit.retriable_status_codes = None {{(pid=98850) log_opt_values /opt/stack/data/venv/lib/python3.12/site-packages/oslo_config/cfg.py:3253}}
Jul 03 17:42:21.528176 np0000004448 nova-conductor[98850]: DEBUG cotyledon.oslo_config_glue [-] oslo_limit.service_name = None {{(pid=98850) log_opt_values /opt/stack/data/venv/lib/python3.12/site-packages/oslo_config/cfg.py:3253}}
Jul 03 17:42:21.528176 np0000004448 nova-conductor[98850]: DEBUG cotyledon.oslo_config_glue [-] oslo_limit.service_type = None {{(pid=98850) log_opt_values /opt/stack/data/venv/lib/python3.12/site-packages/oslo_config/cfg.py:3253}}
Jul 03 17:42:21.528349 np0000004448 nova-conductor[98850]: DEBUG cotyledon.oslo_config_glue [-] oslo_limit.split_loggers = False {{(pid=98850) log_opt_values /opt/stack/data/venv/lib/python3.12/site-packages/oslo_config/cfg.py:3253}}
Jul 03 17:42:21.528349 np0000004448 nova-conductor[98850]: DEBUG cotyledon.oslo_config_glue [-] oslo_limit.status_code_retries = None {{(pid=98850) log_opt_values /opt/stack/data/venv/lib/python3.12/site-packages/oslo_config/cfg.py:3253}}
Jul 03 17:42:21.528349 np0000004448 nova-conductor[98850]: DEBUG cotyledon.oslo_config_glue [-] oslo_limit.status_code_retry_delay = None {{(pid=98850) log_opt_values /opt/stack/data/venv/lib/python3.12/site-packages/oslo_config/cfg.py:3253}}
Jul 03 17:42:21.528349 np0000004448 nova-conductor[98850]: DEBUG cotyledon.oslo_config_glue [-] oslo_limit.timeout = None {{(pid=98850) log_opt_values /opt/stack/data/venv/lib/python3.12/site-packages/oslo_config/cfg.py:3253}}
Jul 03 17:42:21.528349 np0000004448 nova-conductor[98850]: DEBUG cotyledon.oslo_config_glue [-] oslo_limit.valid_interfaces = None {{(pid=98850) log_opt_values /opt/stack/data/venv/lib/python3.12/site-packages/oslo_config/cfg.py:3253}}
Jul 03 17:42:21.528349 np0000004448 nova-conductor[98850]: DEBUG cotyledon.oslo_config_glue [-] oslo_limit.version = None {{(pid=98850) log_opt_values /opt/stack/data/venv/lib/python3.12/site-packages/oslo_config/cfg.py:3253}}
Jul 03 17:42:21.528349 np0000004448 nova-conductor[98850]: DEBUG cotyledon.oslo_config_glue [-] oslo_reports.file_event_handler = None {{(pid=98850) log_opt_values /opt/stack/data/venv/lib/python3.12/site-packages/oslo_config/cfg.py:3253}}
Jul 03 17:42:21.528349 np0000004448 nova-conductor[98850]: DEBUG cotyledon.oslo_config_glue [-] oslo_reports.file_event_handler_interval = 1 {{(pid=98850) log_opt_values /opt/stack/data/venv/lib/python3.12/site-packages/oslo_config/cfg.py:3253}}
Jul 03 17:42:21.528349 np0000004448 nova-conductor[98850]: DEBUG cotyledon.oslo_config_glue [-] oslo_reports.log_dir = None {{(pid=98850) log_opt_values /opt/stack/data/venv/lib/python3.12/site-packages/oslo_config/cfg.py:3253}}
Jul 03 17:42:21.528512 np0000004448 nova-conductor[98850]: DEBUG cotyledon.oslo_config_glue [-] ******************************************************************************** {{(pid=98850) log_opt_values /opt/stack/data/venv/lib/python3.12/site-packages/oslo_config/cfg.py:3260}}
Jul 03 17:42:21.528512 np0000004448 nova-conductor[98850]: DEBUG cotyledon._service_worker [-] Run service ServiceWrapper(3) [98850] {{(pid=98850) wait_forever /opt/stack/data/venv/lib/python3.12/site-packages/cotyledon/_service_worker.py:218}}
Jul 03 17:42:21.528565 np0000004448 nova-conductor[98833]: DEBUG oslo_db.sqlalchemy.engines [None req-19f1f387-f436-49d5-a0f5-2b743b56497a None None] MySQL server mode set to STRICT_TRANS_TABLES,STRICT_ALL_TABLES,NO_ZERO_IN_DATE,NO_ZERO_DATE,ERROR_FOR_DIVISION_BY_ZERO,TRADITIONAL,NO_ENGINE_SUBSTITUTION {{(pid=98833) _check_effective_sql_mode /opt/stack/data/venv/lib/python3.12/site-packages/oslo_db/sqlalchemy/engines.py:325}}
Jul 03 17:42:21.528593 np0000004448 nova-conductor[98850]: INFO nova.service [-] Starting conductor node (version 33.1.0)
Jul 03 17:42:21.528593 np0000004448 nova-conductor[98850]: INFO dbcounter [None req-ad7b0bff-50a8-47b8-aeb7-b64aa869071a None None] Registered counter for database nova_cell0
Jul 03 17:42:21.528632 np0000004448 nova-conductor[98833]: DEBUG dbcounter [-] [98833] Writer thread running {{(pid=98833) stat_writer /opt/stack/data/venv/lib/python3.12/site-packages/dbcounter.py:102}}
Jul 03 17:42:21.536703 np0000004448 nova-conductor[98838]: DEBUG oslo_db.sqlalchemy.engines [None req-4c4f65c9-1786-404e-a1b2-f33df182ab2c None None] MySQL server mode set to STRICT_TRANS_TABLES,STRICT_ALL_TABLES,NO_ZERO_IN_DATE,NO_ZERO_DATE,ERROR_FOR_DIVISION_BY_ZERO,TRADITIONAL,NO_ENGINE_SUBSTITUTION {{(pid=98838) _check_effective_sql_mode /opt/stack/data/venv/lib/python3.12/site-packages/oslo_db/sqlalchemy/engines.py:325}}
Jul 03 17:42:21.536852 np0000004448 nova-conductor[98833]: DEBUG nova.service [None req-19f1f387-f436-49d5-a0f5-2b743b56497a None None] Creating RPC server for service: nova-conductor on topic: conductor {{(pid=98833) start /opt/stack/nova/nova/service.py:196}}
Jul 03 17:42:21.546551 np0000004448 nova-conductor[98838]: DEBUG dbcounter [-] [98838] Writer thread running {{(pid=98838) stat_writer /opt/stack/data/venv/lib/python3.12/site-packages/dbcounter.py:102}}
Jul 03 17:42:21.548629 np0000004448 nova-conductor[98844]: DEBUG oslo_db.sqlalchemy.engines [None req-d5c643db-4770-4ef8-b47b-47c3a3400d41 None None] MySQL server mode set to STRICT_TRANS_TABLES,STRICT_ALL_TABLES,NO_ZERO_IN_DATE,NO_ZERO_DATE,ERROR_FOR_DIVISION_BY_ZERO,TRADITIONAL,NO_ENGINE_SUBSTITUTION {{(pid=98844) _check_effective_sql_mode /opt/stack/data/venv/lib/python3.12/site-packages/oslo_db/sqlalchemy/engines.py:325}}
Jul 03 17:42:21.549526 np0000004448 nova-conductor[98838]: DEBUG nova.service [None req-4c4f65c9-1786-404e-a1b2-f33df182ab2c None None] Creating RPC server for service: nova-conductor on topic: conductor {{(pid=98838) start /opt/stack/nova/nova/service.py:196}}
Jul 03 17:42:21.564144 np0000004448 nova-conductor[98844]: DEBUG dbcounter [-] [98844] Writer thread running {{(pid=98844) stat_writer /opt/stack/data/venv/lib/python3.12/site-packages/dbcounter.py:102}}
Jul 03 17:42:21.564292 np0000004448 nova-conductor[98850]: DEBUG oslo_db.sqlalchemy.engines [None req-ad7b0bff-50a8-47b8-aeb7-b64aa869071a None None] MySQL server mode set to STRICT_TRANS_TABLES,STRICT_ALL_TABLES,NO_ZERO_IN_DATE,NO_ZERO_DATE,ERROR_FOR_DIVISION_BY_ZERO,TRADITIONAL,NO_ENGINE_SUBSTITUTION {{(pid=98850) _check_effective_sql_mode /opt/stack/data/venv/lib/python3.12/site-packages/oslo_db/sqlalchemy/engines.py:325}}
Jul 03 17:42:21.566056 np0000004448 nova-conductor[98833]: DEBUG nova.service [None req-19f1f387-f436-49d5-a0f5-2b743b56497a None None] Join ServiceGroup membership for this service conductor {{(pid=98833) start /opt/stack/nova/nova/service.py:222}}
Jul 03 17:42:21.566232 np0000004448 nova-conductor[98833]: DEBUG nova.servicegroup.drivers.db [None req-19f1f387-f436-49d5-a0f5-2b743b56497a None None] DB_Driver: join new ServiceGroup member np0000004448 to the conductor group, service = {{(pid=98833) join /opt/stack/nova/nova/servicegroup/drivers/db.py:44}}
Jul 03 17:42:21.568059 np0000004448 nova-conductor[98844]: DEBUG nova.service [None req-d5c643db-4770-4ef8-b47b-47c3a3400d41 None None] Creating RPC server for service: nova-conductor on topic: conductor {{(pid=98844) start /opt/stack/nova/nova/service.py:196}}
Jul 03 17:42:21.574591 np0000004448 nova-conductor[98838]: DEBUG nova.service [None req-4c4f65c9-1786-404e-a1b2-f33df182ab2c None None] Join ServiceGroup membership for this service conductor {{(pid=98838) start /opt/stack/nova/nova/service.py:222}}
Jul 03 17:42:21.576314 np0000004448 nova-conductor[98838]: DEBUG nova.servicegroup.drivers.db [None req-4c4f65c9-1786-404e-a1b2-f33df182ab2c None None] DB_Driver: join new ServiceGroup member np0000004448 to the conductor group, service = {{(pid=98838) join /opt/stack/nova/nova/servicegroup/drivers/db.py:44}}
Jul 03 17:42:21.578154 np0000004448 nova-conductor[98850]: DEBUG dbcounter [-] [98850] Writer thread running {{(pid=98850) stat_writer /opt/stack/data/venv/lib/python3.12/site-packages/dbcounter.py:102}}
Jul 03 17:42:21.581528 np0000004448 nova-conductor[98850]: DEBUG nova.service [None req-ad7b0bff-50a8-47b8-aeb7-b64aa869071a None None] Creating RPC server for service: nova-conductor on topic: conductor {{(pid=98850) start /opt/stack/nova/nova/service.py:196}}
Jul 03 17:42:21.587559 np0000004448 nova-conductor[98844]: DEBUG nova.service [None req-d5c643db-4770-4ef8-b47b-47c3a3400d41 None None] Join ServiceGroup membership for this service conductor {{(pid=98844) start /opt/stack/nova/nova/service.py:222}}
Jul 03 17:42:21.588131 np0000004448 nova-conductor[98844]: DEBUG nova.servicegroup.drivers.db [None req-d5c643db-4770-4ef8-b47b-47c3a3400d41 None None] DB_Driver: join new ServiceGroup member np0000004448 to the conductor group, service = {{(pid=98844) join /opt/stack/nova/nova/servicegroup/drivers/db.py:44}}
Jul 03 17:42:21.599068 np0000004448 nova-conductor[98850]: DEBUG nova.service [None req-ad7b0bff-50a8-47b8-aeb7-b64aa869071a None None] Join ServiceGroup membership for this service conductor {{(pid=98850) start /opt/stack/nova/nova/service.py:222}}
Jul 03 17:42:21.599223 np0000004448 nova-conductor[98850]: DEBUG nova.servicegroup.drivers.db [None req-ad7b0bff-50a8-47b8-aeb7-b64aa869071a None None] DB_Driver: join new ServiceGroup member np0000004448 to the conductor group, service = {{(pid=98850) join /opt/stack/nova/nova/servicegroup/drivers/db.py:44}}
Jul 03 17:42:26.584065 np0000004448 nova-conductor[98833]: DEBUG oslo.service.backend._threading.loopingcall [-] Fixed interval looping call 'nova.servicegroup.drivers.db.DbDriver._report_state' sleeping for 119.99 seconds {{(pid=98833) _run_loop /opt/stack/data/venv/lib/python3.12/site-packages/oslo_service/backend/_threading/loopingcall.py:125}}
Jul 03 17:42:26.586912 np0000004448 nova-conductor[98838]: DEBUG oslo.service.backend._threading.loopingcall [-] Fixed interval looping call 'nova.servicegroup.drivers.db.DbDriver._report_state' sleeping for 119.99 seconds {{(pid=98838) _run_loop /opt/stack/data/venv/lib/python3.12/site-packages/oslo_service/backend/_threading/loopingcall.py:125}}
Jul 03 17:42:26.598565 np0000004448 nova-conductor[98844]: DEBUG oslo.service.backend._threading.loopingcall [-] Fixed interval looping call 'nova.servicegroup.drivers.db.DbDriver._report_state' sleeping for 119.99 seconds {{(pid=98844) _run_loop /opt/stack/data/venv/lib/python3.12/site-packages/oslo_service/backend/_threading/loopingcall.py:125}}
Jul 03 17:42:26.609184 np0000004448 nova-conductor[98850]: DEBUG oslo.service.backend._threading.loopingcall [-] Fixed interval looping call 'nova.servicegroup.drivers.db.DbDriver._report_state' sleeping for 119.99 seconds {{(pid=98850) _run_loop /opt/stack/data/venv/lib/python3.12/site-packages/oslo_service/backend/_threading/loopingcall.py:125}}
Jul 03 17:42:30.162386 np0000004448 nova-conductor[97341]: DEBUG dbcounter [-] [97341] Writing DB stats nova_api:SELECT=1 {{(pid=97341) stat_writer /opt/stack/data/venv/lib/python3.12/site-packages/dbcounter.py:115}}
Jul 03 17:42:30.291807 np0000004448 nova-conductor[97341]: DEBUG dbcounter [-] [97341] Writing DB stats nova_cell0:SELECT=1 {{(pid=97341) stat_writer /opt/stack/data/venv/lib/python3.12/site-packages/dbcounter.py:115}}
Jul 03 17:42:30.294825 np0000004448 nova-conductor[97341]: DEBUG dbcounter [-] [97341] Writing DB stats nova_cell1:SELECT=1 {{(pid=97341) stat_writer /opt/stack/data/venv/lib/python3.12/site-packages/dbcounter.py:115}}
Jul 03 17:42:31.601086 np0000004448 nova-conductor[98850]: DEBUG oslo.service.backend._threading.loopingcall [None req-dc42e560-0d21-4fbd-bf12-0f98a2ea53fd None None] Dynamic interval looping call 'nova.service.Service.periodic_tasks' sleeping for 60.00 seconds {{(pid=98850) _run_loop /opt/stack/data/venv/lib/python3.12/site-packages/oslo_service/backend/_threading/loopingcall.py:125}}
Jul 03 17:42:36.576583 np0000004448 nova-conductor[98833]: DEBUG dbcounter [-] [98833] Writing DB stats nova_cell0:SELECT=4,nova_cell0:INSERT=1,nova_cell0:UPDATE=1 {{(pid=98833) stat_writer /opt/stack/data/venv/lib/python3.12/site-packages/dbcounter.py:115}}
Jul 03 17:42:36.584069 np0000004448 nova-conductor[98838]: DEBUG dbcounter [-] [98838] Writing DB stats nova_cell0:SELECT=3 {{(pid=98838) stat_writer /opt/stack/data/venv/lib/python3.12/site-packages/dbcounter.py:115}}
Jul 03 17:42:36.596214 np0000004448 nova-conductor[98844]: DEBUG dbcounter [-] [98844] Writing DB stats nova_cell0:SELECT=3 {{(pid=98844) stat_writer /opt/stack/data/venv/lib/python3.12/site-packages/dbcounter.py:115}}
Jul 03 17:42:36.606617 np0000004448 nova-conductor[98850]: DEBUG dbcounter [-] [98850] Writing DB stats nova_cell0:SELECT=3 {{(pid=98850) stat_writer /opt/stack/data/venv/lib/python3.12/site-packages/dbcounter.py:115}}
Jul 03 17:42:59.569407 np0000004448 nova-conductor[98833]: DEBUG oslo.service.backend._threading.loopingcall [None req-44b2bc91-a3f1-447a-ba1e-bce83d4844c7 None None] Dynamic interval looping call 'nova.service.Service.periodic_tasks' sleeping for 60.00 seconds {{(pid=98833) _run_loop /opt/stack/data/venv/lib/python3.12/site-packages/oslo_service/backend/_threading/loopingcall.py:125}}
Jul 03 17:43:09.590781 np0000004448 nova-conductor[98844]: DEBUG oslo.service.backend._threading.loopingcall [None req-8530f24c-97a8-439d-8409-58ce9e83d853 None None] Dynamic interval looping call 'nova.service.Service.periodic_tasks' sleeping for 60.00 seconds {{(pid=98844) _run_loop /opt/stack/data/venv/lib/python3.12/site-packages/oslo_service/backend/_threading/loopingcall.py:125}}
Jul 03 17:43:10.578873 np0000004448 nova-conductor[98838]: DEBUG oslo.service.backend._threading.loopingcall [None req-67a5ee29-5a74-482e-ac86-2ae660d92c18 None None] Dynamic interval looping call 'nova.service.Service.periodic_tasks' sleeping for 60.00 seconds {{(pid=98838) _run_loop /opt/stack/data/venv/lib/python3.12/site-packages/oslo_service/backend/_threading/loopingcall.py:125}}
Jul 03 17:43:31.601525 np0000004448 nova-conductor[98850]: DEBUG oslo.service.backend._threading.loopingcall [None req-dc42e560-0d21-4fbd-bf12-0f98a2ea53fd None None] Dynamic interval looping call 'nova.service.Service.periodic_tasks' sleeping for 60.00 seconds {{(pid=98850) _run_loop /opt/stack/data/venv/lib/python3.12/site-packages/oslo_service/backend/_threading/loopingcall.py:125}}
Jul 03 17:43:59.569849 np0000004448 nova-conductor[98833]: DEBUG oslo.service.backend._threading.loopingcall [None req-44b2bc91-a3f1-447a-ba1e-bce83d4844c7 None None] Dynamic interval looping call 'nova.service.Service.periodic_tasks' sleeping for 60.00 seconds {{(pid=98833) _run_loop /opt/stack/data/venv/lib/python3.12/site-packages/oslo_service/backend/_threading/loopingcall.py:125}}
Jul 03 17:44:09.591285 np0000004448 nova-conductor[98844]: DEBUG oslo.service.backend._threading.loopingcall [None req-8530f24c-97a8-439d-8409-58ce9e83d853 None None] Dynamic interval looping call 'nova.service.Service.periodic_tasks' sleeping for 60.00 seconds {{(pid=98844) _run_loop /opt/stack/data/venv/lib/python3.12/site-packages/oslo_service/backend/_threading/loopingcall.py:125}}
Jul 03 17:44:10.579400 np0000004448 nova-conductor[98838]: DEBUG oslo.service.backend._threading.loopingcall [None req-67a5ee29-5a74-482e-ac86-2ae660d92c18 None None] Dynamic interval looping call 'nova.service.Service.periodic_tasks' sleeping for 60.00 seconds {{(pid=98838) _run_loop /opt/stack/data/venv/lib/python3.12/site-packages/oslo_service/backend/_threading/loopingcall.py:125}}
Jul 03 17:44:20.765003 np0000004448 nova-conductor[98833]: DEBUG oslo_db.sqlalchemy.engines [None req-e2f0ff12-cd0c-4d69-aa6d-1b527149aeba tempest-ServerRescueNegativeTestJSON-1179339230 tempest-ServerRescueNegativeTestJSON-1179339230-project-member] Parent process 97341 forked (98833) with an open database connection, which is being discarded and recreated. {{(pid=98833) checkout /opt/stack/data/venv/lib/python3.12/site-packages/oslo_db/sqlalchemy/engines.py:402}}
Jul 03 17:44:20.818755 np0000004448 nova-conductor[98833]: DEBUG dbcounter [-] [98833] Writer thread running {{(pid=98833) stat_writer /opt/stack/data/venv/lib/python3.12/site-packages/dbcounter.py:102}}
Jul 03 17:44:21.848667 np0000004448 nova-conductor[98833]: DEBUG nova.conductor.manager [None req-e2f0ff12-cd0c-4d69-aa6d-1b527149aeba tempest-ServerRescueNegativeTestJSON-1179339230 tempest-ServerRescueNegativeTestJSON-1179339230-project-member] Took 1.03 seconds to select destinations for 1 instance(s). {{(pid=98833) _schedule_instances /opt/stack/nova/nova/conductor/manager.py:968}}
Jul 03 17:44:21.880989 np0000004448 nova-conductor[98833]: DEBUG oslo_concurrency.lockutils [None req-e2f0ff12-cd0c-4d69-aa6d-1b527149aeba tempest-ServerRescueNegativeTestJSON-1179339230 tempest-ServerRescueNegativeTestJSON-1179339230-project-member] Acquiring lock "a46e36d7-0caa-439b-bb2d-ba45ecdde7cf" by "nova.context.set_target_cell..get_or_set_cached_cell_and_set_connections" {{(pid=98833) inner /opt/stack/data/venv/lib/python3.12/site-packages/oslo_concurrency/lockutils.py:511}}
Jul 03 17:44:21.881558 np0000004448 nova-conductor[98833]: DEBUG oslo_concurrency.lockutils [None req-e2f0ff12-cd0c-4d69-aa6d-1b527149aeba tempest-ServerRescueNegativeTestJSON-1179339230 tempest-ServerRescueNegativeTestJSON-1179339230-project-member] Lock "a46e36d7-0caa-439b-bb2d-ba45ecdde7cf" acquired by "nova.context.set_target_cell..get_or_set_cached_cell_and_set_connections" :: waited 0.001s {{(pid=98833) inner /opt/stack/data/venv/lib/python3.12/site-packages/oslo_concurrency/lockutils.py:524}}
Jul 03 17:44:21.883689 np0000004448 nova-conductor[98833]: DEBUG oslo_concurrency.lockutils [None req-e2f0ff12-cd0c-4d69-aa6d-1b527149aeba tempest-ServerRescueNegativeTestJSON-1179339230 tempest-ServerRescueNegativeTestJSON-1179339230-project-member] Lock "a46e36d7-0caa-439b-bb2d-ba45ecdde7cf" "released" by "nova.context.set_target_cell..get_or_set_cached_cell_and_set_connections" :: held 0.002s {{(pid=98833) inner /opt/stack/data/venv/lib/python3.12/site-packages/oslo_concurrency/lockutils.py:543}}
Jul 03 17:44:21.886097 np0000004448 nova-conductor[98833]: INFO dbcounter [None req-e2f0ff12-cd0c-4d69-aa6d-1b527149aeba tempest-ServerRescueNegativeTestJSON-1179339230 tempest-ServerRescueNegativeTestJSON-1179339230-project-member] Registered counter for database nova_cell1
Jul 03 17:44:21.927916 np0000004448 nova-conductor[98833]: DEBUG oslo_db.sqlalchemy.engines [None req-e2f0ff12-cd0c-4d69-aa6d-1b527149aeba tempest-ServerRescueNegativeTestJSON-1179339230 tempest-ServerRescueNegativeTestJSON-1179339230-project-member] MySQL server mode set to STRICT_TRANS_TABLES,STRICT_ALL_TABLES,NO_ZERO_IN_DATE,NO_ZERO_DATE,ERROR_FOR_DIVISION_BY_ZERO,TRADITIONAL,NO_ENGINE_SUBSTITUTION {{(pid=98833) _check_effective_sql_mode /opt/stack/data/venv/lib/python3.12/site-packages/oslo_db/sqlalchemy/engines.py:325}}
Jul 03 17:44:21.933936 np0000004448 nova-conductor[98833]: DEBUG dbcounter [-] [98833] Writer thread running {{(pid=98833) stat_writer /opt/stack/data/venv/lib/python3.12/site-packages/dbcounter.py:102}}
Jul 03 17:44:22.002719 np0000004448 nova-conductor[98833]: INFO nova.utils [None req-e2f0ff12-cd0c-4d69-aa6d-1b527149aeba tempest-ServerRescueNegativeTestJSON-1179339230 tempest-ServerRescueNegativeTestJSON-1179339230-project-member] The cell worker thread pool ForkProcess-1.cell_worker is initialized
Jul 03 17:44:22.003880 np0000004448 nova-conductor[98833]: DEBUG oslo_concurrency.lockutils [None req-e2f0ff12-cd0c-4d69-aa6d-1b527149aeba tempest-ServerRescueNegativeTestJSON-1179339230 tempest-ServerRescueNegativeTestJSON-1179339230-project-member] Acquiring lock "00000000-0000-0000-0000-000000000000" by "nova.context.set_target_cell..get_or_set_cached_cell_and_set_connections" {{(pid=98833) inner /opt/stack/data/venv/lib/python3.12/site-packages/oslo_concurrency/lockutils.py:511}}
Jul 03 17:44:22.003880 np0000004448 nova-conductor[98833]: DEBUG oslo_concurrency.lockutils [None req-e2f0ff12-cd0c-4d69-aa6d-1b527149aeba tempest-ServerRescueNegativeTestJSON-1179339230 tempest-ServerRescueNegativeTestJSON-1179339230-project-member] Lock "00000000-0000-0000-0000-000000000000" acquired by "nova.context.set_target_cell..get_or_set_cached_cell_and_set_connections" :: waited 0.000s {{(pid=98833) inner /opt/stack/data/venv/lib/python3.12/site-packages/oslo_concurrency/lockutils.py:524}}
Jul 03 17:44:22.003880 np0000004448 nova-conductor[98833]: DEBUG oslo_concurrency.lockutils [None req-e2f0ff12-cd0c-4d69-aa6d-1b527149aeba tempest-ServerRescueNegativeTestJSON-1179339230 tempest-ServerRescueNegativeTestJSON-1179339230-project-member] Lock "00000000-0000-0000-0000-000000000000" "released" by "nova.context.set_target_cell..get_or_set_cached_cell_and_set_connections" :: held 0.000s {{(pid=98833) inner /opt/stack/data/venv/lib/python3.12/site-packages/oslo_concurrency/lockutils.py:543}}
Jul 03 17:44:22.004328 np0000004448 nova-conductor[98833]: DEBUG oslo_concurrency.lockutils [None req-e2f0ff12-cd0c-4d69-aa6d-1b527149aeba tempest-ServerRescueNegativeTestJSON-1179339230 tempest-ServerRescueNegativeTestJSON-1179339230-project-member] Acquiring lock "a46e36d7-0caa-439b-bb2d-ba45ecdde7cf" by "nova.context.set_target_cell..get_or_set_cached_cell_and_set_connections" {{(pid=98833) inner /opt/stack/data/venv/lib/python3.12/site-packages/oslo_concurrency/lockutils.py:511}}
Jul 03 17:44:22.006248 np0000004448 nova-conductor[98833]: INFO dbcounter [None req-e2f0ff12-cd0c-4d69-aa6d-1b527149aeba tempest-ServerRescueNegativeTestJSON-1179339230 tempest-ServerRescueNegativeTestJSON-1179339230-project-member] Registered counter for database nova_cell0
Jul 03 17:44:22.008485 np0000004448 nova-conductor[98833]: DEBUG oslo_concurrency.lockutils [None req-e2f0ff12-cd0c-4d69-aa6d-1b527149aeba tempest-ServerRescueNegativeTestJSON-1179339230 tempest-ServerRescueNegativeTestJSON-1179339230-project-member] Lock "a46e36d7-0caa-439b-bb2d-ba45ecdde7cf" acquired by "nova.context.set_target_cell..get_or_set_cached_cell_and_set_connections" :: waited 0.001s {{(pid=98833) inner /opt/stack/data/venv/lib/python3.12/site-packages/oslo_concurrency/lockutils.py:524}}
Jul 03 17:44:22.008485 np0000004448 nova-conductor[98833]: DEBUG oslo_concurrency.lockutils [None req-e2f0ff12-cd0c-4d69-aa6d-1b527149aeba tempest-ServerRescueNegativeTestJSON-1179339230 tempest-ServerRescueNegativeTestJSON-1179339230-project-member] Lock "a46e36d7-0caa-439b-bb2d-ba45ecdde7cf" "released" by "nova.context.set_target_cell..get_or_set_cached_cell_and_set_connections" :: held 0.002s {{(pid=98833) inner /opt/stack/data/venv/lib/python3.12/site-packages/oslo_concurrency/lockutils.py:543}}
Jul 03 17:44:22.064006 np0000004448 nova-conductor[98833]: DEBUG oslo_db.sqlalchemy.engines [None req-e2f0ff12-cd0c-4d69-aa6d-1b527149aeba tempest-ServerRescueNegativeTestJSON-1179339230 tempest-ServerRescueNegativeTestJSON-1179339230-project-member] MySQL server mode set to STRICT_TRANS_TABLES,STRICT_ALL_TABLES,NO_ZERO_IN_DATE,NO_ZERO_DATE,ERROR_FOR_DIVISION_BY_ZERO,TRADITIONAL,NO_ENGINE_SUBSTITUTION {{(pid=98833) _check_effective_sql_mode /opt/stack/data/venv/lib/python3.12/site-packages/oslo_db/sqlalchemy/engines.py:325}}
Jul 03 17:44:22.070829 np0000004448 nova-conductor[98833]: DEBUG dbcounter [-] [98833] Writer thread running {{(pid=98833) stat_writer /opt/stack/data/venv/lib/python3.12/site-packages/dbcounter.py:102}}
Jul 03 17:44:22.087749 np0000004448 nova-conductor[98833]: DEBUG nova.quota [None req-e2f0ff12-cd0c-4d69-aa6d-1b527149aeba tempest-ServerRescueNegativeTestJSON-1179339230 tempest-ServerRescueNegativeTestJSON-1179339230-project-member] Getting quotas for project c0fbae4ca496422f8faa6cd559d82f3b. Resources: {'instances', 'ram', 'cores'} {{(pid=98833) _get_quotas /opt/stack/nova/nova/quota.py:389}}
Jul 03 17:44:22.093253 np0000004448 nova-conductor[98833]: DEBUG nova.quota [None req-e2f0ff12-cd0c-4d69-aa6d-1b527149aeba tempest-ServerRescueNegativeTestJSON-1179339230 tempest-ServerRescueNegativeTestJSON-1179339230-project-member] Getting quotas for user e49ec1c8dfce42d486227ce1428ffef7 and project c0fbae4ca496422f8faa6cd559d82f3b. Resources: {'instances', 'ram', 'cores'} {{(pid=98833) _get_quotas /opt/stack/nova/nova/quota.py:379}}
Jul 03 17:44:22.097528 np0000004448 nova-conductor[98833]: DEBUG nova.conductor.manager [None req-e2f0ff12-cd0c-4d69-aa6d-1b527149aeba tempest-ServerRescueNegativeTestJSON-1179339230 tempest-ServerRescueNegativeTestJSON-1179339230-project-member] [instance: 27de75a5-f6e7-46f1-8797-0dad8cc7f2b1] Selected host: np0000004448; Selected node: np0000004448; Alternates: [] {{(pid=98833) schedule_and_build_instances /opt/stack/nova/nova/conductor/manager.py:1784}}
Jul 03 17:44:22.097528 np0000004448 nova-conductor[98833]: DEBUG oslo_concurrency.lockutils [None req-e2f0ff12-cd0c-4d69-aa6d-1b527149aeba tempest-ServerRescueNegativeTestJSON-1179339230 tempest-ServerRescueNegativeTestJSON-1179339230-project-member] Acquiring lock "a46e36d7-0caa-439b-bb2d-ba45ecdde7cf" by "nova.context.set_target_cell..get_or_set_cached_cell_and_set_connections" {{(pid=98833) inner /opt/stack/data/venv/lib/python3.12/site-packages/oslo_concurrency/lockutils.py:511}}
Jul 03 17:44:22.097914 np0000004448 nova-conductor[98833]: DEBUG oslo_concurrency.lockutils [None req-e2f0ff12-cd0c-4d69-aa6d-1b527149aeba tempest-ServerRescueNegativeTestJSON-1179339230 tempest-ServerRescueNegativeTestJSON-1179339230-project-member] Lock "a46e36d7-0caa-439b-bb2d-ba45ecdde7cf" acquired by "nova.context.set_target_cell..get_or_set_cached_cell_and_set_connections" :: waited 0.000s {{(pid=98833) inner /opt/stack/data/venv/lib/python3.12/site-packages/oslo_concurrency/lockutils.py:524}}
Jul 03 17:44:22.097914 np0000004448 nova-conductor[98833]: DEBUG oslo_concurrency.lockutils [None req-e2f0ff12-cd0c-4d69-aa6d-1b527149aeba tempest-ServerRescueNegativeTestJSON-1179339230 tempest-ServerRescueNegativeTestJSON-1179339230-project-member] Lock "a46e36d7-0caa-439b-bb2d-ba45ecdde7cf" "released" by "nova.context.set_target_cell..get_or_set_cached_cell_and_set_connections" :: held 0.000s {{(pid=98833) inner /opt/stack/data/venv/lib/python3.12/site-packages/oslo_concurrency/lockutils.py:543}}
Jul 03 17:44:22.108911 np0000004448 nova-conductor[98833]: DEBUG nova.conductor.manager [None req-e2f0ff12-cd0c-4d69-aa6d-1b527149aeba tempest-ServerRescueNegativeTestJSON-1179339230 tempest-ServerRescueNegativeTestJSON-1179339230-project-member] [instance: 27de75a5-f6e7-46f1-8797-0dad8cc7f2b1] block_device_mapping [BlockDeviceMapping(attachment_id=,boot_index=0,connection_info=None,created_at=,delete_on_termination=True,deleted=,deleted_at=,destination_type='local',device_name=None,device_type='disk',disk_bus=None,encrypted=False,encryption_format=None,encryption_options=None,encryption_secret_uuid=None,guest_format=None,id=,image_id='0f8cf03e-c2ff-47a7-8270-fb035d269a4f',instance=,instance_uuid=,no_device=False,snapshot_id=None,source_type='image',tag=None,updated_at=,uuid=,volume_id=None,volume_size=None,volume_type=None)] {{(pid=98833) _create_block_device_mapping /opt/stack/nova/nova/conductor/manager.py:1529}}
Jul 03 17:44:22.110169 np0000004448 nova-conductor[98833]: DEBUG oslo_concurrency.lockutils [None req-e2f0ff12-cd0c-4d69-aa6d-1b527149aeba tempest-ServerRescueNegativeTestJSON-1179339230 tempest-ServerRescueNegativeTestJSON-1179339230-project-member] Acquiring lock "a46e36d7-0caa-439b-bb2d-ba45ecdde7cf" by "nova.context.set_target_cell..get_or_set_cached_cell_and_set_connections" {{(pid=98833) inner /opt/stack/data/venv/lib/python3.12/site-packages/oslo_concurrency/lockutils.py:511}}
Jul 03 17:44:22.110169 np0000004448 nova-conductor[98833]: DEBUG oslo_concurrency.lockutils [None req-e2f0ff12-cd0c-4d69-aa6d-1b527149aeba tempest-ServerRescueNegativeTestJSON-1179339230 tempest-ServerRescueNegativeTestJSON-1179339230-project-member] Lock "a46e36d7-0caa-439b-bb2d-ba45ecdde7cf" acquired by "nova.context.set_target_cell..get_or_set_cached_cell_and_set_connections" :: waited 0.000s {{(pid=98833) inner /opt/stack/data/venv/lib/python3.12/site-packages/oslo_concurrency/lockutils.py:524}}
Jul 03 17:44:22.110721 np0000004448 nova-conductor[98833]: DEBUG oslo_concurrency.lockutils [None req-e2f0ff12-cd0c-4d69-aa6d-1b527149aeba tempest-ServerRescueNegativeTestJSON-1179339230 tempest-ServerRescueNegativeTestJSON-1179339230-project-member] Lock "a46e36d7-0caa-439b-bb2d-ba45ecdde7cf" "released" by "nova.context.set_target_cell..get_or_set_cached_cell_and_set_connections" :: held 0.000s {{(pid=98833) inner /opt/stack/data/venv/lib/python3.12/site-packages/oslo_concurrency/lockutils.py:543}}
Jul 03 17:44:22.147521 np0000004448 nova-conductor[98833]: DEBUG oslo_concurrency.lockutils [None req-e2f0ff12-cd0c-4d69-aa6d-1b527149aeba tempest-ServerRescueNegativeTestJSON-1179339230 tempest-ServerRescueNegativeTestJSON-1179339230-project-member] Acquiring lock "a46e36d7-0caa-439b-bb2d-ba45ecdde7cf" by "nova.context.set_target_cell..get_or_set_cached_cell_and_set_connections" {{(pid=98833) inner /opt/stack/data/venv/lib/python3.12/site-packages/oslo_concurrency/lockutils.py:511}}
Jul 03 17:44:22.147521 np0000004448 nova-conductor[98833]: DEBUG oslo_concurrency.lockutils [None req-e2f0ff12-cd0c-4d69-aa6d-1b527149aeba tempest-ServerRescueNegativeTestJSON-1179339230 tempest-ServerRescueNegativeTestJSON-1179339230-project-member] Lock "a46e36d7-0caa-439b-bb2d-ba45ecdde7cf" acquired by "nova.context.set_target_cell..get_or_set_cached_cell_and_set_connections" :: waited 0.000s {{(pid=98833) inner /opt/stack/data/venv/lib/python3.12/site-packages/oslo_concurrency/lockutils.py:524}}
Jul 03 17:44:22.147521 np0000004448 nova-conductor[98833]: DEBUG oslo_concurrency.lockutils [None req-e2f0ff12-cd0c-4d69-aa6d-1b527149aeba tempest-ServerRescueNegativeTestJSON-1179339230 tempest-ServerRescueNegativeTestJSON-1179339230-project-member] Lock "a46e36d7-0caa-439b-bb2d-ba45ecdde7cf" "released" by "nova.context.set_target_cell..get_or_set_cached_cell_and_set_connections" :: held 0.000s {{(pid=98833) inner /opt/stack/data/venv/lib/python3.12/site-packages/oslo_concurrency/lockutils.py:543}}
Jul 03 17:44:22.147521 np0000004448 nova-conductor[98833]: DEBUG oslo_concurrency.lockutils [None req-e2f0ff12-cd0c-4d69-aa6d-1b527149aeba tempest-ServerRescueNegativeTestJSON-1179339230 tempest-ServerRescueNegativeTestJSON-1179339230-project-member] Acquiring lock "compute-rpcapi-router" {{(pid=98833) lock /opt/stack/data/venv/lib/python3.12/site-packages/oslo_concurrency/lockutils.py:395}}
Jul 03 17:44:22.147849 np0000004448 nova-conductor[98833]: DEBUG oslo_concurrency.lockutils [None req-e2f0ff12-cd0c-4d69-aa6d-1b527149aeba tempest-ServerRescueNegativeTestJSON-1179339230 tempest-ServerRescueNegativeTestJSON-1179339230-project-member] Acquired lock "compute-rpcapi-router" {{(pid=98833) lock /opt/stack/data/venv/lib/python3.12/site-packages/oslo_concurrency/lockutils.py:398}}
Jul 03 17:44:22.147849 np0000004448 nova-conductor[98833]: DEBUG oslo_concurrency.lockutils [None req-c485ba2f-fc68-475b-9f7f-e83e693bbfc7 None None] Acquiring lock "00000000-0000-0000-0000-000000000000" by "nova.context.set_target_cell..get_or_set_cached_cell_and_set_connections" {{(pid=98833) inner /opt/stack/data/venv/lib/python3.12/site-packages/oslo_concurrency/lockutils.py:511}}
Jul 03 17:44:22.148047 np0000004448 nova-conductor[98833]: DEBUG oslo_concurrency.lockutils [None req-c485ba2f-fc68-475b-9f7f-e83e693bbfc7 None None] Lock "00000000-0000-0000-0000-000000000000" acquired by "nova.context.set_target_cell..get_or_set_cached_cell_and_set_connections" :: waited 0.000s {{(pid=98833) inner /opt/stack/data/venv/lib/python3.12/site-packages/oslo_concurrency/lockutils.py:524}}
Jul 03 17:44:22.148047 np0000004448 nova-conductor[98833]: DEBUG oslo_concurrency.lockutils [None req-c485ba2f-fc68-475b-9f7f-e83e693bbfc7 None None] Lock "00000000-0000-0000-0000-000000000000" "released" by "nova.context.set_target_cell..get_or_set_cached_cell_and_set_connections" :: held 0.000s {{(pid=98833) inner /opt/stack/data/venv/lib/python3.12/site-packages/oslo_concurrency/lockutils.py:543}}
Jul 03 17:44:22.149513 np0000004448 nova-conductor[98833]: DEBUG oslo_concurrency.lockutils [None req-c485ba2f-fc68-475b-9f7f-e83e693bbfc7 None None] Acquiring lock "a46e36d7-0caa-439b-bb2d-ba45ecdde7cf" by "nova.context.set_target_cell..get_or_set_cached_cell_and_set_connections" {{(pid=98833) inner /opt/stack/data/venv/lib/python3.12/site-packages/oslo_concurrency/lockutils.py:511}}
Jul 03 17:44:22.149513 np0000004448 nova-conductor[98833]: DEBUG oslo_concurrency.lockutils [None req-c485ba2f-fc68-475b-9f7f-e83e693bbfc7 None None] Lock "a46e36d7-0caa-439b-bb2d-ba45ecdde7cf" acquired by "nova.context.set_target_cell..get_or_set_cached_cell_and_set_connections" :: waited 0.000s {{(pid=98833) inner /opt/stack/data/venv/lib/python3.12/site-packages/oslo_concurrency/lockutils.py:524}}
Jul 03 17:44:22.149513 np0000004448 nova-conductor[98833]: DEBUG oslo_concurrency.lockutils [None req-c485ba2f-fc68-475b-9f7f-e83e693bbfc7 None None] Lock "a46e36d7-0caa-439b-bb2d-ba45ecdde7cf" "released" by "nova.context.set_target_cell..get_or_set_cached_cell_and_set_connections" :: held 0.000s {{(pid=98833) inner /opt/stack/data/venv/lib/python3.12/site-packages/oslo_concurrency/lockutils.py:543}}
