Jul 28 07:03:43.807918 np0000005960 nova-scheduler[96531]: DEBUG cotyledon.oslo_config_glue [-] workarounds.ensure_libvirt_rbd_instance_dir_cleanup = False {{(pid=96531) log_opt_values /opt/stack/data/venv/lib/python3.12/site-packages/oslo_config/cfg.py:3253}}
Jul 28 07:03:43.807918 np0000005960 nova-scheduler[96531]: DEBUG cotyledon.oslo_config_glue [-] workarounds.handle_virt_lifecycle_events = True {{(pid=96531) log_opt_values /opt/stack/data/venv/lib/python3.12/site-packages/oslo_config/cfg.py:3253}}
Jul 28 07:03:43.807918 np0000005960 nova-scheduler[96531]: DEBUG cotyledon.oslo_config_glue [-] workarounds.libvirt_disable_apic = False {{(pid=96531) log_opt_values /opt/stack/data/venv/lib/python3.12/site-packages/oslo_config/cfg.py:3253}}
Jul 28 07:03:43.807918 np0000005960 nova-scheduler[96531]: DEBUG cotyledon.oslo_config_glue [-] workarounds.never_download_image_if_on_rbd = False {{(pid=96531) log_opt_values /opt/stack/data/venv/lib/python3.12/site-packages/oslo_config/cfg.py:3253}}
Jul 28 07:03:43.808203 np0000005960 nova-scheduler[96531]: DEBUG cotyledon.oslo_config_glue [-] workarounds.qemu_monitor_announce_self_count = 3 {{(pid=96531) log_opt_values /opt/stack/data/venv/lib/python3.12/site-packages/oslo_config/cfg.py:3253}}
Jul 28 07:03:43.808203 np0000005960 nova-scheduler[96531]: DEBUG cotyledon.oslo_config_glue [-] workarounds.qemu_monitor_announce_self_interval = 1 {{(pid=96531) log_opt_values /opt/stack/data/venv/lib/python3.12/site-packages/oslo_config/cfg.py:3253}}
Jul 28 07:03:43.808203 np0000005960 nova-scheduler[96531]: DEBUG cotyledon.oslo_config_glue [-] workarounds.reserve_disk_resource_for_image_cache = False {{(pid=96531) log_opt_values /opt/stack/data/venv/lib/python3.12/site-packages/oslo_config/cfg.py:3253}}
Jul 28 07:03:43.808203 np0000005960 nova-scheduler[96531]: DEBUG cotyledon.oslo_config_glue [-] workarounds.skip_cpu_compare_at_startup = False {{(pid=96531) log_opt_values /opt/stack/data/venv/lib/python3.12/site-packages/oslo_config/cfg.py:3253}}
Jul 28 07:03:43.808203 np0000005960 nova-scheduler[96531]: DEBUG cotyledon.oslo_config_glue [-] workarounds.skip_cpu_compare_on_dest = False {{(pid=96531) log_opt_values /opt/stack/data/venv/lib/python3.12/site-packages/oslo_config/cfg.py:3253}}
Jul 28 07:03:43.808203 np0000005960 nova-scheduler[96531]: DEBUG cotyledon.oslo_config_glue [-] workarounds.skip_hypervisor_version_check_on_lm = False {{(pid=96531) log_opt_values /opt/stack/data/venv/lib/python3.12/site-packages/oslo_config/cfg.py:3253}}
Jul 28 07:03:43.808203 np0000005960 nova-scheduler[96531]: DEBUG cotyledon.oslo_config_glue [-] workarounds.skip_reserve_in_use_ironic_nodes = False {{(pid=96531) log_opt_values /opt/stack/data/venv/lib/python3.12/site-packages/oslo_config/cfg.py:3253}}
Jul 28 07:03:43.808203 np0000005960 nova-scheduler[96531]: DEBUG cotyledon.oslo_config_glue [-] workarounds.unified_limits_count_pcpu_as_vcpu = False {{(pid=96531) log_opt_values /opt/stack/data/venv/lib/python3.12/site-packages/oslo_config/cfg.py:3253}}
Jul 28 07:03:43.808480 np0000005960 nova-scheduler[96531]: DEBUG cotyledon.oslo_config_glue [-] workarounds.wait_for_vif_plugged_event_during_hard_reboot = [] {{(pid=96531) log_opt_values /opt/stack/data/venv/lib/python3.12/site-packages/oslo_config/cfg.py:3253}}
Jul 28 07:03:43.808480 np0000005960 nova-scheduler[96531]: DEBUG cotyledon.oslo_config_glue [-] wsgi.api_paste_config = /etc/nova/api-paste.ini {{(pid=96531) log_opt_values /opt/stack/data/venv/lib/python3.12/site-packages/oslo_config/cfg.py:3253}}
Jul 28 07:03:43.808480 np0000005960 nova-scheduler[96531]: DEBUG cotyledon.oslo_config_glue [-] wsgi.secure_proxy_ssl_header = None {{(pid=96531) log_opt_values /opt/stack/data/venv/lib/python3.12/site-packages/oslo_config/cfg.py:3253}}
Jul 28 07:03:43.808480 np0000005960 nova-scheduler[96531]: DEBUG cotyledon.oslo_config_glue [-] zvm.ca_file = None {{(pid=96531) log_opt_values /opt/stack/data/venv/lib/python3.12/site-packages/oslo_config/cfg.py:3253}}
Jul 28 07:03:43.808480 np0000005960 nova-scheduler[96531]: DEBUG cotyledon.oslo_config_glue [-] zvm.cloud_connector_url = None {{(pid=96531) log_opt_values /opt/stack/data/venv/lib/python3.12/site-packages/oslo_config/cfg.py:3253}}
Jul 28 07:03:43.808480 np0000005960 nova-scheduler[96531]: DEBUG cotyledon.oslo_config_glue [-] zvm.image_tmp_path = /opt/stack/data/nova/images {{(pid=96531) log_opt_values /opt/stack/data/venv/lib/python3.12/site-packages/oslo_config/cfg.py:3253}}
Jul 28 07:03:43.808480 np0000005960 nova-scheduler[96531]: DEBUG cotyledon.oslo_config_glue [-] zvm.reachable_timeout = 300 {{(pid=96531) log_opt_values /opt/stack/data/venv/lib/python3.12/site-packages/oslo_config/cfg.py:3253}}
Jul 28 07:03:43.808480 np0000005960 nova-scheduler[96531]: DEBUG cotyledon.oslo_config_glue [-] oslo_versionedobjects.fatal_exception_format_errors = False {{(pid=96531) log_opt_values /opt/stack/data/venv/lib/python3.12/site-packages/oslo_config/cfg.py:3253}}
Jul 28 07:03:43.808480 np0000005960 nova-scheduler[96531]: DEBUG cotyledon.oslo_config_glue [-] oslo_middleware.http_basic_auth_user_file = /etc/htpasswd {{(pid=96531) log_opt_values /opt/stack/data/venv/lib/python3.12/site-packages/oslo_config/cfg.py:3253}}
Jul 28 07:03:43.808793 np0000005960 nova-scheduler[96531]: DEBUG cotyledon.oslo_config_glue [-] oslo_messaging_metrics.metrics_buffer_size = 1000 {{(pid=96531) log_opt_values /opt/stack/data/venv/lib/python3.12/site-packages/oslo_config/cfg.py:3253}}
Jul 28 07:03:43.808793 np0000005960 nova-scheduler[96531]: DEBUG cotyledon.oslo_config_glue [-] oslo_messaging_metrics.metrics_enabled = False {{(pid=96531) log_opt_values /opt/stack/data/venv/lib/python3.12/site-packages/oslo_config/cfg.py:3253}}
Jul 28 07:03:43.808793 np0000005960 nova-scheduler[96531]: DEBUG cotyledon.oslo_config_glue [-] oslo_messaging_metrics.metrics_process_name = {{(pid=96531) log_opt_values /opt/stack/data/venv/lib/python3.12/site-packages/oslo_config/cfg.py:3253}}
Jul 28 07:03:43.808793 np0000005960 nova-scheduler[96531]: DEBUG cotyledon.oslo_config_glue [-] oslo_messaging_metrics.metrics_socket_file = /var/tmp/metrics_collector.sock {{(pid=96531) log_opt_values /opt/stack/data/venv/lib/python3.12/site-packages/oslo_config/cfg.py:3253}}
Jul 28 07:03:43.808793 np0000005960 nova-scheduler[96531]: DEBUG cotyledon.oslo_config_glue [-] oslo_messaging_metrics.metrics_thread_stop_timeout = 10 {{(pid=96531) log_opt_values /opt/stack/data/venv/lib/python3.12/site-packages/oslo_config/cfg.py:3253}}
Jul 28 07:03:43.808793 np0000005960 nova-scheduler[96531]: DEBUG cotyledon.oslo_config_glue [-] profiler.connection_string = messaging:// {{(pid=96531) log_opt_values /opt/stack/data/venv/lib/python3.12/site-packages/oslo_config/cfg.py:3253}}
Jul 28 07:03:43.808793 np0000005960 nova-scheduler[96531]: DEBUG cotyledon.oslo_config_glue [-] profiler.enabled = False {{(pid=96531) log_opt_values /opt/stack/data/venv/lib/python3.12/site-packages/oslo_config/cfg.py:3253}}
Jul 28 07:03:43.808793 np0000005960 nova-scheduler[96531]: DEBUG cotyledon.oslo_config_glue [-] profiler.es_doc_type = notification {{(pid=96531) log_opt_values /opt/stack/data/venv/lib/python3.12/site-packages/oslo_config/cfg.py:3253}}
Jul 28 07:03:43.808793 np0000005960 nova-scheduler[96531]: DEBUG cotyledon.oslo_config_glue [-] profiler.es_scroll_size = 10000 {{(pid=96531) log_opt_values /opt/stack/data/venv/lib/python3.12/site-packages/oslo_config/cfg.py:3253}}
Jul 28 07:03:43.809099 np0000005960 nova-scheduler[96531]: DEBUG cotyledon.oslo_config_glue [-] profiler.es_scroll_time = 2m {{(pid=96531) log_opt_values /opt/stack/data/venv/lib/python3.12/site-packages/oslo_config/cfg.py:3253}}
Jul 28 07:03:43.809099 np0000005960 nova-scheduler[96531]: DEBUG cotyledon.oslo_config_glue [-] profiler.filter_error_trace = False {{(pid=96531) log_opt_values /opt/stack/data/venv/lib/python3.12/site-packages/oslo_config/cfg.py:3253}}
Jul 28 07:03:43.809099 np0000005960 nova-scheduler[96531]: DEBUG cotyledon.oslo_config_glue [-] profiler.hmac_keys = **** {{(pid=96531) log_opt_values /opt/stack/data/venv/lib/python3.12/site-packages/oslo_config/cfg.py:3253}}
Jul 28 07:03:43.809099 np0000005960 nova-scheduler[96531]: DEBUG cotyledon.oslo_config_glue [-] profiler.sentinel_service_name = mymaster {{(pid=96531) log_opt_values /opt/stack/data/venv/lib/python3.12/site-packages/oslo_config/cfg.py:3253}}
Jul 28 07:03:43.809099 np0000005960 nova-scheduler[96531]: DEBUG cotyledon.oslo_config_glue [-] profiler.socket_timeout = 0.1 {{(pid=96531) log_opt_values /opt/stack/data/venv/lib/python3.12/site-packages/oslo_config/cfg.py:3253}}
Jul 28 07:03:43.809099 np0000005960 nova-scheduler[96531]: DEBUG cotyledon.oslo_config_glue [-] profiler.trace_requests = False {{(pid=96531) log_opt_values /opt/stack/data/venv/lib/python3.12/site-packages/oslo_config/cfg.py:3253}}
Jul 28 07:03:43.809099 np0000005960 nova-scheduler[96531]: DEBUG cotyledon.oslo_config_glue [-] profiler.trace_sqlalchemy = False {{(pid=96531) log_opt_values /opt/stack/data/venv/lib/python3.12/site-packages/oslo_config/cfg.py:3253}}
Jul 28 07:03:43.809099 np0000005960 nova-scheduler[96531]: DEBUG cotyledon.oslo_config_glue [-] profiler_jaeger.process_tags = {} {{(pid=96531) log_opt_values /opt/stack/data/venv/lib/python3.12/site-packages/oslo_config/cfg.py:3253}}
Jul 28 07:03:43.809099 np0000005960 nova-scheduler[96531]: DEBUG cotyledon.oslo_config_glue [-] profiler_jaeger.service_name_prefix = None {{(pid=96531) log_opt_values /opt/stack/data/venv/lib/python3.12/site-packages/oslo_config/cfg.py:3253}}
Jul 28 07:03:43.809445 np0000005960 nova-scheduler[96531]: DEBUG cotyledon.oslo_config_glue [-] profiler_otlp.service_name_prefix = None {{(pid=96531) log_opt_values /opt/stack/data/venv/lib/python3.12/site-packages/oslo_config/cfg.py:3253}}
Jul 28 07:03:43.809445 np0000005960 nova-scheduler[96531]: DEBUG cotyledon.oslo_config_glue [-] oslo_messaging_rabbit.amqp_auto_delete = False {{(pid=96531) log_opt_values /opt/stack/data/venv/lib/python3.12/site-packages/oslo_config/cfg.py:3253}}
Jul 28 07:03:43.809445 np0000005960 nova-scheduler[96531]: DEBUG cotyledon.oslo_config_glue [-] oslo_messaging_rabbit.amqp_durable_queues = False {{(pid=96531) log_opt_values /opt/stack/data/venv/lib/python3.12/site-packages/oslo_config/cfg.py:3253}}
Jul 28 07:03:43.809445 np0000005960 nova-scheduler[96531]: DEBUG cotyledon.oslo_config_glue [-] oslo_messaging_rabbit.conn_pool_min_size = 2 {{(pid=96531) log_opt_values /opt/stack/data/venv/lib/python3.12/site-packages/oslo_config/cfg.py:3253}}
Jul 28 07:03:43.809445 np0000005960 nova-scheduler[96531]: DEBUG cotyledon.oslo_config_glue [-] oslo_messaging_rabbit.conn_pool_ttl = 1200 {{(pid=96531) log_opt_values /opt/stack/data/venv/lib/python3.12/site-packages/oslo_config/cfg.py:3253}}
Jul 28 07:03:43.809445 np0000005960 nova-scheduler[96531]: DEBUG cotyledon.oslo_config_glue [-] oslo_messaging_rabbit.direct_mandatory_flag = True {{(pid=96531) log_opt_values /opt/stack/data/venv/lib/python3.12/site-packages/oslo_config/cfg.py:3253}}
Jul 28 07:03:43.809445 np0000005960 nova-scheduler[96531]: DEBUG cotyledon.oslo_config_glue [-] oslo_messaging_rabbit.enable_cancel_on_failover = False {{(pid=96531) log_opt_values /opt/stack/data/venv/lib/python3.12/site-packages/oslo_config/cfg.py:3253}}
Jul 28 07:03:43.809445 np0000005960 nova-scheduler[96531]: DEBUG cotyledon.oslo_config_glue [-] oslo_messaging_rabbit.heartbeat_rate = 3 {{(pid=96531) log_opt_values /opt/stack/data/venv/lib/python3.12/site-packages/oslo_config/cfg.py:3253}}
Jul 28 07:03:43.809445 np0000005960 nova-scheduler[96531]: DEBUG cotyledon.oslo_config_glue [-] oslo_messaging_rabbit.heartbeat_timeout_threshold = 60 {{(pid=96531) log_opt_values /opt/stack/data/venv/lib/python3.12/site-packages/oslo_config/cfg.py:3253}}
Jul 28 07:03:43.809747 np0000005960 nova-scheduler[96531]: DEBUG cotyledon.oslo_config_glue [-] oslo_messaging_rabbit.hostname = np0000005960 {{(pid=96531) log_opt_values /opt/stack/data/venv/lib/python3.12/site-packages/oslo_config/cfg.py:3253}}
Jul 28 07:03:43.809747 np0000005960 nova-scheduler[96531]: DEBUG cotyledon.oslo_config_glue [-] oslo_messaging_rabbit.kombu_compression = None {{(pid=96531) log_opt_values /opt/stack/data/venv/lib/python3.12/site-packages/oslo_config/cfg.py:3253}}
Jul 28 07:03:43.809747 np0000005960 nova-scheduler[96531]: DEBUG cotyledon.oslo_config_glue [-] oslo_messaging_rabbit.kombu_failover_strategy = round-robin {{(pid=96531) log_opt_values /opt/stack/data/venv/lib/python3.12/site-packages/oslo_config/cfg.py:3253}}
Jul 28 07:03:43.809747 np0000005960 nova-scheduler[96531]: DEBUG cotyledon.oslo_config_glue [-] oslo_messaging_rabbit.kombu_missing_consumer_retry_timeout = 60 {{(pid=96531) log_opt_values /opt/stack/data/venv/lib/python3.12/site-packages/oslo_config/cfg.py:3253}}
Jul 28 07:03:43.809747 np0000005960 nova-scheduler[96531]: DEBUG cotyledon.oslo_config_glue [-] oslo_messaging_rabbit.kombu_reconnect_delay = 1.0 {{(pid=96531) log_opt_values /opt/stack/data/venv/lib/python3.12/site-packages/oslo_config/cfg.py:3253}}
Jul 28 07:03:43.809747 np0000005960 nova-scheduler[96531]: DEBUG cotyledon.oslo_config_glue [-] oslo_messaging_rabbit.kombu_reconnect_splay = 0.0 {{(pid=96531) log_opt_values /opt/stack/data/venv/lib/python3.12/site-packages/oslo_config/cfg.py:3253}}
Jul 28 07:03:43.809747 np0000005960 nova-scheduler[96531]: DEBUG cotyledon.oslo_config_glue [-] oslo_messaging_rabbit.processname = nova-scheduler {{(pid=96531) log_opt_values /opt/stack/data/venv/lib/python3.12/site-packages/oslo_config/cfg.py:3253}}
Jul 28 07:03:43.809747 np0000005960 nova-scheduler[96531]: DEBUG cotyledon.oslo_config_glue [-] oslo_messaging_rabbit.rabbit_ha_queues = False {{(pid=96531) log_opt_values /opt/stack/data/venv/lib/python3.12/site-packages/oslo_config/cfg.py:3253}}
Jul 28 07:03:43.809747 np0000005960 nova-scheduler[96531]: DEBUG cotyledon.oslo_config_glue [-] oslo_messaging_rabbit.rabbit_interval_max = 30 {{(pid=96531) log_opt_values /opt/stack/data/venv/lib/python3.12/site-packages/oslo_config/cfg.py:3253}}
Jul 28 07:03:43.810055 np0000005960 nova-scheduler[96531]: DEBUG cotyledon.oslo_config_glue [-] oslo_messaging_rabbit.rabbit_login_method = AMQPLAIN {{(pid=96531) log_opt_values /opt/stack/data/venv/lib/python3.12/site-packages/oslo_config/cfg.py:3253}}
Jul 28 07:03:43.810055 np0000005960 nova-scheduler[96531]: DEBUG cotyledon.oslo_config_glue [-] oslo_messaging_rabbit.rabbit_qos_prefetch_count = 0 {{(pid=96531) log_opt_values /opt/stack/data/venv/lib/python3.12/site-packages/oslo_config/cfg.py:3253}}
Jul 28 07:03:43.810055 np0000005960 nova-scheduler[96531]: DEBUG cotyledon.oslo_config_glue [-] oslo_messaging_rabbit.rabbit_quorum_delivery_limit = 0 {{(pid=96531) log_opt_values /opt/stack/data/venv/lib/python3.12/site-packages/oslo_config/cfg.py:3253}}
Jul 28 07:03:43.810055 np0000005960 nova-scheduler[96531]: DEBUG cotyledon.oslo_config_glue [-] oslo_messaging_rabbit.rabbit_quorum_max_memory_bytes = 0 {{(pid=96531) log_opt_values /opt/stack/data/venv/lib/python3.12/site-packages/oslo_config/cfg.py:3253}}
Jul 28 07:03:43.810055 np0000005960 nova-scheduler[96531]: DEBUG cotyledon.oslo_config_glue [-] oslo_messaging_rabbit.rabbit_quorum_max_memory_length = 0 {{(pid=96531) log_opt_values /opt/stack/data/venv/lib/python3.12/site-packages/oslo_config/cfg.py:3253}}
Jul 28 07:03:43.810055 np0000005960 nova-scheduler[96531]: DEBUG cotyledon.oslo_config_glue [-] oslo_messaging_rabbit.rabbit_quorum_queue = False {{(pid=96531) log_opt_values /opt/stack/data/venv/lib/python3.12/site-packages/oslo_config/cfg.py:3253}}
Jul 28 07:03:43.810055 np0000005960 nova-scheduler[96531]: DEBUG cotyledon.oslo_config_glue [-] oslo_messaging_rabbit.rabbit_retry_backoff = 2 {{(pid=96531) log_opt_values /opt/stack/data/venv/lib/python3.12/site-packages/oslo_config/cfg.py:3253}}
Jul 28 07:03:43.810055 np0000005960 nova-scheduler[96531]: DEBUG cotyledon.oslo_config_glue [-] oslo_messaging_rabbit.rabbit_retry_interval = 1 {{(pid=96531) log_opt_values /opt/stack/data/venv/lib/python3.12/site-packages/oslo_config/cfg.py:3253}}
Jul 28 07:03:43.810055 np0000005960 nova-scheduler[96531]: DEBUG cotyledon.oslo_config_glue [-] oslo_messaging_rabbit.rabbit_stream_fanout = False {{(pid=96531) log_opt_values /opt/stack/data/venv/lib/python3.12/site-packages/oslo_config/cfg.py:3253}}
Jul 28 07:03:43.810366 np0000005960 nova-scheduler[96531]: DEBUG cotyledon.oslo_config_glue [-] oslo_messaging_rabbit.rabbit_transient_queues_ttl = 1800 {{(pid=96531) log_opt_values /opt/stack/data/venv/lib/python3.12/site-packages/oslo_config/cfg.py:3253}}
Jul 28 07:03:43.810366 np0000005960 nova-scheduler[96531]: DEBUG cotyledon.oslo_config_glue [-] oslo_messaging_rabbit.rabbit_transient_quorum_queue = False {{(pid=96531) log_opt_values /opt/stack/data/venv/lib/python3.12/site-packages/oslo_config/cfg.py:3253}}
Jul 28 07:03:43.810366 np0000005960 nova-scheduler[96531]: DEBUG cotyledon.oslo_config_glue [-] oslo_messaging_rabbit.rpc_conn_pool_size = 30 {{(pid=96531) log_opt_values /opt/stack/data/venv/lib/python3.12/site-packages/oslo_config/cfg.py:3253}}
Jul 28 07:03:43.810366 np0000005960 nova-scheduler[96531]: DEBUG cotyledon.oslo_config_glue [-] oslo_messaging_rabbit.ssl = False {{(pid=96531) log_opt_values /opt/stack/data/venv/lib/python3.12/site-packages/oslo_config/cfg.py:3253}}
Jul 28 07:03:43.810366 np0000005960 nova-scheduler[96531]: DEBUG cotyledon.oslo_config_glue [-] oslo_messaging_rabbit.ssl_ca_file = {{(pid=96531) log_opt_values /opt/stack/data/venv/lib/python3.12/site-packages/oslo_config/cfg.py:3253}}
Jul 28 07:03:43.810366 np0000005960 nova-scheduler[96531]: DEBUG cotyledon.oslo_config_glue [-] oslo_messaging_rabbit.ssl_cert_file = {{(pid=96531) log_opt_values /opt/stack/data/venv/lib/python3.12/site-packages/oslo_config/cfg.py:3253}}
Jul 28 07:03:43.810366 np0000005960 nova-scheduler[96531]: DEBUG cotyledon.oslo_config_glue [-] oslo_messaging_rabbit.ssl_enforce_fips_mode = False {{(pid=96531) log_opt_values /opt/stack/data/venv/lib/python3.12/site-packages/oslo_config/cfg.py:3253}}
Jul 28 07:03:43.810366 np0000005960 nova-scheduler[96531]: DEBUG cotyledon.oslo_config_glue [-] oslo_messaging_rabbit.ssl_enforce_hostname_verification = True {{(pid=96531) log_opt_values /opt/stack/data/venv/lib/python3.12/site-packages/oslo_config/cfg.py:3253}}
Jul 28 07:03:43.810366 np0000005960 nova-scheduler[96531]: DEBUG cotyledon.oslo_config_glue [-] oslo_messaging_rabbit.ssl_key_file = {{(pid=96531) log_opt_values /opt/stack/data/venv/lib/python3.12/site-packages/oslo_config/cfg.py:3253}}
Jul 28 07:03:43.810683 np0000005960 nova-scheduler[96531]: DEBUG cotyledon.oslo_config_glue [-] oslo_messaging_rabbit.ssl_version = {{(pid=96531) log_opt_values /opt/stack/data/venv/lib/python3.12/site-packages/oslo_config/cfg.py:3253}}
Jul 28 07:03:43.810683 np0000005960 nova-scheduler[96531]: DEBUG cotyledon.oslo_config_glue [-] oslo_messaging_rabbit.use_queue_manager = False {{(pid=96531) log_opt_values /opt/stack/data/venv/lib/python3.12/site-packages/oslo_config/cfg.py:3253}}
Jul 28 07:03:43.810683 np0000005960 nova-scheduler[96531]: DEBUG cotyledon.oslo_config_glue [-] oslo_messaging_notifications.driver = ['messagingv2'] {{(pid=96531) log_opt_values /opt/stack/data/venv/lib/python3.12/site-packages/oslo_config/cfg.py:3253}}
Jul 28 07:03:43.810683 np0000005960 nova-scheduler[96531]: DEBUG cotyledon.oslo_config_glue [-] oslo_messaging_notifications.retry = -1 {{(pid=96531) log_opt_values /opt/stack/data/venv/lib/python3.12/site-packages/oslo_config/cfg.py:3253}}
Jul 28 07:03:43.810683 np0000005960 nova-scheduler[96531]: DEBUG cotyledon.oslo_config_glue [-] oslo_messaging_notifications.topics = ['notifications'] {{(pid=96531) log_opt_values /opt/stack/data/venv/lib/python3.12/site-packages/oslo_config/cfg.py:3253}}
Jul 28 07:03:43.810683 np0000005960 nova-scheduler[96531]: DEBUG cotyledon.oslo_config_glue [-] oslo_messaging_notifications.transport_url = **** {{(pid=96531) log_opt_values /opt/stack/data/venv/lib/python3.12/site-packages/oslo_config/cfg.py:3253}}
Jul 28 07:03:43.810683 np0000005960 nova-scheduler[96531]: DEBUG cotyledon.oslo_config_glue [-] oslo_limit.auth_section = None {{(pid=96531) log_opt_values /opt/stack/data/venv/lib/python3.12/site-packages/oslo_config/cfg.py:3253}}
Jul 28 07:03:43.810683 np0000005960 nova-scheduler[96531]: DEBUG cotyledon.oslo_config_glue [-] oslo_limit.auth_type = None {{(pid=96531) log_opt_values /opt/stack/data/venv/lib/python3.12/site-packages/oslo_config/cfg.py:3253}}
Jul 28 07:03:43.810683 np0000005960 nova-scheduler[96531]: DEBUG cotyledon.oslo_config_glue [-] oslo_limit.cafile = None {{(pid=96531) log_opt_values /opt/stack/data/venv/lib/python3.12/site-packages/oslo_config/cfg.py:3253}}
Jul 28 07:03:43.810987 np0000005960 nova-scheduler[96531]: DEBUG cotyledon.oslo_config_glue [-] oslo_limit.certfile = None {{(pid=96531) log_opt_values /opt/stack/data/venv/lib/python3.12/site-packages/oslo_config/cfg.py:3253}}
Jul 28 07:03:43.810987 np0000005960 nova-scheduler[96531]: DEBUG cotyledon.oslo_config_glue [-] oslo_limit.collect_timing = False {{(pid=96531) log_opt_values /opt/stack/data/venv/lib/python3.12/site-packages/oslo_config/cfg.py:3253}}
Jul 28 07:03:43.810987 np0000005960 nova-scheduler[96531]: DEBUG cotyledon.oslo_config_glue [-] oslo_limit.connect_retries = None {{(pid=96531) log_opt_values /opt/stack/data/venv/lib/python3.12/site-packages/oslo_config/cfg.py:3253}}
Jul 28 07:03:43.810987 np0000005960 nova-scheduler[96531]: DEBUG cotyledon.oslo_config_glue [-] oslo_limit.connect_retry_delay = None {{(pid=96531) log_opt_values /opt/stack/data/venv/lib/python3.12/site-packages/oslo_config/cfg.py:3253}}
Jul 28 07:03:43.810987 np0000005960 nova-scheduler[96531]: DEBUG cotyledon.oslo_config_glue [-] oslo_limit.endpoint_id = None {{(pid=96531) log_opt_values /opt/stack/data/venv/lib/python3.12/site-packages/oslo_config/cfg.py:3253}}
Jul 28 07:03:43.810987 np0000005960 nova-scheduler[96531]: DEBUG cotyledon.oslo_config_glue [-] oslo_limit.endpoint_interface = public {{(pid=96531) log_opt_values /opt/stack/data/venv/lib/python3.12/site-packages/oslo_config/cfg.py:3253}}
Jul 28 07:03:43.810987 np0000005960 nova-scheduler[96531]: DEBUG cotyledon.oslo_config_glue [-] oslo_limit.endpoint_override = None {{(pid=96531) log_opt_values /opt/stack/data/venv/lib/python3.12/site-packages/oslo_config/cfg.py:3253}}
Jul 28 07:03:43.810987 np0000005960 nova-scheduler[96531]: DEBUG cotyledon.oslo_config_glue [-] oslo_limit.endpoint_region_name = None {{(pid=96531) log_opt_values /opt/stack/data/venv/lib/python3.12/site-packages/oslo_config/cfg.py:3253}}
Jul 28 07:03:43.810987 np0000005960 nova-scheduler[96531]: DEBUG cotyledon.oslo_config_glue [-] oslo_limit.endpoint_service_name = None {{(pid=96531) log_opt_values /opt/stack/data/venv/lib/python3.12/site-packages/oslo_config/cfg.py:3253}}
Jul 28 07:03:43.811288 np0000005960 nova-scheduler[96531]: DEBUG cotyledon.oslo_config_glue [-] oslo_limit.endpoint_service_type = None {{(pid=96531) log_opt_values /opt/stack/data/venv/lib/python3.12/site-packages/oslo_config/cfg.py:3253}}
Jul 28 07:03:43.811288 np0000005960 nova-scheduler[96531]: DEBUG cotyledon.oslo_config_glue [-] oslo_limit.insecure = False {{(pid=96531) log_opt_values /opt/stack/data/venv/lib/python3.12/site-packages/oslo_config/cfg.py:3253}}
Jul 28 07:03:43.811288 np0000005960 nova-scheduler[96531]: DEBUG cotyledon.oslo_config_glue [-] oslo_limit.keyfile = None {{(pid=96531) log_opt_values /opt/stack/data/venv/lib/python3.12/site-packages/oslo_config/cfg.py:3253}}
Jul 28 07:03:43.811288 np0000005960 nova-scheduler[96531]: DEBUG cotyledon.oslo_config_glue [-] oslo_limit.max_version = None {{(pid=96531) log_opt_values /opt/stack/data/venv/lib/python3.12/site-packages/oslo_config/cfg.py:3253}}
Jul 28 07:03:43.811288 np0000005960 nova-scheduler[96531]: DEBUG cotyledon.oslo_config_glue [-] oslo_limit.min_version = None {{(pid=96531) log_opt_values /opt/stack/data/venv/lib/python3.12/site-packages/oslo_config/cfg.py:3253}}
Jul 28 07:03:43.811288 np0000005960 nova-scheduler[96531]: DEBUG cotyledon.oslo_config_glue [-] oslo_limit.region_name = None {{(pid=96531) log_opt_values /opt/stack/data/venv/lib/python3.12/site-packages/oslo_config/cfg.py:3253}}
Jul 28 07:03:43.811288 np0000005960 nova-scheduler[96531]: DEBUG cotyledon.oslo_config_glue [-] oslo_limit.retriable_status_codes = None {{(pid=96531) log_opt_values /opt/stack/data/venv/lib/python3.12/site-packages/oslo_config/cfg.py:3253}}
Jul 28 07:03:43.811288 np0000005960 nova-scheduler[96531]: DEBUG cotyledon.oslo_config_glue [-] oslo_limit.service_name = None {{(pid=96531) log_opt_values /opt/stack/data/venv/lib/python3.12/site-packages/oslo_config/cfg.py:3253}}
Jul 28 07:03:43.811288 np0000005960 nova-scheduler[96531]: DEBUG cotyledon.oslo_config_glue [-] oslo_limit.service_type = None {{(pid=96531) log_opt_values /opt/stack/data/venv/lib/python3.12/site-packages/oslo_config/cfg.py:3253}}
Jul 28 07:03:43.811612 np0000005960 nova-scheduler[96531]: DEBUG cotyledon.oslo_config_glue [-] oslo_limit.split_loggers = False {{(pid=96531) log_opt_values /opt/stack/data/venv/lib/python3.12/site-packages/oslo_config/cfg.py:3253}}
Jul 28 07:03:43.811649 np0000005960 nova-scheduler[96525]: DEBUG dbcounter [-] [96525] Writer thread running {{(pid=96525) stat_writer /opt/stack/data/venv/lib/python3.12/site-packages/dbcounter.py:102}}
Jul 28 07:03:43.811762 np0000005960 nova-scheduler[96531]: DEBUG cotyledon.oslo_config_glue [-] oslo_limit.status_code_retries = None {{(pid=96531) log_opt_values /opt/stack/data/venv/lib/python3.12/site-packages/oslo_config/cfg.py:3253}}
Jul 28 07:03:43.811762 np0000005960 nova-scheduler[96531]: DEBUG cotyledon.oslo_config_glue [-] oslo_limit.status_code_retry_delay = None {{(pid=96531) log_opt_values /opt/stack/data/venv/lib/python3.12/site-packages/oslo_config/cfg.py:3253}}
Jul 28 07:03:43.811762 np0000005960 nova-scheduler[96531]: DEBUG cotyledon.oslo_config_glue [-] oslo_limit.timeout = None {{(pid=96531) log_opt_values /opt/stack/data/venv/lib/python3.12/site-packages/oslo_config/cfg.py:3253}}
Jul 28 07:03:43.811762 np0000005960 nova-scheduler[96531]: DEBUG cotyledon.oslo_config_glue [-] oslo_limit.valid_interfaces = None {{(pid=96531) log_opt_values /opt/stack/data/venv/lib/python3.12/site-packages/oslo_config/cfg.py:3253}}
Jul 28 07:03:43.811762 np0000005960 nova-scheduler[96531]: DEBUG cotyledon.oslo_config_glue [-] oslo_limit.version = None {{(pid=96531) log_opt_values /opt/stack/data/venv/lib/python3.12/site-packages/oslo_config/cfg.py:3253}}
Jul 28 07:03:43.811762 np0000005960 nova-scheduler[96531]: DEBUG cotyledon.oslo_config_glue [-] oslo_reports.file_event_handler = None {{(pid=96531) log_opt_values /opt/stack/data/venv/lib/python3.12/site-packages/oslo_config/cfg.py:3253}}
Jul 28 07:03:43.811762 np0000005960 nova-scheduler[96531]: DEBUG cotyledon.oslo_config_glue [-] oslo_reports.file_event_handler_interval = 1 {{(pid=96531) log_opt_values /opt/stack/data/venv/lib/python3.12/site-packages/oslo_config/cfg.py:3253}}
Jul 28 07:03:43.811762 np0000005960 nova-scheduler[96531]: DEBUG cotyledon.oslo_config_glue [-] oslo_reports.log_dir = None {{(pid=96531) log_opt_values /opt/stack/data/venv/lib/python3.12/site-packages/oslo_config/cfg.py:3253}}
Jul 28 07:03:43.811762 np0000005960 nova-scheduler[96531]: DEBUG cotyledon.oslo_config_glue [-] ******************************************************************************** {{(pid=96531) log_opt_values /opt/stack/data/venv/lib/python3.12/site-packages/oslo_config/cfg.py:3260}}
Jul 28 07:03:43.812049 np0000005960 nova-scheduler[96531]: DEBUG cotyledon._service_worker [-] Run service ServiceWrapper(3) [96531] {{(pid=96531) wait_forever /opt/stack/data/venv/lib/python3.12/site-packages/cotyledon/_service_worker.py:218}}
Jul 28 07:03:43.812049 np0000005960 nova-scheduler[96531]: INFO nova.service [-] Starting scheduler node (version 33.1.0)
Jul 28 07:03:43.812049 np0000005960 nova-scheduler[96531]: INFO dbcounter [None req-c69526ba-638c-4ec0-b1ae-88421faf3733 None None] Registered counter for database nova_cell0
Jul 28 07:03:43.812149 np0000005960 nova-scheduler[96527]: DEBUG oslo_db.sqlalchemy.engines [None req-178f4092-45b8-4717-9330-4eed79c97564 None None] MySQL server mode set to STRICT_TRANS_TABLES,STRICT_ALL_TABLES,NO_ZERO_IN_DATE,NO_ZERO_DATE,ERROR_FOR_DIVISION_BY_ZERO,TRADITIONAL,NO_ENGINE_SUBSTITUTION {{(pid=96527) _check_effective_sql_mode /opt/stack/data/venv/lib/python3.12/site-packages/oslo_db/sqlalchemy/engines.py:325}}
Jul 28 07:03:43.820332 np0000005960 nova-scheduler[96527]: DEBUG dbcounter [-] [96527] Writer thread running {{(pid=96527) stat_writer /opt/stack/data/venv/lib/python3.12/site-packages/dbcounter.py:102}}
Jul 28 07:03:43.823999 np0000005960 nova-scheduler[96529]: DEBUG oslo_db.sqlalchemy.engines [None req-bc43e012-aeda-49d5-836c-271d5b72077c None None] MySQL server mode set to STRICT_TRANS_TABLES,STRICT_ALL_TABLES,NO_ZERO_IN_DATE,NO_ZERO_DATE,ERROR_FOR_DIVISION_BY_ZERO,TRADITIONAL,NO_ENGINE_SUBSTITUTION {{(pid=96529) _check_effective_sql_mode /opt/stack/data/venv/lib/python3.12/site-packages/oslo_db/sqlalchemy/engines.py:325}}
Jul 28 07:03:43.824592 np0000005960 nova-scheduler[96525]: DEBUG nova.service [None req-12da1214-da98-4ef4-a713-311bec0ec6aa None None] Creating RPC server for service: nova-scheduler on topic: scheduler {{(pid=96525) start /opt/stack/nova/nova/service.py:196}}
Jul 28 07:03:43.837232 np0000005960 nova-scheduler[96529]: DEBUG dbcounter [-] [96529] Writer thread running {{(pid=96529) stat_writer /opt/stack/data/venv/lib/python3.12/site-packages/dbcounter.py:102}}
Jul 28 07:03:43.840969 np0000005960 nova-scheduler[96529]: DEBUG nova.service [None req-bc43e012-aeda-49d5-836c-271d5b72077c None None] Creating RPC server for service: nova-scheduler on topic: scheduler {{(pid=96529) start /opt/stack/nova/nova/service.py:196}}
Jul 28 07:03:43.842692 np0000005960 nova-scheduler[96527]: DEBUG nova.service [None req-178f4092-45b8-4717-9330-4eed79c97564 None None] Creating RPC server for service: nova-scheduler on topic: scheduler {{(pid=96527) start /opt/stack/nova/nova/service.py:196}}
Jul 28 07:03:43.869039 np0000005960 nova-scheduler[96527]: DEBUG nova.service [None req-178f4092-45b8-4717-9330-4eed79c97564 None None] Join ServiceGroup membership for this service scheduler {{(pid=96527) start /opt/stack/nova/nova/service.py:222}}
Jul 28 07:03:43.869176 np0000005960 nova-scheduler[96525]: DEBUG nova.service [None req-12da1214-da98-4ef4-a713-311bec0ec6aa None None] Join ServiceGroup membership for this service scheduler {{(pid=96525) start /opt/stack/nova/nova/service.py:222}}
Jul 28 07:03:43.869258 np0000005960 nova-scheduler[96531]: DEBUG oslo_db.sqlalchemy.engines [None req-c69526ba-638c-4ec0-b1ae-88421faf3733 None None] MySQL server mode set to STRICT_TRANS_TABLES,STRICT_ALL_TABLES,NO_ZERO_IN_DATE,NO_ZERO_DATE,ERROR_FOR_DIVISION_BY_ZERO,TRADITIONAL,NO_ENGINE_SUBSTITUTION {{(pid=96531) _check_effective_sql_mode /opt/stack/data/venv/lib/python3.12/site-packages/oslo_db/sqlalchemy/engines.py:325}}
Jul 28 07:03:43.869914 np0000005960 nova-scheduler[96525]: DEBUG nova.servicegroup.drivers.db [None req-12da1214-da98-4ef4-a713-311bec0ec6aa None None] DB_Driver: join new ServiceGroup member np0000005960 to the scheduler group, service = {{(pid=96525) join /opt/stack/nova/nova/servicegroup/drivers/db.py:44}}
Jul 28 07:03:43.870048 np0000005960 nova-scheduler[96527]: DEBUG nova.servicegroup.drivers.db [None req-178f4092-45b8-4717-9330-4eed79c97564 None None] DB_Driver: join new ServiceGroup member np0000005960 to the scheduler group, service = {{(pid=96527) join /opt/stack/nova/nova/servicegroup/drivers/db.py:44}}
Jul 28 07:03:43.876693 np0000005960 nova-scheduler[96529]: DEBUG nova.service [None req-bc43e012-aeda-49d5-836c-271d5b72077c None None] Join ServiceGroup membership for this service scheduler {{(pid=96529) start /opt/stack/nova/nova/service.py:222}}
Jul 28 07:03:43.877009 np0000005960 nova-scheduler[96529]: DEBUG nova.servicegroup.drivers.db [None req-bc43e012-aeda-49d5-836c-271d5b72077c None None] DB_Driver: join new ServiceGroup member np0000005960 to the scheduler group, service = {{(pid=96529) join /opt/stack/nova/nova/servicegroup/drivers/db.py:44}}
Jul 28 07:03:43.884745 np0000005960 nova-scheduler[96531]: DEBUG dbcounter [-] [96531] Writer thread running {{(pid=96531) stat_writer /opt/stack/data/venv/lib/python3.12/site-packages/dbcounter.py:102}}
Jul 28 07:03:43.888362 np0000005960 nova-scheduler[96531]: DEBUG nova.service [None req-c69526ba-638c-4ec0-b1ae-88421faf3733 None None] Creating RPC server for service: nova-scheduler on topic: scheduler {{(pid=96531) start /opt/stack/nova/nova/service.py:196}}
Jul 28 07:03:43.913303 np0000005960 nova-scheduler[96531]: DEBUG nova.service [None req-c69526ba-638c-4ec0-b1ae-88421faf3733 None None] Join ServiceGroup membership for this service scheduler {{(pid=96531) start /opt/stack/nova/nova/service.py:222}}
Jul 28 07:03:43.913644 np0000005960 nova-scheduler[96531]: DEBUG nova.servicegroup.drivers.db [None req-c69526ba-638c-4ec0-b1ae-88421faf3733 None None] DB_Driver: join new ServiceGroup member np0000005960 to the scheduler group, service = {{(pid=96531) join /opt/stack/nova/nova/servicegroup/drivers/db.py:44}}
Jul 28 07:03:44.872166 np0000005960 nova-scheduler[96525]: DEBUG oslo.service.backend._threading.loopingcall [None req-5ab77897-c55e-45b6-a660-b671b8d74845 None None] Dynamic interval looping call 'nova.service.Service.periodic_tasks' sleeping for 60.00 seconds {{(pid=96525) _run_loop /opt/stack/data/venv/lib/python3.12/site-packages/oslo_service/backend/_threading/loopingcall.py:125}}
Jul 28 07:03:48.884894 np0000005960 nova-scheduler[96527]: DEBUG oslo.service.backend._threading.loopingcall [-] Fixed interval looping call 'nova.servicegroup.drivers.db.DbDriver._report_state' sleeping for 119.99 seconds {{(pid=96527) _run_loop /opt/stack/data/venv/lib/python3.12/site-packages/oslo_service/backend/_threading/loopingcall.py:125}}
Jul 28 07:03:48.885229 np0000005960 nova-scheduler[96525]: DEBUG oslo.service.backend._threading.loopingcall [-] Fixed interval looping call 'nova.servicegroup.drivers.db.DbDriver._report_state' sleeping for 119.99 seconds {{(pid=96525) _run_loop /opt/stack/data/venv/lib/python3.12/site-packages/oslo_service/backend/_threading/loopingcall.py:125}}
Jul 28 07:03:48.889816 np0000005960 nova-scheduler[96529]: DEBUG oslo.service.backend._threading.loopingcall [-] Fixed interval looping call 'nova.servicegroup.drivers.db.DbDriver._report_state' sleeping for 119.99 seconds {{(pid=96529) _run_loop /opt/stack/data/venv/lib/python3.12/site-packages/oslo_service/backend/_threading/loopingcall.py:125}}
Jul 28 07:03:48.926711 np0000005960 nova-scheduler[96531]: DEBUG oslo.service.backend._threading.loopingcall [-] Fixed interval looping call 'nova.servicegroup.drivers.db.DbDriver._report_state' sleeping for 119.99 seconds {{(pid=96531) _run_loop /opt/stack/data/venv/lib/python3.12/site-packages/oslo_service/backend/_threading/loopingcall.py:125}}
Jul 28 07:03:51.916010 np0000005960 nova-scheduler[96531]: DEBUG oslo.service.backend._threading.loopingcall [None req-44602e00-2efa-4d1c-b8db-5cbc71f2bbcb None None] Dynamic interval looping call 'nova.service.Service.periodic_tasks' sleeping for 60.00 seconds {{(pid=96531) _run_loop /opt/stack/data/venv/lib/python3.12/site-packages/oslo_service/backend/_threading/loopingcall.py:125}}
Jul 28 07:03:52.323736 np0000005960 nova-scheduler[95332]: DEBUG dbcounter [-] [95332] Writing DB stats nova_api:SELECT=3 {{(pid=95332) stat_writer /opt/stack/data/venv/lib/python3.12/site-packages/dbcounter.py:115}}
Jul 28 07:03:52.483084 np0000005960 nova-scheduler[95332]: DEBUG dbcounter [-] [95332] Writing DB stats nova_cell1:SELECT=1 {{(pid=95332) stat_writer /opt/stack/data/venv/lib/python3.12/site-packages/dbcounter.py:115}}
Jul 28 07:03:52.490998 np0000005960 nova-scheduler[95332]: DEBUG dbcounter [-] [95332] Writing DB stats nova_cell0:SELECT=1 {{(pid=95332) stat_writer /opt/stack/data/venv/lib/python3.12/site-packages/dbcounter.py:115}}
Jul 28 07:03:58.880484 np0000005960 nova-scheduler[96525]: DEBUG dbcounter [-] [96525] Writing DB stats nova_cell0:SELECT=4,nova_cell0:INSERT=1,nova_cell0:UPDATE=1 {{(pid=96525) stat_writer /opt/stack/data/venv/lib/python3.12/site-packages/dbcounter.py:115}}
Jul 28 07:03:58.880891 np0000005960 nova-scheduler[96527]: DEBUG dbcounter [-] [96527] Writing DB stats nova_cell0:SELECT=4,nova_cell0:INSERT=1,nova_cell0:UPDATE=1 {{(pid=96527) stat_writer /opt/stack/data/venv/lib/python3.12/site-packages/dbcounter.py:115}}
Jul 28 07:03:58.886126 np0000005960 nova-scheduler[96529]: DEBUG dbcounter [-] [96529] Writing DB stats nova_cell0:SELECT=3 {{(pid=96529) stat_writer /opt/stack/data/venv/lib/python3.12/site-packages/dbcounter.py:115}}
Jul 28 07:03:58.922946 np0000005960 nova-scheduler[96531]: DEBUG dbcounter [-] [96531] Writing DB stats nova_cell0:SELECT=3 {{(pid=96531) stat_writer /opt/stack/data/venv/lib/python3.12/site-packages/dbcounter.py:115}}
Jul 28 07:04:04.872562 np0000005960 nova-scheduler[96527]: DEBUG oslo.service.backend._threading.loopingcall [None req-e1711e2b-4850-4c26-9fd2-aaffe27d7cb8 None None] Dynamic interval looping call 'nova.service.Service.periodic_tasks' sleeping for 60.00 seconds {{(pid=96527) _run_loop /opt/stack/data/venv/lib/python3.12/site-packages/oslo_service/backend/_threading/loopingcall.py:125}}
Jul 28 07:04:04.879244 np0000005960 nova-scheduler[96529]: DEBUG oslo.service.backend._threading.loopingcall [None req-03e13d19-5360-46be-a308-e53bd58b23a8 None None] Dynamic interval looping call 'nova.service.Service.periodic_tasks' sleeping for 60.00 seconds {{(pid=96529) _run_loop /opt/stack/data/venv/lib/python3.12/site-packages/oslo_service/backend/_threading/loopingcall.py:125}}
Jul 28 07:04:44.872734 np0000005960 nova-scheduler[96525]: DEBUG oslo.service.backend._threading.loopingcall [None req-5ab77897-c55e-45b6-a660-b671b8d74845 None None] Dynamic interval looping call 'nova.service.Service.periodic_tasks' sleeping for 60.00 seconds {{(pid=96525) _run_loop /opt/stack/data/venv/lib/python3.12/site-packages/oslo_service/backend/_threading/loopingcall.py:125}}
Jul 28 07:04:51.916557 np0000005960 nova-scheduler[96531]: DEBUG oslo.service.backend._threading.loopingcall [None req-44602e00-2efa-4d1c-b8db-5cbc71f2bbcb None None] Dynamic interval looping call 'nova.service.Service.periodic_tasks' sleeping for 60.00 seconds {{(pid=96531) _run_loop /opt/stack/data/venv/lib/python3.12/site-packages/oslo_service/backend/_threading/loopingcall.py:125}}
Jul 28 07:05:04.873306 np0000005960 nova-scheduler[96527]: DEBUG oslo.service.backend._threading.loopingcall [None req-e1711e2b-4850-4c26-9fd2-aaffe27d7cb8 None None] Dynamic interval looping call 'nova.service.Service.periodic_tasks' sleeping for 60.00 seconds {{(pid=96527) _run_loop /opt/stack/data/venv/lib/python3.12/site-packages/oslo_service/backend/_threading/loopingcall.py:125}}
Jul 28 07:05:04.879785 np0000005960 nova-scheduler[96529]: DEBUG oslo.service.backend._threading.loopingcall [None req-03e13d19-5360-46be-a308-e53bd58b23a8 None None] Dynamic interval looping call 'nova.service.Service.periodic_tasks' sleeping for 60.00 seconds {{(pid=96529) _run_loop /opt/stack/data/venv/lib/python3.12/site-packages/oslo_service/backend/_threading/loopingcall.py:125}}
Jul 28 07:05:44.873284 np0000005960 nova-scheduler[96525]: DEBUG oslo.service.backend._threading.loopingcall [None req-5ab77897-c55e-45b6-a660-b671b8d74845 None None] Dynamic interval looping call 'nova.service.Service.periodic_tasks' sleeping for 60.00 seconds {{(pid=96525) _run_loop /opt/stack/data/venv/lib/python3.12/site-packages/oslo_service/backend/_threading/loopingcall.py:125}}
Jul 28 07:05:48.880930 np0000005960 nova-scheduler[96525]: DEBUG oslo.service.backend._threading.loopingcall [-] Fixed interval looping call 'nova.servicegroup.drivers.db.DbDriver._report_state' sleeping for 119.99 seconds {{(pid=96525) _run_loop /opt/stack/data/venv/lib/python3.12/site-packages/oslo_service/backend/_threading/loopingcall.py:125}}
Jul 28 07:05:48.881703 np0000005960 nova-scheduler[96527]: DEBUG oslo.service.backend._threading.loopingcall [-] Fixed interval looping call 'nova.servicegroup.drivers.db.DbDriver._report_state' sleeping for 119.99 seconds {{(pid=96527) _run_loop /opt/stack/data/venv/lib/python3.12/site-packages/oslo_service/backend/_threading/loopingcall.py:125}}
Jul 28 07:05:48.883100 np0000005960 nova-scheduler[96529]: DEBUG oslo.service.backend._threading.loopingcall [-] Fixed interval looping call 'nova.servicegroup.drivers.db.DbDriver._report_state' sleeping for 120.00 seconds {{(pid=96529) _run_loop /opt/stack/data/venv/lib/python3.12/site-packages/oslo_service/backend/_threading/loopingcall.py:125}}
Jul 28 07:05:48.921107 np0000005960 nova-scheduler[96531]: DEBUG oslo.service.backend._threading.loopingcall [-] Fixed interval looping call 'nova.servicegroup.drivers.db.DbDriver._report_state' sleeping for 120.00 seconds {{(pid=96531) _run_loop /opt/stack/data/venv/lib/python3.12/site-packages/oslo_service/backend/_threading/loopingcall.py:125}}
Jul 28 07:05:51.917034 np0000005960 nova-scheduler[96531]: DEBUG oslo.service.backend._threading.loopingcall [None req-44602e00-2efa-4d1c-b8db-5cbc71f2bbcb None None] Dynamic interval looping call 'nova.service.Service.periodic_tasks' sleeping for 60.00 seconds {{(pid=96531) _run_loop /opt/stack/data/venv/lib/python3.12/site-packages/oslo_service/backend/_threading/loopingcall.py:125}}
Jul 28 07:05:58.877982 np0000005960 nova-scheduler[96525]: DEBUG dbcounter [-] [96525] Writing DB stats nova_cell0:SELECT=1,nova_cell0:UPDATE=1 {{(pid=96525) stat_writer /opt/stack/data/venv/lib/python3.12/site-packages/dbcounter.py:115}}
Jul 28 07:05:58.878492 np0000005960 nova-scheduler[96527]: DEBUG dbcounter [-] [96527] Writing DB stats nova_cell0:SELECT=1,nova_cell0:UPDATE=1 {{(pid=96527) stat_writer /opt/stack/data/venv/lib/python3.12/site-packages/dbcounter.py:115}}
Jul 28 07:05:58.882016 np0000005960 nova-scheduler[96529]: DEBUG dbcounter [-] [96529] Writing DB stats nova_cell0:SELECT=1 {{(pid=96529) stat_writer /opt/stack/data/venv/lib/python3.12/site-packages/dbcounter.py:115}}
Jul 28 07:05:58.919602 np0000005960 nova-scheduler[96531]: DEBUG dbcounter [-] [96531] Writing DB stats nova_cell0:SELECT=1 {{(pid=96531) stat_writer /opt/stack/data/venv/lib/python3.12/site-packages/dbcounter.py:115}}
Jul 28 07:06:04.873911 np0000005960 nova-scheduler[96527]: DEBUG oslo.service.backend._threading.loopingcall [None req-e1711e2b-4850-4c26-9fd2-aaffe27d7cb8 None None] Dynamic interval looping call 'nova.service.Service.periodic_tasks' sleeping for 60.00 seconds {{(pid=96527) _run_loop /opt/stack/data/venv/lib/python3.12/site-packages/oslo_service/backend/_threading/loopingcall.py:125}}
Jul 28 07:06:04.880321 np0000005960 nova-scheduler[96529]: DEBUG oslo.service.backend._threading.loopingcall [None req-03e13d19-5360-46be-a308-e53bd58b23a8 None None] Dynamic interval looping call 'nova.service.Service.periodic_tasks' sleeping for 60.00 seconds {{(pid=96529) _run_loop /opt/stack/data/venv/lib/python3.12/site-packages/oslo_service/backend/_threading/loopingcall.py:125}}
Jul 28 07:06:33.441701 np0000005960 nova-scheduler[96525]: DEBUG nova.scheduler.manager [None req-bbc05b24-e271-4ff0-afa1-2cf868cb177e tempest-ServerActionsTestOtherA-1981026114 tempest-ServerActionsTestOtherA-1981026114-project-member] Starting to schedule for instances: ['d839c05f-bca0-4563-a2d2-611e54328cd9'] {{(pid=96525) select_destinations /opt/stack/nova/nova/scheduler/manager.py:209}}
Jul 28 07:06:33.442142 np0000005960 nova-scheduler[96525]: DEBUG nova.scheduler.request_filter [None req-bbc05b24-e271-4ff0-afa1-2cf868cb177e tempest-ServerActionsTestOtherA-1981026114 tempest-ServerActionsTestOtherA-1981026114-project-member] compute_status_filter request filter added forbidden trait COMPUTE_STATUS_DISABLED {{(pid=96525) compute_status_filter /opt/stack/nova/nova/scheduler/request_filter.py:253}}
Jul 28 07:06:33.442599 np0000005960 nova-scheduler[96525]: DEBUG nova.scheduler.request_filter [None req-bbc05b24-e271-4ff0-afa1-2cf868cb177e tempest-ServerActionsTestOtherA-1981026114 tempest-ServerActionsTestOtherA-1981026114-project-member] Request filter 'compute_status_filter' took 0.0 seconds {{(pid=96525) wrapper /opt/stack/nova/nova/scheduler/request_filter.py:46}}
Jul 28 07:06:33.442599 np0000005960 nova-scheduler[96525]: DEBUG nova.scheduler.request_filter [None req-bbc05b24-e271-4ff0-afa1-2cf868cb177e tempest-ServerActionsTestOtherA-1981026114 tempest-ServerActionsTestOtherA-1981026114-project-member] Request filter 'accelerators_filter' took 0.0 seconds {{(pid=96525) wrapper /opt/stack/nova/nova/scheduler/request_filter.py:46}}
Jul 28 07:06:33.442753 np0000005960 nova-scheduler[96525]: DEBUG nova.scheduler.request_filter [None req-bbc05b24-e271-4ff0-afa1-2cf868cb177e tempest-ServerActionsTestOtherA-1981026114 tempest-ServerActionsTestOtherA-1981026114-project-member] Request filter 'packed_virtqueue_filter' took 0.0 seconds {{(pid=96525) wrapper /opt/stack/nova/nova/scheduler/request_filter.py:46}}
Jul 28 07:06:33.442890 np0000005960 nova-scheduler[96525]: DEBUG nova.scheduler.request_filter [None req-bbc05b24-e271-4ff0-afa1-2cf868cb177e tempest-ServerActionsTestOtherA-1981026114 tempest-ServerActionsTestOtherA-1981026114-project-member] Request filter 'remote_managed_ports_filter' took 0.0 seconds {{(pid=96525) wrapper /opt/stack/nova/nova/scheduler/request_filter.py:46}}
Jul 28 07:06:33.443440 np0000005960 nova-scheduler[96525]: DEBUG nova.scheduler.request_filter [None req-bbc05b24-e271-4ff0-afa1-2cf868cb177e tempest-ServerActionsTestOtherA-1981026114 tempest-ServerActionsTestOtherA-1981026114-project-member] ephemeral_encryption_filter skipped {{(pid=96525) ephemeral_encryption_filter /opt/stack/nova/nova/scheduler/request_filter.py:426}}
Jul 28 07:06:33.443890 np0000005960 nova-scheduler[96525]: DEBUG nova.scheduler.request_filter [None req-bbc05b24-e271-4ff0-afa1-2cf868cb177e tempest-ServerActionsTestOtherA-1981026114 tempest-ServerActionsTestOtherA-1981026114-project-member] virtio_sound_filter skipped {{(pid=96525) virtio_sound_filter /opt/stack/nova/nova/scheduler/request_filter.py:460}}
Jul 28 07:06:33.443890 np0000005960 nova-scheduler[96525]: DEBUG nova.scheduler.request_filter [None req-bbc05b24-e271-4ff0-afa1-2cf868cb177e tempest-ServerActionsTestOtherA-1981026114 tempest-ServerActionsTestOtherA-1981026114-project-member] tpm_secret_security_filter skipped {{(pid=96525) tpm_secret_security_filter /opt/stack/nova/nova/scheduler/request_filter.py:477}}
Jul 28 07:06:34.230908 np0000005960 nova-scheduler[96525]: INFO nova.utils [None req-bbc05b24-e271-4ff0-afa1-2cf868cb177e tempest-ServerActionsTestOtherA-1981026114 tempest-ServerActionsTestOtherA-1981026114-project-member] The cell worker thread pool ForkProcess-1.cell_worker is initialized
Jul 28 07:06:34.230908 np0000005960 nova-scheduler[96525]: DEBUG oslo_concurrency.lockutils [None req-bbc05b24-e271-4ff0-afa1-2cf868cb177e tempest-ServerActionsTestOtherA-1981026114 tempest-ServerActionsTestOtherA-1981026114-project-member] Acquiring lock "c607e178-4342-4515-be52-c2e53940d8be" by "nova.context.set_target_cell..get_or_set_cached_cell_and_set_connections" {{(pid=96525) inner /opt/stack/data/venv/lib/python3.12/site-packages/oslo_concurrency/lockutils.py:512}}
Jul 28 07:06:34.230908 np0000005960 nova-scheduler[96525]: DEBUG oslo_concurrency.lockutils [None req-bbc05b24-e271-4ff0-afa1-2cf868cb177e tempest-ServerActionsTestOtherA-1981026114 tempest-ServerActionsTestOtherA-1981026114-project-member] Lock "c607e178-4342-4515-be52-c2e53940d8be" acquired by "nova.context.set_target_cell..get_or_set_cached_cell_and_set_connections" :: waited 0.000s {{(pid=96525) inner /opt/stack/data/venv/lib/python3.12/site-packages/oslo_concurrency/lockutils.py:525}}
Jul 28 07:06:34.232691 np0000005960 nova-scheduler[96525]: DEBUG oslo_concurrency.lockutils [None req-bbc05b24-e271-4ff0-afa1-2cf868cb177e tempest-ServerActionsTestOtherA-1981026114 tempest-ServerActionsTestOtherA-1981026114-project-member] Lock "c607e178-4342-4515-be52-c2e53940d8be" "released" by "nova.context.set_target_cell..get_or_set_cached_cell_and_set_connections" :: held 0.002s {{(pid=96525) inner /opt/stack/data/venv/lib/python3.12/site-packages/oslo_concurrency/lockutils.py:544}}
Jul 28 07:06:34.235059 np0000005960 nova-scheduler[96525]: INFO dbcounter [None req-bbc05b24-e271-4ff0-afa1-2cf868cb177e tempest-ServerActionsTestOtherA-1981026114 tempest-ServerActionsTestOtherA-1981026114-project-member] Registered counter for database nova_cell1
Jul 28 07:06:34.293626 np0000005960 nova-scheduler[96525]: DEBUG oslo_db.sqlalchemy.engines [None req-bbc05b24-e271-4ff0-afa1-2cf868cb177e tempest-ServerActionsTestOtherA-1981026114 tempest-ServerActionsTestOtherA-1981026114-project-member] MySQL server mode set to STRICT_TRANS_TABLES,STRICT_ALL_TABLES,NO_ZERO_IN_DATE,NO_ZERO_DATE,ERROR_FOR_DIVISION_BY_ZERO,TRADITIONAL,NO_ENGINE_SUBSTITUTION {{(pid=96525) _check_effective_sql_mode /opt/stack/data/venv/lib/python3.12/site-packages/oslo_db/sqlalchemy/engines.py:325}}
Jul 28 07:06:34.307063 np0000005960 nova-scheduler[96525]: DEBUG dbcounter [-] [96525] Writer thread running {{(pid=96525) stat_writer /opt/stack/data/venv/lib/python3.12/site-packages/dbcounter.py:102}}
Jul 28 07:06:34.325849 np0000005960 nova-scheduler[96525]: DEBUG oslo_db.sqlalchemy.engines [None req-bbc05b24-e271-4ff0-afa1-2cf868cb177e tempest-ServerActionsTestOtherA-1981026114 tempest-ServerActionsTestOtherA-1981026114-project-member] Parent process 95332 forked (96525) with an open database connection, which is being discarded and recreated. {{(pid=96525) checkout /opt/stack/data/venv/lib/python3.12/site-packages/oslo_db/sqlalchemy/engines.py:402}}
