Jul 28 07:03:13.972817 np0000005960 devstack@neutron-api.service[90676]: DEBUG neutron.manager [None req-bc431dff-b4c2-428a-8592-abb3e4c365e2 None None] Successfully loaded network-ip-availability plugin. Description: Provides IP availability data for each network and subnet. {{(pid=90676) _create_and_add_service_plugin /opt/stack/neutron/neutron/manager.py:236}}
Jul 28 07:03:13.972817 np0000005960 devstack@neutron-api.service[90676]: INFO neutron.manager [None req-bc431dff-b4c2-428a-8592-abb3e4c365e2 None None] Loading Plugin: flavors
Jul 28 07:03:13.973982 np0000005960 devstack@neutron-api.service[90676]: DEBUG neutron.manager [None req-bc431dff-b4c2-428a-8592-abb3e4c365e2 None None] Successfully loaded FLAVORS plugin. Description: Neutron Flavors and Service Profiles manager plugin {{(pid=90676) _create_and_add_service_plugin /opt/stack/neutron/neutron/manager.py:236}}
Jul 28 07:03:13.973982 np0000005960 devstack@neutron-api.service[90676]: INFO neutron.manager [None req-bc431dff-b4c2-428a-8592-abb3e4c365e2 None None] Loading Plugin: revisions
Jul 28 07:03:13.974420 np0000005960 devstack@neutron-api.service[90678]: DEBUG neutron.api.extensions [None req-dbe33577-af2d-4648-9ad3-59bef056a1f7 None None] Extended resource: availability_zones {{(pid=90678) __init__ /opt/stack/neutron/neutron/api/extensions.py:156}}
Jul 28 07:03:13.974935 np0000005960 devstack@neutron-api.service[90676]: DEBUG neutron.manager [None req-bc431dff-b4c2-428a-8592-abb3e4c365e2 None None] Successfully loaded revision_plugin plugin. Description: Adds revision numbers to resources. {{(pid=90676) _create_and_add_service_plugin /opt/stack/neutron/neutron/manager.py:236}}
Jul 28 07:03:13.975056 np0000005960 devstack@neutron-api.service[90676]: DEBUG oslo_concurrency.lockutils [None req-bc431dff-b4c2-428a-8592-abb3e4c365e2 None None] Lock "manager" "released" by "neutron.manager.NeutronManager._create_instance" :: held 4.787s {{(pid=90676) inner /opt/stack/data/venv/lib/python3.12/site-packages/oslo_concurrency/lockutils.py:544}}
Jul 28 07:03:13.975193 np0000005960 devstack@neutron-api.service[90678]: DEBUG neutron.api.extensions [None req-dbe33577-af2d-4648-9ad3-59bef056a1f7 None None] Extended resource: dhcp-networks {{(pid=90678) __init__ /opt/stack/neutron/neutron/api/extensions.py:156}}
Jul 28 07:03:13.975290 np0000005960 devstack@neutron-api.service[90676]: DEBUG neutron.api.extensions [None req-bc431dff-b4c2-428a-8592-abb3e4c365e2 None None] get_extension_paths = OrderedDict({'/opt/stack/neutron/neutron/extensions': 1}) {{(pid=90676) get_extensions_path /opt/stack/neutron/neutron/api/extensions.py:640}}
Jul 28 07:03:13.975386 np0000005960 devstack@neutron-api.service[90676]: INFO neutron.api.extensions [None req-bc431dff-b4c2-428a-8592-abb3e4c365e2 None None] Initializing extension manager.
Jul 28 07:03:13.975714 np0000005960 devstack@neutron-api.service[90676]: DEBUG neutron.api.extensions [None req-bc431dff-b4c2-428a-8592-abb3e4c365e2 None None] Loading extension file: __init__.py {{(pid=90676) _load_all_extensions_from_path /opt/stack/neutron/neutron/api/extensions.py:449}}
Jul 28 07:03:13.975714 np0000005960 devstack@neutron-api.service[90676]: DEBUG neutron.api.extensions [None req-bc431dff-b4c2-428a-8592-abb3e4c365e2 None None] Loading extension file: __pycache__ {{(pid=90676) _load_all_extensions_from_path /opt/stack/neutron/neutron/api/extensions.py:449}}
Jul 28 07:03:13.975828 np0000005960 devstack@neutron-api.service[90676]: DEBUG neutron.api.extensions [None req-bc431dff-b4c2-428a-8592-abb3e4c365e2 None None] Loading extension file: aap_reject_multicast.py {{(pid=90676) _load_all_extensions_from_path /opt/stack/neutron/neutron/api/extensions.py:449}}
Jul 28 07:03:13.976022 np0000005960 devstack@neutron-api.service[90678]: DEBUG neutron.api.extensions [None req-dbe33577-af2d-4648-9ad3-59bef056a1f7 None None] Extended resource: dhcp-agents {{(pid=90678) __init__ /opt/stack/neutron/neutron/api/extensions.py:156}}
Jul 28 07:03:13.976163 np0000005960 devstack@neutron-api.service[90676]: DEBUG neutron.api.extensions [None req-bc431dff-b4c2-428a-8592-abb3e4c365e2 None None] Ext name="Allowed address pairs reject multicast extension" alias="aap-reject-multicast" description="Reject multicast addresses in Allowed Address Pairs" updated="2026-04-01T00:00:00-00:00" {{(pid=90676) _check_extension /opt/stack/neutron/neutron/api/extensions.py:415}}
Jul 28 07:03:13.976350 np0000005960 devstack@neutron-api.service[90676]: INFO neutron.api.extensions [None req-bc431dff-b4c2-428a-8592-abb3e4c365e2 None None] Extension aap-reject-multicast not supported by any of loaded plugins
Jul 28 07:03:13.976454 np0000005960 devstack@neutron-api.service[90676]: DEBUG neutron.api.extensions [None req-bc431dff-b4c2-428a-8592-abb3e4c365e2 None None] Loading extension file: address_group.py {{(pid=90676) _load_all_extensions_from_path /opt/stack/neutron/neutron/api/extensions.py:449}}
Jul 28 07:03:13.977022 np0000005960 devstack@neutron-api.service[90676]: DEBUG neutron.api.extensions [None req-bc431dff-b4c2-428a-8592-abb3e4c365e2 None None] Ext name="Address group" alias="address-group" description="Support address group" updated="2020-07-15T10:00:00-00:00" {{(pid=90676) _check_extension /opt/stack/neutron/neutron/api/extensions.py:415}}
Jul 28 07:03:13.977087 np0000005960 devstack@neutron-api.service[90678]: DEBUG neutron.api.extensions [None req-dbe33577-af2d-4648-9ad3-59bef056a1f7 None None] Extended resource: routers {{(pid=90678) __init__ /opt/stack/neutron/neutron/api/extensions.py:156}}
Jul 28 07:03:13.977156 np0000005960 devstack@neutron-api.service[90676]: INFO neutron.api.extensions [None req-bc431dff-b4c2-428a-8592-abb3e4c365e2 None None] Loaded extension: address-group
Jul 28 07:03:13.977156 np0000005960 devstack@neutron-api.service[90676]: DEBUG neutron.api.extensions [None req-bc431dff-b4c2-428a-8592-abb3e4c365e2 None None] Loading extension file: address_scope.py {{(pid=90676) _load_all_extensions_from_path /opt/stack/neutron/neutron/api/extensions.py:449}}
Jul 28 07:03:13.977314 np0000005960 devstack@neutron-api.service[90675]: DEBUG neutron_lib.callbacks.manager [None req-c7f15688-1265-4e84-a6f9-267166405431 None None] Subscribe: > router before_delete 55550000, False {{(pid=90675) subscribe /opt/stack/data/venv/lib/python3.12/site-packages/neutron_lib/callbacks/manager.py:52}}
Jul 28 07:03:13.977386 np0000005960 devstack@neutron-api.service[90676]: DEBUG neutron.api.extensions [None req-bc431dff-b4c2-428a-8592-abb3e4c365e2 None None] Ext name="Address scope" alias="address-scope" description="Address scopes extension." updated="2015-07-26T10:00:00-00:00" {{(pid=90676) _check_extension /opt/stack/neutron/neutron/api/extensions.py:415}}
Jul 28 07:03:13.977555 np0000005960 devstack@neutron-api.service[90675]: DEBUG neutron_lib.callbacks.manager [None req-c7f15688-1265-4e84-a6f9-267166405431 None None] Subscribe: port before_update 55550000, False {{(pid=90675) subscribe /opt/stack/data/venv/lib/python3.12/site-packages/neutron_lib/callbacks/manager.py:52}}
Jul 28 07:03:13.977617 np0000005960 devstack@neutron-api.service[90676]: INFO neutron.api.extensions [None req-bc431dff-b4c2-428a-8592-abb3e4c365e2 None None] Loaded extension: address-scope
Jul 28 07:03:13.977617 np0000005960 devstack@neutron-api.service[90676]: DEBUG neutron.api.extensions [None req-bc431dff-b4c2-428a-8592-abb3e4c365e2 None None] Loading extension file: admin_state_down_before_update.py {{(pid=90676) _load_all_extensions_from_path /opt/stack/neutron/neutron/api/extensions.py:449}}
Jul 28 07:03:13.977695 np0000005960 devstack@neutron-api.service[90675]: DEBUG neutron_lib.callbacks.manager [None req-c7f15688-1265-4e84-a6f9-267166405431 None None] Subscribe: port after_update 55550000, False {{(pid=90675) subscribe /opt/stack/data/venv/lib/python3.12/site-packages/neutron_lib/callbacks/manager.py:52}}
Jul 28 07:03:13.977845 np0000005960 devstack@neutron-api.service[90675]: DEBUG neutron_lib.callbacks.manager [None req-c7f15688-1265-4e84-a6f9-267166405431 None None] Subscribe: > port precommit_delete 55550000, False {{(pid=90675) subscribe /opt/stack/data/venv/lib/python3.12/site-packages/neutron_lib/callbacks/manager.py:52}}
Jul 28 07:03:13.977918 np0000005960 devstack@neutron-api.service[90676]: DEBUG neutron.api.extensions [None req-bc431dff-b4c2-428a-8592-abb3e4c365e2 None None] Ext name="Enforce Router's Admin State Down Before Update Extension" alias="router-admin-state-down-before-update" description="Ensure that the admin state of a router is DOWN (admin_state_up=False) before updating the distributed attribute" updated="2019-07-02T15:56:00" {{(pid=90676) _check_extension /opt/stack/neutron/neutron/api/extensions.py:415}}
Jul 28 07:03:13.977985 np0000005960 devstack@neutron-api.service[90675]: DEBUG neutron_lib.callbacks.manager [None req-c7f15688-1265-4e84-a6f9-267166405431 None None] Subscribe: port before_update 55550000, False {{(pid=90675) subscribe /opt/stack/data/venv/lib/python3.12/site-packages/neutron_lib/callbacks/manager.py:52}}
Jul 28 07:03:13.978055 np0000005960 devstack@neutron-api.service[90676]: INFO neutron.api.extensions [None req-bc431dff-b4c2-428a-8592-abb3e4c365e2 None None] Extension router-admin-state-down-before-update not supported by any of loaded plugins
Jul 28 07:03:13.978117 np0000005960 devstack@neutron-api.service[90675]: DEBUG neutron_lib.callbacks.manager [None req-c7f15688-1265-4e84-a6f9-267166405431 None None] Subscribe: port before_delete 55550000, False {{(pid=90675) subscribe /opt/stack/data/venv/lib/python3.12/site-packages/neutron_lib/callbacks/manager.py:52}}
Jul 28 07:03:13.978194 np0000005960 devstack@neutron-api.service[90676]: DEBUG neutron.api.extensions [None req-bc431dff-b4c2-428a-8592-abb3e4c365e2 None None] Loading extension file: agent.py {{(pid=90676) _load_all_extensions_from_path /opt/stack/neutron/neutron/api/extensions.py:449}}
Jul 28 07:03:13.978268 np0000005960 devstack@neutron-api.service[90675]: DEBUG neutron_lib.callbacks.manager [None req-c7f15688-1265-4e84-a6f9-267166405431 None None] Subscribe: > router precommit_create 55550000, False {{(pid=90675) subscribe /opt/stack/data/venv/lib/python3.12/site-packages/neutron_lib/callbacks/manager.py:52}}
Jul 28 07:03:13.978365 np0000005960 devstack@neutron-api.service[90678]: DEBUG neutron.api.extensions [None req-dbe33577-af2d-4648-9ad3-59bef056a1f7 None None] Extended resource: flavors {{(pid=90678) __init__ /opt/stack/neutron/neutron/api/extensions.py:156}}
Jul 28 07:03:13.978460 np0000005960 devstack@neutron-api.service[90675]: DEBUG neutron_lib.callbacks.manager [None req-c7f15688-1265-4e84-a6f9-267166405431 None None] Subscribe: > router precommit_create 55550000, False {{(pid=90675) subscribe /opt/stack/data/venv/lib/python3.12/site-packages/neutron_lib/callbacks/manager.py:52}}
Jul 28 07:03:13.978460 np0000005960 devstack@neutron-api.service[90675]: DEBUG neutron_lib.callbacks.manager [None req-c7f15688-1265-4e84-a6f9-267166405431 None None] Subscribe: > router precommit_update 55550000, False {{(pid=90675) subscribe /opt/stack/data/venv/lib/python3.12/site-packages/neutron_lib/callbacks/manager.py:52}}
Jul 28 07:03:13.978608 np0000005960 devstack@neutron-api.service[90676]: DEBUG neutron.api.extensions [None req-bc431dff-b4c2-428a-8592-abb3e4c365e2 None None] Ext name="agent" alias="agent" description="The agent management extension." updated="2013-02-03T10:00:00-00:00" {{(pid=90676) _check_extension /opt/stack/neutron/neutron/api/extensions.py:415}}
Jul 28 07:03:13.978668 np0000005960 devstack@neutron-api.service[90675]: DEBUG neutron_lib.callbacks.manager [None req-c7f15688-1265-4e84-a6f9-267166405431 None None] Subscribe: subnet after_update 55550000, False {{(pid=90675) subscribe /opt/stack/data/venv/lib/python3.12/site-packages/neutron_lib/callbacks/manager.py:52}}
Jul 28 07:03:13.978780 np0000005960 devstack@neutron-api.service[90676]: INFO neutron.api.extensions [None req-bc431dff-b4c2-428a-8592-abb3e4c365e2 None None] Loaded extension: agent
Jul 28 07:03:13.978867 np0000005960 devstack@neutron-api.service[90676]: DEBUG neutron.api.extensions [None req-bc431dff-b4c2-428a-8592-abb3e4c365e2 None None] Loading extension file: agent_resources_synced.py {{(pid=90676) _load_all_extensions_from_path /opt/stack/neutron/neutron/api/extensions.py:449}}
Jul 28 07:03:13.978928 np0000005960 devstack@neutron-api.service[90675]: DEBUG neutron.quota.resource_registry [None req-c7f15688-1265-4e84-a6f9-267166405431 None None] Tracking information for resource: router configured {{(pid=90675) set_tracked_resource /opt/stack/neutron/neutron/quota/resource_registry.py:203}}
Jul 28 07:03:13.979050 np0000005960 devstack@neutron-api.service[90678]: DEBUG neutron.api.extensions [None req-dbe33577-af2d-4648-9ad3-59bef056a1f7 None None] Extended resource: service_profiles {{(pid=90678) __init__ /opt/stack/neutron/neutron/api/extensions.py:156}}
Jul 28 07:03:13.979246 np0000005960 devstack@neutron-api.service[90675]: DEBUG neutron.quota.resource_registry [None req-c7f15688-1265-4e84-a6f9-267166405431 None None] Tracking information for resource: floatingip configured {{(pid=90675) set_tracked_resource /opt/stack/neutron/neutron/quota/resource_registry.py:203}}
Jul 28 07:03:13.979317 np0000005960 devstack@neutron-api.service[90676]: DEBUG neutron.api.extensions [None req-bc431dff-b4c2-428a-8592-abb3e4c365e2 None None] Ext name="Agent's Resource View Synced to Placement" alias="agent-resources-synced" description="Stores success/failure of last sync to Placement" updated="2018-12-19T00:00:00-00:00" {{(pid=90676) _check_extension /opt/stack/neutron/neutron/api/extensions.py:415}}
Jul 28 07:03:13.979382 np0000005960 devstack@neutron-api.service[90675]: INFO neutron.services.ovn_l3.plugin [None req-c7f15688-1265-4e84-a6f9-267166405431 None None] Starting OVNL3RouterPlugin
Jul 28 07:03:13.979462 np0000005960 devstack@neutron-api.service[90676]: INFO neutron.api.extensions [None req-bc431dff-b4c2-428a-8592-abb3e4c365e2 None None] Extension agent-resources-synced not supported by any of loaded plugins
Jul 28 07:03:13.979462 np0000005960 devstack@neutron-api.service[90676]: DEBUG neutron.api.extensions [None req-bc431dff-b4c2-428a-8592-abb3e4c365e2 None None] Loading extension file: agent_sort_key.py {{(pid=90676) _load_all_extensions_from_path /opt/stack/neutron/neutron/api/extensions.py:449}}
Jul 28 07:03:13.979584 np0000005960 devstack@neutron-api.service[90675]: DEBUG neutron_lib.callbacks.manager [None req-c7f15688-1265-4e84-a6f9-267166405431 None None] Subscribe: > port_forwarding_plugin after_init 55550000, False {{(pid=90675) subscribe /opt/stack/data/venv/lib/python3.12/site-packages/neutron_lib/callbacks/manager.py:52}}
Jul 28 07:03:13.979658 np0000005960 devstack@neutron-api.service[90676]: DEBUG neutron.api.extensions [None req-bc431dff-b4c2-428a-8592-abb3e4c365e2 None None] Ext name="Agents Sort Key" alias="agent_sort_key" description="Enabling the keyword sort_key for sorting in agents." updated="2013-02-03T10:00:00-00:00" {{(pid=90676) _check_extension /opt/stack/neutron/neutron/api/extensions.py:415}}
Jul 28 07:03:13.979849 np0000005960 devstack@neutron-api.service[90678]: DEBUG neutron.api.extensions [None req-dbe33577-af2d-4648-9ad3-59bef056a1f7 None None] Extended resource: next_providers {{(pid=90678) __init__ /opt/stack/neutron/neutron/api/extensions.py:156}}
Jul 28 07:03:13.979910 np0000005960 devstack@neutron-api.service[90675]: DEBUG neutron_lib.callbacks.manager [None req-c7f15688-1265-4e84-a6f9-267166405431 None None] Subscribe: > router before_create 55550100, False {{(pid=90675) subscribe /opt/stack/data/venv/lib/python3.12/site-packages/neutron_lib/callbacks/manager.py:52}}
Jul 28 07:03:13.979986 np0000005960 devstack@neutron-api.service[90676]: INFO neutron.api.extensions [None req-bc431dff-b4c2-428a-8592-abb3e4c365e2 None None] Extension agent_sort_key not supported by any of loaded plugins
Jul 28 07:03:13.979986 np0000005960 devstack@neutron-api.service[90676]: DEBUG neutron.api.extensions [None req-bc431dff-b4c2-428a-8592-abb3e4c365e2 None None] Loading extension file: allowedaddresspairs.py {{(pid=90676) _load_all_extensions_from_path /opt/stack/neutron/neutron/api/extensions.py:449}}
Jul 28 07:03:13.980088 np0000005960 devstack@neutron-api.service[90675]: DEBUG neutron_lib.callbacks.manager [None req-c7f15688-1265-4e84-a6f9-267166405431 None None] Subscribe: > router precommit_delete 55550100, False {{(pid=90675) subscribe /opt/stack/data/venv/lib/python3.12/site-packages/neutron_lib/callbacks/manager.py:52}}
Jul 28 07:03:13.980162 np0000005960 devstack@neutron-api.service[90675]: DEBUG neutron_lib.callbacks.manager [None req-c7f15688-1265-4e84-a6f9-267166405431 None None] Subscribe: > router precommit_create 55550100, False {{(pid=90675) subscribe /opt/stack/data/venv/lib/python3.12/site-packages/neutron_lib/callbacks/manager.py:52}}
Jul 28 07:03:13.980315 np0000005960 devstack@neutron-api.service[90675]: DEBUG neutron_lib.callbacks.manager [None req-c7f15688-1265-4e84-a6f9-267166405431 None None] Subscribe: > router precommit_update 55550100, False {{(pid=90675) subscribe /opt/stack/data/venv/lib/python3.12/site-packages/neutron_lib/callbacks/manager.py:52}}
Jul 28 07:03:13.980740 np0000005960 devstack@neutron-api.service[90678]: DEBUG neutron.api.extensions [None req-dbe33577-af2d-4648-9ad3-59bef056a1f7 None None] Extended resource: service_profiles {{(pid=90678) __init__ /opt/stack/neutron/neutron/api/extensions.py:156}}
Jul 28 07:03:13.981211 np0000005960 devstack@neutron-api.service[90676]: DEBUG neutron.api.extensions [None req-bc431dff-b4c2-428a-8592-abb3e4c365e2 None None] Ext name="Allowed Address Pairs" alias="allowed-address-pairs" description="Provides allowed address pairs" updated="2013-07-23T10:00:00-00:00" {{(pid=90676) _check_extension /opt/stack/neutron/neutron/api/extensions.py:415}}
Jul 28 07:03:13.981357 np0000005960 devstack@neutron-api.service[90676]: INFO neutron.api.extensions [None req-bc431dff-b4c2-428a-8592-abb3e4c365e2 None None] Loaded extension: allowed-address-pairs
Jul 28 07:03:13.981465 np0000005960 devstack@neutron-api.service[90678]: DEBUG neutron.api.extensions [None req-dbe33577-af2d-4648-9ad3-59bef056a1f7 None None] Extended resource: floatingip-pools {{(pid=90678) __init__ /opt/stack/neutron/neutron/api/extensions.py:156}}
Jul 28 07:03:13.981529 np0000005960 devstack@neutron-api.service[90676]: DEBUG neutron.api.extensions [None req-bc431dff-b4c2-428a-8592-abb3e4c365e2 None None] Loading extension file: auto_allocated_topology.py {{(pid=90676) _load_all_extensions_from_path /opt/stack/neutron/neutron/api/extensions.py:449}}
Jul 28 07:03:13.981905 np0000005960 devstack@neutron-api.service[90676]: DEBUG neutron.api.extensions [None req-bc431dff-b4c2-428a-8592-abb3e4c365e2 None None] Ext name="Auto Allocated Topology Services" alias="auto-allocated-topology" description="Auto Allocated Topology Services." updated="2016-01-01T00:00:00-00:00" {{(pid=90676) _check_extension /opt/stack/neutron/neutron/api/extensions.py:415}}
Jul 28 07:03:13.982016 np0000005960 devstack@neutron-api.service[90678]: DEBUG neutron.api.extensions [None req-dbe33577-af2d-4648-9ad3-59bef056a1f7 None None] Extended resource: routers {{(pid=90678) __init__ /opt/stack/neutron/neutron/api/extensions.py:156}}
Jul 28 07:03:13.982157 np0000005960 devstack@neutron-api.service[90676]: INFO neutron.api.extensions [None req-bc431dff-b4c2-428a-8592-abb3e4c365e2 None None] Loaded extension: auto-allocated-topology
Jul 28 07:03:13.982281 np0000005960 devstack@neutron-api.service[90676]: DEBUG neutron.api.extensions [None req-bc431dff-b4c2-428a-8592-abb3e4c365e2 None None] Loading extension file: availability_zone.py {{(pid=90676) _load_all_extensions_from_path /opt/stack/neutron/neutron/api/extensions.py:449}}
Jul 28 07:03:13.982706 np0000005960 devstack@neutron-api.service[90676]: DEBUG neutron.api.extensions [None req-bc431dff-b4c2-428a-8592-abb3e4c365e2 None None] Ext name="Availability Zone" alias="availability_zone" description="The availability zone extension." updated="2015-01-01T10:00:00-00:00" {{(pid=90676) _check_extension /opt/stack/neutron/neutron/api/extensions.py:415}}
Jul 28 07:03:13.982954 np0000005960 devstack@neutron-api.service[90676]: INFO neutron.api.extensions [None req-bc431dff-b4c2-428a-8592-abb3e4c365e2 None None] Loaded extension: availability_zone
Jul 28 07:03:13.983064 np0000005960 devstack@neutron-api.service[90676]: DEBUG neutron.api.extensions [None req-bc431dff-b4c2-428a-8592-abb3e4c365e2 None None] Loading extension file: availability_zone_filter.py {{(pid=90676) _load_all_extensions_from_path /opt/stack/neutron/neutron/api/extensions.py:449}}
Jul 28 07:03:13.983237 np0000005960 devstack@neutron-api.service[90678]: DEBUG neutron.api.extensions [None req-dbe33577-af2d-4648-9ad3-59bef056a1f7 None None] Extended resource: floatingips {{(pid=90678) __init__ /opt/stack/neutron/neutron/api/extensions.py:156}}
Jul 28 07:03:13.983350 np0000005960 devstack@neutron-api.service[90676]: DEBUG neutron.api.extensions [None req-bc431dff-b4c2-428a-8592-abb3e4c365e2 None None] Ext name="Availability Zone Filter Extension" alias="availability_zone_filter" description="Add filter parameters to AvailabilityZone resource" updated="2018-06-22T10:00:00-00:00" {{(pid=90676) _check_extension /opt/stack/neutron/neutron/api/extensions.py:415}}
Jul 28 07:03:13.983722 np0000005960 devstack@neutron-api.service[90676]: INFO neutron.api.extensions [None req-bc431dff-b4c2-428a-8592-abb3e4c365e2 None None] Extension availability_zone_filter not supported by any of loaded plugins
Jul 28 07:03:13.983722 np0000005960 devstack@neutron-api.service[90676]: DEBUG neutron.api.extensions [None req-bc431dff-b4c2-428a-8592-abb3e4c365e2 None None] Loading extension file: data_plane_status.py {{(pid=90676) _load_all_extensions_from_path /opt/stack/neutron/neutron/api/extensions.py:449}}
Jul 28 07:03:13.983804 np0000005960 devstack@neutron-api.service[90678]: DEBUG neutron.api.extensions [None req-dbe33577-af2d-4648-9ad3-59bef056a1f7 None None] Extended resource: l3-routers {{(pid=90678) __init__ /opt/stack/neutron/neutron/api/extensions.py:156}}
Jul 28 07:03:13.984089 np0000005960 devstack@neutron-api.service[90676]: DEBUG neutron.api.extensions [None req-bc431dff-b4c2-428a-8592-abb3e4c365e2 None None] Ext name="Port data plane status extension" alias="data-plane-status" description="Expose status of underlying data plane" updated="2017-01-24T10:00:00-00:00" {{(pid=90676) _check_extension /opt/stack/neutron/neutron/api/extensions.py:415}}
Jul 28 07:03:13.984339 np0000005960 devstack@neutron-api.service[90676]: INFO neutron.api.extensions [None req-bc431dff-b4c2-428a-8592-abb3e4c365e2 None None] Extension data-plane-status not supported by any of loaded plugins
Jul 28 07:03:13.984515 np0000005960 devstack@neutron-api.service[90676]: DEBUG neutron.api.extensions [None req-bc431dff-b4c2-428a-8592-abb3e4c365e2 None None] Loading extension file: default_subnetpools.py {{(pid=90676) _load_all_extensions_from_path /opt/stack/neutron/neutron/api/extensions.py:449}}
Jul 28 07:03:13.984670 np0000005960 devstack@neutron-api.service[90678]: DEBUG neutron.api.extensions [None req-dbe33577-af2d-4648-9ad3-59bef056a1f7 None None] Extended resource: l3-agents {{(pid=90678) __init__ /opt/stack/neutron/neutron/api/extensions.py:156}}
Jul 28 07:03:13.984756 np0000005960 devstack@neutron-api.service[90676]: DEBUG neutron.api.extensions [None req-bc431dff-b4c2-428a-8592-abb3e4c365e2 None None] Ext name="Default Subnetpools" alias="default-subnetpools" description="Provides ability to mark and use a subnetpool as the default." updated="2016-02-18T18:00:00-00:00" {{(pid=90676) _check_extension /opt/stack/neutron/neutron/api/extensions.py:415}}
Jul 28 07:03:13.984925 np0000005960 devstack@neutron-api.service[90676]: INFO neutron.api.extensions [None req-bc431dff-b4c2-428a-8592-abb3e4c365e2 None None] Loaded extension: default-subnetpools
Jul 28 07:03:13.984977 np0000005960 devstack@neutron-api.service[90676]: DEBUG neutron.api.extensions [None req-bc431dff-b4c2-428a-8592-abb3e4c365e2 None None] Loading extension file: dhcpagentscheduler.py {{(pid=90676) _load_all_extensions_from_path /opt/stack/neutron/neutron/api/extensions.py:449}}
Jul 28 07:03:13.985416 np0000005960 devstack@neutron-api.service[90678]: DEBUG neutron.api.extensions [None req-dbe33577-af2d-4648-9ad3-59bef056a1f7 None None] Extended resource: network-ip-availabilities {{(pid=90678) __init__ /opt/stack/neutron/neutron/api/extensions.py:156}}
Jul 28 07:03:13.985523 np0000005960 devstack@neutron-api.service[90676]: DEBUG neutron.api.extensions [None req-bc431dff-b4c2-428a-8592-abb3e4c365e2 None None] Ext name="DHCP Agent Scheduler" alias="dhcp_agent_scheduler" description="Schedule networks among dhcp agents" updated="2013-02-07T10:00:00-00:00" {{(pid=90676) _check_extension /opt/stack/neutron/neutron/api/extensions.py:415}}
Jul 28 07:03:13.985860 np0000005960 devstack@neutron-api.service[90676]: INFO neutron.api.extensions [None req-bc431dff-b4c2-428a-8592-abb3e4c365e2 None None] Loaded extension: dhcp_agent_scheduler
Jul 28 07:03:13.986000 np0000005960 devstack@neutron-api.service[90675]: DEBUG neutron.services.provider_configuration [None req-c7f15688-1265-4e84-a6f9-267166405431 None None] Service providers = [] {{(pid=90675) parse_service_provider_opt /opt/stack/neutron/neutron/services/provider_configuration.py:170}}
Jul 28 07:03:13.986059 np0000005960 devstack@neutron-api.service[90676]: DEBUG neutron.api.extensions [None req-bc431dff-b4c2-428a-8592-abb3e4c365e2 None None] Loading extension file: dns.py {{(pid=90676) _load_all_extensions_from_path /opt/stack/neutron/neutron/api/extensions.py:449}}
Jul 28 07:03:13.986305 np0000005960 devstack@neutron-api.service[90675]: DEBUG neutron.db.servicetype_db [None req-c7f15688-1265-4e84-a6f9-267166405431 None None] Adding provider configuration for service L3_ROUTER_NAT {{(pid=90675) add_provider_configuration /opt/stack/neutron/neutron/db/servicetype_db.py:45}}
Jul 28 07:03:13.986421 np0000005960 devstack@neutron-api.service[90676]: DEBUG neutron.api.extensions [None req-bc431dff-b4c2-428a-8592-abb3e4c365e2 None None] Ext name="DNS Integration" alias="dns-integration" description="Provides integration with DNS." updated="2015-08-15T18:00:00-00:00" {{(pid=90676) _check_extension /opt/stack/neutron/neutron/api/extensions.py:415}}
Jul 28 07:03:13.986421 np0000005960 devstack@neutron-api.service[90676]: INFO neutron.api.extensions [None req-bc431dff-b4c2-428a-8592-abb3e4c365e2 None None] Loaded extension: dns-integration
Jul 28 07:03:13.986546 np0000005960 devstack@neutron-api.service[90678]: DEBUG neutron.api.extensions [None req-dbe33577-af2d-4648-9ad3-59bef056a1f7 None None] Extended resource: network-ip-availabilities {{(pid=90678) __init__ /opt/stack/neutron/neutron/api/extensions.py:156}}
Jul 28 07:03:13.986650 np0000005960 devstack@neutron-api.service[90676]: DEBUG neutron.api.extensions [None req-bc431dff-b4c2-428a-8592-abb3e4c365e2 None None] Loading extension file: dns_domain_ports.py {{(pid=90676) _load_all_extensions_from_path /opt/stack/neutron/neutron/api/extensions.py:449}}
Jul 28 07:03:13.986650 np0000005960 devstack@neutron-api.service[90676]: DEBUG neutron.api.extensions [None req-bc431dff-b4c2-428a-8592-abb3e4c365e2 None None] Ext name="dns_domain for ports" alias="dns-domain-ports" description="Allows the DNS domain to be specified for a network port." updated="2017-04-24T10:00:00-00:00" {{(pid=90676) _check_extension /opt/stack/neutron/neutron/api/extensions.py:415}}
Jul 28 07:03:13.986650 np0000005960 devstack@neutron-api.service[90676]: INFO neutron.api.extensions [None req-bc431dff-b4c2-428a-8592-abb3e4c365e2 None None] Loaded extension: dns-domain-ports
Jul 28 07:03:13.986889 np0000005960 devstack@neutron-api.service[90676]: DEBUG neutron.api.extensions [None req-bc431dff-b4c2-428a-8592-abb3e4c365e2 None None] Loading extension file: dns_integration_domain_keywords.py {{(pid=90676) _load_all_extensions_from_path /opt/stack/neutron/neutron/api/extensions.py:449}}
Jul 28 07:03:13.987049 np0000005960 devstack@neutron-api.service[90678]: DEBUG neutron.api.extensions [None req-dbe33577-af2d-4648-9ad3-59bef056a1f7 None None] Extended resource: bindings {{(pid=90678) __init__ /opt/stack/neutron/neutron/api/extensions.py:156}}
Jul 28 07:03:13.987169 np0000005960 devstack@neutron-api.service[90676]: DEBUG neutron.api.extensions [None req-bc431dff-b4c2-428a-8592-abb3e4c365e2 None None] Ext name="DNS domain names with keywords allowed" alias="dns-integration-domain-keywords" description="Allows to use keywords like , , and as DNS domain name" updated="2020-06-15T18:00:00-00:00" {{(pid=90676) _check_extension /opt/stack/neutron/neutron/api/extensions.py:415}}
Jul 28 07:03:13.987468 np0000005960 devstack@neutron-api.service[90676]: INFO neutron.api.extensions [None req-bc431dff-b4c2-428a-8592-abb3e4c365e2 None None] Loaded extension: dns-integration-domain-keywords
Jul 28 07:03:13.987468 np0000005960 devstack@neutron-api.service[90676]: DEBUG neutron.api.extensions [None req-bc431dff-b4c2-428a-8592-abb3e4c365e2 None None] Loading extension file: dvr.py {{(pid=90676) _load_all_extensions_from_path /opt/stack/neutron/neutron/api/extensions.py:449}}
Jul 28 07:03:13.987838 np0000005960 devstack@neutron-api.service[90676]: DEBUG neutron.api.extensions [None req-bc431dff-b4c2-428a-8592-abb3e4c365e2 None None] Ext name="Distributed Virtual Router" alias="dvr" description="Enables configuration of Distributed Virtual Routers." updated="2014-06-1T10:00:00-00:00" {{(pid=90676) _check_extension /opt/stack/neutron/neutron/api/extensions.py:415}}
Jul 28 07:03:13.987987 np0000005960 devstack@neutron-api.service[90678]: DEBUG neutron.api.extensions [None req-dbe33577-af2d-4648-9ad3-59bef056a1f7 None None] Extended resource: quotas {{(pid=90678) __init__ /opt/stack/neutron/neutron/api/extensions.py:156}}
Jul 28 07:03:13.988070 np0000005960 devstack@neutron-api.service[90675]: DEBUG neutron_lib.callbacks.manager [None req-c7f15688-1265-4e84-a6f9-267166405431 None None] Subscribe: > router precommit_create 55549900, False {{(pid=90675) subscribe /opt/stack/data/venv/lib/python3.12/site-packages/neutron_lib/callbacks/manager.py:52}}
Jul 28 07:03:13.988162 np0000005960 devstack@neutron-api.service[90676]: INFO neutron.api.extensions [None req-bc431dff-b4c2-428a-8592-abb3e4c365e2 None None] Extension dvr not supported by any of loaded plugins
Jul 28 07:03:13.988293 np0000005960 devstack@neutron-api.service[90675]: DEBUG neutron_lib.callbacks.manager [None req-c7f15688-1265-4e84-a6f9-267166405431 None None] Subscribe: > router_interface after_create 55550000, False {{(pid=90675) subscribe /opt/stack/data/venv/lib/python3.12/site-packages/neutron_lib/callbacks/manager.py:52}}
Jul 28 07:03:13.988421 np0000005960 devstack@neutron-api.service[90676]: DEBUG neutron.api.extensions [None req-bc431dff-b4c2-428a-8592-abb3e4c365e2 None None] Loading extension file: ecmp_routes.py {{(pid=90676) _load_all_extensions_from_path /opt/stack/neutron/neutron/api/extensions.py:449}}
Jul 28 07:03:13.988534 np0000005960 devstack@neutron-api.service[90675]: DEBUG neutron_lib.callbacks.manager [None req-c7f15688-1265-4e84-a6f9-267166405431 None None] Subscribe: > floatingip after_create 55550000, False {{(pid=90675) subscribe /opt/stack/data/venv/lib/python3.12/site-packages/neutron_lib/callbacks/manager.py:52}}
Jul 28 07:03:13.988534 np0000005960 devstack@neutron-api.service[90675]: DEBUG neutron_lib.callbacks.manager [None req-c7f15688-1265-4e84-a6f9-267166405431 None None] Subscribe: > floatingip precommit_create 55550000, False {{(pid=90675) subscribe /opt/stack/data/venv/lib/python3.12/site-packages/neutron_lib/callbacks/manager.py:52}}
Jul 28 07:03:13.988652 np0000005960 devstack@neutron-api.service[90676]: DEBUG neutron.api.extensions [None req-bc431dff-b4c2-428a-8592-abb3e4c365e2 None None] Ext name="Equal Cost Multipath Routing" alias="ecmp_routes" description="Allows traffic to reach thesame destination via multiple different links " updated="2020-11-26T18:00:00-00:00" {{(pid=90676) _check_extension /opt/stack/neutron/neutron/api/extensions.py:415}}
Jul 28 07:03:13.988777 np0000005960 devstack@neutron-api.service[90675]: DEBUG neutron_lib.callbacks.manager [None req-c7f15688-1265-4e84-a6f9-267166405431 None None] Subscribe: > floatingip precommit_update 55550000, False {{(pid=90675) subscribe /opt/stack/data/venv/lib/python3.12/site-packages/neutron_lib/callbacks/manager.py:52}}
Jul 28 07:03:13.988777 np0000005960 devstack@neutron-api.service[90675]: DEBUG neutron_lib.callbacks.manager [None req-c7f15688-1265-4e84-a6f9-267166405431 None None] Subscribe: > floatingip after_delete 55550000, False {{(pid=90675) subscribe /opt/stack/data/venv/lib/python3.12/site-packages/neutron_lib/callbacks/manager.py:52}}
Jul 28 07:03:13.988902 np0000005960 devstack@neutron-api.service[90676]: INFO neutron.api.extensions [None req-bc431dff-b4c2-428a-8592-abb3e4c365e2 None None] Extension ecmp_routes not supported by any of loaded plugins
Jul 28 07:03:13.989033 np0000005960 devstack@neutron-api.service[90678]: DEBUG neutron.api.extensions [None req-dbe33577-af2d-4648-9ad3-59bef056a1f7 None None] Extended resource: quotas {{(pid=90678) __init__ /opt/stack/neutron/neutron/api/extensions.py:156}}
Jul 28 07:03:13.989139 np0000005960 devstack@neutron-api.service[90676]: DEBUG neutron.api.extensions [None req-bc431dff-b4c2-428a-8592-abb3e4c365e2 None None] Loading extension file: empty_string_filtering.py {{(pid=90676) _load_all_extensions_from_path /opt/stack/neutron/neutron/api/extensions.py:449}}
Jul 28 07:03:13.989246 np0000005960 devstack@neutron-api.service[90675]: DEBUG neutron_lib.callbacks.manager [None req-c7f15688-1265-4e84-a6f9-267166405431 None None] Subscribe: > floatingip after_status_update 55550000, False {{(pid=90675) subscribe /opt/stack/data/venv/lib/python3.12/site-packages/neutron_lib/callbacks/manager.py:52}}
Jul 28 07:03:13.989246 np0000005960 devstack@neutron-api.service[90675]: DEBUG neutron_lib.callbacks.manager [None req-c7f15688-1265-4e84-a6f9-267166405431 None None] Subscribe: > floatingip after_update 55550000, False {{(pid=90675) subscribe /opt/stack/data/venv/lib/python3.12/site-packages/neutron_lib/callbacks/manager.py:52}}
Jul 28 07:03:13.989246 np0000005960 devstack@neutron-api.service[90675]: DEBUG neutron_lib.callbacks.manager [None req-c7f15688-1265-4e84-a6f9-267166405431 None None] Subscribe: > port_forwarding after_create 55550000, False {{(pid=90675) subscribe /opt/stack/data/venv/lib/python3.12/site-packages/neutron_lib/callbacks/manager.py:52}}
Jul 28 07:03:13.989352 np0000005960 devstack@neutron-api.service[90676]: DEBUG neutron.api.extensions [None req-bc431dff-b4c2-428a-8592-abb3e4c365e2 None None] Ext name="Empty String Filtering Extension" alias="empty-string-filtering" description="Allow filtering by attributes with empty string value" updated="2018-05-01T10:00:00-00:00" {{(pid=90676) _check_extension /opt/stack/neutron/neutron/api/extensions.py:415}}
Jul 28 07:03:13.989413 np0000005960 devstack@neutron-api.service[90675]: DEBUG neutron_lib.callbacks.manager [None req-c7f15688-1265-4e84-a6f9-267166405431 None None] Subscribe: > router_interface after_delete 55550000, False {{(pid=90675) subscribe /opt/stack/data/venv/lib/python3.12/site-packages/neutron_lib/callbacks/manager.py:52}}
Jul 28 07:03:13.989492 np0000005960 devstack@neutron-api.service[90676]: INFO neutron.api.extensions [None req-bc431dff-b4c2-428a-8592-abb3e4c365e2 None None] Loaded extension: empty-string-filtering
Jul 28 07:03:13.989549 np0000005960 devstack@neutron-api.service[90675]: DEBUG neutron_lib.callbacks.manager [None req-c7f15688-1265-4e84-a6f9-267166405431 None None] Subscribe: > router after_create 55550000, False {{(pid=90675) subscribe /opt/stack/data/venv/lib/python3.12/site-packages/neutron_lib/callbacks/manager.py:52}}
Jul 28 07:03:13.989604 np0000005960 devstack@neutron-api.service[90676]: DEBUG neutron.api.extensions [None req-bc431dff-b4c2-428a-8592-abb3e4c365e2 None None] Loading extension file: evpn.py {{(pid=90676) _load_all_extensions_from_path /opt/stack/neutron/neutron/api/extensions.py:449}}
Jul 28 07:03:13.989658 np0000005960 devstack@neutron-api.service[90675]: DEBUG neutron_lib.callbacks.manager [None req-c7f15688-1265-4e84-a6f9-267166405431 None None] Subscribe: > router precommit_create 55550000, False {{(pid=90675) subscribe /opt/stack/data/venv/lib/python3.12/site-packages/neutron_lib/callbacks/manager.py:52}}
Jul 28 07:03:13.989728 np0000005960 devstack@neutron-api.service[90675]: DEBUG neutron_lib.callbacks.manager [None req-c7f15688-1265-4e84-a6f9-267166405431 None None] Subscribe: > router after_delete 55550000, False {{(pid=90675) subscribe /opt/stack/data/venv/lib/python3.12/site-packages/neutron_lib/callbacks/manager.py:52}}
Jul 28 07:03:13.989807 np0000005960 devstack@neutron-api.service[90676]: DEBUG neutron.api.extensions [None req-bc431dff-b4c2-428a-8592-abb3e4c365e2 None None] Ext name="EVPN" alias="evpn" description="Router extension to support EVPN Type-5 route advertisement" updated="2026-04-28T00:00:00-00:00" {{(pid=90676) _check_extension /opt/stack/neutron/neutron/api/extensions.py:415}}
Jul 28 07:03:13.989872 np0000005960 devstack@neutron-api.service[90675]: DEBUG neutron_lib.callbacks.manager [None req-c7f15688-1265-4e84-a6f9-267166405431 None None] Subscribe: > router after_update 55550000, False {{(pid=90675) subscribe /opt/stack/data/venv/lib/python3.12/site-packages/neutron_lib/callbacks/manager.py:52}}
Jul 28 07:03:13.989927 np0000005960 devstack@neutron-api.service[90678]: DEBUG neutron.api.extensions [None req-dbe33577-af2d-4648-9ad3-59bef056a1f7 None None] Extended resource: rbac-policies {{(pid=90678) __init__ /opt/stack/neutron/neutron/api/extensions.py:156}}
Jul 28 07:03:13.989985 np0000005960 devstack@neutron-api.service[90676]: INFO neutron.api.extensions [None req-bc431dff-b4c2-428a-8592-abb3e4c365e2 None None] Extension evpn not supported by any of loaded plugins
Jul 28 07:03:13.990040 np0000005960 devstack@neutron-api.service[90675]: DEBUG neutron.services.service_base [None req-c7f15688-1265-4e84-a6f9-267166405431 None None] Loaded 'neutron.services.ovn_l3.service_providers.ovn.OvnDriver' provider for service L3_ROUTER_NAT {{(pid=90675) load_drivers /opt/stack/neutron/neutron/services/service_base.py:49}}
Jul 28 07:03:13.990099 np0000005960 devstack@neutron-api.service[90676]: DEBUG neutron.api.extensions [None req-bc431dff-b4c2-428a-8592-abb3e4c365e2 None None] Loading extension file: expose_l3_conntrack_helper.py {{(pid=90676) _load_all_extensions_from_path /opt/stack/neutron/neutron/api/extensions.py:449}}
Jul 28 07:03:13.990232 np0000005960 devstack@neutron-api.service[90675]: DEBUG neutron_lib.callbacks.manager [None req-c7f15688-1265-4e84-a6f9-267166405431 None None] Subscribe: > process after_init 55550001, True {{(pid=90675) subscribe /opt/stack/data/venv/lib/python3.12/site-packages/neutron_lib/callbacks/manager.py:52}}
Jul 28 07:03:13.990363 np0000005960 devstack@neutron-api.service[90676]: DEBUG neutron.api.extensions [None req-bc431dff-b4c2-428a-8592-abb3e4c365e2 None None] Ext name="Expose CT target rules for conntrack helper" alias="expose-l3-conntrack-helper" description="Expose allow adding CT target rules for conntrack helper" updated="2019-04-04T10:00:00-00:00" {{(pid=90676) _check_extension /opt/stack/neutron/neutron/api/extensions.py:415}}
Jul 28 07:03:13.990483 np0000005960 devstack@neutron-api.service[90675]: DEBUG neutron.manager [None req-c7f15688-1265-4e84-a6f9-267166405431 None None] Successfully loaded L3_ROUTER_NAT plugin. Description: L3 Router Service Plugin for basic L3 forwarding using OVN {{(pid=90675) _create_and_add_service_plugin /opt/stack/neutron/neutron/manager.py:236}}
Jul 28 07:03:13.990619 np0000005960 devstack@neutron-api.service[90675]: INFO neutron.manager [None req-c7f15688-1265-4e84-a6f9-267166405431 None None] Loading Plugin: auto_allocate
Jul 28 07:03:13.990689 np0000005960 devstack@neutron-api.service[90676]: INFO neutron.api.extensions [None req-bc431dff-b4c2-428a-8592-abb3e4c365e2 None None] Extension expose-l3-conntrack-helper not supported by any of loaded plugins
Jul 28 07:03:13.990770 np0000005960 devstack@neutron-api.service[90678]: DEBUG neutron.api.extensions [None req-dbe33577-af2d-4648-9ad3-59bef056a1f7 None None] Extended resource: default-security-group-rules {{(pid=90678) __init__ /opt/stack/neutron/neutron/api/extensions.py:156}}
Jul 28 07:03:13.990835 np0000005960 devstack@neutron-api.service[90676]: DEBUG neutron.api.extensions [None req-bc431dff-b4c2-428a-8592-abb3e4c365e2 None None] Loading extension file: expose_port_forwarding_in_fip.py {{(pid=90676) _load_all_extensions_from_path /opt/stack/neutron/neutron/api/extensions.py:449}}
Jul 28 07:03:13.991104 np0000005960 devstack@neutron-api.service[90676]: DEBUG neutron.api.extensions [None req-bc431dff-b4c2-428a-8592-abb3e4c365e2 None None] Ext name="Expose Floating IP port forwardings" alias="expose-port-forwarding-in-fip" description="Expose port forwarding fields in floating IP response" updated="2018-06-28T16:00:00-00:00" {{(pid=90676) _check_extension /opt/stack/neutron/neutron/api/extensions.py:415}}
Jul 28 07:03:13.991330 np0000005960 devstack@neutron-api.service[90676]: INFO neutron.api.extensions [None req-bc431dff-b4c2-428a-8592-abb3e4c365e2 None None] Extension expose-port-forwarding-in-fip not supported by any of loaded plugins
Jul 28 07:03:13.991493 np0000005960 devstack@neutron-api.service[90676]: DEBUG neutron.api.extensions [None req-bc431dff-b4c2-428a-8592-abb3e4c365e2 None None] Loading extension file: external_net.py {{(pid=90676) _load_all_extensions_from_path /opt/stack/neutron/neutron/api/extensions.py:449}}
Jul 28 07:03:13.991555 np0000005960 devstack@neutron-api.service[90678]: DEBUG neutron.api.extensions [None req-dbe33577-af2d-4648-9ad3-59bef056a1f7 None None] Extended resource: security-groups-default-statefulness {{(pid=90678) __init__ /opt/stack/neutron/neutron/api/extensions.py:156}}
Jul 28 07:03:13.991871 np0000005960 devstack@neutron-api.service[90676]: DEBUG neutron.api.extensions [None req-bc431dff-b4c2-428a-8592-abb3e4c365e2 None None] Ext name="Neutron external network" alias="external-net" description="Adds external network attribute to network resource." updated="2013-01-14T10:00:00-00:00" {{(pid=90676) _check_extension /opt/stack/neutron/neutron/api/extensions.py:415}}
Jul 28 07:03:13.992054 np0000005960 devstack@neutron-api.service[90676]: INFO neutron.api.extensions [None req-bc431dff-b4c2-428a-8592-abb3e4c365e2 None None] Loaded extension: external-net
Jul 28 07:03:13.992184 np0000005960 devstack@neutron-api.service[90676]: DEBUG neutron.api.extensions [None req-bc431dff-b4c2-428a-8592-abb3e4c365e2 None None] Loading extension file: extra_dhcp_opt.py {{(pid=90676) _load_all_extensions_from_path /opt/stack/neutron/neutron/api/extensions.py:449}}
Jul 28 07:03:13.992242 np0000005960 devstack@neutron-api.service[90675]: DEBUG neutron_lib.callbacks.manager [None req-c7f15688-1265-4e84-a6f9-267166405431 None None] Subscribe: network precommit_update 55550000, False {{(pid=90675) subscribe /opt/stack/data/venv/lib/python3.12/site-packages/neutron_lib/callbacks/manager.py:52}}
Jul 28 07:03:13.992348 np0000005960 devstack@neutron-api.service[90678]: DEBUG neutron.api.extensions [None req-dbe33577-af2d-4648-9ad3-59bef056a1f7 None None] Extended resource: security-groups {{(pid=90678) __init__ /opt/stack/neutron/neutron/api/extensions.py:156}}
Jul 28 07:03:13.992496 np0000005960 devstack@neutron-api.service[90675]: DEBUG neutron_lib.callbacks.manager [None req-c7f15688-1265-4e84-a6f9-267166405431 None None] Subscribe: network precommit_create 55550000, False {{(pid=90675) subscribe /opt/stack/data/venv/lib/python3.12/site-packages/neutron_lib/callbacks/manager.py:52}}
Jul 28 07:03:13.992570 np0000005960 devstack@neutron-api.service[90676]: DEBUG neutron.api.extensions [None req-bc431dff-b4c2-428a-8592-abb3e4c365e2 None None] Ext name="Neutron Extra DHCP options" alias="extra_dhcp_opt" description="Extra options configuration for DHCP. For example PXE boot options to DHCP clients can be specified (e.g. tftp-server, server-ip-address, bootfile-name)" updated="2013-03-17T12:00:00-00:00" {{(pid=90676) _check_extension /opt/stack/neutron/neutron/api/extensions.py:415}}
Jul 28 07:03:13.992770 np0000005960 devstack@neutron-api.service[90676]: INFO neutron.api.extensions [None req-bc431dff-b4c2-428a-8592-abb3e4c365e2 None None] Loaded extension: extra_dhcp_opt
Jul 28 07:03:13.992829 np0000005960 devstack@neutron-api.service[90675]: DEBUG neutron.manager [None req-c7f15688-1265-4e84-a6f9-267166405431 None None] Successfully loaded auto-allocated-topology plugin. Description: Auto Allocated Topology - aka get me a network. {{(pid=90675) _create_and_add_service_plugin /opt/stack/neutron/neutron/manager.py:236}}
Jul 28 07:03:13.992885 np0000005960 devstack@neutron-api.service[90676]: DEBUG neutron.api.extensions [None req-bc431dff-b4c2-428a-8592-abb3e4c365e2 None None] Loading extension file: extraroute.py {{(pid=90676) _load_all_extensions_from_path /opt/stack/neutron/neutron/api/extensions.py:449}}
Jul 28 07:03:13.992971 np0000005960 devstack@neutron-api.service[90678]: DEBUG neutron.api.extensions [None req-dbe33577-af2d-4648-9ad3-59bef056a1f7 None None] Extended resource: security-group-rules {{(pid=90678) __init__ /opt/stack/neutron/neutron/api/extensions.py:156}}
Jul 28 07:03:13.993041 np0000005960 devstack@neutron-api.service[90675]: INFO neutron.manager [None req-c7f15688-1265-4e84-a6f9-267166405431 None None] Loading Plugin: tag
Jul 28 07:03:13.993246 np0000005960 devstack@neutron-api.service[90676]: DEBUG neutron.api.extensions [None req-bc431dff-b4c2-428a-8592-abb3e4c365e2 None None] Ext name="Neutron Extra Route" alias="extraroute" description="Extra routes configuration for L3 router" updated="2013-02-01T10:00:00-00:00" {{(pid=90676) _check_extension /opt/stack/neutron/neutron/api/extensions.py:415}}
Jul 28 07:03:13.993395 np0000005960 devstack@neutron-api.service[90678]: DEBUG neutron.api.extensions [None req-dbe33577-af2d-4648-9ad3-59bef056a1f7 None None] Extended resource: service-providers {{(pid=90678) __init__ /opt/stack/neutron/neutron/api/extensions.py:156}}
Jul 28 07:03:13.993518 np0000005960 devstack@neutron-api.service[90676]: INFO neutron.api.extensions [None req-bc431dff-b4c2-428a-8592-abb3e4c365e2 None None] Loaded extension: extraroute
Jul 28 07:03:13.993652 np0000005960 devstack@neutron-api.service[90676]: DEBUG neutron.api.extensions [None req-bc431dff-b4c2-428a-8592-abb3e4c365e2 None None] Loading extension file: extraroute_atomic.py {{(pid=90676) _load_all_extensions_from_path /opt/stack/neutron/neutron/api/extensions.py:449}}
Jul 28 07:03:13.993846 np0000005960 devstack@neutron-api.service[90678]: DEBUG neutron.api.extensions [None req-dbe33577-af2d-4648-9ad3-59bef056a1f7 None None] Extended resource: subnetpools {{(pid=90678) __init__ /opt/stack/neutron/neutron/api/extensions.py:156}}
Jul 28 07:03:13.994012 np0000005960 devstack@neutron-api.service[90676]: DEBUG neutron.api.extensions [None req-bc431dff-b4c2-428a-8592-abb3e4c365e2 None None] Ext name="Atomically add/remove extra routes" alias="extraroute-atomic" description="Edit extra routes of a router on server side by atomically adding/removing extra routes" updated="2019-07-10T00:00:00+00:00" {{(pid=90676) _check_extension /opt/stack/neutron/neutron/api/extensions.py:415}}
Jul 28 07:03:13.994240 np0000005960 devstack@neutron-api.service[90676]: INFO neutron.api.extensions [None req-bc431dff-b4c2-428a-8592-abb3e4c365e2 None None] Loaded extension: extraroute-atomic
Jul 28 07:03:13.994328 np0000005960 devstack@neutron-api.service[90676]: DEBUG neutron.api.extensions [None req-bc431dff-b4c2-428a-8592-abb3e4c365e2 None None] Loading extension file: filter_validation.py {{(pid=90676) _load_all_extensions_from_path /opt/stack/neutron/neutron/api/extensions.py:449}}
Jul 28 07:03:13.994423 np0000005960 devstack@neutron-api.service[90678]: DEBUG neutron.api.extensions [None req-dbe33577-af2d-4648-9ad3-59bef056a1f7 None None] Extended resource: subnetpools {{(pid=90678) __init__ /opt/stack/neutron/neutron/api/extensions.py:156}}
Jul 28 07:03:13.994676 np0000005960 devstack@neutron-api.service[90676]: DEBUG neutron.api.extensions [None req-bc431dff-b4c2-428a-8592-abb3e4c365e2 None None] Ext name="Filter parameters validation" alias="filter-validation" description="Provides validation on filter parameters." updated="2018-07-04T10:00:00-00:00" {{(pid=90676) _check_extension /opt/stack/neutron/neutron/api/extensions.py:415}}
Jul 28 07:03:13.994859 np0000005960 devstack@neutron-api.service[90676]: INFO neutron.api.extensions [None req-bc431dff-b4c2-428a-8592-abb3e4c365e2 None None] Loaded extension: filter-validation
Jul 28 07:03:13.994955 np0000005960 devstack@neutron-api.service[90676]: DEBUG neutron.api.extensions [None req-bc431dff-b4c2-428a-8592-abb3e4c365e2 None None] Loading extension file: fip_pf_description.py {{(pid=90676) _load_all_extensions_from_path /opt/stack/neutron/neutron/api/extensions.py:449}}
Jul 28 07:03:13.995019 np0000005960 devstack@neutron-api.service[90678]: DEBUG neutron.api.extensions [None req-dbe33577-af2d-4648-9ad3-59bef056a1f7 None None] Extended resource: tags {{(pid=90678) __init__ /opt/stack/neutron/neutron/api/extensions.py:156}}
