Jul 09 10:52:32.986142 np0000004880 nova-scheduler[96349]: DEBUG cotyledon.oslo_config_glue [-] oslo_messaging_metrics.metrics_process_name = {{(pid=96349) log_opt_values /opt/stack/data/venv/lib/python3.12/site-packages/oslo_config/cfg.py:3253}}
Jul 09 10:52:32.986142 np0000004880 nova-scheduler[96349]: DEBUG cotyledon.oslo_config_glue [-] oslo_messaging_metrics.metrics_socket_file = /var/tmp/metrics_collector.sock {{(pid=96349) log_opt_values /opt/stack/data/venv/lib/python3.12/site-packages/oslo_config/cfg.py:3253}}
Jul 09 10:52:32.986142 np0000004880 nova-scheduler[96349]: DEBUG cotyledon.oslo_config_glue [-] oslo_messaging_metrics.metrics_thread_stop_timeout = 10 {{(pid=96349) log_opt_values /opt/stack/data/venv/lib/python3.12/site-packages/oslo_config/cfg.py:3253}}
Jul 09 10:52:32.986142 np0000004880 nova-scheduler[96349]: DEBUG cotyledon.oslo_config_glue [-] profiler.connection_string = messaging:// {{(pid=96349) log_opt_values /opt/stack/data/venv/lib/python3.12/site-packages/oslo_config/cfg.py:3253}}
Jul 09 10:52:32.986142 np0000004880 nova-scheduler[96349]: DEBUG cotyledon.oslo_config_glue [-] profiler.enabled = False {{(pid=96349) log_opt_values /opt/stack/data/venv/lib/python3.12/site-packages/oslo_config/cfg.py:3253}}
Jul 09 10:52:32.986142 np0000004880 nova-scheduler[96349]: DEBUG cotyledon.oslo_config_glue [-] profiler.es_doc_type = notification {{(pid=96349) log_opt_values /opt/stack/data/venv/lib/python3.12/site-packages/oslo_config/cfg.py:3253}}
Jul 09 10:52:32.986142 np0000004880 nova-scheduler[96349]: DEBUG cotyledon.oslo_config_glue [-] profiler.es_scroll_size = 10000 {{(pid=96349) log_opt_values /opt/stack/data/venv/lib/python3.12/site-packages/oslo_config/cfg.py:3253}}
Jul 09 10:52:32.986142 np0000004880 nova-scheduler[96349]: DEBUG cotyledon.oslo_config_glue [-] profiler.es_scroll_time = 2m {{(pid=96349) log_opt_values /opt/stack/data/venv/lib/python3.12/site-packages/oslo_config/cfg.py:3253}}
Jul 09 10:52:32.986439 np0000004880 nova-scheduler[96349]: DEBUG cotyledon.oslo_config_glue [-] profiler.filter_error_trace = False {{(pid=96349) log_opt_values /opt/stack/data/venv/lib/python3.12/site-packages/oslo_config/cfg.py:3253}}
Jul 09 10:52:32.986439 np0000004880 nova-scheduler[96349]: DEBUG cotyledon.oslo_config_glue [-] profiler.hmac_keys = **** {{(pid=96349) log_opt_values /opt/stack/data/venv/lib/python3.12/site-packages/oslo_config/cfg.py:3253}}
Jul 09 10:52:32.986439 np0000004880 nova-scheduler[96349]: DEBUG cotyledon.oslo_config_glue [-] profiler.sentinel_service_name = mymaster {{(pid=96349) log_opt_values /opt/stack/data/venv/lib/python3.12/site-packages/oslo_config/cfg.py:3253}}
Jul 09 10:52:32.986439 np0000004880 nova-scheduler[96349]: DEBUG cotyledon.oslo_config_glue [-] profiler.socket_timeout = 0.1 {{(pid=96349) log_opt_values /opt/stack/data/venv/lib/python3.12/site-packages/oslo_config/cfg.py:3253}}
Jul 09 10:52:32.986439 np0000004880 nova-scheduler[96349]: DEBUG cotyledon.oslo_config_glue [-] profiler.trace_requests = False {{(pid=96349) log_opt_values /opt/stack/data/venv/lib/python3.12/site-packages/oslo_config/cfg.py:3253}}
Jul 09 10:52:32.986439 np0000004880 nova-scheduler[96349]: DEBUG cotyledon.oslo_config_glue [-] profiler.trace_sqlalchemy = False {{(pid=96349) log_opt_values /opt/stack/data/venv/lib/python3.12/site-packages/oslo_config/cfg.py:3253}}
Jul 09 10:52:32.986439 np0000004880 nova-scheduler[96349]: DEBUG cotyledon.oslo_config_glue [-] profiler_jaeger.process_tags = {} {{(pid=96349) log_opt_values /opt/stack/data/venv/lib/python3.12/site-packages/oslo_config/cfg.py:3253}}
Jul 09 10:52:32.986439 np0000004880 nova-scheduler[96349]: DEBUG cotyledon.oslo_config_glue [-] profiler_jaeger.service_name_prefix = None {{(pid=96349) log_opt_values /opt/stack/data/venv/lib/python3.12/site-packages/oslo_config/cfg.py:3253}}
Jul 09 10:52:32.986439 np0000004880 nova-scheduler[96349]: DEBUG cotyledon.oslo_config_glue [-] profiler_otlp.service_name_prefix = None {{(pid=96349) log_opt_values /opt/stack/data/venv/lib/python3.12/site-packages/oslo_config/cfg.py:3253}}
Jul 09 10:52:32.986718 np0000004880 nova-scheduler[96349]: DEBUG cotyledon.oslo_config_glue [-] oslo_messaging_rabbit.amqp_auto_delete = False {{(pid=96349) log_opt_values /opt/stack/data/venv/lib/python3.12/site-packages/oslo_config/cfg.py:3253}}
Jul 09 10:52:32.986718 np0000004880 nova-scheduler[96349]: DEBUG cotyledon.oslo_config_glue [-] oslo_messaging_rabbit.amqp_durable_queues = False {{(pid=96349) log_opt_values /opt/stack/data/venv/lib/python3.12/site-packages/oslo_config/cfg.py:3253}}
Jul 09 10:52:32.986718 np0000004880 nova-scheduler[96349]: DEBUG cotyledon.oslo_config_glue [-] oslo_messaging_rabbit.conn_pool_min_size = 2 {{(pid=96349) log_opt_values /opt/stack/data/venv/lib/python3.12/site-packages/oslo_config/cfg.py:3253}}
Jul 09 10:52:32.986718 np0000004880 nova-scheduler[96349]: DEBUG cotyledon.oslo_config_glue [-] oslo_messaging_rabbit.conn_pool_ttl = 1200 {{(pid=96349) log_opt_values /opt/stack/data/venv/lib/python3.12/site-packages/oslo_config/cfg.py:3253}}
Jul 09 10:52:32.986718 np0000004880 nova-scheduler[96349]: DEBUG cotyledon.oslo_config_glue [-] oslo_messaging_rabbit.direct_mandatory_flag = True {{(pid=96349) log_opt_values /opt/stack/data/venv/lib/python3.12/site-packages/oslo_config/cfg.py:3253}}
Jul 09 10:52:32.986718 np0000004880 nova-scheduler[96349]: DEBUG cotyledon.oslo_config_glue [-] oslo_messaging_rabbit.enable_cancel_on_failover = False {{(pid=96349) log_opt_values /opt/stack/data/venv/lib/python3.12/site-packages/oslo_config/cfg.py:3253}}
Jul 09 10:52:32.986718 np0000004880 nova-scheduler[96349]: DEBUG cotyledon.oslo_config_glue [-] oslo_messaging_rabbit.heartbeat_rate = 3 {{(pid=96349) log_opt_values /opt/stack/data/venv/lib/python3.12/site-packages/oslo_config/cfg.py:3253}}
Jul 09 10:52:32.986718 np0000004880 nova-scheduler[96349]: DEBUG cotyledon.oslo_config_glue [-] oslo_messaging_rabbit.heartbeat_timeout_threshold = 60 {{(pid=96349) log_opt_values /opt/stack/data/venv/lib/python3.12/site-packages/oslo_config/cfg.py:3253}}
Jul 09 10:52:32.986718 np0000004880 nova-scheduler[96349]: DEBUG cotyledon.oslo_config_glue [-] oslo_messaging_rabbit.hostname = np0000004880 {{(pid=96349) log_opt_values /opt/stack/data/venv/lib/python3.12/site-packages/oslo_config/cfg.py:3253}}
Jul 09 10:52:32.987005 np0000004880 nova-scheduler[96349]: DEBUG cotyledon.oslo_config_glue [-] oslo_messaging_rabbit.kombu_compression = None {{(pid=96349) log_opt_values /opt/stack/data/venv/lib/python3.12/site-packages/oslo_config/cfg.py:3253}}
Jul 09 10:52:32.987005 np0000004880 nova-scheduler[96349]: DEBUG cotyledon.oslo_config_glue [-] oslo_messaging_rabbit.kombu_failover_strategy = round-robin {{(pid=96349) log_opt_values /opt/stack/data/venv/lib/python3.12/site-packages/oslo_config/cfg.py:3253}}
Jul 09 10:52:32.987005 np0000004880 nova-scheduler[96349]: DEBUG cotyledon.oslo_config_glue [-] oslo_messaging_rabbit.kombu_missing_consumer_retry_timeout = 60 {{(pid=96349) log_opt_values /opt/stack/data/venv/lib/python3.12/site-packages/oslo_config/cfg.py:3253}}
Jul 09 10:52:32.987005 np0000004880 nova-scheduler[96349]: DEBUG cotyledon.oslo_config_glue [-] oslo_messaging_rabbit.kombu_reconnect_delay = 1.0 {{(pid=96349) log_opt_values /opt/stack/data/venv/lib/python3.12/site-packages/oslo_config/cfg.py:3253}}
Jul 09 10:52:32.987005 np0000004880 nova-scheduler[96349]: DEBUG cotyledon.oslo_config_glue [-] oslo_messaging_rabbit.kombu_reconnect_splay = 0.0 {{(pid=96349) log_opt_values /opt/stack/data/venv/lib/python3.12/site-packages/oslo_config/cfg.py:3253}}
Jul 09 10:52:32.987005 np0000004880 nova-scheduler[96349]: DEBUG cotyledon.oslo_config_glue [-] oslo_messaging_rabbit.processname = nova-scheduler {{(pid=96349) log_opt_values /opt/stack/data/venv/lib/python3.12/site-packages/oslo_config/cfg.py:3253}}
Jul 09 10:52:32.987005 np0000004880 nova-scheduler[96349]: DEBUG cotyledon.oslo_config_glue [-] oslo_messaging_rabbit.rabbit_ha_queues = False {{(pid=96349) log_opt_values /opt/stack/data/venv/lib/python3.12/site-packages/oslo_config/cfg.py:3253}}
Jul 09 10:52:32.987005 np0000004880 nova-scheduler[96349]: DEBUG cotyledon.oslo_config_glue [-] oslo_messaging_rabbit.rabbit_interval_max = 30 {{(pid=96349) log_opt_values /opt/stack/data/venv/lib/python3.12/site-packages/oslo_config/cfg.py:3253}}
Jul 09 10:52:32.987005 np0000004880 nova-scheduler[96349]: DEBUG cotyledon.oslo_config_glue [-] oslo_messaging_rabbit.rabbit_login_method = AMQPLAIN {{(pid=96349) log_opt_values /opt/stack/data/venv/lib/python3.12/site-packages/oslo_config/cfg.py:3253}}
Jul 09 10:52:32.987281 np0000004880 nova-scheduler[96349]: DEBUG cotyledon.oslo_config_glue [-] oslo_messaging_rabbit.rabbit_qos_prefetch_count = 0 {{(pid=96349) log_opt_values /opt/stack/data/venv/lib/python3.12/site-packages/oslo_config/cfg.py:3253}}
Jul 09 10:52:32.987281 np0000004880 nova-scheduler[96349]: DEBUG cotyledon.oslo_config_glue [-] oslo_messaging_rabbit.rabbit_quorum_delivery_limit = 0 {{(pid=96349) log_opt_values /opt/stack/data/venv/lib/python3.12/site-packages/oslo_config/cfg.py:3253}}
Jul 09 10:52:32.987281 np0000004880 nova-scheduler[96349]: DEBUG cotyledon.oslo_config_glue [-] oslo_messaging_rabbit.rabbit_quorum_max_memory_bytes = 0 {{(pid=96349) log_opt_values /opt/stack/data/venv/lib/python3.12/site-packages/oslo_config/cfg.py:3253}}
Jul 09 10:52:32.987281 np0000004880 nova-scheduler[96349]: DEBUG cotyledon.oslo_config_glue [-] oslo_messaging_rabbit.rabbit_quorum_max_memory_length = 0 {{(pid=96349) log_opt_values /opt/stack/data/venv/lib/python3.12/site-packages/oslo_config/cfg.py:3253}}
Jul 09 10:52:32.987281 np0000004880 nova-scheduler[96349]: DEBUG cotyledon.oslo_config_glue [-] oslo_messaging_rabbit.rabbit_quorum_queue = False {{(pid=96349) log_opt_values /opt/stack/data/venv/lib/python3.12/site-packages/oslo_config/cfg.py:3253}}
Jul 09 10:52:32.987281 np0000004880 nova-scheduler[96349]: DEBUG cotyledon.oslo_config_glue [-] oslo_messaging_rabbit.rabbit_retry_backoff = 2 {{(pid=96349) log_opt_values /opt/stack/data/venv/lib/python3.12/site-packages/oslo_config/cfg.py:3253}}
Jul 09 10:52:32.987281 np0000004880 nova-scheduler[96349]: DEBUG cotyledon.oslo_config_glue [-] oslo_messaging_rabbit.rabbit_retry_interval = 1 {{(pid=96349) log_opt_values /opt/stack/data/venv/lib/python3.12/site-packages/oslo_config/cfg.py:3253}}
Jul 09 10:52:32.987281 np0000004880 nova-scheduler[96349]: DEBUG cotyledon.oslo_config_glue [-] oslo_messaging_rabbit.rabbit_stream_fanout = False {{(pid=96349) log_opt_values /opt/stack/data/venv/lib/python3.12/site-packages/oslo_config/cfg.py:3253}}
Jul 09 10:52:32.988412 np0000004880 nova-scheduler[96349]: DEBUG cotyledon.oslo_config_glue [-] oslo_messaging_rabbit.rabbit_transient_queues_ttl = 1800 {{(pid=96349) log_opt_values /opt/stack/data/venv/lib/python3.12/site-packages/oslo_config/cfg.py:3253}}
Jul 09 10:52:32.988412 np0000004880 nova-scheduler[96349]: DEBUG cotyledon.oslo_config_glue [-] oslo_messaging_rabbit.rabbit_transient_quorum_queue = False {{(pid=96349) log_opt_values /opt/stack/data/venv/lib/python3.12/site-packages/oslo_config/cfg.py:3253}}
Jul 09 10:52:32.988412 np0000004880 nova-scheduler[96349]: DEBUG cotyledon.oslo_config_glue [-] oslo_messaging_rabbit.rpc_conn_pool_size = 30 {{(pid=96349) log_opt_values /opt/stack/data/venv/lib/python3.12/site-packages/oslo_config/cfg.py:3253}}
Jul 09 10:52:32.988412 np0000004880 nova-scheduler[96349]: DEBUG cotyledon.oslo_config_glue [-] oslo_messaging_rabbit.ssl = False {{(pid=96349) log_opt_values /opt/stack/data/venv/lib/python3.12/site-packages/oslo_config/cfg.py:3253}}
Jul 09 10:52:32.988412 np0000004880 nova-scheduler[96349]: DEBUG cotyledon.oslo_config_glue [-] oslo_messaging_rabbit.ssl_ca_file = {{(pid=96349) log_opt_values /opt/stack/data/venv/lib/python3.12/site-packages/oslo_config/cfg.py:3253}}
Jul 09 10:52:32.988412 np0000004880 nova-scheduler[96349]: DEBUG cotyledon.oslo_config_glue [-] oslo_messaging_rabbit.ssl_cert_file = {{(pid=96349) log_opt_values /opt/stack/data/venv/lib/python3.12/site-packages/oslo_config/cfg.py:3253}}
Jul 09 10:52:32.988412 np0000004880 nova-scheduler[96349]: DEBUG cotyledon.oslo_config_glue [-] oslo_messaging_rabbit.ssl_enforce_fips_mode = False {{(pid=96349) log_opt_values /opt/stack/data/venv/lib/python3.12/site-packages/oslo_config/cfg.py:3253}}
Jul 09 10:52:32.988412 np0000004880 nova-scheduler[96349]: DEBUG cotyledon.oslo_config_glue [-] oslo_messaging_rabbit.ssl_enforce_hostname_verification = True {{(pid=96349) log_opt_values /opt/stack/data/venv/lib/python3.12/site-packages/oslo_config/cfg.py:3253}}
Jul 09 10:52:32.988412 np0000004880 nova-scheduler[96349]: DEBUG cotyledon.oslo_config_glue [-] oslo_messaging_rabbit.ssl_key_file = {{(pid=96349) log_opt_values /opt/stack/data/venv/lib/python3.12/site-packages/oslo_config/cfg.py:3253}}
Jul 09 10:52:32.988706 np0000004880 nova-scheduler[96349]: DEBUG cotyledon.oslo_config_glue [-] oslo_messaging_rabbit.ssl_version = {{(pid=96349) log_opt_values /opt/stack/data/venv/lib/python3.12/site-packages/oslo_config/cfg.py:3253}}
Jul 09 10:52:32.988706 np0000004880 nova-scheduler[96349]: DEBUG cotyledon.oslo_config_glue [-] oslo_messaging_rabbit.use_queue_manager = False {{(pid=96349) log_opt_values /opt/stack/data/venv/lib/python3.12/site-packages/oslo_config/cfg.py:3253}}
Jul 09 10:52:32.988706 np0000004880 nova-scheduler[96349]: DEBUG cotyledon.oslo_config_glue [-] oslo_messaging_notifications.driver = ['messagingv2'] {{(pid=96349) log_opt_values /opt/stack/data/venv/lib/python3.12/site-packages/oslo_config/cfg.py:3253}}
Jul 09 10:52:32.988706 np0000004880 nova-scheduler[96349]: DEBUG cotyledon.oslo_config_glue [-] oslo_messaging_notifications.retry = -1 {{(pid=96349) log_opt_values /opt/stack/data/venv/lib/python3.12/site-packages/oslo_config/cfg.py:3253}}
Jul 09 10:52:32.988706 np0000004880 nova-scheduler[96349]: DEBUG cotyledon.oslo_config_glue [-] oslo_messaging_notifications.topics = ['notifications'] {{(pid=96349) log_opt_values /opt/stack/data/venv/lib/python3.12/site-packages/oslo_config/cfg.py:3253}}
Jul 09 10:52:32.988706 np0000004880 nova-scheduler[96349]: DEBUG cotyledon.oslo_config_glue [-] oslo_messaging_notifications.transport_url = **** {{(pid=96349) log_opt_values /opt/stack/data/venv/lib/python3.12/site-packages/oslo_config/cfg.py:3253}}
Jul 09 10:52:32.988706 np0000004880 nova-scheduler[96349]: DEBUG cotyledon.oslo_config_glue [-] oslo_limit.auth_section = None {{(pid=96349) log_opt_values /opt/stack/data/venv/lib/python3.12/site-packages/oslo_config/cfg.py:3253}}
Jul 09 10:52:32.988706 np0000004880 nova-scheduler[96349]: DEBUG cotyledon.oslo_config_glue [-] oslo_limit.auth_type = None {{(pid=96349) log_opt_values /opt/stack/data/venv/lib/python3.12/site-packages/oslo_config/cfg.py:3253}}
Jul 09 10:52:32.988706 np0000004880 nova-scheduler[96349]: DEBUG cotyledon.oslo_config_glue [-] oslo_limit.cafile = None {{(pid=96349) log_opt_values /opt/stack/data/venv/lib/python3.12/site-packages/oslo_config/cfg.py:3253}}
Jul 09 10:52:32.988975 np0000004880 nova-scheduler[96349]: DEBUG cotyledon.oslo_config_glue [-] oslo_limit.certfile = None {{(pid=96349) log_opt_values /opt/stack/data/venv/lib/python3.12/site-packages/oslo_config/cfg.py:3253}}
Jul 09 10:52:32.988975 np0000004880 nova-scheduler[96349]: DEBUG cotyledon.oslo_config_glue [-] oslo_limit.collect_timing = False {{(pid=96349) log_opt_values /opt/stack/data/venv/lib/python3.12/site-packages/oslo_config/cfg.py:3253}}
Jul 09 10:52:32.988975 np0000004880 nova-scheduler[96349]: DEBUG cotyledon.oslo_config_glue [-] oslo_limit.connect_retries = None {{(pid=96349) log_opt_values /opt/stack/data/venv/lib/python3.12/site-packages/oslo_config/cfg.py:3253}}
Jul 09 10:52:32.988975 np0000004880 nova-scheduler[96349]: DEBUG cotyledon.oslo_config_glue [-] oslo_limit.connect_retry_delay = None {{(pid=96349) log_opt_values /opt/stack/data/venv/lib/python3.12/site-packages/oslo_config/cfg.py:3253}}
Jul 09 10:52:32.988975 np0000004880 nova-scheduler[96349]: DEBUG cotyledon.oslo_config_glue [-] oslo_limit.endpoint_id = None {{(pid=96349) log_opt_values /opt/stack/data/venv/lib/python3.12/site-packages/oslo_config/cfg.py:3253}}
Jul 09 10:52:32.988975 np0000004880 nova-scheduler[96349]: DEBUG cotyledon.oslo_config_glue [-] oslo_limit.endpoint_interface = public {{(pid=96349) log_opt_values /opt/stack/data/venv/lib/python3.12/site-packages/oslo_config/cfg.py:3253}}
Jul 09 10:52:32.988975 np0000004880 nova-scheduler[96349]: DEBUG cotyledon.oslo_config_glue [-] oslo_limit.endpoint_override = None {{(pid=96349) log_opt_values /opt/stack/data/venv/lib/python3.12/site-packages/oslo_config/cfg.py:3253}}
Jul 09 10:52:32.989192 np0000004880 nova-scheduler[96343]: DEBUG oslo_db.sqlalchemy.engines [None req-222a0f60-9382-4423-bf1a-617bfe7ccf07 None None] MySQL server mode set to STRICT_TRANS_TABLES,STRICT_ALL_TABLES,NO_ZERO_IN_DATE,NO_ZERO_DATE,ERROR_FOR_DIVISION_BY_ZERO,TRADITIONAL,NO_ENGINE_SUBSTITUTION {{(pid=96343) _check_effective_sql_mode /opt/stack/data/venv/lib/python3.12/site-packages/oslo_db/sqlalchemy/engines.py:325}}
Jul 09 10:52:32.989241 np0000004880 nova-scheduler[96349]: DEBUG cotyledon.oslo_config_glue [-] oslo_limit.endpoint_region_name = None {{(pid=96349) log_opt_values /opt/stack/data/venv/lib/python3.12/site-packages/oslo_config/cfg.py:3253}}
Jul 09 10:52:32.989241 np0000004880 nova-scheduler[96349]: DEBUG cotyledon.oslo_config_glue [-] oslo_limit.endpoint_service_name = None {{(pid=96349) log_opt_values /opt/stack/data/venv/lib/python3.12/site-packages/oslo_config/cfg.py:3253}}
Jul 09 10:52:32.989241 np0000004880 nova-scheduler[96349]: DEBUG cotyledon.oslo_config_glue [-] oslo_limit.endpoint_service_type = None {{(pid=96349) log_opt_values /opt/stack/data/venv/lib/python3.12/site-packages/oslo_config/cfg.py:3253}}
Jul 09 10:52:32.989241 np0000004880 nova-scheduler[96349]: DEBUG cotyledon.oslo_config_glue [-] oslo_limit.insecure = False {{(pid=96349) log_opt_values /opt/stack/data/venv/lib/python3.12/site-packages/oslo_config/cfg.py:3253}}
Jul 09 10:52:32.989241 np0000004880 nova-scheduler[96349]: DEBUG cotyledon.oslo_config_glue [-] oslo_limit.keyfile = None {{(pid=96349) log_opt_values /opt/stack/data/venv/lib/python3.12/site-packages/oslo_config/cfg.py:3253}}
Jul 09 10:52:32.989241 np0000004880 nova-scheduler[96349]: DEBUG cotyledon.oslo_config_glue [-] oslo_limit.max_version = None {{(pid=96349) log_opt_values /opt/stack/data/venv/lib/python3.12/site-packages/oslo_config/cfg.py:3253}}
Jul 09 10:52:32.989241 np0000004880 nova-scheduler[96349]: DEBUG cotyledon.oslo_config_glue [-] oslo_limit.min_version = None {{(pid=96349) log_opt_values /opt/stack/data/venv/lib/python3.12/site-packages/oslo_config/cfg.py:3253}}
Jul 09 10:52:32.989241 np0000004880 nova-scheduler[96349]: DEBUG cotyledon.oslo_config_glue [-] oslo_limit.region_name = None {{(pid=96349) log_opt_values /opt/stack/data/venv/lib/python3.12/site-packages/oslo_config/cfg.py:3253}}
Jul 09 10:52:32.989241 np0000004880 nova-scheduler[96349]: DEBUG cotyledon.oslo_config_glue [-] oslo_limit.retriable_status_codes = None {{(pid=96349) log_opt_values /opt/stack/data/venv/lib/python3.12/site-packages/oslo_config/cfg.py:3253}}
Jul 09 10:52:32.989563 np0000004880 nova-scheduler[96349]: DEBUG cotyledon.oslo_config_glue [-] oslo_limit.service_name = None {{(pid=96349) log_opt_values /opt/stack/data/venv/lib/python3.12/site-packages/oslo_config/cfg.py:3253}}
Jul 09 10:52:32.989563 np0000004880 nova-scheduler[96349]: DEBUG cotyledon.oslo_config_glue [-] oslo_limit.service_type = None {{(pid=96349) log_opt_values /opt/stack/data/venv/lib/python3.12/site-packages/oslo_config/cfg.py:3253}}
Jul 09 10:52:32.989563 np0000004880 nova-scheduler[96349]: DEBUG cotyledon.oslo_config_glue [-] oslo_limit.split_loggers = False {{(pid=96349) log_opt_values /opt/stack/data/venv/lib/python3.12/site-packages/oslo_config/cfg.py:3253}}
Jul 09 10:52:32.989563 np0000004880 nova-scheduler[96349]: DEBUG cotyledon.oslo_config_glue [-] oslo_limit.status_code_retries = None {{(pid=96349) log_opt_values /opt/stack/data/venv/lib/python3.12/site-packages/oslo_config/cfg.py:3253}}
Jul 09 10:52:32.989563 np0000004880 nova-scheduler[96349]: DEBUG cotyledon.oslo_config_glue [-] oslo_limit.status_code_retry_delay = None {{(pid=96349) log_opt_values /opt/stack/data/venv/lib/python3.12/site-packages/oslo_config/cfg.py:3253}}
Jul 09 10:52:32.989563 np0000004880 nova-scheduler[96349]: DEBUG cotyledon.oslo_config_glue [-] oslo_limit.timeout = None {{(pid=96349) log_opt_values /opt/stack/data/venv/lib/python3.12/site-packages/oslo_config/cfg.py:3253}}
Jul 09 10:52:32.989563 np0000004880 nova-scheduler[96349]: DEBUG cotyledon.oslo_config_glue [-] oslo_limit.valid_interfaces = None {{(pid=96349) log_opt_values /opt/stack/data/venv/lib/python3.12/site-packages/oslo_config/cfg.py:3253}}
Jul 09 10:52:32.989563 np0000004880 nova-scheduler[96349]: DEBUG cotyledon.oslo_config_glue [-] oslo_limit.version = None {{(pid=96349) log_opt_values /opt/stack/data/venv/lib/python3.12/site-packages/oslo_config/cfg.py:3253}}
Jul 09 10:52:32.989563 np0000004880 nova-scheduler[96349]: DEBUG cotyledon.oslo_config_glue [-] oslo_reports.file_event_handler = None {{(pid=96349) log_opt_values /opt/stack/data/venv/lib/python3.12/site-packages/oslo_config/cfg.py:3253}}
Jul 09 10:52:32.990145 np0000004880 nova-scheduler[96349]: DEBUG cotyledon.oslo_config_glue [-] oslo_reports.file_event_handler_interval = 1 {{(pid=96349) log_opt_values /opt/stack/data/venv/lib/python3.12/site-packages/oslo_config/cfg.py:3253}}
Jul 09 10:52:32.990145 np0000004880 nova-scheduler[96349]: DEBUG cotyledon.oslo_config_glue [-] oslo_reports.log_dir = None {{(pid=96349) log_opt_values /opt/stack/data/venv/lib/python3.12/site-packages/oslo_config/cfg.py:3253}}
Jul 09 10:52:32.990145 np0000004880 nova-scheduler[96349]: DEBUG cotyledon.oslo_config_glue [-] ******************************************************************************** {{(pid=96349) log_opt_values /opt/stack/data/venv/lib/python3.12/site-packages/oslo_config/cfg.py:3260}}
Jul 09 10:52:32.990145 np0000004880 nova-scheduler[96349]: DEBUG cotyledon._service_worker [-] Run service ServiceWrapper(3) [96349] {{(pid=96349) wait_forever /opt/stack/data/venv/lib/python3.12/site-packages/cotyledon/_service_worker.py:218}}
Jul 09 10:52:32.990145 np0000004880 nova-scheduler[96349]: INFO nova.service [-] Starting scheduler node (version 33.1.0)
Jul 09 10:52:32.990145 np0000004880 nova-scheduler[96349]: INFO dbcounter [None req-eb72b128-fcf7-452f-8bec-4051169a2747 None None] Registered counter for database nova_cell0
Jul 09 10:52:32.990365 np0000004880 nova-scheduler[96343]: DEBUG dbcounter [-] [96343] Writer thread running {{(pid=96343) stat_writer /opt/stack/data/venv/lib/python3.12/site-packages/dbcounter.py:102}}
Jul 09 10:52:32.990407 np0000004880 nova-scheduler[96347]: DEBUG oslo_db.sqlalchemy.engines [None req-97d7e142-fc08-4efb-b543-e11583e7d6d4 None None] MySQL server mode set to STRICT_TRANS_TABLES,STRICT_ALL_TABLES,NO_ZERO_IN_DATE,NO_ZERO_DATE,ERROR_FOR_DIVISION_BY_ZERO,TRADITIONAL,NO_ENGINE_SUBSTITUTION {{(pid=96347) _check_effective_sql_mode /opt/stack/data/venv/lib/python3.12/site-packages/oslo_db/sqlalchemy/engines.py:325}}
Jul 09 10:52:32.991707 np0000004880 nova-scheduler[96345]: DEBUG oslo_db.sqlalchemy.engines [None req-071e871e-174a-4cdc-bbc6-fbb1ceb24ca1 None None] MySQL server mode set to STRICT_TRANS_TABLES,STRICT_ALL_TABLES,NO_ZERO_IN_DATE,NO_ZERO_DATE,ERROR_FOR_DIVISION_BY_ZERO,TRADITIONAL,NO_ENGINE_SUBSTITUTION {{(pid=96345) _check_effective_sql_mode /opt/stack/data/venv/lib/python3.12/site-packages/oslo_db/sqlalchemy/engines.py:325}}
Jul 09 10:52:32.992753 np0000004880 nova-scheduler[96347]: DEBUG dbcounter [-] [96347] Writer thread running {{(pid=96347) stat_writer /opt/stack/data/venv/lib/python3.12/site-packages/dbcounter.py:102}}
Jul 09 10:52:32.994949 np0000004880 nova-scheduler[96343]: DEBUG nova.service [None req-222a0f60-9382-4423-bf1a-617bfe7ccf07 None None] Creating RPC server for service: nova-scheduler on topic: scheduler {{(pid=96343) start /opt/stack/nova/nova/service.py:196}}
Jul 09 10:52:32.997128 np0000004880 nova-scheduler[96347]: DEBUG nova.service [None req-97d7e142-fc08-4efb-b543-e11583e7d6d4 None None] Creating RPC server for service: nova-scheduler on topic: scheduler {{(pid=96347) start /opt/stack/nova/nova/service.py:196}}
Jul 09 10:52:33.003410 np0000004880 nova-scheduler[96345]: DEBUG dbcounter [-] [96345] Writer thread running {{(pid=96345) stat_writer /opt/stack/data/venv/lib/python3.12/site-packages/dbcounter.py:102}}
Jul 09 10:52:33.006660 np0000004880 nova-scheduler[96345]: DEBUG nova.service [None req-071e871e-174a-4cdc-bbc6-fbb1ceb24ca1 None None] Creating RPC server for service: nova-scheduler on topic: scheduler {{(pid=96345) start /opt/stack/nova/nova/service.py:196}}
Jul 09 10:52:33.011844 np0000004880 nova-scheduler[96349]: DEBUG oslo_db.sqlalchemy.engines [None req-eb72b128-fcf7-452f-8bec-4051169a2747 None None] MySQL server mode set to STRICT_TRANS_TABLES,STRICT_ALL_TABLES,NO_ZERO_IN_DATE,NO_ZERO_DATE,ERROR_FOR_DIVISION_BY_ZERO,TRADITIONAL,NO_ENGINE_SUBSTITUTION {{(pid=96349) _check_effective_sql_mode /opt/stack/data/venv/lib/python3.12/site-packages/oslo_db/sqlalchemy/engines.py:325}}
Jul 09 10:52:33.022601 np0000004880 nova-scheduler[96349]: DEBUG dbcounter [-] [96349] Writer thread running {{(pid=96349) stat_writer /opt/stack/data/venv/lib/python3.12/site-packages/dbcounter.py:102}}
Jul 09 10:52:33.025341 np0000004880 nova-scheduler[96343]: DEBUG nova.service [None req-222a0f60-9382-4423-bf1a-617bfe7ccf07 None None] Join ServiceGroup membership for this service scheduler {{(pid=96343) start /opt/stack/nova/nova/service.py:222}}
Jul 09 10:52:33.025551 np0000004880 nova-scheduler[96349]: DEBUG nova.service [None req-eb72b128-fcf7-452f-8bec-4051169a2747 None None] Creating RPC server for service: nova-scheduler on topic: scheduler {{(pid=96349) start /opt/stack/nova/nova/service.py:196}}
Jul 09 10:52:33.025629 np0000004880 nova-scheduler[96343]: DEBUG nova.servicegroup.drivers.db [None req-222a0f60-9382-4423-bf1a-617bfe7ccf07 None None] DB_Driver: join new ServiceGroup member np0000004880 to the scheduler group, service = {{(pid=96343) join /opt/stack/nova/nova/servicegroup/drivers/db.py:44}}
Jul 09 10:52:33.025855 np0000004880 nova-scheduler[96345]: DEBUG nova.service [None req-071e871e-174a-4cdc-bbc6-fbb1ceb24ca1 None None] Join ServiceGroup membership for this service scheduler {{(pid=96345) start /opt/stack/nova/nova/service.py:222}}
Jul 09 10:52:33.026074 np0000004880 nova-scheduler[96345]: DEBUG nova.servicegroup.drivers.db [None req-071e871e-174a-4cdc-bbc6-fbb1ceb24ca1 None None] DB_Driver: join new ServiceGroup member np0000004880 to the scheduler group, service = {{(pid=96345) join /opt/stack/nova/nova/servicegroup/drivers/db.py:44}}
Jul 09 10:52:33.030217 np0000004880 nova-scheduler[96347]: DEBUG nova.service [None req-97d7e142-fc08-4efb-b543-e11583e7d6d4 None None] Join ServiceGroup membership for this service scheduler {{(pid=96347) start /opt/stack/nova/nova/service.py:222}}
Jul 09 10:52:33.030825 np0000004880 nova-scheduler[96347]: DEBUG nova.servicegroup.drivers.db [None req-97d7e142-fc08-4efb-b543-e11583e7d6d4 None None] DB_Driver: join new ServiceGroup member np0000004880 to the scheduler group, service = {{(pid=96347) join /opt/stack/nova/nova/servicegroup/drivers/db.py:44}}
Jul 09 10:52:33.042124 np0000004880 nova-scheduler[96349]: DEBUG nova.service [None req-eb72b128-fcf7-452f-8bec-4051169a2747 None None] Join ServiceGroup membership for this service scheduler {{(pid=96349) start /opt/stack/nova/nova/service.py:222}}
Jul 09 10:52:33.042369 np0000004880 nova-scheduler[96349]: DEBUG nova.servicegroup.drivers.db [None req-eb72b128-fcf7-452f-8bec-4051169a2747 None None] DB_Driver: join new ServiceGroup member np0000004880 to the scheduler group, service = {{(pid=96349) join /opt/stack/nova/nova/servicegroup/drivers/db.py:44}}
Jul 09 10:52:38.044482 np0000004880 nova-scheduler[96343]: DEBUG oslo.service.backend._threading.loopingcall [-] Fixed interval looping call 'nova.servicegroup.drivers.db.DbDriver._report_state' sleeping for 119.98 seconds {{(pid=96343) _run_loop /opt/stack/data/venv/lib/python3.12/site-packages/oslo_service/backend/_threading/loopingcall.py:125}}
Jul 09 10:52:38.047142 np0000004880 nova-scheduler[96347]: DEBUG oslo.service.backend._threading.loopingcall [-] Fixed interval looping call 'nova.servicegroup.drivers.db.DbDriver._report_state' sleeping for 119.99 seconds {{(pid=96347) _run_loop /opt/stack/data/venv/lib/python3.12/site-packages/oslo_service/backend/_threading/loopingcall.py:125}}
Jul 09 10:52:38.047463 np0000004880 nova-scheduler[96345]: DEBUG oslo.service.backend._threading.loopingcall [-] Fixed interval looping call 'nova.servicegroup.drivers.db.DbDriver._report_state' sleeping for 119.98 seconds {{(pid=96345) _run_loop /opt/stack/data/venv/lib/python3.12/site-packages/oslo_service/backend/_threading/loopingcall.py:125}}
Jul 09 10:52:38.056418 np0000004880 nova-scheduler[96349]: DEBUG oslo.service.backend._threading.loopingcall [-] Fixed interval looping call 'nova.servicegroup.drivers.db.DbDriver._report_state' sleeping for 119.99 seconds {{(pid=96349) _run_loop /opt/stack/data/venv/lib/python3.12/site-packages/oslo_service/backend/_threading/loopingcall.py:125}}
Jul 09 10:52:41.475479 np0000004880 nova-scheduler[95151]: DEBUG dbcounter [-] [95151] Writing DB stats nova_api:SELECT=3 {{(pid=95151) stat_writer /opt/stack/data/venv/lib/python3.12/site-packages/dbcounter.py:115}}
Jul 09 10:52:41.658494 np0000004880 nova-scheduler[95151]: DEBUG dbcounter [-] [95151] Writing DB stats nova_cell0:SELECT=1 {{(pid=95151) stat_writer /opt/stack/data/venv/lib/python3.12/site-packages/dbcounter.py:115}}
Jul 09 10:52:41.662563 np0000004880 nova-scheduler[95151]: DEBUG dbcounter [-] [95151] Writing DB stats nova_cell1:SELECT=1 {{(pid=95151) stat_writer /opt/stack/data/venv/lib/python3.12/site-packages/dbcounter.py:115}}
Jul 09 10:52:48.038039 np0000004880 nova-scheduler[96343]: DEBUG dbcounter [-] [96343] Writing DB stats nova_cell0:SELECT=4,nova_cell0:INSERT=1,nova_cell0:UPDATE=1 {{(pid=96343) stat_writer /opt/stack/data/venv/lib/python3.12/site-packages/dbcounter.py:115}}
Jul 09 10:52:48.038616 np0000004880 nova-scheduler[96345]: DEBUG dbcounter [-] [96345] Writing DB stats nova_cell0:SELECT=3,nova_cell0:UPDATE=1 {{(pid=96345) stat_writer /opt/stack/data/venv/lib/python3.12/site-packages/dbcounter.py:115}}
Jul 09 10:52:48.046626 np0000004880 nova-scheduler[96347]: DEBUG dbcounter [-] [96347] Writing DB stats nova_cell0:SELECT=3,nova_cell0:UPDATE=1 {{(pid=96347) stat_writer /opt/stack/data/venv/lib/python3.12/site-packages/dbcounter.py:115}}
Jul 09 10:52:48.052867 np0000004880 nova-scheduler[96349]: DEBUG dbcounter [-] [96349] Writing DB stats nova_cell0:SELECT=3 {{(pid=96349) stat_writer /opt/stack/data/venv/lib/python3.12/site-packages/dbcounter.py:115}}
Jul 09 10:52:58.028510 np0000004880 nova-scheduler[96343]: DEBUG oslo.service.backend._threading.loopingcall [None req-1ba3adc1-93fa-4fcd-b0f1-3a5b0a1b42c2 None None] Dynamic interval looping call 'nova.service.Service.periodic_tasks' sleeping for 60.00 seconds {{(pid=96343) _run_loop /opt/stack/data/venv/lib/python3.12/site-packages/oslo_service/backend/_threading/loopingcall.py:125}}
Jul 09 10:53:07.044847 np0000004880 nova-scheduler[96349]: DEBUG oslo.service.backend._threading.loopingcall [None req-f9df4554-60cd-4d96-bd2b-3ff91c3a48a8 None None] Dynamic interval looping call 'nova.service.Service.periodic_tasks' sleeping for 60.00 seconds {{(pid=96349) _run_loop /opt/stack/data/venv/lib/python3.12/site-packages/oslo_service/backend/_threading/loopingcall.py:125}}
Jul 09 10:53:12.033562 np0000004880 nova-scheduler[96347]: DEBUG oslo.service.backend._threading.loopingcall [None req-8537407e-d4d9-490d-8abe-35bdec2eb014 None None] Dynamic interval looping call 'nova.service.Service.periodic_tasks' sleeping for 60.00 seconds {{(pid=96347) _run_loop /opt/stack/data/venv/lib/python3.12/site-packages/oslo_service/backend/_threading/loopingcall.py:125}}
Jul 09 10:53:30.028611 np0000004880 nova-scheduler[96345]: DEBUG oslo.service.backend._threading.loopingcall [None req-bd2a88ef-9ca3-46f3-8051-0401c9a756b3 None None] Dynamic interval looping call 'nova.service.Service.periodic_tasks' sleeping for 60.00 seconds {{(pid=96345) _run_loop /opt/stack/data/venv/lib/python3.12/site-packages/oslo_service/backend/_threading/loopingcall.py:125}}
Jul 09 10:53:58.028992 np0000004880 nova-scheduler[96343]: DEBUG oslo.service.backend._threading.loopingcall [None req-1ba3adc1-93fa-4fcd-b0f1-3a5b0a1b42c2 None None] Dynamic interval looping call 'nova.service.Service.periodic_tasks' sleeping for 60.00 seconds {{(pid=96343) _run_loop /opt/stack/data/venv/lib/python3.12/site-packages/oslo_service/backend/_threading/loopingcall.py:125}}
Jul 09 10:54:07.045443 np0000004880 nova-scheduler[96349]: DEBUG oslo.service.backend._threading.loopingcall [None req-f9df4554-60cd-4d96-bd2b-3ff91c3a48a8 None None] Dynamic interval looping call 'nova.service.Service.periodic_tasks' sleeping for 60.00 seconds {{(pid=96349) _run_loop /opt/stack/data/venv/lib/python3.12/site-packages/oslo_service/backend/_threading/loopingcall.py:125}}
Jul 09 10:54:12.034127 np0000004880 nova-scheduler[96347]: DEBUG oslo.service.backend._threading.loopingcall [None req-8537407e-d4d9-490d-8abe-35bdec2eb014 None None] Dynamic interval looping call 'nova.service.Service.periodic_tasks' sleeping for 60.00 seconds {{(pid=96347) _run_loop /opt/stack/data/venv/lib/python3.12/site-packages/oslo_service/backend/_threading/loopingcall.py:125}}
Jul 09 10:54:30.029239 np0000004880 nova-scheduler[96345]: DEBUG oslo.service.backend._threading.loopingcall [None req-bd2a88ef-9ca3-46f3-8051-0401c9a756b3 None None] Dynamic interval looping call 'nova.service.Service.periodic_tasks' sleeping for 60.00 seconds {{(pid=96345) _run_loop /opt/stack/data/venv/lib/python3.12/site-packages/oslo_service/backend/_threading/loopingcall.py:125}}
Jul 09 10:54:38.033200 np0000004880 nova-scheduler[96343]: DEBUG oslo.service.backend._threading.loopingcall [-] Fixed interval looping call 'nova.servicegroup.drivers.db.DbDriver._report_state' sleeping for 119.99 seconds {{(pid=96343) _run_loop /opt/stack/data/venv/lib/python3.12/site-packages/oslo_service/backend/_threading/loopingcall.py:125}}
Jul 09 10:54:38.033700 np0000004880 nova-scheduler[96345]: DEBUG oslo.service.backend._threading.loopingcall [-] Fixed interval looping call 'nova.servicegroup.drivers.db.DbDriver._report_state' sleeping for 119.99 seconds {{(pid=96345) _run_loop /opt/stack/data/venv/lib/python3.12/site-packages/oslo_service/backend/_threading/loopingcall.py:125}}
Jul 09 10:54:38.040747 np0000004880 nova-scheduler[96347]: DEBUG oslo.service.backend._threading.loopingcall [-] Fixed interval looping call 'nova.servicegroup.drivers.db.DbDriver._report_state' sleeping for 120.00 seconds {{(pid=96347) _run_loop /opt/stack/data/venv/lib/python3.12/site-packages/oslo_service/backend/_threading/loopingcall.py:125}}
Jul 09 10:54:38.050565 np0000004880 nova-scheduler[96349]: DEBUG oslo.service.backend._threading.loopingcall [-] Fixed interval looping call 'nova.servicegroup.drivers.db.DbDriver._report_state' sleeping for 120.00 seconds {{(pid=96349) _run_loop /opt/stack/data/venv/lib/python3.12/site-packages/oslo_service/backend/_threading/loopingcall.py:125}}
Jul 09 10:54:48.028538 np0000004880 nova-scheduler[96343]: DEBUG dbcounter [-] [96343] Writing DB stats nova_cell0:SELECT=1,nova_cell0:UPDATE=1 {{(pid=96343) stat_writer /opt/stack/data/venv/lib/python3.12/site-packages/dbcounter.py:115}}
Jul 09 10:54:48.030861 np0000004880 nova-scheduler[96345]: DEBUG dbcounter [-] [96345] Writing DB stats nova_cell0:SELECT=1,nova_cell0:UPDATE=1 {{(pid=96345) stat_writer /opt/stack/data/venv/lib/python3.12/site-packages/dbcounter.py:115}}
Jul 09 10:54:48.038970 np0000004880 nova-scheduler[96347]: DEBUG dbcounter [-] [96347] Writing DB stats nova_cell0:SELECT=1 {{(pid=96347) stat_writer /opt/stack/data/venv/lib/python3.12/site-packages/dbcounter.py:115}}
Jul 09 10:54:48.048599 np0000004880 nova-scheduler[96349]: DEBUG dbcounter [-] [96349] Writing DB stats nova_cell0:SELECT=1 {{(pid=96349) stat_writer /opt/stack/data/venv/lib/python3.12/site-packages/dbcounter.py:115}}
Jul 09 10:54:58.029457 np0000004880 nova-scheduler[96343]: DEBUG oslo.service.backend._threading.loopingcall [None req-1ba3adc1-93fa-4fcd-b0f1-3a5b0a1b42c2 None None] Dynamic interval looping call 'nova.service.Service.periodic_tasks' sleeping for 60.00 seconds {{(pid=96343) _run_loop /opt/stack/data/venv/lib/python3.12/site-packages/oslo_service/backend/_threading/loopingcall.py:125}}
Jul 09 10:55:07.046294 np0000004880 nova-scheduler[96349]: DEBUG oslo.service.backend._threading.loopingcall [None req-f9df4554-60cd-4d96-bd2b-3ff91c3a48a8 None None] Dynamic interval looping call 'nova.service.Service.periodic_tasks' sleeping for 60.00 seconds {{(pid=96349) _run_loop /opt/stack/data/venv/lib/python3.12/site-packages/oslo_service/backend/_threading/loopingcall.py:125}}
Jul 09 10:55:12.034810 np0000004880 nova-scheduler[96347]: DEBUG oslo.service.backend._threading.loopingcall [None req-8537407e-d4d9-490d-8abe-35bdec2eb014 None None] Dynamic interval looping call 'nova.service.Service.periodic_tasks' sleeping for 60.00 seconds {{(pid=96347) _run_loop /opt/stack/data/venv/lib/python3.12/site-packages/oslo_service/backend/_threading/loopingcall.py:125}}
Jul 09 10:55:12.158442 np0000004880 nova-scheduler[96343]: DEBUG nova.scheduler.manager [None req-e3802eaa-ece9-4efa-b369-de5aacb0585a tempest-ServersNegativeTestJSON-1235790906 tempest-ServersNegativeTestJSON-1235790906-project-member] Starting to schedule for instances: ['1a35fe8d-cd86-40b5-8827-8f7a5cfbfe8b'] {{(pid=96343) select_destinations /opt/stack/nova/nova/scheduler/manager.py:209}}
Jul 09 10:55:12.158442 np0000004880 nova-scheduler[96343]: DEBUG nova.scheduler.request_filter [None req-e3802eaa-ece9-4efa-b369-de5aacb0585a tempest-ServersNegativeTestJSON-1235790906 tempest-ServersNegativeTestJSON-1235790906-project-member] compute_status_filter request filter added forbidden trait COMPUTE_STATUS_DISABLED {{(pid=96343) compute_status_filter /opt/stack/nova/nova/scheduler/request_filter.py:253}}
Jul 09 10:55:12.160384 np0000004880 nova-scheduler[96343]: DEBUG nova.scheduler.request_filter [None req-e3802eaa-ece9-4efa-b369-de5aacb0585a tempest-ServersNegativeTestJSON-1235790906 tempest-ServersNegativeTestJSON-1235790906-project-member] Request filter 'compute_status_filter' took 0.0 seconds {{(pid=96343) wrapper /opt/stack/nova/nova/scheduler/request_filter.py:46}}
Jul 09 10:55:12.161054 np0000004880 nova-scheduler[96343]: DEBUG nova.scheduler.request_filter [None req-e3802eaa-ece9-4efa-b369-de5aacb0585a tempest-ServersNegativeTestJSON-1235790906 tempest-ServersNegativeTestJSON-1235790906-project-member] Request filter 'accelerators_filter' took 0.0 seconds {{(pid=96343) wrapper /opt/stack/nova/nova/scheduler/request_filter.py:46}}
Jul 09 10:55:12.161347 np0000004880 nova-scheduler[96343]: DEBUG nova.scheduler.request_filter [None req-e3802eaa-ece9-4efa-b369-de5aacb0585a tempest-ServersNegativeTestJSON-1235790906 tempest-ServersNegativeTestJSON-1235790906-project-member] Request filter 'packed_virtqueue_filter' took 0.0 seconds {{(pid=96343) wrapper /opt/stack/nova/nova/scheduler/request_filter.py:46}}
Jul 09 10:55:12.161709 np0000004880 nova-scheduler[96343]: DEBUG nova.scheduler.request_filter [None req-e3802eaa-ece9-4efa-b369-de5aacb0585a tempest-ServersNegativeTestJSON-1235790906 tempest-ServersNegativeTestJSON-1235790906-project-member] Request filter 'remote_managed_ports_filter' took 0.0 seconds {{(pid=96343) wrapper /opt/stack/nova/nova/scheduler/request_filter.py:46}}
Jul 09 10:55:12.161912 np0000004880 nova-scheduler[96343]: DEBUG nova.scheduler.request_filter [None req-e3802eaa-ece9-4efa-b369-de5aacb0585a tempest-ServersNegativeTestJSON-1235790906 tempest-ServersNegativeTestJSON-1235790906-project-member] ephemeral_encryption_filter skipped {{(pid=96343) ephemeral_encryption_filter /opt/stack/nova/nova/scheduler/request_filter.py:426}}
Jul 09 10:55:12.162119 np0000004880 nova-scheduler[96343]: DEBUG nova.scheduler.request_filter [None req-e3802eaa-ece9-4efa-b369-de5aacb0585a tempest-ServersNegativeTestJSON-1235790906 tempest-ServersNegativeTestJSON-1235790906-project-member] virtio_sound_filter skipped {{(pid=96343) virtio_sound_filter /opt/stack/nova/nova/scheduler/request_filter.py:460}}
Jul 09 10:55:12.162274 np0000004880 nova-scheduler[96343]: DEBUG nova.scheduler.request_filter [None req-e3802eaa-ece9-4efa-b369-de5aacb0585a tempest-ServersNegativeTestJSON-1235790906 tempest-ServersNegativeTestJSON-1235790906-project-member] tpm_secret_security_filter skipped {{(pid=96343) tpm_secret_security_filter /opt/stack/nova/nova/scheduler/request_filter.py:477}}
Jul 09 10:55:12.620926 np0000004880 nova-scheduler[96345]: DEBUG nova.scheduler.manager [None req-2b5a4673-0730-4f58-bf27-8c28758e9b8b tempest-DeleteServersTestJSON-2038169538 tempest-DeleteServersTestJSON-2038169538-project-member] Starting to schedule for instances: ['141067b0-2fae-4791-b486-82343f1ffb2d'] {{(pid=96345) select_destinations /opt/stack/nova/nova/scheduler/manager.py:209}}
Jul 09 10:55:12.622221 np0000004880 nova-scheduler[96345]: DEBUG nova.scheduler.request_filter [None req-2b5a4673-0730-4f58-bf27-8c28758e9b8b tempest-DeleteServersTestJSON-2038169538 tempest-DeleteServersTestJSON-2038169538-project-member] compute_status_filter request filter added forbidden trait COMPUTE_STATUS_DISABLED {{(pid=96345) compute_status_filter /opt/stack/nova/nova/scheduler/request_filter.py:253}}
Jul 09 10:55:12.622389 np0000004880 nova-scheduler[96345]: DEBUG nova.scheduler.request_filter [None req-2b5a4673-0730-4f58-bf27-8c28758e9b8b tempest-DeleteServersTestJSON-2038169538 tempest-DeleteServersTestJSON-2038169538-project-member] Request filter 'compute_status_filter' took 0.0 seconds {{(pid=96345) wrapper /opt/stack/nova/nova/scheduler/request_filter.py:46}}
Jul 09 10:55:12.622879 np0000004880 nova-scheduler[96345]: DEBUG nova.scheduler.request_filter [None req-2b5a4673-0730-4f58-bf27-8c28758e9b8b tempest-DeleteServersTestJSON-2038169538 tempest-DeleteServersTestJSON-2038169538-project-member] Request filter 'accelerators_filter' took 0.0 seconds {{(pid=96345) wrapper /opt/stack/nova/nova/scheduler/request_filter.py:46}}
Jul 09 10:55:12.622951 np0000004880 nova-scheduler[96345]: DEBUG nova.scheduler.request_filter [None req-2b5a4673-0730-4f58-bf27-8c28758e9b8b tempest-DeleteServersTestJSON-2038169538 tempest-DeleteServersTestJSON-2038169538-project-member] Request filter 'packed_virtqueue_filter' took 0.0 seconds {{(pid=96345) wrapper /opt/stack/nova/nova/scheduler/request_filter.py:46}}
Jul 09 10:55:12.623691 np0000004880 nova-scheduler[96345]: DEBUG nova.scheduler.request_filter [None req-2b5a4673-0730-4f58-bf27-8c28758e9b8b tempest-DeleteServersTestJSON-2038169538 tempest-DeleteServersTestJSON-2038169538-project-member] Request filter 'remote_managed_ports_filter' took 0.0 seconds {{(pid=96345) wrapper /opt/stack/nova/nova/scheduler/request_filter.py:46}}
Jul 09 10:55:12.623691 np0000004880 nova-scheduler[96345]: DEBUG nova.scheduler.request_filter [None req-2b5a4673-0730-4f58-bf27-8c28758e9b8b tempest-DeleteServersTestJSON-2038169538 tempest-DeleteServersTestJSON-2038169538-project-member] ephemeral_encryption_filter skipped {{(pid=96345) ephemeral_encryption_filter /opt/stack/nova/nova/scheduler/request_filter.py:426}}
Jul 09 10:55:12.623882 np0000004880 nova-scheduler[96345]: DEBUG nova.scheduler.request_filter [None req-2b5a4673-0730-4f58-bf27-8c28758e9b8b tempest-DeleteServersTestJSON-2038169538 tempest-DeleteServersTestJSON-2038169538-project-member] virtio_sound_filter skipped {{(pid=96345) virtio_sound_filter /opt/stack/nova/nova/scheduler/request_filter.py:460}}
Jul 09 10:55:12.624265 np0000004880 nova-scheduler[96345]: DEBUG nova.scheduler.request_filter [None req-2b5a4673-0730-4f58-bf27-8c28758e9b8b tempest-DeleteServersTestJSON-2038169538 tempest-DeleteServersTestJSON-2038169538-project-member] tpm_secret_security_filter skipped {{(pid=96345) tpm_secret_security_filter /opt/stack/nova/nova/scheduler/request_filter.py:477}}
Jul 09 10:55:12.858139 np0000004880 nova-scheduler[96343]: INFO nova.utils [None req-e3802eaa-ece9-4efa-b369-de5aacb0585a tempest-ServersNegativeTestJSON-1235790906 tempest-ServersNegativeTestJSON-1235790906-project-member] The cell worker thread pool ForkProcess-1.cell_worker is initialized
Jul 09 10:55:12.858474 np0000004880 nova-scheduler[96343]: DEBUG oslo_concurrency.lockutils [None req-e3802eaa-ece9-4efa-b369-de5aacb0585a tempest-ServersNegativeTestJSON-1235790906 tempest-ServersNegativeTestJSON-1235790906-project-member] Acquiring lock "aac5c192-31e7-4269-ae6a-637b70777fce" by "nova.context.set_target_cell..get_or_set_cached_cell_and_set_connections" {{(pid=96343) inner /opt/stack/data/venv/lib/python3.12/site-packages/oslo_concurrency/lockutils.py:511}}
Jul 09 10:55:12.858706 np0000004880 nova-scheduler[96343]: DEBUG oslo_concurrency.lockutils [None req-e3802eaa-ece9-4efa-b369-de5aacb0585a tempest-ServersNegativeTestJSON-1235790906 tempest-ServersNegativeTestJSON-1235790906-project-member] Lock "aac5c192-31e7-4269-ae6a-637b70777fce" acquired by "nova.context.set_target_cell..get_or_set_cached_cell_and_set_connections" :: waited 0.000s {{(pid=96343) inner /opt/stack/data/venv/lib/python3.12/site-packages/oslo_concurrency/lockutils.py:524}}
Jul 09 10:55:12.860206 np0000004880 nova-scheduler[96343]: DEBUG oslo_concurrency.lockutils [None req-e3802eaa-ece9-4efa-b369-de5aacb0585a tempest-ServersNegativeTestJSON-1235790906 tempest-ServersNegativeTestJSON-1235790906-project-member] Lock "aac5c192-31e7-4269-ae6a-637b70777fce" "released" by "nova.context.set_target_cell..get_or_set_cached_cell_and_set_connections" :: held 0.001s {{(pid=96343) inner /opt/stack/data/venv/lib/python3.12/site-packages/oslo_concurrency/lockutils.py:543}}
Jul 09 10:55:12.862289 np0000004880 nova-scheduler[96343]: INFO dbcounter [None req-e3802eaa-ece9-4efa-b369-de5aacb0585a tempest-ServersNegativeTestJSON-1235790906 tempest-ServersNegativeTestJSON-1235790906-project-member] Registered counter for database nova_cell1
Jul 09 10:55:12.912709 np0000004880 nova-scheduler[96343]: DEBUG oslo_db.sqlalchemy.engines [None req-e3802eaa-ece9-4efa-b369-de5aacb0585a tempest-ServersNegativeTestJSON-1235790906 tempest-ServersNegativeTestJSON-1235790906-project-member] MySQL server mode set to STRICT_TRANS_TABLES,STRICT_ALL_TABLES,NO_ZERO_IN_DATE,NO_ZERO_DATE,ERROR_FOR_DIVISION_BY_ZERO,TRADITIONAL,NO_ENGINE_SUBSTITUTION {{(pid=96343) _check_effective_sql_mode /opt/stack/data/venv/lib/python3.12/site-packages/oslo_db/sqlalchemy/engines.py:325}}
Jul 09 10:55:12.921093 np0000004880 nova-scheduler[96343]: DEBUG dbcounter [-] [96343] Writer thread running {{(pid=96343) stat_writer /opt/stack/data/venv/lib/python3.12/site-packages/dbcounter.py:102}}
Jul 09 10:55:12.935262 np0000004880 nova-scheduler[96343]: DEBUG oslo_db.sqlalchemy.engines [None req-e3802eaa-ece9-4efa-b369-de5aacb0585a tempest-ServersNegativeTestJSON-1235790906 tempest-ServersNegativeTestJSON-1235790906-project-member] Parent process 95151 forked (96343) with an open database connection, which is being discarded and recreated. {{(pid=96343) checkout /opt/stack/data/venv/lib/python3.12/site-packages/oslo_db/sqlalchemy/engines.py:402}}
Jul 09 10:55:12.988743 np0000004880 nova-scheduler[96343]: DEBUG dbcounter [-] [96343] Writer thread running {{(pid=96343) stat_writer /opt/stack/data/venv/lib/python3.12/site-packages/dbcounter.py:102}}
Jul 09 10:55:12.993100 np0000004880 nova-scheduler[96343]: DEBUG oslo_concurrency.lockutils [None req-e3802eaa-ece9-4efa-b369-de5aacb0585a tempest-ServersNegativeTestJSON-1235790906 tempest-ServersNegativeTestJSON-1235790906-project-member] Acquiring lock "aac5c192-31e7-4269-ae6a-637b70777fce" by "nova.context.set_target_cell..get_or_set_cached_cell_and_set_connections" {{(pid=96343) inner /opt/stack/data/venv/lib/python3.12/site-packages/oslo_concurrency/lockutils.py:511}}
Jul 09 10:55:12.993234 np0000004880 nova-scheduler[96343]: DEBUG oslo_concurrency.lockutils [None req-e3802eaa-ece9-4efa-b369-de5aacb0585a tempest-ServersNegativeTestJSON-1235790906 tempest-ServersNegativeTestJSON-1235790906-project-member] Lock "aac5c192-31e7-4269-ae6a-637b70777fce" acquired by "nova.context.set_target_cell..get_or_set_cached_cell_and_set_connections" :: waited 0.000s {{(pid=96343) inner /opt/stack/data/venv/lib/python3.12/site-packages/oslo_concurrency/lockutils.py:524}}
Jul 09 10:55:12.993326 np0000004880 nova-scheduler[96343]: DEBUG oslo_concurrency.lockutils [None req-e3802eaa-ece9-4efa-b369-de5aacb0585a tempest-ServersNegativeTestJSON-1235790906 tempest-ServersNegativeTestJSON-1235790906-project-member] Lock "aac5c192-31e7-4269-ae6a-637b70777fce" "released" by "nova.context.set_target_cell..get_or_set_cached_cell_and_set_connections" :: held 0.000s {{(pid=96343) inner /opt/stack/data/venv/lib/python3.12/site-packages/oslo_concurrency/lockutils.py:543}}
Jul 09 10:55:12.996375 np0000004880 nova-scheduler[96343]: DEBUG oslo_concurrency.lockutils [None req-e3802eaa-ece9-4efa-b369-de5aacb0585a tempest-ServersNegativeTestJSON-1235790906 tempest-ServersNegativeTestJSON-1235790906-project-member] Acquiring lock "np0000004880-np0000004880" by "nova.scheduler.host_manager.HostState.update.._locked_update" {{(pid=96343) inner /opt/stack/data/venv/lib/python3.12/site-packages/oslo_concurrency/lockutils.py:511}}
