Jul 31 19:07:12.361159 np0000006260 devstack@g-api.service[103093]: DEBUG glance_store.capabilities [None req-dc6292f4-aef5-472a-bf56-2f47023f434c tempest-ServerBootFromVolumeStableRescueTest-539973435 tempest-ServerBootFromVolumeStableRescueTest-539973435-project-member] Store glance_store._drivers.swift.store.SingleTenantStore doesn't support updating dynamic storage capabilities. Please overwrite 'update_capabilities' method of the store to implement updating logics if needed. {{(pid=103093) update_capabilities /opt/stack/data/venv/lib/python3.12/site-packages/glance_store/capabilities.py:91}}
Jul 31 19:07:12.361290 np0000006260 devstack@g-api.service[103093]: DEBUG glance_store.driver [None req-dc6292f4-aef5-472a-bf56-2f47023f434c tempest-ServerBootFromVolumeStableRescueTest-539973435 tempest-ServerBootFromVolumeStableRescueTest-539973435-project-member] Late loading location class glance_store._drivers.swift.store.StoreLocation {{(pid=103093) get_store_location_class /opt/stack/data/venv/lib/python3.12/site-packages/glance_store/driver.py:134}}
Jul 31 19:07:12.361374 np0000006260 devstack@g-api.service[103093]: DEBUG glance_store.location [None req-dc6292f4-aef5-472a-bf56-2f47023f434c tempest-ServerBootFromVolumeStableRescueTest-539973435 tempest-ServerBootFromVolumeStableRescueTest-539973435-project-member] Registering scheme swift+https with {'store': , 'location_class': , 'store_entry': 'swift'} {{(pid=103093) register_scheme_map /opt/stack/data/venv/lib/python3.12/site-packages/glance_store/location.py:146}}
Jul 31 19:07:12.361470 np0000006260 devstack@g-api.service[103093]: DEBUG glance_store.location [None req-dc6292f4-aef5-472a-bf56-2f47023f434c tempest-ServerBootFromVolumeStableRescueTest-539973435 tempest-ServerBootFromVolumeStableRescueTest-539973435-project-member] Registering scheme swift+https with {'store': , 'location_class': , 'store_entry': 'swift'} {{(pid=103093) register_scheme_map /opt/stack/data/venv/lib/python3.12/site-packages/glance_store/location.py:146}}
Jul 31 19:07:12.361670 np0000006260 devstack@g-api.service[103093]: DEBUG glance_store.location [None req-dc6292f4-aef5-472a-bf56-2f47023f434c tempest-ServerBootFromVolumeStableRescueTest-539973435 tempest-ServerBootFromVolumeStableRescueTest-539973435-project-member] Registering scheme swift with {'store': , 'location_class': , 'store_entry': 'swift'} {{(pid=103093) register_scheme_map /opt/stack/data/venv/lib/python3.12/site-packages/glance_store/location.py:146}}
Jul 31 19:07:12.361770 np0000006260 devstack@g-api.service[103093]: DEBUG glance_store.location [None req-dc6292f4-aef5-472a-bf56-2f47023f434c tempest-ServerBootFromVolumeStableRescueTest-539973435 tempest-ServerBootFromVolumeStableRescueTest-539973435-project-member] Registering scheme swift+https with {'store': , 'location_class': , 'store_entry': 'swift'} {{(pid=103093) register_scheme_map /opt/stack/data/venv/lib/python3.12/site-packages/glance_store/location.py:146}}
Jul 31 19:07:12.361880 np0000006260 devstack@g-api.service[103093]: DEBUG glance_store.location [None req-dc6292f4-aef5-472a-bf56-2f47023f434c tempest-ServerBootFromVolumeStableRescueTest-539973435 tempest-ServerBootFromVolumeStableRescueTest-539973435-project-member] Registering scheme swift with {'store': , 'location_class': , 'store_entry': 'swift'} {{(pid=103093) register_scheme_map /opt/stack/data/venv/lib/python3.12/site-packages/glance_store/location.py:146}}
Jul 31 19:07:12.361940 np0000006260 devstack@g-api.service[103093]: DEBUG glance_store.location [None req-dc6292f4-aef5-472a-bf56-2f47023f434c tempest-ServerBootFromVolumeStableRescueTest-539973435 tempest-ServerBootFromVolumeStableRescueTest-539973435-project-member] Registering scheme swift+http with {'store': , 'location_class': , 'store_entry': 'swift'} {{(pid=103093) register_scheme_map /opt/stack/data/venv/lib/python3.12/site-packages/glance_store/location.py:146}}
Jul 31 19:07:12.362616 np0000006260 devstack@g-api.service[103093]: DEBUG glance_store.location [None req-dc6292f4-aef5-472a-bf56-2f47023f434c tempest-ServerBootFromVolumeStableRescueTest-539973435 tempest-ServerBootFromVolumeStableRescueTest-539973435-project-member] Registering scheme swift+https with {'store': , 'location_class': , 'store_entry': 'swift'} {{(pid=103093) register_scheme_map /opt/stack/data/venv/lib/python3.12/site-packages/glance_store/location.py:146}}
Jul 31 19:07:12.362616 np0000006260 devstack@g-api.service[103093]: DEBUG glance_store.location [None req-dc6292f4-aef5-472a-bf56-2f47023f434c tempest-ServerBootFromVolumeStableRescueTest-539973435 tempest-ServerBootFromVolumeStableRescueTest-539973435-project-member] Registering scheme swift with {'store': , 'location_class': , 'store_entry': 'swift'} {{(pid=103093) register_scheme_map /opt/stack/data/venv/lib/python3.12/site-packages/glance_store/location.py:146}}
Jul 31 19:07:12.362616 np0000006260 devstack@g-api.service[103093]: DEBUG glance_store.location [None req-dc6292f4-aef5-472a-bf56-2f47023f434c tempest-ServerBootFromVolumeStableRescueTest-539973435 tempest-ServerBootFromVolumeStableRescueTest-539973435-project-member] Registering scheme swift+http with {'store': , 'location_class': , 'store_entry': 'swift'} {{(pid=103093) register_scheme_map /opt/stack/data/venv/lib/python3.12/site-packages/glance_store/location.py:146}}
Jul 31 19:07:12.362616 np0000006260 devstack@g-api.service[103093]: DEBUG glance_store.location [None req-dc6292f4-aef5-472a-bf56-2f47023f434c tempest-ServerBootFromVolumeStableRescueTest-539973435 tempest-ServerBootFromVolumeStableRescueTest-539973435-project-member] Registering scheme swift+config with {'store': , 'location_class': , 'store_entry': 'swift'} {{(pid=103093) register_scheme_map /opt/stack/data/venv/lib/python3.12/site-packages/glance_store/location.py:146}}
Jul 31 19:07:12.577689 np0000006260 devstack@g-api.service[103094]: DEBUG glance.api.middleware.version_negotiation [None req-6b017b8c-5c79-4dc1-955e-d050319f0108 tempest-AttachVolumeMultiAttachTest-1519013167 tempest-AttachVolumeMultiAttachTest-1519013167-project-member] Determining version of request: GET /v2/images/ea27ceec-7a9f-4e9b-b012-8e770df8ec12 Accept: application/json {{(pid=103094) process_request /opt/stack/glance/glance/api/middleware/version_negotiation.py:44}}
Jul 31 19:07:12.577689 np0000006260 devstack@g-api.service[103094]: DEBUG glance.api.middleware.version_negotiation [None req-6b017b8c-5c79-4dc1-955e-d050319f0108 tempest-AttachVolumeMultiAttachTest-1519013167 tempest-AttachVolumeMultiAttachTest-1519013167-project-member] Using url versioning {{(pid=103094) process_request /opt/stack/glance/glance/api/middleware/version_negotiation.py:57}}
Jul 31 19:07:12.577689 np0000006260 devstack@g-api.service[103094]: DEBUG glance.api.middleware.version_negotiation [None req-6b017b8c-5c79-4dc1-955e-d050319f0108 tempest-AttachVolumeMultiAttachTest-1519013167 tempest-AttachVolumeMultiAttachTest-1519013167-project-member] Matched version: v2 {{(pid=103094) process_request /opt/stack/glance/glance/api/middleware/version_negotiation.py:69}}
Jul 31 19:07:12.577939 np0000006260 devstack@g-api.service[103094]: DEBUG glance.api.middleware.version_negotiation [None req-6b017b8c-5c79-4dc1-955e-d050319f0108 tempest-AttachVolumeMultiAttachTest-1519013167 tempest-AttachVolumeMultiAttachTest-1519013167-project-member] new path /v2/images/ea27ceec-7a9f-4e9b-b012-8e770df8ec12 {{(pid=103094) process_request /opt/stack/glance/glance/api/middleware/version_negotiation.py:70}}
Jul 31 19:07:12.595923 np0000006260 devstack@g-api.service[103093]: DEBUG swiftclient [None req-dc6292f4-aef5-472a-bf56-2f47023f434c tempest-ServerBootFromVolumeStableRescueTest-539973435 tempest-ServerBootFromVolumeStableRescueTest-539973435-project-member] REQ: curl -i https://10.4.3.163:8080/v1/AUTH_a5e3a5bc3c9046cfa979445a77234615/glance -I -H "X-Auth-Token: gAAAAABqbPJgXR3e..." {{(pid=103093) http_log /opt/stack/data/venv/lib/python3.12/site-packages/swiftclient/client.py:160}}
Jul 31 19:07:12.597459 np0000006260 devstack@g-api.service[103093]: DEBUG swiftclient [None req-dc6292f4-aef5-472a-bf56-2f47023f434c tempest-ServerBootFromVolumeStableRescueTest-539973435 tempest-ServerBootFromVolumeStableRescueTest-539973435-project-member] RESP STATUS: 204 No Content {{(pid=103093) http_log /opt/stack/data/venv/lib/python3.12/site-packages/swiftclient/client.py:161}}
Jul 31 19:07:12.597459 np0000006260 devstack@g-api.service[103093]: DEBUG swiftclient [None req-dc6292f4-aef5-472a-bf56-2f47023f434c tempest-ServerBootFromVolumeStableRescueTest-539973435 tempest-ServerBootFromVolumeStableRescueTest-539973435-project-member] RESP HEADERS: {'Date': 'Fri, 31 Jul 2026 19:07:12 GMT', 'Server': 'Apache/2.4.58 (Ubuntu)', 'Content-Type': 'text/plain; charset=utf-8', 'X-Container-Object-Count': '3', 'X-Container-Bytes-Used': '64356352', 'X-Timestamp': '1785524549.91130', 'Last-Modified': 'Fri, 31 Jul 2026 19:02:30 GMT', 'Accept-Ranges': 'bytes', 'X-Storage-Policy': 'Policy-0', 'X-Container-Sharding': 'False', 'Vary': 'Accept', 'X-Trans-Id': 'txa4e2f10d0a0f46cda9179-006a6cf260', 'X-Openstack-Request-Id': 'txa4e2f10d0a0f46cda9179-006a6cf260', 'Connection': 'close'} {{(pid=103093) http_log /opt/stack/data/venv/lib/python3.12/site-packages/swiftclient/client.py:162}}
Jul 31 19:07:12.597459 np0000006260 devstack@g-api.service[103093]: DEBUG glance_store._drivers.swift.store [None req-dc6292f4-aef5-472a-bf56-2f47023f434c tempest-ServerBootFromVolumeStableRescueTest-539973435 tempest-ServerBootFromVolumeStableRescueTest-539973435-project-member] Adding image object 'ea27ceec-7a9f-4e9b-b012-8e770df8ec12' to Swift {{(pid=103093) add /opt/stack/data/venv/lib/python3.12/site-packages/glance_store/_drivers/swift/store.py:970}}
Jul 31 19:07:12.597459 np0000006260 devstack@g-api.service[103093]: DEBUG glance_store._drivers.swift.store [None req-dc6292f4-aef5-472a-bf56-2f47023f434c tempest-ServerBootFromVolumeStableRescueTest-539973435 tempest-ServerBootFromVolumeStableRescueTest-539973435-project-member] Cannot determine image size because it is either not provided in the request or chunked-transfer encoding is used. Adding image as a segmented object to Swift. {{(pid=103093) add /opt/stack/data/venv/lib/python3.12/site-packages/glance_store/_drivers/swift/store.py:994}}
Jul 31 19:07:12.598759 np0000006260 devstack@g-api.service[103094]: [pid: 103094|app: 0|req: 48/183] 127.0.0.1 () {40 vars in 838 bytes} [Fri Jul 31 19:07:12 2026] GET /v2/images/ea27ceec-7a9f-4e9b-b012-8e770df8ec12 => generated 1469 bytes in 21 msecs (HTTP/1.1 200) 4 headers in 158 bytes (1 switches on core 0)
Jul 31 19:07:12.603160 np0000006260 devstack@g-api.service[103093]: DEBUG oslo_utils.imageutils.format_inspector [None req-dc6292f4-aef5-472a-bf56-2f47023f434c tempest-ServerBootFromVolumeStableRescueTest-539973435 tempest-ServerBootFromVolumeStableRescueTest-539973435-project-member] Format inspector for vmdk does not match, excluding from consideration (Signature KDMV not found: b'QFI\xfb') {{(pid=103093) _process_chunk /opt/stack/data/venv/lib/python3.12/site-packages/oslo_utils/imageutils/format_inspector.py:1758}}
Jul 31 19:07:12.605398 np0000006260 devstack@g-api.service[103093]: DEBUG oslo_utils.imageutils.format_inspector [None req-dc6292f4-aef5-472a-bf56-2f47023f434c tempest-ServerBootFromVolumeStableRescueTest-539973435 tempest-ServerBootFromVolumeStableRescueTest-539973435-project-member] Format inspector for vhdx does not match, excluding from consideration (Region signature not found at 30000) {{(pid=103093) _process_chunk /opt/stack/data/venv/lib/python3.12/site-packages/oslo_utils/imageutils/format_inspector.py:1758}}
Jul 31 19:07:12.786104 np0000006260 devstack@g-api.service[103095]: DEBUG glance.api.middleware.version_negotiation [None req-6b017b8c-5c79-4dc1-955e-d050319f0108 tempest-AttachVolumeMultiAttachTest-1519013167 tempest-AttachVolumeMultiAttachTest-1519013167-project-member] Determining version of request: GET /versions Accept: */* {{(pid=103095) process_request /opt/stack/glance/glance/api/middleware/version_negotiation.py:44}}
Jul 31 19:07:12.786918 np0000006260 devstack@g-api.service[103095]: [pid: 103095|app: 0|req: 44/184] 127.0.0.1 () {44 vars in 1039 bytes} [Fri Jul 31 19:07:12 2026] GET /versions => generated 1515 bytes in 1 msecs (HTTP/1.1 200) 3 headers in 92 bytes (1 switches on core 0)
Jul 31 19:07:12.795147 np0000006260 devstack@g-api.service[103092]: DEBUG glance.api.middleware.version_negotiation [None req-6b017b8c-5c79-4dc1-955e-d050319f0108 tempest-AttachVolumeMultiAttachTest-1519013167 tempest-AttachVolumeMultiAttachTest-1519013167-project-member] Determining version of request: GET /v2/images/e74677fa-87e0-450e-9647-10aa6f351270/locations Accept: */* {{(pid=103092) process_request /opt/stack/glance/glance/api/middleware/version_negotiation.py:44}}
Jul 31 19:07:12.795345 np0000006260 devstack@g-api.service[103092]: DEBUG glance.api.middleware.version_negotiation [None req-6b017b8c-5c79-4dc1-955e-d050319f0108 tempest-AttachVolumeMultiAttachTest-1519013167 tempest-AttachVolumeMultiAttachTest-1519013167-project-member] Using url versioning {{(pid=103092) process_request /opt/stack/glance/glance/api/middleware/version_negotiation.py:57}}
Jul 31 19:07:12.795527 np0000006260 devstack@g-api.service[103092]: DEBUG glance.api.middleware.version_negotiation [None req-6b017b8c-5c79-4dc1-955e-d050319f0108 tempest-AttachVolumeMultiAttachTest-1519013167 tempest-AttachVolumeMultiAttachTest-1519013167-project-member] Matched version: v2 {{(pid=103092) process_request /opt/stack/glance/glance/api/middleware/version_negotiation.py:69}}
Jul 31 19:07:12.795670 np0000006260 devstack@g-api.service[103092]: DEBUG glance.api.middleware.version_negotiation [None req-6b017b8c-5c79-4dc1-955e-d050319f0108 tempest-AttachVolumeMultiAttachTest-1519013167 tempest-AttachVolumeMultiAttachTest-1519013167-project-member] new path /v2/images/e74677fa-87e0-450e-9647-10aa6f351270/locations {{(pid=103092) process_request /opt/stack/glance/glance/api/middleware/version_negotiation.py:70}}
Jul 31 19:07:12.865473 np0000006260 devstack@g-api.service[103092]: [pid: 103092|app: 0|req: 47/185] 127.0.0.1 () {44 vars in 1135 bytes} [Fri Jul 31 19:07:12 2026] GET /v2/images/e74677fa-87e0-450e-9647-10aa6f351270/locations => generated 92 bytes in 70 msecs (HTTP/1.1 200) 4 headers in 156 bytes (1 switches on core 0)
Jul 31 19:07:12.874086 np0000006260 devstack@g-api.service[103094]: DEBUG glance.api.middleware.version_negotiation [None req-ef5808c3-5d12-4a4d-89e4-07fdb39c616c tempest-ServerBootFromVolumeStableRescueTest-539973435 tempest-ServerBootFromVolumeStableRescueTest-539973435-project-member] Determining version of request: GET /v2/images/e74677fa-87e0-450e-9647-10aa6f351270 Accept: */* {{(pid=103094) process_request /opt/stack/glance/glance/api/middleware/version_negotiation.py:44}}
Jul 31 19:07:12.874393 np0000006260 devstack@g-api.service[103094]: DEBUG glance.api.middleware.version_negotiation [None req-ef5808c3-5d12-4a4d-89e4-07fdb39c616c tempest-ServerBootFromVolumeStableRescueTest-539973435 tempest-ServerBootFromVolumeStableRescueTest-539973435-project-member] Using url versioning {{(pid=103094) process_request /opt/stack/glance/glance/api/middleware/version_negotiation.py:57}}
Jul 31 19:07:12.874614 np0000006260 devstack@g-api.service[103094]: DEBUG glance.api.middleware.version_negotiation [None req-ef5808c3-5d12-4a4d-89e4-07fdb39c616c tempest-ServerBootFromVolumeStableRescueTest-539973435 tempest-ServerBootFromVolumeStableRescueTest-539973435-project-member] Matched version: v2 {{(pid=103094) process_request /opt/stack/glance/glance/api/middleware/version_negotiation.py:69}}
Jul 31 19:07:12.874771 np0000006260 devstack@g-api.service[103094]: DEBUG glance.api.middleware.version_negotiation [None req-ef5808c3-5d12-4a4d-89e4-07fdb39c616c tempest-ServerBootFromVolumeStableRescueTest-539973435 tempest-ServerBootFromVolumeStableRescueTest-539973435-project-member] new path /v2/images/e74677fa-87e0-450e-9647-10aa6f351270 {{(pid=103094) process_request /opt/stack/glance/glance/api/middleware/version_negotiation.py:70}}
Jul 31 19:07:12.875356 np0000006260 devstack@g-api.service[103093]: DEBUG swiftclient [None req-dc6292f4-aef5-472a-bf56-2f47023f434c tempest-ServerBootFromVolumeStableRescueTest-539973435 tempest-ServerBootFromVolumeStableRescueTest-539973435-project-member] REQ: curl -i https://10.4.3.163:8080/v1/AUTH_a5e3a5bc3c9046cfa979445a77234615/glance/ea27ceec-7a9f-4e9b-b012-8e770df8ec12-00001 -X PUT -H "X-Auth-Token: gAAAAABqbPJgXR3e..." {{(pid=103093) http_log /opt/stack/data/venv/lib/python3.12/site-packages/swiftclient/client.py:160}}
Jul 31 19:07:12.875653 np0000006260 devstack@g-api.service[103093]: DEBUG swiftclient [None req-dc6292f4-aef5-472a-bf56-2f47023f434c tempest-ServerBootFromVolumeStableRescueTest-539973435 tempest-ServerBootFromVolumeStableRescueTest-539973435-project-member] RESP STATUS: 201 Created {{(pid=103093) http_log /opt/stack/data/venv/lib/python3.12/site-packages/swiftclient/client.py:161}}
Jul 31 19:07:12.875653 np0000006260 devstack@g-api.service[103093]: DEBUG swiftclient [None req-dc6292f4-aef5-472a-bf56-2f47023f434c tempest-ServerBootFromVolumeStableRescueTest-539973435 tempest-ServerBootFromVolumeStableRescueTest-539973435-project-member] RESP HEADERS: {'Date': 'Fri, 31 Jul 2026 19:07:12 GMT', 'Server': 'Apache/2.4.58 (Ubuntu)', 'Content-Type': 'text/html; charset=UTF-8', 'Content-Length': '0', 'Etag': '4fa343ee581d8d2e78533191fd1ac3e1', 'Last-Modified': 'Fri, 31 Jul 2026 19:07:13 GMT', 'X-Trans-Id': 'txdbc806c0b5fb4ed3ba37f-006a6cf260', 'X-Openstack-Request-Id': 'txdbc806c0b5fb4ed3ba37f-006a6cf260', 'Connection': 'close'} {{(pid=103093) http_log /opt/stack/data/venv/lib/python3.12/site-packages/swiftclient/client.py:162}}
Jul 31 19:07:12.875730 np0000006260 devstack@g-api.service[103093]: DEBUG glance_store._drivers.swift.store [None req-dc6292f4-aef5-472a-bf56-2f47023f434c tempest-ServerBootFromVolumeStableRescueTest-539973435 tempest-ServerBootFromVolumeStableRescueTest-539973435-project-member] Wrote chunk ea27ceec-7a9f-4e9b-b012-8e770df8ec12-00001 (1/?) of length 23527424 to Swift returning MD5 of content: 4fa343ee581d8d2e78533191fd1ac3e1 {{(pid=103093) add /opt/stack/data/venv/lib/python3.12/site-packages/glance_store/_drivers/swift/store.py:1059}}
Jul 31 19:07:12.875970 np0000006260 devstack@g-api.service[103093]: DEBUG glance_store._drivers.swift.store [None req-dc6292f4-aef5-472a-bf56-2f47023f434c tempest-ServerBootFromVolumeStableRescueTest-539973435 tempest-ServerBootFromVolumeStableRescueTest-539973435-project-member] Not writing zero-length chunk. {{(pid=103093) add /opt/stack/data/venv/lib/python3.12/site-packages/glance_store/_drivers/swift/store.py:1028}}
Jul 31 19:07:12.885558 np0000006260 devstack@g-api.service[103094]: [pid: 103094|app: 0|req: 49/186] 127.0.0.1 () {44 vars in 1115 bytes} [Fri Jul 31 19:07:12 2026] GET /v2/images/e74677fa-87e0-450e-9647-10aa6f351270 => generated 1044 bytes in 12 msecs (HTTP/1.1 200) 4 headers in 158 bytes (1 switches on core 0)
Jul 31 19:07:12.896372 np0000006260 devstack@g-api.service[103095]: DEBUG glance.api.middleware.version_negotiation [None req-6b017b8c-5c79-4dc1-955e-d050319f0108 tempest-AttachVolumeMultiAttachTest-1519013167 tempest-AttachVolumeMultiAttachTest-1519013167-project-member] Determining version of request: GET /v2/schemas/image Accept: */* {{(pid=103095) process_request /opt/stack/glance/glance/api/middleware/version_negotiation.py:44}}
Jul 31 19:07:12.896557 np0000006260 devstack@g-api.service[103095]: DEBUG glance.api.middleware.version_negotiation [None req-6b017b8c-5c79-4dc1-955e-d050319f0108 tempest-AttachVolumeMultiAttachTest-1519013167 tempest-AttachVolumeMultiAttachTest-1519013167-project-member] Using url versioning {{(pid=103095) process_request /opt/stack/glance/glance/api/middleware/version_negotiation.py:57}}
Jul 31 19:07:12.896693 np0000006260 devstack@g-api.service[103095]: DEBUG glance.api.middleware.version_negotiation [None req-6b017b8c-5c79-4dc1-955e-d050319f0108 tempest-AttachVolumeMultiAttachTest-1519013167 tempest-AttachVolumeMultiAttachTest-1519013167-project-member] Matched version: v2 {{(pid=103095) process_request /opt/stack/glance/glance/api/middleware/version_negotiation.py:69}}
Jul 31 19:07:12.896789 np0000006260 devstack@g-api.service[103095]: DEBUG glance.api.middleware.version_negotiation [None req-6b017b8c-5c79-4dc1-955e-d050319f0108 tempest-AttachVolumeMultiAttachTest-1519013167 tempest-AttachVolumeMultiAttachTest-1519013167-project-member] new path /v2/schemas/image {{(pid=103095) process_request /opt/stack/glance/glance/api/middleware/version_negotiation.py:70}}
Jul 31 19:07:12.901158 np0000006260 devstack@g-api.service[103095]: [pid: 103095|app: 0|req: 45/187] 127.0.0.1 () {44 vars in 1055 bytes} [Fri Jul 31 19:07:12 2026] GET /v2/schemas/image => generated 6083 bytes in 5 msecs (HTTP/1.1 200) 4 headers in 158 bytes (1 switches on core 0)
Jul 31 19:07:12.905740 np0000006260 devstack@g-api.service[103093]: DEBUG swiftclient [None req-dc6292f4-aef5-472a-bf56-2f47023f434c tempest-ServerBootFromVolumeStableRescueTest-539973435 tempest-ServerBootFromVolumeStableRescueTest-539973435-project-member] REQ: curl -i https://10.4.3.163:8080/v1/AUTH_a5e3a5bc3c9046cfa979445a77234615/glance/ea27ceec-7a9f-4e9b-b012-8e770df8ec12 -X PUT -H "X-Object-Manifest: glance/ea27ceec-7a9f-4e9b-b012-8e770df8ec12-" -H "X-Auth-Token: gAAAAABqbPJgXR3e..." -H "Content-Length: 0" {{(pid=103093) http_log /opt/stack/data/venv/lib/python3.12/site-packages/swiftclient/client.py:160}}
Jul 31 19:07:12.905857 np0000006260 devstack@g-api.service[103093]: DEBUG swiftclient [None req-dc6292f4-aef5-472a-bf56-2f47023f434c tempest-ServerBootFromVolumeStableRescueTest-539973435 tempest-ServerBootFromVolumeStableRescueTest-539973435-project-member] RESP STATUS: 201 Created {{(pid=103093) http_log /opt/stack/data/venv/lib/python3.12/site-packages/swiftclient/client.py:161}}
Jul 31 19:07:12.906000 np0000006260 devstack@g-api.service[103093]: DEBUG swiftclient [None req-dc6292f4-aef5-472a-bf56-2f47023f434c tempest-ServerBootFromVolumeStableRescueTest-539973435 tempest-ServerBootFromVolumeStableRescueTest-539973435-project-member] RESP HEADERS: {'Date': 'Fri, 31 Jul 2026 19:07:12 GMT', 'Server': 'Apache/2.4.58 (Ubuntu)', 'Content-Type': 'text/html; charset=UTF-8', 'Content-Length': '0', 'Etag': 'd41d8cd98f00b204e9800998ecf8427e', 'Last-Modified': 'Fri, 31 Jul 2026 19:07:13 GMT', 'X-Trans-Id': 'txc23f705bfd4543cfa9a7e-006a6cf260', 'X-Openstack-Request-Id': 'txc23f705bfd4543cfa9a7e-006a6cf260', 'Connection': 'close'} {{(pid=103093) http_log /opt/stack/data/venv/lib/python3.12/site-packages/swiftclient/client.py:162}}
Jul 31 19:07:12.906427 np0000006260 devstack@g-api.service[103093]: INFO glance.location [None req-dc6292f4-aef5-472a-bf56-2f47023f434c tempest-ServerBootFromVolumeStableRescueTest-539973435 tempest-ServerBootFromVolumeStableRescueTest-539973435-project-member] Image format matched and virtual size computed: 1073741824
Jul 31 19:07:12.909566 np0000006260 devstack@g-api.service[103092]: DEBUG glance.api.middleware.version_negotiation [None req-6b017b8c-5c79-4dc1-955e-d050319f0108 service glance] Determining version of request: GET /v2/schemas/image Accept: */* {{(pid=103092) process_request /opt/stack/glance/glance/api/middleware/version_negotiation.py:44}}
Jul 31 19:07:12.909748 np0000006260 devstack@g-api.service[103092]: DEBUG glance.api.middleware.version_negotiation [None req-6b017b8c-5c79-4dc1-955e-d050319f0108 service glance] Using url versioning {{(pid=103092) process_request /opt/stack/glance/glance/api/middleware/version_negotiation.py:57}}
Jul 31 19:07:12.909869 np0000006260 devstack@g-api.service[103092]: DEBUG glance.api.middleware.version_negotiation [None req-6b017b8c-5c79-4dc1-955e-d050319f0108 service glance] Matched version: v2 {{(pid=103092) process_request /opt/stack/glance/glance/api/middleware/version_negotiation.py:69}}
Jul 31 19:07:12.909965 np0000006260 devstack@g-api.service[103092]: DEBUG glance.api.middleware.version_negotiation [None req-6b017b8c-5c79-4dc1-955e-d050319f0108 service glance] new path /v2/schemas/image {{(pid=103092) process_request /opt/stack/glance/glance/api/middleware/version_negotiation.py:70}}
Jul 31 19:07:12.912242 np0000006260 devstack@g-api.service[103092]: [pid: 103092|app: 0|req: 48/188] 127.0.0.1 () {44 vars in 1055 bytes} [Fri Jul 31 19:07:12 2026] GET /v2/schemas/image => generated 6083 bytes in 3 msecs (HTTP/1.1 200) 4 headers in 158 bytes (1 switches on core 0)
Jul 31 19:07:12.951284 np0000006260 devstack@g-api.service[103093]: DEBUG glance_store.backend [None req-dc6292f4-aef5-472a-bf56-2f47023f434c tempest-ServerBootFromVolumeStableRescueTest-539973435 tempest-ServerBootFromVolumeStableRescueTest-539973435-project-member] Attempting to import store swift {{(pid=103093) _load_store /opt/stack/data/venv/lib/python3.12/site-packages/glance_store/backend.py:215}}
Jul 31 19:07:12.952589 np0000006260 devstack@g-api.service[103093]: DEBUG glance_store.capabilities [None req-dc6292f4-aef5-472a-bf56-2f47023f434c tempest-ServerBootFromVolumeStableRescueTest-539973435 tempest-ServerBootFromVolumeStableRescueTest-539973435-project-member] Store glance_store._drivers.swift.store.SingleTenantStore doesn't support updating dynamic storage capabilities. Please overwrite 'update_capabilities' method of the store to implement updating logics if needed. {{(pid=103093) update_capabilities /opt/stack/data/venv/lib/python3.12/site-packages/glance_store/capabilities.py:91}}
Jul 31 19:07:12.952703 np0000006260 devstack@g-api.service[103093]: DEBUG glance_store.driver [None req-dc6292f4-aef5-472a-bf56-2f47023f434c tempest-ServerBootFromVolumeStableRescueTest-539973435 tempest-ServerBootFromVolumeStableRescueTest-539973435-project-member] Late loading location class glance_store._drivers.swift.store.StoreLocation {{(pid=103093) get_store_location_class /opt/stack/data/venv/lib/python3.12/site-packages/glance_store/driver.py:134}}
Jul 31 19:07:12.952810 np0000006260 devstack@g-api.service[103093]: DEBUG glance_store.location [None req-dc6292f4-aef5-472a-bf56-2f47023f434c tempest-ServerBootFromVolumeStableRescueTest-539973435 tempest-ServerBootFromVolumeStableRescueTest-539973435-project-member] Registering scheme swift+https with {'store': , 'location_class': , 'store_entry': 'swift'} {{(pid=103093) register_scheme_map /opt/stack/data/venv/lib/python3.12/site-packages/glance_store/location.py:146}}
Jul 31 19:07:12.952901 np0000006260 devstack@g-api.service[103093]: DEBUG glance_store.location [None req-dc6292f4-aef5-472a-bf56-2f47023f434c tempest-ServerBootFromVolumeStableRescueTest-539973435 tempest-ServerBootFromVolumeStableRescueTest-539973435-project-member] Registering scheme swift+https with {'store': , 'location_class': , 'store_entry': 'swift'} {{(pid=103093) register_scheme_map /opt/stack/data/venv/lib/python3.12/site-packages/glance_store/location.py:146}}
Jul 31 19:07:12.953014 np0000006260 devstack@g-api.service[103093]: DEBUG glance_store.location [None req-dc6292f4-aef5-472a-bf56-2f47023f434c tempest-ServerBootFromVolumeStableRescueTest-539973435 tempest-ServerBootFromVolumeStableRescueTest-539973435-project-member] Registering scheme swift with {'store': , 'location_class': , 'store_entry': 'swift'} {{(pid=103093) register_scheme_map /opt/stack/data/venv/lib/python3.12/site-packages/glance_store/location.py:146}}
Jul 31 19:07:12.953180 np0000006260 devstack@g-api.service[103093]: DEBUG glance_store.location [None req-dc6292f4-aef5-472a-bf56-2f47023f434c tempest-ServerBootFromVolumeStableRescueTest-539973435 tempest-ServerBootFromVolumeStableRescueTest-539973435-project-member] Registering scheme swift+https with {'store': , 'location_class': , 'store_entry': 'swift'} {{(pid=103093) register_scheme_map /opt/stack/data/venv/lib/python3.12/site-packages/glance_store/location.py:146}}
Jul 31 19:07:12.953302 np0000006260 devstack@g-api.service[103093]: DEBUG glance_store.location [None req-dc6292f4-aef5-472a-bf56-2f47023f434c tempest-ServerBootFromVolumeStableRescueTest-539973435 tempest-ServerBootFromVolumeStableRescueTest-539973435-project-member] Registering scheme swift with {'store': , 'location_class': , 'store_entry': 'swift'} {{(pid=103093) register_scheme_map /opt/stack/data/venv/lib/python3.12/site-packages/glance_store/location.py:146}}
Jul 31 19:07:12.953387 np0000006260 devstack@g-api.service[103093]: DEBUG glance_store.location [None req-dc6292f4-aef5-472a-bf56-2f47023f434c tempest-ServerBootFromVolumeStableRescueTest-539973435 tempest-ServerBootFromVolumeStableRescueTest-539973435-project-member] Registering scheme swift+http with {'store': , 'location_class': , 'store_entry': 'swift'} {{(pid=103093) register_scheme_map /opt/stack/data/venv/lib/python3.12/site-packages/glance_store/location.py:146}}
Jul 31 19:07:12.953545 np0000006260 devstack@g-api.service[103093]: DEBUG glance_store.location [None req-dc6292f4-aef5-472a-bf56-2f47023f434c tempest-ServerBootFromVolumeStableRescueTest-539973435 tempest-ServerBootFromVolumeStableRescueTest-539973435-project-member] Registering scheme swift+https with {'store': , 'location_class': , 'store_entry': 'swift'} {{(pid=103093) register_scheme_map /opt/stack/data/venv/lib/python3.12/site-packages/glance_store/location.py:146}}
Jul 31 19:07:12.953655 np0000006260 devstack@g-api.service[103093]: DEBUG glance_store.location [None req-dc6292f4-aef5-472a-bf56-2f47023f434c tempest-ServerBootFromVolumeStableRescueTest-539973435 tempest-ServerBootFromVolumeStableRescueTest-539973435-project-member] Registering scheme swift with {'store': , 'location_class': , 'store_entry': 'swift'} {{(pid=103093) register_scheme_map /opt/stack/data/venv/lib/python3.12/site-packages/glance_store/location.py:146}}
Jul 31 19:07:12.953723 np0000006260 devstack@g-api.service[103093]: DEBUG glance_store.location [None req-dc6292f4-aef5-472a-bf56-2f47023f434c tempest-ServerBootFromVolumeStableRescueTest-539973435 tempest-ServerBootFromVolumeStableRescueTest-539973435-project-member] Registering scheme swift+http with {'store': , 'location_class': , 'store_entry': 'swift'} {{(pid=103093) register_scheme_map /opt/stack/data/venv/lib/python3.12/site-packages/glance_store/location.py:146}}
Jul 31 19:07:12.953835 np0000006260 devstack@g-api.service[103093]: DEBUG glance_store.location [None req-dc6292f4-aef5-472a-bf56-2f47023f434c tempest-ServerBootFromVolumeStableRescueTest-539973435 tempest-ServerBootFromVolumeStableRescueTest-539973435-project-member] Registering scheme swift+config with {'store': , 'location_class': , 'store_entry': 'swift'} {{(pid=103093) register_scheme_map /opt/stack/data/venv/lib/python3.12/site-packages/glance_store/location.py:146}}
Jul 31 19:07:12.953954 np0000006260 devstack@g-api.service[103093]: DEBUG glance_store.backend [None req-dc6292f4-aef5-472a-bf56-2f47023f434c tempest-ServerBootFromVolumeStableRescueTest-539973435 tempest-ServerBootFromVolumeStableRescueTest-539973435-project-member] Skipping store.set_acls... not implemented. {{(pid=103093) set_acls /opt/stack/data/venv/lib/python3.12/site-packages/glance_store/backend.py:507}}
Jul 31 19:07:12.956657 np0000006260 devstack@g-api.service[103093]: [pid: 103093|app: 0|req: 47/189] 127.0.0.1 () {46 vars in 1158 bytes} [Fri Jul 31 19:07:11 2026] PUT /v2/images/ea27ceec-7a9f-4e9b-b012-8e770df8ec12/file => generated 0 bytes in 1743 msecs (HTTP/1.1 204) 4 headers in 171 bytes (1 switches on core 0)
Jul 31 19:07:12.993679 np0000006260 devstack@g-api.service[103094]: DEBUG glance.api.middleware.version_negotiation [None req-6b017b8c-5c79-4dc1-955e-d050319f0108 tempest-AttachVolumeMultiAttachTest-1519013167 tempest-AttachVolumeMultiAttachTest-1519013167-project-member] Determining version of request: GET /v2/images/ea27ceec-7a9f-4e9b-b012-8e770df8ec12 Accept: */* {{(pid=103094) process_request /opt/stack/glance/glance/api/middleware/version_negotiation.py:44}}
Jul 31 19:07:12.993836 np0000006260 devstack@g-api.service[103094]: DEBUG glance.api.middleware.version_negotiation [None req-6b017b8c-5c79-4dc1-955e-d050319f0108 tempest-AttachVolumeMultiAttachTest-1519013167 tempest-AttachVolumeMultiAttachTest-1519013167-project-member] Using url versioning {{(pid=103094) process_request /opt/stack/glance/glance/api/middleware/version_negotiation.py:57}}
Jul 31 19:07:12.993916 np0000006260 devstack@g-api.service[103094]: DEBUG glance.api.middleware.version_negotiation [None req-6b017b8c-5c79-4dc1-955e-d050319f0108 tempest-AttachVolumeMultiAttachTest-1519013167 tempest-AttachVolumeMultiAttachTest-1519013167-project-member] Matched version: v2 {{(pid=103094) process_request /opt/stack/glance/glance/api/middleware/version_negotiation.py:69}}
Jul 31 19:07:12.993996 np0000006260 devstack@g-api.service[103094]: DEBUG glance.api.middleware.version_negotiation [None req-6b017b8c-5c79-4dc1-955e-d050319f0108 tempest-AttachVolumeMultiAttachTest-1519013167 tempest-AttachVolumeMultiAttachTest-1519013167-project-member] new path /v2/images/ea27ceec-7a9f-4e9b-b012-8e770df8ec12 {{(pid=103094) process_request /opt/stack/glance/glance/api/middleware/version_negotiation.py:70}}
Jul 31 19:07:13.011327 np0000006260 devstack@g-api.service[103094]: [pid: 103094|app: 0|req: 50/190] 127.0.0.1 () {44 vars in 1115 bytes} [Fri Jul 31 19:07:12 2026] GET /v2/images/ea27ceec-7a9f-4e9b-b012-8e770df8ec12 => generated 1639 bytes in 18 msecs (HTTP/1.1 200) 4 headers in 158 bytes (1 switches on core 0)
Jul 31 19:07:13.079328 np0000006260 devstack@g-api.service[103095]: DEBUG glance.api.middleware.version_negotiation [None req-6b017b8c-5c79-4dc1-955e-d050319f0108 tempest-AttachVolumeMultiAttachTest-1519013167 tempest-AttachVolumeMultiAttachTest-1519013167-project-member] Determining version of request: GET /v2/schemas/image Accept: */* {{(pid=103095) process_request /opt/stack/glance/glance/api/middleware/version_negotiation.py:44}}
Jul 31 19:07:13.079531 np0000006260 devstack@g-api.service[103095]: DEBUG glance.api.middleware.version_negotiation [None req-6b017b8c-5c79-4dc1-955e-d050319f0108 tempest-AttachVolumeMultiAttachTest-1519013167 tempest-AttachVolumeMultiAttachTest-1519013167-project-member] Using url versioning {{(pid=103095) process_request /opt/stack/glance/glance/api/middleware/version_negotiation.py:57}}
Jul 31 19:07:13.079670 np0000006260 devstack@g-api.service[103095]: DEBUG glance.api.middleware.version_negotiation [None req-6b017b8c-5c79-4dc1-955e-d050319f0108 tempest-AttachVolumeMultiAttachTest-1519013167 tempest-AttachVolumeMultiAttachTest-1519013167-project-member] Matched version: v2 {{(pid=103095) process_request /opt/stack/glance/glance/api/middleware/version_negotiation.py:69}}
Jul 31 19:07:13.079766 np0000006260 devstack@g-api.service[103095]: DEBUG glance.api.middleware.version_negotiation [None req-6b017b8c-5c79-4dc1-955e-d050319f0108 tempest-AttachVolumeMultiAttachTest-1519013167 tempest-AttachVolumeMultiAttachTest-1519013167-project-member] new path /v2/schemas/image {{(pid=103095) process_request /opt/stack/glance/glance/api/middleware/version_negotiation.py:70}}
Jul 31 19:07:13.083401 np0000006260 devstack@g-api.service[103095]: [pid: 103095|app: 0|req: 46/191] 127.0.0.1 () {44 vars in 1055 bytes} [Fri Jul 31 19:07:13 2026] GET /v2/schemas/image => generated 6083 bytes in 4 msecs (HTTP/1.1 200) 4 headers in 158 bytes (1 switches on core 0)
Jul 31 19:07:13.329287 np0000006260 devstack@g-api.service[103092]: DEBUG glance.api.middleware.version_negotiation [None req-6b017b8c-5c79-4dc1-955e-d050319f0108 tempest-AttachVolumeMultiAttachTest-1519013167 tempest-AttachVolumeMultiAttachTest-1519013167-project-member] Determining version of request: GET /v2/images/80a651b7-f424-4d84-bcd4-7ddcd86d4ec1 Accept: */* {{(pid=103092) process_request /opt/stack/glance/glance/api/middleware/version_negotiation.py:44}}
Jul 31 19:07:13.329688 np0000006260 devstack@g-api.service[103092]: DEBUG glance.api.middleware.version_negotiation [None req-6b017b8c-5c79-4dc1-955e-d050319f0108 tempest-AttachVolumeMultiAttachTest-1519013167 tempest-AttachVolumeMultiAttachTest-1519013167-project-member] Using url versioning {{(pid=103092) process_request /opt/stack/glance/glance/api/middleware/version_negotiation.py:57}}
Jul 31 19:07:13.329688 np0000006260 devstack@g-api.service[103092]: DEBUG glance.api.middleware.version_negotiation [None req-6b017b8c-5c79-4dc1-955e-d050319f0108 tempest-AttachVolumeMultiAttachTest-1519013167 tempest-AttachVolumeMultiAttachTest-1519013167-project-member] Matched version: v2 {{(pid=103092) process_request /opt/stack/glance/glance/api/middleware/version_negotiation.py:69}}
Jul 31 19:07:13.329688 np0000006260 devstack@g-api.service[103092]: DEBUG glance.api.middleware.version_negotiation [None req-6b017b8c-5c79-4dc1-955e-d050319f0108 tempest-AttachVolumeMultiAttachTest-1519013167 tempest-AttachVolumeMultiAttachTest-1519013167-project-member] new path /v2/images/80a651b7-f424-4d84-bcd4-7ddcd86d4ec1 {{(pid=103092) process_request /opt/stack/glance/glance/api/middleware/version_negotiation.py:70}}
Jul 31 19:07:13.339143 np0000006260 devstack@g-api.service[103092]: [pid: 103092|app: 0|req: 49/192] 127.0.0.1 () {44 vars in 1115 bytes} [Fri Jul 31 19:07:13 2026] GET /v2/images/80a651b7-f424-4d84-bcd4-7ddcd86d4ec1 => generated 1044 bytes in 10 msecs (HTTP/1.1 200) 4 headers in 158 bytes (1 switches on core 0)
Jul 31 19:07:13.370287 np0000006260 devstack@g-api.service[103093]: DEBUG glance.api.middleware.version_negotiation [None req-dc6292f4-aef5-472a-bf56-2f47023f434c tempest-ServerBootFromVolumeStableRescueTest-539973435 tempest-ServerBootFromVolumeStableRescueTest-539973435-project-member] Determining version of request: GET /v2/schemas/image Accept: */* {{(pid=103093) process_request /opt/stack/glance/glance/api/middleware/version_negotiation.py:44}}
Jul 31 19:07:13.370287 np0000006260 devstack@g-api.service[103093]: DEBUG glance.api.middleware.version_negotiation [None req-dc6292f4-aef5-472a-bf56-2f47023f434c tempest-ServerBootFromVolumeStableRescueTest-539973435 tempest-ServerBootFromVolumeStableRescueTest-539973435-project-member] Using url versioning {{(pid=103093) process_request /opt/stack/glance/glance/api/middleware/version_negotiation.py:57}}
Jul 31 19:07:13.370287 np0000006260 devstack@g-api.service[103093]: DEBUG glance.api.middleware.version_negotiation [None req-dc6292f4-aef5-472a-bf56-2f47023f434c tempest-ServerBootFromVolumeStableRescueTest-539973435 tempest-ServerBootFromVolumeStableRescueTest-539973435-project-member] Matched version: v2 {{(pid=103093) process_request /opt/stack/glance/glance/api/middleware/version_negotiation.py:69}}
Jul 31 19:07:13.370287 np0000006260 devstack@g-api.service[103093]: DEBUG glance.api.middleware.version_negotiation [None req-dc6292f4-aef5-472a-bf56-2f47023f434c tempest-ServerBootFromVolumeStableRescueTest-539973435 tempest-ServerBootFromVolumeStableRescueTest-539973435-project-member] new path /v2/schemas/image {{(pid=103093) process_request /opt/stack/glance/glance/api/middleware/version_negotiation.py:70}}
Jul 31 19:07:13.372399 np0000006260 devstack@g-api.service[103093]: [pid: 103093|app: 0|req: 48/193] 127.0.0.1 () {44 vars in 1055 bytes} [Fri Jul 31 19:07:13 2026] GET /v2/schemas/image => generated 6083 bytes in 3 msecs (HTTP/1.1 200) 4 headers in 158 bytes (1 switches on core 0)
Jul 31 19:07:13.607192 np0000006260 devstack@g-api.service[103094]: DEBUG glance.api.middleware.version_negotiation [None req-dc6292f4-aef5-472a-bf56-2f47023f434c tempest-ServerBootFromVolumeStableRescueTest-539973435 tempest-ServerBootFromVolumeStableRescueTest-539973435-project-member] Determining version of request: GET /v2/images/ea27ceec-7a9f-4e9b-b012-8e770df8ec12 Accept: application/json {{(pid=103094) process_request /opt/stack/glance/glance/api/middleware/version_negotiation.py:44}}
Jul 31 19:07:13.607658 np0000006260 devstack@g-api.service[103094]: DEBUG glance.api.middleware.version_negotiation [None req-dc6292f4-aef5-472a-bf56-2f47023f434c tempest-ServerBootFromVolumeStableRescueTest-539973435 tempest-ServerBootFromVolumeStableRescueTest-539973435-project-member] Using url versioning {{(pid=103094) process_request /opt/stack/glance/glance/api/middleware/version_negotiation.py:57}}
Jul 31 19:07:13.607658 np0000006260 devstack@g-api.service[103094]: DEBUG glance.api.middleware.version_negotiation [None req-dc6292f4-aef5-472a-bf56-2f47023f434c tempest-ServerBootFromVolumeStableRescueTest-539973435 tempest-ServerBootFromVolumeStableRescueTest-539973435-project-member] Matched version: v2 {{(pid=103094) process_request /opt/stack/glance/glance/api/middleware/version_negotiation.py:69}}
Jul 31 19:07:13.607794 np0000006260 devstack@g-api.service[103094]: DEBUG glance.api.middleware.version_negotiation [None req-dc6292f4-aef5-472a-bf56-2f47023f434c tempest-ServerBootFromVolumeStableRescueTest-539973435 tempest-ServerBootFromVolumeStableRescueTest-539973435-project-member] new path /v2/images/ea27ceec-7a9f-4e9b-b012-8e770df8ec12 {{(pid=103094) process_request /opt/stack/glance/glance/api/middleware/version_negotiation.py:70}}
Jul 31 19:07:13.620017 np0000006260 devstack@g-api.service[103094]: [pid: 103094|app: 0|req: 51/194] 127.0.0.1 () {40 vars in 838 bytes} [Fri Jul 31 19:07:13 2026] GET /v2/images/ea27ceec-7a9f-4e9b-b012-8e770df8ec12 => generated 1639 bytes in 13 msecs (HTTP/1.1 200) 4 headers in 158 bytes (1 switches on core 0)
Jul 31 19:07:13.628624 np0000006260 devstack@g-api.service[103095]: DEBUG glance.api.middleware.version_negotiation [None req-dc6292f4-aef5-472a-bf56-2f47023f434c tempest-ServerBootFromVolumeStableRescueTest-539973435 tempest-ServerBootFromVolumeStableRescueTest-539973435-project-member] Determining version of request: GET /v2/images/ea27ceec-7a9f-4e9b-b012-8e770df8ec12 Accept: application/json {{(pid=103095) process_request /opt/stack/glance/glance/api/middleware/version_negotiation.py:44}}
Jul 31 19:07:13.628928 np0000006260 devstack@g-api.service[103095]: DEBUG glance.api.middleware.version_negotiation [None req-dc6292f4-aef5-472a-bf56-2f47023f434c tempest-ServerBootFromVolumeStableRescueTest-539973435 tempest-ServerBootFromVolumeStableRescueTest-539973435-project-member] Using url versioning {{(pid=103095) process_request /opt/stack/glance/glance/api/middleware/version_negotiation.py:57}}
Jul 31 19:07:13.629046 np0000006260 devstack@g-api.service[103095]: DEBUG glance.api.middleware.version_negotiation [None req-dc6292f4-aef5-472a-bf56-2f47023f434c tempest-ServerBootFromVolumeStableRescueTest-539973435 tempest-ServerBootFromVolumeStableRescueTest-539973435-project-member] Matched version: v2 {{(pid=103095) process_request /opt/stack/glance/glance/api/middleware/version_negotiation.py:69}}
Jul 31 19:07:13.629222 np0000006260 devstack@g-api.service[103095]: DEBUG glance.api.middleware.version_negotiation [None req-dc6292f4-aef5-472a-bf56-2f47023f434c tempest-ServerBootFromVolumeStableRescueTest-539973435 tempest-ServerBootFromVolumeStableRescueTest-539973435-project-member] new path /v2/images/ea27ceec-7a9f-4e9b-b012-8e770df8ec12 {{(pid=103095) process_request /opt/stack/glance/glance/api/middleware/version_negotiation.py:70}}
Jul 31 19:07:13.641976 np0000006260 devstack@g-api.service[103095]: [pid: 103095|app: 0|req: 47/195] 127.0.0.1 () {40 vars in 838 bytes} [Fri Jul 31 19:07:13 2026] GET /v2/images/ea27ceec-7a9f-4e9b-b012-8e770df8ec12 => generated 1639 bytes in 14 msecs (HTTP/1.1 200) 4 headers in 158 bytes (1 switches on core 0)
Jul 31 19:07:13.672654 np0000006260 devstack@g-api.service[103092]: DEBUG glance.api.middleware.version_negotiation [None req-1bb780b0-05b5-4e55-887f-31b3777f0cfb tempest-ServerActionsV293TestJSON-437687629 tempest-ServerActionsV293TestJSON-437687629-project-member] Determining version of request: GET /v2/images/80a651b7-f424-4d84-bcd4-7ddcd86d4ec1 Accept: */* {{(pid=103092) process_request /opt/stack/glance/glance/api/middleware/version_negotiation.py:44}}
Jul 31 19:07:13.672857 np0000006260 devstack@g-api.service[103092]: DEBUG glance.api.middleware.version_negotiation [None req-1bb780b0-05b5-4e55-887f-31b3777f0cfb tempest-ServerActionsV293TestJSON-437687629 tempest-ServerActionsV293TestJSON-437687629-project-member] Using url versioning {{(pid=103092) process_request /opt/stack/glance/glance/api/middleware/version_negotiation.py:57}}
Jul 31 19:07:13.673084 np0000006260 devstack@g-api.service[103092]: DEBUG glance.api.middleware.version_negotiation [None req-1bb780b0-05b5-4e55-887f-31b3777f0cfb tempest-ServerActionsV293TestJSON-437687629 tempest-ServerActionsV293TestJSON-437687629-project-member] Matched version: v2 {{(pid=103092) process_request /opt/stack/glance/glance/api/middleware/version_negotiation.py:69}}
Jul 31 19:07:13.673239 np0000006260 devstack@g-api.service[103092]: DEBUG glance.api.middleware.version_negotiation [None req-1bb780b0-05b5-4e55-887f-31b3777f0cfb tempest-ServerActionsV293TestJSON-437687629 tempest-ServerActionsV293TestJSON-437687629-project-member] new path /v2/images/80a651b7-f424-4d84-bcd4-7ddcd86d4ec1 {{(pid=103092) process_request /opt/stack/glance/glance/api/middleware/version_negotiation.py:70}}
Jul 31 19:07:13.689000 np0000006260 devstack@g-api.service[103092]: [pid: 103092|app: 0|req: 50/196] 127.0.0.1 () {44 vars in 1115 bytes} [Fri Jul 31 19:07:13 2026] GET /v2/images/80a651b7-f424-4d84-bcd4-7ddcd86d4ec1 => generated 1044 bytes in 16 msecs (HTTP/1.1 200) 4 headers in 158 bytes (1 switches on core 0)
Jul 31 19:07:13.746413 np0000006260 devstack@g-api.service[103093]: DEBUG glance.api.middleware.version_negotiation [None req-1bb780b0-05b5-4e55-887f-31b3777f0cfb tempest-ServerActionsV293TestJSON-437687629 tempest-ServerActionsV293TestJSON-437687629-project-member] Determining version of request: GET /v2/schemas/image Accept: */* {{(pid=103093) process_request /opt/stack/glance/glance/api/middleware/version_negotiation.py:44}}
Jul 31 19:07:13.746852 np0000006260 devstack@g-api.service[103093]: DEBUG glance.api.middleware.version_negotiation [None req-1bb780b0-05b5-4e55-887f-31b3777f0cfb tempest-ServerActionsV293TestJSON-437687629 tempest-ServerActionsV293TestJSON-437687629-project-member] Using url versioning {{(pid=103093) process_request /opt/stack/glance/glance/api/middleware/version_negotiation.py:57}}
Jul 31 19:07:13.747189 np0000006260 devstack@g-api.service[103093]: DEBUG glance.api.middleware.version_negotiation [None req-1bb780b0-05b5-4e55-887f-31b3777f0cfb tempest-ServerActionsV293TestJSON-437687629 tempest-ServerActionsV293TestJSON-437687629-project-member] Matched version: v2 {{(pid=103093) process_request /opt/stack/glance/glance/api/middleware/version_negotiation.py:69}}
Jul 31 19:07:13.747588 np0000006260 devstack@g-api.service[103093]: DEBUG glance.api.middleware.version_negotiation [None req-1bb780b0-05b5-4e55-887f-31b3777f0cfb tempest-ServerActionsV293TestJSON-437687629 tempest-ServerActionsV293TestJSON-437687629-project-member] new path /v2/schemas/image {{(pid=103093) process_request /opt/stack/glance/glance/api/middleware/version_negotiation.py:70}}
Jul 31 19:07:13.751980 np0000006260 devstack@g-api.service[103093]: [pid: 103093|app: 0|req: 49/197] 127.0.0.1 () {44 vars in 1055 bytes} [Fri Jul 31 19:07:13 2026] GET /v2/schemas/image => generated 6083 bytes in 6 msecs (HTTP/1.1 200) 4 headers in 158 bytes (1 switches on core 0)
Jul 31 19:07:13.908856 np0000006260 devstack@g-api.service[103094]: DEBUG glance.api.middleware.version_negotiation [None req-28a837aa-49b9-48fb-90e3-99efe78cb7a5 tempest-ServerBootFromVolumeStableRescueTest-539973435 tempest-ServerBootFromVolumeStableRescueTest-539973435-project-member] Determining version of request: GET /v2/images/80a651b7-f424-4d84-bcd4-7ddcd86d4ec1 Accept: */* {{(pid=103094) process_request /opt/stack/glance/glance/api/middleware/version_negotiation.py:44}}
Jul 31 19:07:13.909210 np0000006260 devstack@g-api.service[103094]: DEBUG glance.api.middleware.version_negotiation [None req-28a837aa-49b9-48fb-90e3-99efe78cb7a5 tempest-ServerBootFromVolumeStableRescueTest-539973435 tempest-ServerBootFromVolumeStableRescueTest-539973435-project-member] Using url versioning {{(pid=103094) process_request /opt/stack/glance/glance/api/middleware/version_negotiation.py:57}}
Jul 31 19:07:13.909311 np0000006260 devstack@g-api.service[103094]: DEBUG glance.api.middleware.version_negotiation [None req-28a837aa-49b9-48fb-90e3-99efe78cb7a5 tempest-ServerBootFromVolumeStableRescueTest-539973435 tempest-ServerBootFromVolumeStableRescueTest-539973435-project-member] Matched version: v2 {{(pid=103094) process_request /opt/stack/glance/glance/api/middleware/version_negotiation.py:69}}
Jul 31 19:07:13.909784 np0000006260 devstack@g-api.service[103094]: DEBUG glance.api.middleware.version_negotiation [None req-28a837aa-49b9-48fb-90e3-99efe78cb7a5 tempest-ServerBootFromVolumeStableRescueTest-539973435 tempest-ServerBootFromVolumeStableRescueTest-539973435-project-member] new path /v2/images/80a651b7-f424-4d84-bcd4-7ddcd86d4ec1 {{(pid=103094) process_request /opt/stack/glance/glance/api/middleware/version_negotiation.py:70}}
Jul 31 19:07:13.923953 np0000006260 devstack@g-api.service[103094]: [pid: 103094|app: 0|req: 52/198] 127.0.0.1 () {44 vars in 1115 bytes} [Fri Jul 31 19:07:13 2026] GET /v2/images/80a651b7-f424-4d84-bcd4-7ddcd86d4ec1 => generated 1044 bytes in 19 msecs (HTTP/1.1 200) 4 headers in 158 bytes (1 switches on core 0)
Jul 31 19:07:13.964211 np0000006260 devstack@g-api.service[103095]: DEBUG glance.api.middleware.version_negotiation [None req-baa7045f-f442-4381-827c-72560fcdf72b tempest-ServerBootFromVolumeStableRescueTest-539973435 tempest-ServerBootFromVolumeStableRescueTest-539973435-project-member] Determining version of request: GET /v2/schemas/image Accept: */* {{(pid=103095) process_request /opt/stack/glance/glance/api/middleware/version_negotiation.py:44}}
