Jul 31 19:07:10.581082 np0000006260 devstack@g-api.service[103095]: WARNING glance.api.v2.images [None req-99d46ffc-3040-4f06-9aa4-c3b2db450969 tempest-ServerStableDeviceRescueTest-1282657637 tempest-ServerStableDeviceRescueTest-1282657637-project-member] After upload to backend, deletion of staged image data has failed because it cannot be found at /tmp/staging//c80bc251-2782-4c1a-939b-4c9f453377a9
Jul 31 19:07:10.581742 np0000006260 devstack@g-api.service[103095]: DEBUG glance_store.backend [None req-99d46ffc-3040-4f06-9aa4-c3b2db450969 tempest-ServerStableDeviceRescueTest-1282657637 tempest-ServerStableDeviceRescueTest-1282657637-project-member] Attempting to import store swift {{(pid=103095) _load_store /opt/stack/data/venv/lib/python3.12/site-packages/glance_store/backend.py:215}}
Jul 31 19:07:10.583365 np0000006260 devstack@g-api.service[103095]: DEBUG glance_store.capabilities [None req-99d46ffc-3040-4f06-9aa4-c3b2db450969 tempest-ServerStableDeviceRescueTest-1282657637 tempest-ServerStableDeviceRescueTest-1282657637-project-member] Store glance_store._drivers.swift.store.SingleTenantStore doesn't support updating dynamic storage capabilities. Please overwrite 'update_capabilities' method of the store to implement updating logics if needed. {{(pid=103095) update_capabilities /opt/stack/data/venv/lib/python3.12/site-packages/glance_store/capabilities.py:91}}
Jul 31 19:07:10.583536 np0000006260 devstack@g-api.service[103095]: DEBUG glance_store.driver [None req-99d46ffc-3040-4f06-9aa4-c3b2db450969 tempest-ServerStableDeviceRescueTest-1282657637 tempest-ServerStableDeviceRescueTest-1282657637-project-member] Late loading location class glance_store._drivers.swift.store.StoreLocation {{(pid=103095) get_store_location_class /opt/stack/data/venv/lib/python3.12/site-packages/glance_store/driver.py:134}}
Jul 31 19:07:10.583661 np0000006260 devstack@g-api.service[103095]: DEBUG glance_store.location [None req-99d46ffc-3040-4f06-9aa4-c3b2db450969 tempest-ServerStableDeviceRescueTest-1282657637 tempest-ServerStableDeviceRescueTest-1282657637-project-member] Registering scheme swift+https with {'store': , 'location_class': , 'store_entry': 'swift'} {{(pid=103095) register_scheme_map /opt/stack/data/venv/lib/python3.12/site-packages/glance_store/location.py:146}}
Jul 31 19:07:10.583755 np0000006260 devstack@g-api.service[103095]: DEBUG glance_store.location [None req-99d46ffc-3040-4f06-9aa4-c3b2db450969 tempest-ServerStableDeviceRescueTest-1282657637 tempest-ServerStableDeviceRescueTest-1282657637-project-member] Registering scheme swift+https with {'store': , 'location_class': , 'store_entry': 'swift'} {{(pid=103095) register_scheme_map /opt/stack/data/venv/lib/python3.12/site-packages/glance_store/location.py:146}}
Jul 31 19:07:10.583873 np0000006260 devstack@g-api.service[103095]: DEBUG glance_store.location [None req-99d46ffc-3040-4f06-9aa4-c3b2db450969 tempest-ServerStableDeviceRescueTest-1282657637 tempest-ServerStableDeviceRescueTest-1282657637-project-member] Registering scheme swift with {'store': , 'location_class': , 'store_entry': 'swift'} {{(pid=103095) register_scheme_map /opt/stack/data/venv/lib/python3.12/site-packages/glance_store/location.py:146}}
Jul 31 19:07:10.583950 np0000006260 devstack@g-api.service[103095]: DEBUG glance_store.location [None req-99d46ffc-3040-4f06-9aa4-c3b2db450969 tempest-ServerStableDeviceRescueTest-1282657637 tempest-ServerStableDeviceRescueTest-1282657637-project-member] Registering scheme swift+https with {'store': , 'location_class': , 'store_entry': 'swift'} {{(pid=103095) register_scheme_map /opt/stack/data/venv/lib/python3.12/site-packages/glance_store/location.py:146}}
Jul 31 19:07:10.584046 np0000006260 devstack@g-api.service[103095]: DEBUG glance_store.location [None req-99d46ffc-3040-4f06-9aa4-c3b2db450969 tempest-ServerStableDeviceRescueTest-1282657637 tempest-ServerStableDeviceRescueTest-1282657637-project-member] Registering scheme swift with {'store': , 'location_class': , 'store_entry': 'swift'} {{(pid=103095) register_scheme_map /opt/stack/data/venv/lib/python3.12/site-packages/glance_store/location.py:146}}
Jul 31 19:07:10.584140 np0000006260 devstack@g-api.service[103095]: DEBUG glance_store.location [None req-99d46ffc-3040-4f06-9aa4-c3b2db450969 tempest-ServerStableDeviceRescueTest-1282657637 tempest-ServerStableDeviceRescueTest-1282657637-project-member] Registering scheme swift+http with {'store': , 'location_class': , 'store_entry': 'swift'} {{(pid=103095) register_scheme_map /opt/stack/data/venv/lib/python3.12/site-packages/glance_store/location.py:146}}
Jul 31 19:07:10.584235 np0000006260 devstack@g-api.service[103095]: DEBUG glance_store.location [None req-99d46ffc-3040-4f06-9aa4-c3b2db450969 tempest-ServerStableDeviceRescueTest-1282657637 tempest-ServerStableDeviceRescueTest-1282657637-project-member] Registering scheme swift+https with {'store': , 'location_class': , 'store_entry': 'swift'} {{(pid=103095) register_scheme_map /opt/stack/data/venv/lib/python3.12/site-packages/glance_store/location.py:146}}
Jul 31 19:07:10.584318 np0000006260 devstack@g-api.service[103095]: DEBUG glance_store.location [None req-99d46ffc-3040-4f06-9aa4-c3b2db450969 tempest-ServerStableDeviceRescueTest-1282657637 tempest-ServerStableDeviceRescueTest-1282657637-project-member] Registering scheme swift with {'store': , 'location_class': , 'store_entry': 'swift'} {{(pid=103095) register_scheme_map /opt/stack/data/venv/lib/python3.12/site-packages/glance_store/location.py:146}}
Jul 31 19:07:10.584404 np0000006260 devstack@g-api.service[103095]: DEBUG glance_store.location [None req-99d46ffc-3040-4f06-9aa4-c3b2db450969 tempest-ServerStableDeviceRescueTest-1282657637 tempest-ServerStableDeviceRescueTest-1282657637-project-member] Registering scheme swift+http with {'store': , 'location_class': , 'store_entry': 'swift'} {{(pid=103095) register_scheme_map /opt/stack/data/venv/lib/python3.12/site-packages/glance_store/location.py:146}}
Jul 31 19:07:10.584544 np0000006260 devstack@g-api.service[103095]: DEBUG glance_store.location [None req-99d46ffc-3040-4f06-9aa4-c3b2db450969 tempest-ServerStableDeviceRescueTest-1282657637 tempest-ServerStableDeviceRescueTest-1282657637-project-member] Registering scheme swift+config with {'store': , 'location_class': , 'store_entry': 'swift'} {{(pid=103095) register_scheme_map /opt/stack/data/venv/lib/python3.12/site-packages/glance_store/location.py:146}}
Jul 31 19:07:10.585919 np0000006260 devstack@g-api.service[103095]: DEBUG keystoneclient.auth.identity.v3.base [None req-99d46ffc-3040-4f06-9aa4-c3b2db450969 tempest-ServerStableDeviceRescueTest-1282657637 tempest-ServerStableDeviceRescueTest-1282657637-project-member] Making authentication request to https://10.4.3.163/identity/v3/auth/tokens {{(pid=103095) get_auth_ref /opt/stack/data/venv/lib/python3.12/site-packages/keystoneclient/auth/identity/v3/base.py:185}}
Jul 31 19:07:10.718951 np0000006260 devstack@g-api.service[103094]: DEBUG glance.api.middleware.version_negotiation [None req-dc6292f4-aef5-472a-bf56-2f47023f434c tempest-ServerBootFromVolumeStableRescueTest-539973435 tempest-ServerBootFromVolumeStableRescueTest-539973435-project-member] Determining version of request: GET /v2/images/ea27ceec-7a9f-4e9b-b012-8e770df8ec12 Accept: */* {{(pid=103094) process_request /opt/stack/glance/glance/api/middleware/version_negotiation.py:44}}
Jul 31 19:07:10.719306 np0000006260 devstack@g-api.service[103094]: DEBUG glance.api.middleware.version_negotiation [None req-dc6292f4-aef5-472a-bf56-2f47023f434c tempest-ServerBootFromVolumeStableRescueTest-539973435 tempest-ServerBootFromVolumeStableRescueTest-539973435-project-member] Using url versioning {{(pid=103094) process_request /opt/stack/glance/glance/api/middleware/version_negotiation.py:57}}
Jul 31 19:07:10.719378 np0000006260 devstack@g-api.service[103094]: DEBUG glance.api.middleware.version_negotiation [None req-dc6292f4-aef5-472a-bf56-2f47023f434c tempest-ServerBootFromVolumeStableRescueTest-539973435 tempest-ServerBootFromVolumeStableRescueTest-539973435-project-member] Matched version: v2 {{(pid=103094) process_request /opt/stack/glance/glance/api/middleware/version_negotiation.py:69}}
Jul 31 19:07:10.719528 np0000006260 devstack@g-api.service[103094]: DEBUG glance.api.middleware.version_negotiation [None req-dc6292f4-aef5-472a-bf56-2f47023f434c tempest-ServerBootFromVolumeStableRescueTest-539973435 tempest-ServerBootFromVolumeStableRescueTest-539973435-project-member] new path /v2/images/ea27ceec-7a9f-4e9b-b012-8e770df8ec12 {{(pid=103094) process_request /opt/stack/glance/glance/api/middleware/version_negotiation.py:70}}
Jul 31 19:07:10.733121 np0000006260 devstack@g-api.service[103094]: [pid: 103094|app: 0|req: 43/168] 127.0.0.1 () {44 vars in 1115 bytes} [Fri Jul 31 19:07:10 2026] GET /v2/images/ea27ceec-7a9f-4e9b-b012-8e770df8ec12 => generated 1358 bytes in 14 msecs (HTTP/1.1 200) 4 headers in 158 bytes (1 switches on core 0)
Jul 31 19:07:10.743148 np0000006260 devstack@g-api.service[103095]: DEBUG keystoneclient.auth.identity.v3.base [None req-99d46ffc-3040-4f06-9aa4-c3b2db450969 tempest-ServerStableDeviceRescueTest-1282657637 tempest-ServerStableDeviceRescueTest-1282657637-project-member] {"token": {"methods": ["password"], "user": {"domain": {"id": "default", "name": "Default"}, "id": "e059f2bb0fc748af916eb02449c07bfa", "name": "glance-swift", "password_expires_at": null}, "audit_ids": ["q0Xun_VBTe-Pq32wQ7H2zw"], "expires_at": "2026-07-31T20:07:10.000000Z", "issued_at": "2026-07-31T19:07:10.000000Z", "project": {"domain": {"id": "default", "name": "Default"}, "id": "a5e3a5bc3c9046cfa979445a77234615", "name": "service"}, "is_domain": false, "roles": [{"id": "fb36ece8240a4170a77e097cda20a001", "name": "service"}, {"id": "c3ac3ef1536e46cf89e20d7217479617", "name": "ResellerAdmin"}], "catalog": [{"endpoints": [{"id": "9750027d936e4f3497f1f25594e55f0f", "interface": "public", "region_id": "RegionOne", "url": "https://10.4.3.163/identity", "region": "RegionOne"}], "id": "1a24882b30384a8fb6e874ab3ce836e9", "type": "identity", "name": "keystone"}, {"endpoints": [{"id": "21952fcc5e9d43a8b8460d032e740f99", "interface": "public", "region_id": "RegionOne", "url": "https://10.4.3.163/image", "region": "RegionOne"}], "id": "22eb83bfe5eb4715b06e65b593e0768c", "type": "image", "name": "glance"}, {"endpoints": [{"id": "9eb24fd13b034bfe9ccfbedff0265d8d", "interface": "public", "region_id": "RegionOne", "url": "https://10.4.3.163/networking", "region": "RegionOne"}], "id": "2917093ecc6340868e77ee036c00c1cd", "type": "network", "name": "neutron"}, {"endpoints": [{"id": "1a59f9646b3f443980a9b972deaea941", "interface": "public", "region_id": "RegionOne", "url": "https://10.4.3.163/placement", "region": "RegionOne"}], "id": "3530126da410411183a3cdfc20f6c470", "type": "placement", "name": "placement"}, {"endpoints": [{"id": "311797efc96a4b3cbd57cd91915ecbbe", "interface": "public", "region_id": "RegionOne", "url": "https://10.4.3.163:8080/v1/AUTH_a5e3a5bc3c9046cfa979445a77234615", "region": "RegionOne"}, {"id": "5565cd40f5fd47f98e2fc150f8432808", "interface": "admin", "region_id": "RegionOne", "url": "https://10.4.3.163:8080", "region": "RegionOne"}], "id": "4da1c212007148c49e484159de54e508", "type": "object-store", "name": "swift"}, {"endpoints": [{"id": "658384cbb7104bdf90c53f3f43598a4c", "interface": "public", "region_id": "RegionOne", "url": "https://10.4.3.163/compute/v2/a5e3a5bc3c9046cfa979445a77234615", "region": "RegionOne"}], "id": "5206567a49ee43fdaa7fde92297cea6e", "type": "compute_legacy", "name": "nova_legacy"}, {"endpoints": [{"id": "75620804ad984760be689f45b4de23f1", "interface": "public", "region_id": "RegionOne", "url": "https://10.4.3.163/volume/v3", "region": "RegionOne"}], "id": "a89b91f939c9444f9e432787daf16ad6", "type": "block-storage", "name": "cinder"}, {"endpoints": [{"id": "8b9a7587d95b43188a9f2fb460e7ade4", "interface": "public", "region_id": "RegionOne", "url": "https://10.4.3.163/compute/v2.1", "region": "RegionOne"}], "id": "e89f8539c68249c9ae545974e898f30b", "type": "compute", "name": "nova"}]}} {{(pid=103095) get_auth_ref /opt/stack/data/venv/lib/python3.12/site-packages/keystoneclient/auth/identity/v3/base.py:190}}
Jul 31 19:07:10.744286 np0000006260 devstack@g-api.service[103095]: DEBUG keystoneclient.httpclient [None req-99d46ffc-3040-4f06-9aa4-c3b2db450969 tempest-ServerStableDeviceRescueTest-1282657637 tempest-ServerStableDeviceRescueTest-1282657637-project-member] Failed to find endpoint for management url admin endpoint for identity service not found {{(pid=103095) _process_management_url /opt/stack/data/venv/lib/python3.12/site-packages/keystoneclient/httpclient.py:670}}
Jul 31 19:07:10.805152 np0000006260 devstack@g-api.service[103092]: DEBUG glance.api.middleware.version_negotiation [None req-dc6292f4-aef5-472a-bf56-2f47023f434c tempest-ServerBootFromVolumeStableRescueTest-539973435 tempest-ServerBootFromVolumeStableRescueTest-539973435-project-member] Determining version of request: GET /v2/schemas/image Accept: */* {{(pid=103092) process_request /opt/stack/glance/glance/api/middleware/version_negotiation.py:44}}
Jul 31 19:07:10.805655 np0000006260 devstack@g-api.service[103092]: DEBUG glance.api.middleware.version_negotiation [None req-dc6292f4-aef5-472a-bf56-2f47023f434c tempest-ServerBootFromVolumeStableRescueTest-539973435 tempest-ServerBootFromVolumeStableRescueTest-539973435-project-member] Using url versioning {{(pid=103092) process_request /opt/stack/glance/glance/api/middleware/version_negotiation.py:57}}
Jul 31 19:07:10.805655 np0000006260 devstack@g-api.service[103092]: DEBUG glance.api.middleware.version_negotiation [None req-dc6292f4-aef5-472a-bf56-2f47023f434c tempest-ServerBootFromVolumeStableRescueTest-539973435 tempest-ServerBootFromVolumeStableRescueTest-539973435-project-member] Matched version: v2 {{(pid=103092) process_request /opt/stack/glance/glance/api/middleware/version_negotiation.py:69}}
Jul 31 19:07:10.805655 np0000006260 devstack@g-api.service[103092]: DEBUG glance.api.middleware.version_negotiation [None req-dc6292f4-aef5-472a-bf56-2f47023f434c tempest-ServerBootFromVolumeStableRescueTest-539973435 tempest-ServerBootFromVolumeStableRescueTest-539973435-project-member] new path /v2/schemas/image {{(pid=103092) process_request /opt/stack/glance/glance/api/middleware/version_negotiation.py:70}}
Jul 31 19:07:10.807959 np0000006260 devstack@g-api.service[103092]: [pid: 103092|app: 0|req: 42/169] 127.0.0.1 () {44 vars in 1055 bytes} [Fri Jul 31 19:07:10 2026] GET /v2/schemas/image => generated 6083 bytes in 3 msecs (HTTP/1.1 200) 4 headers in 158 bytes (1 switches on core 0)
Jul 31 19:07:10.875337 np0000006260 devstack@g-api.service[103093]: DEBUG glance.api.middleware.version_negotiation [None req-79c5c685-b4c6-4657-b1ea-21f04accca12 tempest-ServerBootFromVolumeStableRescueTest-539973435 tempest-ServerBootFromVolumeStableRescueTest-539973435-project-member] Determining version of request: GET /v2/schemas/image Accept: */* {{(pid=103093) process_request /opt/stack/glance/glance/api/middleware/version_negotiation.py:44}}
Jul 31 19:07:10.875591 np0000006260 devstack@g-api.service[103093]: DEBUG glance.api.middleware.version_negotiation [None req-79c5c685-b4c6-4657-b1ea-21f04accca12 tempest-ServerBootFromVolumeStableRescueTest-539973435 tempest-ServerBootFromVolumeStableRescueTest-539973435-project-member] Using url versioning {{(pid=103093) process_request /opt/stack/glance/glance/api/middleware/version_negotiation.py:57}}
Jul 31 19:07:10.875810 np0000006260 devstack@g-api.service[103093]: DEBUG glance.api.middleware.version_negotiation [None req-79c5c685-b4c6-4657-b1ea-21f04accca12 tempest-ServerBootFromVolumeStableRescueTest-539973435 tempest-ServerBootFromVolumeStableRescueTest-539973435-project-member] Matched version: v2 {{(pid=103093) process_request /opt/stack/glance/glance/api/middleware/version_negotiation.py:69}}
Jul 31 19:07:10.875916 np0000006260 devstack@g-api.service[103093]: DEBUG glance.api.middleware.version_negotiation [None req-79c5c685-b4c6-4657-b1ea-21f04accca12 tempest-ServerBootFromVolumeStableRescueTest-539973435 tempest-ServerBootFromVolumeStableRescueTest-539973435-project-member] new path /v2/schemas/image {{(pid=103093) process_request /opt/stack/glance/glance/api/middleware/version_negotiation.py:70}}
Jul 31 19:07:10.878521 np0000006260 devstack@g-api.service[103093]: [pid: 103093|app: 0|req: 46/170] 127.0.0.1 () {44 vars in 1055 bytes} [Fri Jul 31 19:07:10 2026] GET /v2/schemas/image => generated 6083 bytes in 3 msecs (HTTP/1.1 200) 4 headers in 158 bytes (1 switches on core 0)
Jul 31 19:07:10.917931 np0000006260 devstack@g-api.service[103095]: DEBUG swiftclient [None req-99d46ffc-3040-4f06-9aa4-c3b2db450969 tempest-ServerStableDeviceRescueTest-1282657637 tempest-ServerStableDeviceRescueTest-1282657637-project-member] REQ: curl -i https://10.4.3.163:8080/v1/AUTH_a5e3a5bc3c9046cfa979445a77234615/glance/c80bc251-2782-4c1a-939b-4c9f453377a9 -I -H "X-Auth-Token: gAAAAABqbPJelOa4..." {{(pid=103095) http_log /opt/stack/data/venv/lib/python3.12/site-packages/swiftclient/client.py:160}}
Jul 31 19:07:10.918077 np0000006260 devstack@g-api.service[103095]: DEBUG swiftclient [None req-99d46ffc-3040-4f06-9aa4-c3b2db450969 tempest-ServerStableDeviceRescueTest-1282657637 tempest-ServerStableDeviceRescueTest-1282657637-project-member] RESP STATUS: 200 OK {{(pid=103095) http_log /opt/stack/data/venv/lib/python3.12/site-packages/swiftclient/client.py:161}}
Jul 31 19:07:10.918430 np0000006260 devstack@g-api.service[103095]: DEBUG swiftclient [None req-99d46ffc-3040-4f06-9aa4-c3b2db450969 tempest-ServerStableDeviceRescueTest-1282657637 tempest-ServerStableDeviceRescueTest-1282657637-project-member] RESP HEADERS: {'Date': 'Fri, 31 Jul 2026 19:07:10 GMT', 'Server': 'Apache/2.4.58 (Ubuntu)', 'Content-Type': 'application/octet-stream', 'Content-Length': '53542912', 'X-Object-Manifest': 'glance/c80bc251-2782-4c1a-939b-4c9f453377a9-', 'Last-Modified': 'Fri, 31 Jul 2026 19:06:13 GMT', 'X-Timestamp': '1785524772.38015', 'Accept-Ranges': 'bytes', 'Etag': '"13172ca2b5314f16e31abca1a08632a5"', 'X-Trans-Id': 'tx594c2abbd01e43f8a0ab1-006a6cf25e', 'X-Openstack-Request-Id': 'tx594c2abbd01e43f8a0ab1-006a6cf25e', 'Connection': 'close'} {{(pid=103095) http_log /opt/stack/data/venv/lib/python3.12/site-packages/swiftclient/client.py:162}}
Jul 31 19:07:10.933501 np0000006260 devstack@g-api.service[103094]: DEBUG glance.api.middleware.version_negotiation [None req-dc6292f4-aef5-472a-bf56-2f47023f434c tempest-ServerBootFromVolumeStableRescueTest-539973435 tempest-ServerBootFromVolumeStableRescueTest-539973435-project-member] Determining version of request: PATCH /v2/images/ea27ceec-7a9f-4e9b-b012-8e770df8ec12 Accept: */* {{(pid=103094) process_request /opt/stack/glance/glance/api/middleware/version_negotiation.py:44}}
Jul 31 19:07:10.933736 np0000006260 devstack@g-api.service[103094]: DEBUG glance.api.middleware.version_negotiation [None req-dc6292f4-aef5-472a-bf56-2f47023f434c tempest-ServerBootFromVolumeStableRescueTest-539973435 tempest-ServerBootFromVolumeStableRescueTest-539973435-project-member] Using url versioning {{(pid=103094) process_request /opt/stack/glance/glance/api/middleware/version_negotiation.py:57}}
Jul 31 19:07:10.933844 np0000006260 devstack@g-api.service[103094]: DEBUG glance.api.middleware.version_negotiation [None req-dc6292f4-aef5-472a-bf56-2f47023f434c tempest-ServerBootFromVolumeStableRescueTest-539973435 tempest-ServerBootFromVolumeStableRescueTest-539973435-project-member] Matched version: v2 {{(pid=103094) process_request /opt/stack/glance/glance/api/middleware/version_negotiation.py:69}}
Jul 31 19:07:10.933946 np0000006260 devstack@g-api.service[103094]: DEBUG glance.api.middleware.version_negotiation [None req-dc6292f4-aef5-472a-bf56-2f47023f434c tempest-ServerBootFromVolumeStableRescueTest-539973435 tempest-ServerBootFromVolumeStableRescueTest-539973435-project-member] new path /v2/images/ea27ceec-7a9f-4e9b-b012-8e770df8ec12 {{(pid=103094) process_request /opt/stack/glance/glance/api/middleware/version_negotiation.py:70}}
Jul 31 19:07:10.939013 np0000006260 devstack@g-api.service[103095]: DEBUG swiftclient [None req-99d46ffc-3040-4f06-9aa4-c3b2db450969 tempest-ServerStableDeviceRescueTest-1282657637 tempest-ServerStableDeviceRescueTest-1282657637-project-member] REQ: curl -i https://10.4.3.163:8080/v1/AUTH_a5e3a5bc3c9046cfa979445a77234615/glance?format=json&prefix=c80bc251-2782-4c1a-939b-4c9f453377a9- -X GET -H "X-Auth-Token: gAAAAABqbPJelOa4..." -H "Accept-Encoding: gzip" {{(pid=103095) http_log /opt/stack/data/venv/lib/python3.12/site-packages/swiftclient/client.py:160}}
Jul 31 19:07:10.939013 np0000006260 devstack@g-api.service[103095]: DEBUG swiftclient [None req-99d46ffc-3040-4f06-9aa4-c3b2db450969 tempest-ServerStableDeviceRescueTest-1282657637 tempest-ServerStableDeviceRescueTest-1282657637-project-member] RESP STATUS: 200 OK {{(pid=103095) http_log /opt/stack/data/venv/lib/python3.12/site-packages/swiftclient/client.py:161}}
Jul 31 19:07:10.939013 np0000006260 devstack@g-api.service[103095]: DEBUG swiftclient [None req-99d46ffc-3040-4f06-9aa4-c3b2db450969 tempest-ServerStableDeviceRescueTest-1282657637 tempest-ServerStableDeviceRescueTest-1282657637-project-member] RESP HEADERS: {'Date': 'Fri, 31 Jul 2026 19:07:10 GMT', 'Server': 'Apache/2.4.58 (Ubuntu)', 'Content-Type': 'application/json; charset=utf-8', 'Content-Length': '210', 'X-Container-Object-Count': '5', 'X-Container-Bytes-Used': '117899264', 'X-Timestamp': '1785524549.91130', 'Last-Modified': 'Fri, 31 Jul 2026 19:02:30 GMT', 'Accept-Ranges': 'bytes', 'X-Storage-Policy': 'Policy-0', 'X-Container-Sharding': 'False', 'X-Trans-Id': 'tx5df874e1849e48dfa7ed9-006a6cf25e', 'X-Openstack-Request-Id': 'tx5df874e1849e48dfa7ed9-006a6cf25e', 'Connection': 'close'} {{(pid=103095) http_log /opt/stack/data/venv/lib/python3.12/site-packages/swiftclient/client.py:162}}
Jul 31 19:07:10.939486 np0000006260 devstack@g-api.service[103095]: DEBUG swiftclient [None req-99d46ffc-3040-4f06-9aa4-c3b2db450969 tempest-ServerStableDeviceRescueTest-1282657637 tempest-ServerStableDeviceRescueTest-1282657637-project-member] RESP BODY: b'[{"bytes": 53542912, "hash": "8ad2f1bc6c01fae4c27200cfe847a7cf", "name": "c80bc251-2782-4c1a-939b-4c9f453377a9-00001", "content_type": "application/octet-stream", "last_modified": "2026-07-31T19:06:11.811400"}]' {{(pid=103095) http_log /opt/stack/data/venv/lib/python3.12/site-packages/swiftclient/client.py:166}}
Jul 31 19:07:10.968678 np0000006260 devstack@g-api.service[103095]: DEBUG swiftclient [None req-99d46ffc-3040-4f06-9aa4-c3b2db450969 tempest-ServerStableDeviceRescueTest-1282657637 tempest-ServerStableDeviceRescueTest-1282657637-project-member] REQ: curl -i https://10.4.3.163:8080/v1/AUTH_a5e3a5bc3c9046cfa979445a77234615/glance/c80bc251-2782-4c1a-939b-4c9f453377a9-00001 DELETE -H "X-Auth-Token: gAAAAABqbPJelOa4..." {{(pid=103095) http_log /opt/stack/data/venv/lib/python3.12/site-packages/swiftclient/client.py:160}}
Jul 31 19:07:10.968785 np0000006260 devstack@g-api.service[103095]: DEBUG swiftclient [None req-99d46ffc-3040-4f06-9aa4-c3b2db450969 tempest-ServerStableDeviceRescueTest-1282657637 tempest-ServerStableDeviceRescueTest-1282657637-project-member] RESP STATUS: 204 No Content {{(pid=103095) http_log /opt/stack/data/venv/lib/python3.12/site-packages/swiftclient/client.py:161}}
Jul 31 19:07:10.968864 np0000006260 devstack@g-api.service[103095]: DEBUG swiftclient [None req-99d46ffc-3040-4f06-9aa4-c3b2db450969 tempest-ServerStableDeviceRescueTest-1282657637 tempest-ServerStableDeviceRescueTest-1282657637-project-member] RESP HEADERS: {'Date': 'Fri, 31 Jul 2026 19:07:10 GMT', 'Server': 'Apache/2.4.58 (Ubuntu)', 'Content-Type': 'text/html; charset=UTF-8', 'X-Trans-Id': 'txcbe56b945ba8434393674-006a6cf25e', 'X-Openstack-Request-Id': 'txcbe56b945ba8434393674-006a6cf25e', 'Connection': 'close'} {{(pid=103095) http_log /opt/stack/data/venv/lib/python3.12/site-packages/swiftclient/client.py:162}}
Jul 31 19:07:10.997543 np0000006260 devstack@g-api.service[103095]: DEBUG swiftclient [None req-99d46ffc-3040-4f06-9aa4-c3b2db450969 tempest-ServerStableDeviceRescueTest-1282657637 tempest-ServerStableDeviceRescueTest-1282657637-project-member] REQ: curl -i https://10.4.3.163:8080/v1/AUTH_a5e3a5bc3c9046cfa979445a77234615/glance/c80bc251-2782-4c1a-939b-4c9f453377a9 DELETE -H "X-Auth-Token: gAAAAABqbPJelOa4..." {{(pid=103095) http_log /opt/stack/data/venv/lib/python3.12/site-packages/swiftclient/client.py:160}}
Jul 31 19:07:10.997639 np0000006260 devstack@g-api.service[103095]: DEBUG swiftclient [None req-99d46ffc-3040-4f06-9aa4-c3b2db450969 tempest-ServerStableDeviceRescueTest-1282657637 tempest-ServerStableDeviceRescueTest-1282657637-project-member] RESP STATUS: 204 No Content {{(pid=103095) http_log /opt/stack/data/venv/lib/python3.12/site-packages/swiftclient/client.py:161}}
Jul 31 19:07:10.997796 np0000006260 devstack@g-api.service[103095]: DEBUG swiftclient [None req-99d46ffc-3040-4f06-9aa4-c3b2db450969 tempest-ServerStableDeviceRescueTest-1282657637 tempest-ServerStableDeviceRescueTest-1282657637-project-member] RESP HEADERS: {'Date': 'Fri, 31 Jul 2026 19:07:10 GMT', 'Server': 'Apache/2.4.58 (Ubuntu)', 'Content-Type': 'text/html; charset=UTF-8', 'X-Trans-Id': 'tx86f20cf1b360438ba52a1-006a6cf25e', 'X-Openstack-Request-Id': 'tx86f20cf1b360438ba52a1-006a6cf25e', 'Connection': 'close'} {{(pid=103095) http_log /opt/stack/data/venv/lib/python3.12/site-packages/swiftclient/client.py:162}}
Jul 31 19:07:11.089808 np0000006260 devstack@g-api.service[103094]: [pid: 103094|app: 0|req: 44/171] 127.0.0.1 () {46 vars in 1158 bytes} [Fri Jul 31 19:07:10 2026] PATCH /v2/images/ea27ceec-7a9f-4e9b-b012-8e770df8ec12 => generated 1469 bytes in 156 msecs (HTTP/1.1 200) 4 headers in 158 bytes (1 switches on core 0)
Jul 31 19:07:11.120316 np0000006260 devstack@g-api.service[103095]: DEBUG glance.api.middleware.cache [None req-99d46ffc-3040-4f06-9aa4-c3b2db450969 tempest-ServerStableDeviceRescueTest-1282657637 tempest-ServerStableDeviceRescueTest-1282657637-project-member] Removing image c80bc251-2782-4c1a-939b-4c9f453377a9 from cache {{(pid=103095) _process_DELETE_response /opt/stack/glance/glance/api/middleware/cache.py:264}}
Jul 31 19:07:11.120829 np0000006260 devstack@g-api.service[103095]: DEBUG glance.image_cache.drivers.centralized_db [None req-99d46ffc-3040-4f06-9aa4-c3b2db450969 tempest-ServerStableDeviceRescueTest-1282657637 tempest-ServerStableDeviceRescueTest-1282657637-project-member] Deleting image cache file '/opt/stack/data/glance/cache/c80bc251-2782-4c1a-939b-4c9f453377a9' {{(pid=103095) delete_cached_file /opt/stack/glance/glance/image_cache/drivers/centralized_db.py:400}}
Jul 31 19:07:11.136736 np0000006260 devstack@g-api.service[103092]: DEBUG glance.api.middleware.version_negotiation [None req-dc6292f4-aef5-472a-bf56-2f47023f434c tempest-ServerBootFromVolumeStableRescueTest-539973435 tempest-ServerBootFromVolumeStableRescueTest-539973435-project-member] Determining version of request: GET /v2/images/ea27ceec-7a9f-4e9b-b012-8e770df8ec12 Accept: */* {{(pid=103092) process_request /opt/stack/glance/glance/api/middleware/version_negotiation.py:44}}
Jul 31 19:07:11.136948 np0000006260 devstack@g-api.service[103092]: DEBUG glance.api.middleware.version_negotiation [None req-dc6292f4-aef5-472a-bf56-2f47023f434c tempest-ServerBootFromVolumeStableRescueTest-539973435 tempest-ServerBootFromVolumeStableRescueTest-539973435-project-member] Using url versioning {{(pid=103092) process_request /opt/stack/glance/glance/api/middleware/version_negotiation.py:57}}
Jul 31 19:07:11.137153 np0000006260 devstack@g-api.service[103092]: DEBUG glance.api.middleware.version_negotiation [None req-dc6292f4-aef5-472a-bf56-2f47023f434c tempest-ServerBootFromVolumeStableRescueTest-539973435 tempest-ServerBootFromVolumeStableRescueTest-539973435-project-member] Matched version: v2 {{(pid=103092) process_request /opt/stack/glance/glance/api/middleware/version_negotiation.py:69}}
Jul 31 19:07:11.137287 np0000006260 devstack@g-api.service[103092]: DEBUG glance.api.middleware.version_negotiation [None req-dc6292f4-aef5-472a-bf56-2f47023f434c tempest-ServerBootFromVolumeStableRescueTest-539973435 tempest-ServerBootFromVolumeStableRescueTest-539973435-project-member] new path /v2/images/ea27ceec-7a9f-4e9b-b012-8e770df8ec12 {{(pid=103092) process_request /opt/stack/glance/glance/api/middleware/version_negotiation.py:70}}
Jul 31 19:07:11.144608 np0000006260 devstack@g-api.service[103095]: [pid: 103095|app: 0|req: 40/172] 127.0.0.1 () {46 vars in 1137 bytes} [Fri Jul 31 19:07:10 2026] DELETE /v2/images/c80bc251-2782-4c1a-939b-4c9f453377a9 => generated 0 bytes in 576 msecs (HTTP/1.1 204) 4 headers in 171 bytes (1 switches on core 0)
Jul 31 19:07:11.150842 np0000006260 devstack@g-api.service[103092]: [pid: 103092|app: 0|req: 43/173] 127.0.0.1 () {44 vars in 1115 bytes} [Fri Jul 31 19:07:11 2026] GET /v2/images/ea27ceec-7a9f-4e9b-b012-8e770df8ec12 => generated 1469 bytes in 14 msecs (HTTP/1.1 200) 4 headers in 158 bytes (1 switches on core 0)
Jul 31 19:07:11.213389 np0000006260 devstack@g-api.service[103093]: DEBUG glance.api.middleware.version_negotiation [None req-dc6292f4-aef5-472a-bf56-2f47023f434c tempest-ServerBootFromVolumeStableRescueTest-539973435 tempest-ServerBootFromVolumeStableRescueTest-539973435-project-member] Determining version of request: PUT /v2/images/ea27ceec-7a9f-4e9b-b012-8e770df8ec12/file Accept: */* {{(pid=103093) process_request /opt/stack/glance/glance/api/middleware/version_negotiation.py:44}}
Jul 31 19:07:11.213595 np0000006260 devstack@g-api.service[103093]: DEBUG glance.api.middleware.version_negotiation [None req-dc6292f4-aef5-472a-bf56-2f47023f434c tempest-ServerBootFromVolumeStableRescueTest-539973435 tempest-ServerBootFromVolumeStableRescueTest-539973435-project-member] Using url versioning {{(pid=103093) process_request /opt/stack/glance/glance/api/middleware/version_negotiation.py:57}}
Jul 31 19:07:11.213764 np0000006260 devstack@g-api.service[103093]: DEBUG glance.api.middleware.version_negotiation [None req-dc6292f4-aef5-472a-bf56-2f47023f434c tempest-ServerBootFromVolumeStableRescueTest-539973435 tempest-ServerBootFromVolumeStableRescueTest-539973435-project-member] Matched version: v2 {{(pid=103093) process_request /opt/stack/glance/glance/api/middleware/version_negotiation.py:69}}
Jul 31 19:07:11.213875 np0000006260 devstack@g-api.service[103093]: DEBUG glance.api.middleware.version_negotiation [None req-dc6292f4-aef5-472a-bf56-2f47023f434c tempest-ServerBootFromVolumeStableRescueTest-539973435 tempest-ServerBootFromVolumeStableRescueTest-539973435-project-member] new path /v2/images/ea27ceec-7a9f-4e9b-b012-8e770df8ec12/file {{(pid=103093) process_request /opt/stack/glance/glance/api/middleware/version_negotiation.py:70}}
Jul 31 19:07:11.551858 np0000006260 devstack@g-api.service[103094]: DEBUG glance.api.middleware.version_negotiation [None req-dc6292f4-aef5-472a-bf56-2f47023f434c tempest-ServerBootFromVolumeStableRescueTest-539973435 tempest-ServerBootFromVolumeStableRescueTest-539973435-project-member] Determining version of request: GET /v2/images/ea27ceec-7a9f-4e9b-b012-8e770df8ec12 Accept: application/json {{(pid=103094) process_request /opt/stack/glance/glance/api/middleware/version_negotiation.py:44}}
Jul 31 19:07:11.552255 np0000006260 devstack@g-api.service[103094]: DEBUG glance.api.middleware.version_negotiation [None req-dc6292f4-aef5-472a-bf56-2f47023f434c tempest-ServerBootFromVolumeStableRescueTest-539973435 tempest-ServerBootFromVolumeStableRescueTest-539973435-project-member] Using url versioning {{(pid=103094) process_request /opt/stack/glance/glance/api/middleware/version_negotiation.py:57}}
Jul 31 19:07:11.552364 np0000006260 devstack@g-api.service[103094]: DEBUG glance.api.middleware.version_negotiation [None req-dc6292f4-aef5-472a-bf56-2f47023f434c tempest-ServerBootFromVolumeStableRescueTest-539973435 tempest-ServerBootFromVolumeStableRescueTest-539973435-project-member] Matched version: v2 {{(pid=103094) process_request /opt/stack/glance/glance/api/middleware/version_negotiation.py:69}}
Jul 31 19:07:11.552606 np0000006260 devstack@g-api.service[103094]: DEBUG glance.api.middleware.version_negotiation [None req-dc6292f4-aef5-472a-bf56-2f47023f434c tempest-ServerBootFromVolumeStableRescueTest-539973435 tempest-ServerBootFromVolumeStableRescueTest-539973435-project-member] new path /v2/images/ea27ceec-7a9f-4e9b-b012-8e770df8ec12 {{(pid=103094) process_request /opt/stack/glance/glance/api/middleware/version_negotiation.py:70}}
Jul 31 19:07:11.563094 np0000006260 devstack@g-api.service[103094]: [pid: 103094|app: 0|req: 45/174] 127.0.0.1 () {40 vars in 838 bytes} [Fri Jul 31 19:07:11 2026] GET /v2/images/ea27ceec-7a9f-4e9b-b012-8e770df8ec12 => generated 1469 bytes in 11 msecs (HTTP/1.1 200) 4 headers in 158 bytes (1 switches on core 0)
Jul 31 19:07:11.759405 np0000006260 devstack@g-api.service[103093]: INFO glance.api.v2.image_data [None req-dc6292f4-aef5-472a-bf56-2f47023f434c tempest-ServerBootFromVolumeStableRescueTest-539973435 tempest-ServerBootFromVolumeStableRescueTest-539973435-project-member] Unable to create trust: no such option collect_timing in group [keystone_authtoken] Use the existing user token.
Jul 31 19:07:12.101261 np0000006260 devstack@g-api.service[103095]: DEBUG glance.api.middleware.version_negotiation [None req-99d46ffc-3040-4f06-9aa4-c3b2db450969 tempest-ServerStableDeviceRescueTest-1282657637 tempest-ServerStableDeviceRescueTest-1282657637-project-member] Determining version of request: GET /v2/images/e74677fa-87e0-450e-9647-10aa6f351270 Accept: */* {{(pid=103095) process_request /opt/stack/glance/glance/api/middleware/version_negotiation.py:44}}
Jul 31 19:07:12.101626 np0000006260 devstack@g-api.service[103095]: DEBUG glance.api.middleware.version_negotiation [None req-99d46ffc-3040-4f06-9aa4-c3b2db450969 tempest-ServerStableDeviceRescueTest-1282657637 tempest-ServerStableDeviceRescueTest-1282657637-project-member] Using url versioning {{(pid=103095) process_request /opt/stack/glance/glance/api/middleware/version_negotiation.py:57}}
Jul 31 19:07:12.101626 np0000006260 devstack@g-api.service[103095]: DEBUG glance.api.middleware.version_negotiation [None req-99d46ffc-3040-4f06-9aa4-c3b2db450969 tempest-ServerStableDeviceRescueTest-1282657637 tempest-ServerStableDeviceRescueTest-1282657637-project-member] Matched version: v2 {{(pid=103095) process_request /opt/stack/glance/glance/api/middleware/version_negotiation.py:69}}
Jul 31 19:07:12.101626 np0000006260 devstack@g-api.service[103095]: DEBUG glance.api.middleware.version_negotiation [None req-99d46ffc-3040-4f06-9aa4-c3b2db450969 tempest-ServerStableDeviceRescueTest-1282657637 tempest-ServerStableDeviceRescueTest-1282657637-project-member] new path /v2/images/e74677fa-87e0-450e-9647-10aa6f351270 {{(pid=103095) process_request /opt/stack/glance/glance/api/middleware/version_negotiation.py:70}}
Jul 31 19:07:12.114711 np0000006260 devstack@g-api.service[103095]: [pid: 103095|app: 0|req: 41/175] 127.0.0.1 () {44 vars in 1115 bytes} [Fri Jul 31 19:07:12 2026] GET /v2/images/e74677fa-87e0-450e-9647-10aa6f351270 => generated 1044 bytes in 14 msecs (HTTP/1.1 200) 4 headers in 158 bytes (1 switches on core 0)
Jul 31 19:07:12.135388 np0000006260 devstack@g-api.service[103092]: DEBUG glance.api.middleware.version_negotiation [None req-dc6292f4-aef5-472a-bf56-2f47023f434c tempest-ServerBootFromVolumeStableRescueTest-539973435 tempest-ServerBootFromVolumeStableRescueTest-539973435-project-member] Determining version of request: GET /v2/schemas/image Accept: */* {{(pid=103092) process_request /opt/stack/glance/glance/api/middleware/version_negotiation.py:44}}
Jul 31 19:07:12.135807 np0000006260 devstack@g-api.service[103092]: DEBUG glance.api.middleware.version_negotiation [None req-dc6292f4-aef5-472a-bf56-2f47023f434c tempest-ServerBootFromVolumeStableRescueTest-539973435 tempest-ServerBootFromVolumeStableRescueTest-539973435-project-member] Using url versioning {{(pid=103092) process_request /opt/stack/glance/glance/api/middleware/version_negotiation.py:57}}
Jul 31 19:07:12.135807 np0000006260 devstack@g-api.service[103092]: DEBUG glance.api.middleware.version_negotiation [None req-dc6292f4-aef5-472a-bf56-2f47023f434c tempest-ServerBootFromVolumeStableRescueTest-539973435 tempest-ServerBootFromVolumeStableRescueTest-539973435-project-member] Matched version: v2 {{(pid=103092) process_request /opt/stack/glance/glance/api/middleware/version_negotiation.py:69}}
Jul 31 19:07:12.135807 np0000006260 devstack@g-api.service[103092]: DEBUG glance.api.middleware.version_negotiation [None req-dc6292f4-aef5-472a-bf56-2f47023f434c tempest-ServerBootFromVolumeStableRescueTest-539973435 tempest-ServerBootFromVolumeStableRescueTest-539973435-project-member] new path /v2/schemas/image {{(pid=103092) process_request /opt/stack/glance/glance/api/middleware/version_negotiation.py:70}}
Jul 31 19:07:12.138860 np0000006260 devstack@g-api.service[103092]: [pid: 103092|app: 0|req: 44/176] 127.0.0.1 () {44 vars in 1055 bytes} [Fri Jul 31 19:07:12 2026] GET /v2/schemas/image => generated 6083 bytes in 4 msecs (HTTP/1.1 200) 4 headers in 158 bytes (1 switches on core 0)
Jul 31 19:07:12.151787 np0000006260 devstack@g-api.service[103094]: DEBUG glance.api.middleware.version_negotiation [None req-4102b30d-8132-4aab-8702-9a6462c9283e tempest-ServerBootFromVolumeStableRescueTest-539973435 tempest-ServerBootFromVolumeStableRescueTest-539973435-project-member] Determining version of request: GET /v2/schemas/image Accept: */* {{(pid=103094) process_request /opt/stack/glance/glance/api/middleware/version_negotiation.py:44}}
Jul 31 19:07:12.152152 np0000006260 devstack@g-api.service[103094]: DEBUG glance.api.middleware.version_negotiation [None req-4102b30d-8132-4aab-8702-9a6462c9283e tempest-ServerBootFromVolumeStableRescueTest-539973435 tempest-ServerBootFromVolumeStableRescueTest-539973435-project-member] Using url versioning {{(pid=103094) process_request /opt/stack/glance/glance/api/middleware/version_negotiation.py:57}}
Jul 31 19:07:12.152218 np0000006260 devstack@g-api.service[103094]: DEBUG glance.api.middleware.version_negotiation [None req-4102b30d-8132-4aab-8702-9a6462c9283e tempest-ServerBootFromVolumeStableRescueTest-539973435 tempest-ServerBootFromVolumeStableRescueTest-539973435-project-member] Matched version: v2 {{(pid=103094) process_request /opt/stack/glance/glance/api/middleware/version_negotiation.py:69}}
Jul 31 19:07:12.152340 np0000006260 devstack@g-api.service[103094]: DEBUG glance.api.middleware.version_negotiation [None req-4102b30d-8132-4aab-8702-9a6462c9283e tempest-ServerBootFromVolumeStableRescueTest-539973435 tempest-ServerBootFromVolumeStableRescueTest-539973435-project-member] new path /v2/schemas/image {{(pid=103094) process_request /opt/stack/glance/glance/api/middleware/version_negotiation.py:70}}
Jul 31 19:07:12.156221 np0000006260 devstack@g-api.service[103094]: [pid: 103094|app: 0|req: 46/177] 127.0.0.1 () {44 vars in 1055 bytes} [Fri Jul 31 19:07:12 2026] GET /v2/schemas/image => generated 6083 bytes in 4 msecs (HTTP/1.1 200) 4 headers in 158 bytes (1 switches on core 0)
Jul 31 19:07:12.164893 np0000006260 devstack@g-api.service[103095]: DEBUG glance.api.middleware.version_negotiation [None req-6b017b8c-5c79-4dc1-955e-d050319f0108 tempest-AttachVolumeMultiAttachTest-1519013167 tempest-AttachVolumeMultiAttachTest-1519013167-project-member] Determining version of request: GET /v2/images/e74677fa-87e0-450e-9647-10aa6f351270 Accept: */* {{(pid=103095) process_request /opt/stack/glance/glance/api/middleware/version_negotiation.py:44}}
Jul 31 19:07:12.165048 np0000006260 devstack@g-api.service[103095]: DEBUG glance.api.middleware.version_negotiation [None req-6b017b8c-5c79-4dc1-955e-d050319f0108 tempest-AttachVolumeMultiAttachTest-1519013167 tempest-AttachVolumeMultiAttachTest-1519013167-project-member] Using url versioning {{(pid=103095) process_request /opt/stack/glance/glance/api/middleware/version_negotiation.py:57}}
Jul 31 19:07:12.165165 np0000006260 devstack@g-api.service[103095]: DEBUG glance.api.middleware.version_negotiation [None req-6b017b8c-5c79-4dc1-955e-d050319f0108 tempest-AttachVolumeMultiAttachTest-1519013167 tempest-AttachVolumeMultiAttachTest-1519013167-project-member] Matched version: v2 {{(pid=103095) process_request /opt/stack/glance/glance/api/middleware/version_negotiation.py:69}}
Jul 31 19:07:12.165248 np0000006260 devstack@g-api.service[103095]: DEBUG glance.api.middleware.version_negotiation [None req-6b017b8c-5c79-4dc1-955e-d050319f0108 tempest-AttachVolumeMultiAttachTest-1519013167 tempest-AttachVolumeMultiAttachTest-1519013167-project-member] new path /v2/images/e74677fa-87e0-450e-9647-10aa6f351270 {{(pid=103095) process_request /opt/stack/glance/glance/api/middleware/version_negotiation.py:70}}
Jul 31 19:07:12.175373 np0000006260 devstack@g-api.service[103095]: [pid: 103095|app: 0|req: 42/178] 127.0.0.1 () {44 vars in 1115 bytes} [Fri Jul 31 19:07:12 2026] GET /v2/images/e74677fa-87e0-450e-9647-10aa6f351270 => generated 1044 bytes in 10 msecs (HTTP/1.1 200) 4 headers in 158 bytes (1 switches on core 0)
Jul 31 19:07:12.183917 np0000006260 devstack@g-api.service[103092]: DEBUG glance.api.middleware.version_negotiation [None req-6b017b8c-5c79-4dc1-955e-d050319f0108 tempest-AttachVolumeMultiAttachTest-1519013167 tempest-AttachVolumeMultiAttachTest-1519013167-project-member] Determining version of request: GET /v2/schemas/image Accept: */* {{(pid=103092) process_request /opt/stack/glance/glance/api/middleware/version_negotiation.py:44}}
Jul 31 19:07:12.184835 np0000006260 devstack@g-api.service[103092]: DEBUG glance.api.middleware.version_negotiation [None req-6b017b8c-5c79-4dc1-955e-d050319f0108 tempest-AttachVolumeMultiAttachTest-1519013167 tempest-AttachVolumeMultiAttachTest-1519013167-project-member] Using url versioning {{(pid=103092) process_request /opt/stack/glance/glance/api/middleware/version_negotiation.py:57}}
Jul 31 19:07:12.185407 np0000006260 devstack@g-api.service[103092]: DEBUG glance.api.middleware.version_negotiation [None req-6b017b8c-5c79-4dc1-955e-d050319f0108 tempest-AttachVolumeMultiAttachTest-1519013167 tempest-AttachVolumeMultiAttachTest-1519013167-project-member] Matched version: v2 {{(pid=103092) process_request /opt/stack/glance/glance/api/middleware/version_negotiation.py:69}}
Jul 31 19:07:12.185407 np0000006260 devstack@g-api.service[103092]: DEBUG glance.api.middleware.version_negotiation [None req-6b017b8c-5c79-4dc1-955e-d050319f0108 tempest-AttachVolumeMultiAttachTest-1519013167 tempest-AttachVolumeMultiAttachTest-1519013167-project-member] new path /v2/schemas/image {{(pid=103092) process_request /opt/stack/glance/glance/api/middleware/version_negotiation.py:70}}
Jul 31 19:07:12.189542 np0000006260 devstack@g-api.service[103092]: [pid: 103092|app: 0|req: 45/179] 127.0.0.1 () {44 vars in 1055 bytes} [Fri Jul 31 19:07:12 2026] GET /v2/schemas/image => generated 6083 bytes in 6 msecs (HTTP/1.1 200) 4 headers in 158 bytes (1 switches on core 0)
Jul 31 19:07:12.199231 np0000006260 devstack@g-api.service[103094]: DEBUG glance.api.middleware.version_negotiation [None req-6b017b8c-5c79-4dc1-955e-d050319f0108 tempest-AttachVolumeMultiAttachTest-1519013167 tempest-AttachVolumeMultiAttachTest-1519013167-project-member] Determining version of request: GET /v2/schemas/image Accept: */* {{(pid=103094) process_request /opt/stack/glance/glance/api/middleware/version_negotiation.py:44}}
Jul 31 19:07:12.199415 np0000006260 devstack@g-api.service[103094]: DEBUG glance.api.middleware.version_negotiation [None req-6b017b8c-5c79-4dc1-955e-d050319f0108 tempest-AttachVolumeMultiAttachTest-1519013167 tempest-AttachVolumeMultiAttachTest-1519013167-project-member] Using url versioning {{(pid=103094) process_request /opt/stack/glance/glance/api/middleware/version_negotiation.py:57}}
Jul 31 19:07:12.200346 np0000006260 devstack@g-api.service[103094]: DEBUG glance.api.middleware.version_negotiation [None req-6b017b8c-5c79-4dc1-955e-d050319f0108 tempest-AttachVolumeMultiAttachTest-1519013167 tempest-AttachVolumeMultiAttachTest-1519013167-project-member] Matched version: v2 {{(pid=103094) process_request /opt/stack/glance/glance/api/middleware/version_negotiation.py:69}}
Jul 31 19:07:12.200346 np0000006260 devstack@g-api.service[103094]: DEBUG glance.api.middleware.version_negotiation [None req-6b017b8c-5c79-4dc1-955e-d050319f0108 tempest-AttachVolumeMultiAttachTest-1519013167 tempest-AttachVolumeMultiAttachTest-1519013167-project-member] new path /v2/schemas/image {{(pid=103094) process_request /opt/stack/glance/glance/api/middleware/version_negotiation.py:70}}
Jul 31 19:07:12.203152 np0000006260 devstack@g-api.service[103094]: [pid: 103094|app: 0|req: 47/180] 127.0.0.1 () {44 vars in 1055 bytes} [Fri Jul 31 19:07:12 2026] GET /v2/schemas/image => generated 6083 bytes in 4 msecs (HTTP/1.1 200) 4 headers in 158 bytes (1 switches on core 0)
Jul 31 19:07:12.228680 np0000006260 devstack@g-api.service[103095]: DEBUG glance.api.middleware.version_negotiation [None req-6b017b8c-5c79-4dc1-955e-d050319f0108 tempest-AttachVolumeMultiAttachTest-1519013167 tempest-AttachVolumeMultiAttachTest-1519013167-project-member] Determining version of request: GET /v2/images/e74677fa-87e0-450e-9647-10aa6f351270 Accept: */* {{(pid=103095) process_request /opt/stack/glance/glance/api/middleware/version_negotiation.py:44}}
Jul 31 19:07:12.228680 np0000006260 devstack@g-api.service[103095]: DEBUG glance.api.middleware.version_negotiation [None req-6b017b8c-5c79-4dc1-955e-d050319f0108 tempest-AttachVolumeMultiAttachTest-1519013167 tempest-AttachVolumeMultiAttachTest-1519013167-project-member] Using url versioning {{(pid=103095) process_request /opt/stack/glance/glance/api/middleware/version_negotiation.py:57}}
Jul 31 19:07:12.228680 np0000006260 devstack@g-api.service[103095]: DEBUG glance.api.middleware.version_negotiation [None req-6b017b8c-5c79-4dc1-955e-d050319f0108 tempest-AttachVolumeMultiAttachTest-1519013167 tempest-AttachVolumeMultiAttachTest-1519013167-project-member] Matched version: v2 {{(pid=103095) process_request /opt/stack/glance/glance/api/middleware/version_negotiation.py:69}}
Jul 31 19:07:12.228789 np0000006260 devstack@g-api.service[103095]: DEBUG glance.api.middleware.version_negotiation [None req-6b017b8c-5c79-4dc1-955e-d050319f0108 tempest-AttachVolumeMultiAttachTest-1519013167 tempest-AttachVolumeMultiAttachTest-1519013167-project-member] new path /v2/images/e74677fa-87e0-450e-9647-10aa6f351270 {{(pid=103095) process_request /opt/stack/glance/glance/api/middleware/version_negotiation.py:70}}
Jul 31 19:07:12.239084 np0000006260 devstack@g-api.service[103095]: [pid: 103095|app: 0|req: 43/181] 127.0.0.1 () {44 vars in 1115 bytes} [Fri Jul 31 19:07:12 2026] GET /v2/images/e74677fa-87e0-450e-9647-10aa6f351270 => generated 1044 bytes in 11 msecs (HTTP/1.1 200) 4 headers in 158 bytes (1 switches on core 0)
Jul 31 19:07:12.249580 np0000006260 devstack@g-api.service[103092]: DEBUG glance.api.middleware.version_negotiation [None req-6b017b8c-5c79-4dc1-955e-d050319f0108 tempest-AttachVolumeMultiAttachTest-1519013167 tempest-AttachVolumeMultiAttachTest-1519013167-project-member] Determining version of request: GET /v2/schemas/image Accept: */* {{(pid=103092) process_request /opt/stack/glance/glance/api/middleware/version_negotiation.py:44}}
Jul 31 19:07:12.249580 np0000006260 devstack@g-api.service[103092]: DEBUG glance.api.middleware.version_negotiation [None req-6b017b8c-5c79-4dc1-955e-d050319f0108 tempest-AttachVolumeMultiAttachTest-1519013167 tempest-AttachVolumeMultiAttachTest-1519013167-project-member] Using url versioning {{(pid=103092) process_request /opt/stack/glance/glance/api/middleware/version_negotiation.py:57}}
Jul 31 19:07:12.249778 np0000006260 devstack@g-api.service[103092]: DEBUG glance.api.middleware.version_negotiation [None req-6b017b8c-5c79-4dc1-955e-d050319f0108 tempest-AttachVolumeMultiAttachTest-1519013167 tempest-AttachVolumeMultiAttachTest-1519013167-project-member] Matched version: v2 {{(pid=103092) process_request /opt/stack/glance/glance/api/middleware/version_negotiation.py:69}}
Jul 31 19:07:12.250133 np0000006260 devstack@g-api.service[103092]: DEBUG glance.api.middleware.version_negotiation [None req-6b017b8c-5c79-4dc1-955e-d050319f0108 tempest-AttachVolumeMultiAttachTest-1519013167 tempest-AttachVolumeMultiAttachTest-1519013167-project-member] new path /v2/schemas/image {{(pid=103092) process_request /opt/stack/glance/glance/api/middleware/version_negotiation.py:70}}
Jul 31 19:07:12.252993 np0000006260 devstack@g-api.service[103092]: [pid: 103092|app: 0|req: 46/182] 127.0.0.1 () {44 vars in 1055 bytes} [Fri Jul 31 19:07:12 2026] GET /v2/schemas/image => generated 6083 bytes in 4 msecs (HTTP/1.1 200) 4 headers in 158 bytes (1 switches on core 0)
Jul 31 19:07:12.359209 np0000006260 devstack@g-api.service[103093]: DEBUG glance.location [None req-dc6292f4-aef5-472a-bf56-2f47023f434c tempest-ServerBootFromVolumeStableRescueTest-539973435 tempest-ServerBootFromVolumeStableRescueTest-539973435-project-member] Enabling in-flight format inspection for qcow2 {{(pid=103093) set_data /opt/stack/glance/glance/location.py:596}}
Jul 31 19:07:12.359709 np0000006260 devstack@g-api.service[103093]: DEBUG glance_store.backend [None req-dc6292f4-aef5-472a-bf56-2f47023f434c tempest-ServerBootFromVolumeStableRescueTest-539973435 tempest-ServerBootFromVolumeStableRescueTest-539973435-project-member] Attempting to import store swift {{(pid=103093) _load_store /opt/stack/data/venv/lib/python3.12/site-packages/glance_store/backend.py:215}}
