Jul 31 19:01:58.840018 np0000006260 nova-scheduler[96749]: DEBUG cotyledon.oslo_config_glue [-] workarounds.enable_qemu_monitor_announce_self = False {{(pid=96749) log_opt_values /opt/stack/data/venv/lib/python3.12/site-packages/oslo_config/cfg.py:3253}}
Jul 31 19:01:58.840018 np0000006260 nova-scheduler[96749]: DEBUG cotyledon.oslo_config_glue [-] workarounds.ensure_libvirt_rbd_instance_dir_cleanup = False {{(pid=96749) log_opt_values /opt/stack/data/venv/lib/python3.12/site-packages/oslo_config/cfg.py:3253}}
Jul 31 19:01:58.840018 np0000006260 nova-scheduler[96749]: DEBUG cotyledon.oslo_config_glue [-] workarounds.handle_virt_lifecycle_events = True {{(pid=96749) log_opt_values /opt/stack/data/venv/lib/python3.12/site-packages/oslo_config/cfg.py:3253}}
Jul 31 19:01:58.840018 np0000006260 nova-scheduler[96749]: DEBUG cotyledon.oslo_config_glue [-] workarounds.libvirt_disable_apic = False {{(pid=96749) log_opt_values /opt/stack/data/venv/lib/python3.12/site-packages/oslo_config/cfg.py:3253}}
Jul 31 19:01:58.840018 np0000006260 nova-scheduler[96749]: DEBUG cotyledon.oslo_config_glue [-] workarounds.never_download_image_if_on_rbd = False {{(pid=96749) log_opt_values /opt/stack/data/venv/lib/python3.12/site-packages/oslo_config/cfg.py:3253}}
Jul 31 19:01:58.840018 np0000006260 nova-scheduler[96749]: DEBUG cotyledon.oslo_config_glue [-] workarounds.qemu_monitor_announce_self_count = 3 {{(pid=96749) log_opt_values /opt/stack/data/venv/lib/python3.12/site-packages/oslo_config/cfg.py:3253}}
Jul 31 19:01:58.840018 np0000006260 nova-scheduler[96749]: DEBUG cotyledon.oslo_config_glue [-] workarounds.qemu_monitor_announce_self_interval = 1 {{(pid=96749) log_opt_values /opt/stack/data/venv/lib/python3.12/site-packages/oslo_config/cfg.py:3253}}
Jul 31 19:01:58.840018 np0000006260 nova-scheduler[96749]: DEBUG cotyledon.oslo_config_glue [-] workarounds.reserve_disk_resource_for_image_cache = False {{(pid=96749) log_opt_values /opt/stack/data/venv/lib/python3.12/site-packages/oslo_config/cfg.py:3253}}
Jul 31 19:01:58.840294 np0000006260 nova-scheduler[96749]: DEBUG cotyledon.oslo_config_glue [-] workarounds.skip_cpu_compare_at_startup = False {{(pid=96749) log_opt_values /opt/stack/data/venv/lib/python3.12/site-packages/oslo_config/cfg.py:3253}}
Jul 31 19:01:58.840294 np0000006260 nova-scheduler[96749]: DEBUG cotyledon.oslo_config_glue [-] workarounds.skip_cpu_compare_on_dest = False {{(pid=96749) log_opt_values /opt/stack/data/venv/lib/python3.12/site-packages/oslo_config/cfg.py:3253}}
Jul 31 19:01:58.840294 np0000006260 nova-scheduler[96749]: DEBUG cotyledon.oslo_config_glue [-] workarounds.skip_hypervisor_version_check_on_lm = False {{(pid=96749) log_opt_values /opt/stack/data/venv/lib/python3.12/site-packages/oslo_config/cfg.py:3253}}
Jul 31 19:01:58.840294 np0000006260 nova-scheduler[96749]: DEBUG cotyledon.oslo_config_glue [-] workarounds.skip_reserve_in_use_ironic_nodes = False {{(pid=96749) log_opt_values /opt/stack/data/venv/lib/python3.12/site-packages/oslo_config/cfg.py:3253}}
Jul 31 19:01:58.840294 np0000006260 nova-scheduler[96749]: DEBUG cotyledon.oslo_config_glue [-] workarounds.unified_limits_count_pcpu_as_vcpu = False {{(pid=96749) log_opt_values /opt/stack/data/venv/lib/python3.12/site-packages/oslo_config/cfg.py:3253}}
Jul 31 19:01:58.840294 np0000006260 nova-scheduler[96749]: DEBUG cotyledon.oslo_config_glue [-] workarounds.wait_for_vif_plugged_event_during_hard_reboot = [] {{(pid=96749) log_opt_values /opt/stack/data/venv/lib/python3.12/site-packages/oslo_config/cfg.py:3253}}
Jul 31 19:01:58.840294 np0000006260 nova-scheduler[96749]: DEBUG cotyledon.oslo_config_glue [-] wsgi.api_paste_config = /etc/nova/api-paste.ini {{(pid=96749) log_opt_values /opt/stack/data/venv/lib/python3.12/site-packages/oslo_config/cfg.py:3253}}
Jul 31 19:01:58.840294 np0000006260 nova-scheduler[96749]: DEBUG cotyledon.oslo_config_glue [-] wsgi.secure_proxy_ssl_header = None {{(pid=96749) log_opt_values /opt/stack/data/venv/lib/python3.12/site-packages/oslo_config/cfg.py:3253}}
Jul 31 19:01:58.840294 np0000006260 nova-scheduler[96749]: DEBUG cotyledon.oslo_config_glue [-] zvm.ca_file = None {{(pid=96749) log_opt_values /opt/stack/data/venv/lib/python3.12/site-packages/oslo_config/cfg.py:3253}}
Jul 31 19:01:58.840582 np0000006260 nova-scheduler[96749]: DEBUG cotyledon.oslo_config_glue [-] zvm.cloud_connector_url = None {{(pid=96749) log_opt_values /opt/stack/data/venv/lib/python3.12/site-packages/oslo_config/cfg.py:3253}}
Jul 31 19:01:58.840582 np0000006260 nova-scheduler[96749]: DEBUG cotyledon.oslo_config_glue [-] zvm.image_tmp_path = /opt/stack/data/nova/images {{(pid=96749) log_opt_values /opt/stack/data/venv/lib/python3.12/site-packages/oslo_config/cfg.py:3253}}
Jul 31 19:01:58.840582 np0000006260 nova-scheduler[96749]: DEBUG cotyledon.oslo_config_glue [-] zvm.reachable_timeout = 300 {{(pid=96749) log_opt_values /opt/stack/data/venv/lib/python3.12/site-packages/oslo_config/cfg.py:3253}}
Jul 31 19:01:58.840582 np0000006260 nova-scheduler[96749]: DEBUG cotyledon.oslo_config_glue [-] oslo_versionedobjects.fatal_exception_format_errors = False {{(pid=96749) log_opt_values /opt/stack/data/venv/lib/python3.12/site-packages/oslo_config/cfg.py:3253}}
Jul 31 19:01:58.840582 np0000006260 nova-scheduler[96749]: DEBUG cotyledon.oslo_config_glue [-] oslo_middleware.http_basic_auth_user_file = /etc/htpasswd {{(pid=96749) log_opt_values /opt/stack/data/venv/lib/python3.12/site-packages/oslo_config/cfg.py:3253}}
Jul 31 19:01:58.840582 np0000006260 nova-scheduler[96749]: DEBUG cotyledon.oslo_config_glue [-] oslo_messaging_metrics.metrics_buffer_size = 1000 {{(pid=96749) log_opt_values /opt/stack/data/venv/lib/python3.12/site-packages/oslo_config/cfg.py:3253}}
Jul 31 19:01:58.840582 np0000006260 nova-scheduler[96749]: DEBUG cotyledon.oslo_config_glue [-] oslo_messaging_metrics.metrics_enabled = False {{(pid=96749) log_opt_values /opt/stack/data/venv/lib/python3.12/site-packages/oslo_config/cfg.py:3253}}
Jul 31 19:01:58.840582 np0000006260 nova-scheduler[96749]: DEBUG cotyledon.oslo_config_glue [-] oslo_messaging_metrics.metrics_process_name = {{(pid=96749) log_opt_values /opt/stack/data/venv/lib/python3.12/site-packages/oslo_config/cfg.py:3253}}
Jul 31 19:01:58.840838 np0000006260 nova-scheduler[96749]: DEBUG cotyledon.oslo_config_glue [-] oslo_messaging_metrics.metrics_socket_file = /var/tmp/metrics_collector.sock {{(pid=96749) log_opt_values /opt/stack/data/venv/lib/python3.12/site-packages/oslo_config/cfg.py:3253}}
Jul 31 19:01:58.840838 np0000006260 nova-scheduler[96749]: DEBUG cotyledon.oslo_config_glue [-] oslo_messaging_metrics.metrics_thread_stop_timeout = 10 {{(pid=96749) log_opt_values /opt/stack/data/venv/lib/python3.12/site-packages/oslo_config/cfg.py:3253}}
Jul 31 19:01:58.840838 np0000006260 nova-scheduler[96749]: DEBUG cotyledon.oslo_config_glue [-] profiler.connection_string = messaging:// {{(pid=96749) log_opt_values /opt/stack/data/venv/lib/python3.12/site-packages/oslo_config/cfg.py:3253}}
Jul 31 19:01:58.840838 np0000006260 nova-scheduler[96749]: DEBUG cotyledon.oslo_config_glue [-] profiler.enabled = False {{(pid=96749) log_opt_values /opt/stack/data/venv/lib/python3.12/site-packages/oslo_config/cfg.py:3253}}
Jul 31 19:01:58.840838 np0000006260 nova-scheduler[96749]: DEBUG cotyledon.oslo_config_glue [-] profiler.es_doc_type = notification {{(pid=96749) log_opt_values /opt/stack/data/venv/lib/python3.12/site-packages/oslo_config/cfg.py:3253}}
Jul 31 19:01:58.840838 np0000006260 nova-scheduler[96749]: DEBUG cotyledon.oslo_config_glue [-] profiler.es_scroll_size = 10000 {{(pid=96749) log_opt_values /opt/stack/data/venv/lib/python3.12/site-packages/oslo_config/cfg.py:3253}}
Jul 31 19:01:58.840838 np0000006260 nova-scheduler[96749]: DEBUG cotyledon.oslo_config_glue [-] profiler.es_scroll_time = 2m {{(pid=96749) log_opt_values /opt/stack/data/venv/lib/python3.12/site-packages/oslo_config/cfg.py:3253}}
Jul 31 19:01:58.840838 np0000006260 nova-scheduler[96749]: DEBUG cotyledon.oslo_config_glue [-] profiler.filter_error_trace = False {{(pid=96749) log_opt_values /opt/stack/data/venv/lib/python3.12/site-packages/oslo_config/cfg.py:3253}}
Jul 31 19:01:58.840838 np0000006260 nova-scheduler[96749]: DEBUG cotyledon.oslo_config_glue [-] profiler.hmac_keys = **** {{(pid=96749) log_opt_values /opt/stack/data/venv/lib/python3.12/site-packages/oslo_config/cfg.py:3253}}
Jul 31 19:01:58.841103 np0000006260 nova-scheduler[96749]: DEBUG cotyledon.oslo_config_glue [-] profiler.sentinel_service_name = mymaster {{(pid=96749) log_opt_values /opt/stack/data/venv/lib/python3.12/site-packages/oslo_config/cfg.py:3253}}
Jul 31 19:01:58.841103 np0000006260 nova-scheduler[96749]: DEBUG cotyledon.oslo_config_glue [-] profiler.socket_timeout = 0.1 {{(pid=96749) log_opt_values /opt/stack/data/venv/lib/python3.12/site-packages/oslo_config/cfg.py:3253}}
Jul 31 19:01:58.841103 np0000006260 nova-scheduler[96749]: DEBUG cotyledon.oslo_config_glue [-] profiler.trace_requests = False {{(pid=96749) log_opt_values /opt/stack/data/venv/lib/python3.12/site-packages/oslo_config/cfg.py:3253}}
Jul 31 19:01:58.841103 np0000006260 nova-scheduler[96749]: DEBUG cotyledon.oslo_config_glue [-] profiler.trace_sqlalchemy = False {{(pid=96749) log_opt_values /opt/stack/data/venv/lib/python3.12/site-packages/oslo_config/cfg.py:3253}}
Jul 31 19:01:58.841103 np0000006260 nova-scheduler[96749]: DEBUG cotyledon.oslo_config_glue [-] profiler_jaeger.process_tags = {} {{(pid=96749) log_opt_values /opt/stack/data/venv/lib/python3.12/site-packages/oslo_config/cfg.py:3253}}
Jul 31 19:01:58.841103 np0000006260 nova-scheduler[96749]: DEBUG cotyledon.oslo_config_glue [-] profiler_jaeger.service_name_prefix = None {{(pid=96749) log_opt_values /opt/stack/data/venv/lib/python3.12/site-packages/oslo_config/cfg.py:3253}}
Jul 31 19:01:58.841103 np0000006260 nova-scheduler[96749]: DEBUG cotyledon.oslo_config_glue [-] profiler_otlp.service_name_prefix = None {{(pid=96749) log_opt_values /opt/stack/data/venv/lib/python3.12/site-packages/oslo_config/cfg.py:3253}}
Jul 31 19:01:58.841103 np0000006260 nova-scheduler[96749]: DEBUG cotyledon.oslo_config_glue [-] oslo_messaging_rabbit.amqp_auto_delete = False {{(pid=96749) log_opt_values /opt/stack/data/venv/lib/python3.12/site-packages/oslo_config/cfg.py:3253}}
Jul 31 19:01:58.841103 np0000006260 nova-scheduler[96749]: DEBUG cotyledon.oslo_config_glue [-] oslo_messaging_rabbit.amqp_durable_queues = False {{(pid=96749) log_opt_values /opt/stack/data/venv/lib/python3.12/site-packages/oslo_config/cfg.py:3253}}
Jul 31 19:01:58.841381 np0000006260 nova-scheduler[96749]: DEBUG cotyledon.oslo_config_glue [-] oslo_messaging_rabbit.conn_pool_min_size = 2 {{(pid=96749) log_opt_values /opt/stack/data/venv/lib/python3.12/site-packages/oslo_config/cfg.py:3253}}
Jul 31 19:01:58.841381 np0000006260 nova-scheduler[96749]: DEBUG cotyledon.oslo_config_glue [-] oslo_messaging_rabbit.conn_pool_ttl = 1200 {{(pid=96749) log_opt_values /opt/stack/data/venv/lib/python3.12/site-packages/oslo_config/cfg.py:3253}}
Jul 31 19:01:58.841381 np0000006260 nova-scheduler[96749]: DEBUG cotyledon.oslo_config_glue [-] oslo_messaging_rabbit.direct_mandatory_flag = True {{(pid=96749) log_opt_values /opt/stack/data/venv/lib/python3.12/site-packages/oslo_config/cfg.py:3253}}
Jul 31 19:01:58.841381 np0000006260 nova-scheduler[96749]: DEBUG cotyledon.oslo_config_glue [-] oslo_messaging_rabbit.enable_cancel_on_failover = False {{(pid=96749) log_opt_values /opt/stack/data/venv/lib/python3.12/site-packages/oslo_config/cfg.py:3253}}
Jul 31 19:01:58.841381 np0000006260 nova-scheduler[96749]: DEBUG cotyledon.oslo_config_glue [-] oslo_messaging_rabbit.heartbeat_rate = 3 {{(pid=96749) log_opt_values /opt/stack/data/venv/lib/python3.12/site-packages/oslo_config/cfg.py:3253}}
Jul 31 19:01:58.841381 np0000006260 nova-scheduler[96749]: DEBUG cotyledon.oslo_config_glue [-] oslo_messaging_rabbit.heartbeat_timeout_threshold = 60 {{(pid=96749) log_opt_values /opt/stack/data/venv/lib/python3.12/site-packages/oslo_config/cfg.py:3253}}
Jul 31 19:01:58.841381 np0000006260 nova-scheduler[96749]: DEBUG cotyledon.oslo_config_glue [-] oslo_messaging_rabbit.hostname = np0000006260 {{(pid=96749) log_opt_values /opt/stack/data/venv/lib/python3.12/site-packages/oslo_config/cfg.py:3253}}
Jul 31 19:01:58.841381 np0000006260 nova-scheduler[96749]: DEBUG cotyledon.oslo_config_glue [-] oslo_messaging_rabbit.kombu_compression = None {{(pid=96749) log_opt_values /opt/stack/data/venv/lib/python3.12/site-packages/oslo_config/cfg.py:3253}}
Jul 31 19:01:58.841381 np0000006260 nova-scheduler[96749]: DEBUG cotyledon.oslo_config_glue [-] oslo_messaging_rabbit.kombu_failover_strategy = round-robin {{(pid=96749) log_opt_values /opt/stack/data/venv/lib/python3.12/site-packages/oslo_config/cfg.py:3253}}
Jul 31 19:01:58.841685 np0000006260 nova-scheduler[96749]: DEBUG cotyledon.oslo_config_glue [-] oslo_messaging_rabbit.kombu_missing_consumer_retry_timeout = 60 {{(pid=96749) log_opt_values /opt/stack/data/venv/lib/python3.12/site-packages/oslo_config/cfg.py:3253}}
Jul 31 19:01:58.841685 np0000006260 nova-scheduler[96749]: DEBUG cotyledon.oslo_config_glue [-] oslo_messaging_rabbit.kombu_reconnect_delay = 1.0 {{(pid=96749) log_opt_values /opt/stack/data/venv/lib/python3.12/site-packages/oslo_config/cfg.py:3253}}
Jul 31 19:01:58.841685 np0000006260 nova-scheduler[96749]: DEBUG cotyledon.oslo_config_glue [-] oslo_messaging_rabbit.kombu_reconnect_splay = 0.0 {{(pid=96749) log_opt_values /opt/stack/data/venv/lib/python3.12/site-packages/oslo_config/cfg.py:3253}}
Jul 31 19:01:58.841685 np0000006260 nova-scheduler[96749]: DEBUG cotyledon.oslo_config_glue [-] oslo_messaging_rabbit.processname = nova-scheduler {{(pid=96749) log_opt_values /opt/stack/data/venv/lib/python3.12/site-packages/oslo_config/cfg.py:3253}}
Jul 31 19:01:58.841685 np0000006260 nova-scheduler[96749]: DEBUG cotyledon.oslo_config_glue [-] oslo_messaging_rabbit.rabbit_ha_queues = False {{(pid=96749) log_opt_values /opt/stack/data/venv/lib/python3.12/site-packages/oslo_config/cfg.py:3253}}
Jul 31 19:01:58.841685 np0000006260 nova-scheduler[96749]: DEBUG cotyledon.oslo_config_glue [-] oslo_messaging_rabbit.rabbit_interval_max = 30 {{(pid=96749) log_opt_values /opt/stack/data/venv/lib/python3.12/site-packages/oslo_config/cfg.py:3253}}
Jul 31 19:01:58.841685 np0000006260 nova-scheduler[96749]: DEBUG cotyledon.oslo_config_glue [-] oslo_messaging_rabbit.rabbit_login_method = AMQPLAIN {{(pid=96749) log_opt_values /opt/stack/data/venv/lib/python3.12/site-packages/oslo_config/cfg.py:3253}}
Jul 31 19:01:58.841685 np0000006260 nova-scheduler[96749]: DEBUG cotyledon.oslo_config_glue [-] oslo_messaging_rabbit.rabbit_qos_prefetch_count = 0 {{(pid=96749) log_opt_values /opt/stack/data/venv/lib/python3.12/site-packages/oslo_config/cfg.py:3253}}
Jul 31 19:01:58.841685 np0000006260 nova-scheduler[96749]: DEBUG cotyledon.oslo_config_glue [-] oslo_messaging_rabbit.rabbit_quorum_delivery_limit = 0 {{(pid=96749) log_opt_values /opt/stack/data/venv/lib/python3.12/site-packages/oslo_config/cfg.py:3253}}
Jul 31 19:01:58.841974 np0000006260 nova-scheduler[96749]: DEBUG cotyledon.oslo_config_glue [-] oslo_messaging_rabbit.rabbit_quorum_max_memory_bytes = 0 {{(pid=96749) log_opt_values /opt/stack/data/venv/lib/python3.12/site-packages/oslo_config/cfg.py:3253}}
Jul 31 19:01:58.841974 np0000006260 nova-scheduler[96749]: DEBUG cotyledon.oslo_config_glue [-] oslo_messaging_rabbit.rabbit_quorum_max_memory_length = 0 {{(pid=96749) log_opt_values /opt/stack/data/venv/lib/python3.12/site-packages/oslo_config/cfg.py:3253}}
Jul 31 19:01:58.841974 np0000006260 nova-scheduler[96749]: DEBUG cotyledon.oslo_config_glue [-] oslo_messaging_rabbit.rabbit_quorum_queue = False {{(pid=96749) log_opt_values /opt/stack/data/venv/lib/python3.12/site-packages/oslo_config/cfg.py:3253}}
Jul 31 19:01:58.841974 np0000006260 nova-scheduler[96749]: DEBUG cotyledon.oslo_config_glue [-] oslo_messaging_rabbit.rabbit_retry_backoff = 2 {{(pid=96749) log_opt_values /opt/stack/data/venv/lib/python3.12/site-packages/oslo_config/cfg.py:3253}}
Jul 31 19:01:58.841974 np0000006260 nova-scheduler[96749]: DEBUG cotyledon.oslo_config_glue [-] oslo_messaging_rabbit.rabbit_retry_interval = 1 {{(pid=96749) log_opt_values /opt/stack/data/venv/lib/python3.12/site-packages/oslo_config/cfg.py:3253}}
Jul 31 19:01:58.841974 np0000006260 nova-scheduler[96749]: DEBUG cotyledon.oslo_config_glue [-] oslo_messaging_rabbit.rabbit_stream_fanout = False {{(pid=96749) log_opt_values /opt/stack/data/venv/lib/python3.12/site-packages/oslo_config/cfg.py:3253}}
Jul 31 19:01:58.841974 np0000006260 nova-scheduler[96749]: DEBUG cotyledon.oslo_config_glue [-] oslo_messaging_rabbit.rabbit_transient_queues_ttl = 1800 {{(pid=96749) log_opt_values /opt/stack/data/venv/lib/python3.12/site-packages/oslo_config/cfg.py:3253}}
Jul 31 19:01:58.842192 np0000006260 nova-scheduler[96701]: DEBUG dbcounter [-] [96701] Writer thread running {{(pid=96701) stat_writer /opt/stack/data/venv/lib/python3.12/site-packages/dbcounter.py:102}}
Jul 31 19:01:58.842243 np0000006260 nova-scheduler[96749]: DEBUG cotyledon.oslo_config_glue [-] oslo_messaging_rabbit.rabbit_transient_quorum_queue = False {{(pid=96749) log_opt_values /opt/stack/data/venv/lib/python3.12/site-packages/oslo_config/cfg.py:3253}}
Jul 31 19:01:58.842243 np0000006260 nova-scheduler[96749]: DEBUG cotyledon.oslo_config_glue [-] oslo_messaging_rabbit.rpc_conn_pool_size = 30 {{(pid=96749) log_opt_values /opt/stack/data/venv/lib/python3.12/site-packages/oslo_config/cfg.py:3253}}
Jul 31 19:01:58.842243 np0000006260 nova-scheduler[96749]: DEBUG cotyledon.oslo_config_glue [-] oslo_messaging_rabbit.ssl = False {{(pid=96749) log_opt_values /opt/stack/data/venv/lib/python3.12/site-packages/oslo_config/cfg.py:3253}}
Jul 31 19:01:58.842243 np0000006260 nova-scheduler[96749]: DEBUG cotyledon.oslo_config_glue [-] oslo_messaging_rabbit.ssl_ca_file = {{(pid=96749) log_opt_values /opt/stack/data/venv/lib/python3.12/site-packages/oslo_config/cfg.py:3253}}
Jul 31 19:01:58.842243 np0000006260 nova-scheduler[96749]: DEBUG cotyledon.oslo_config_glue [-] oslo_messaging_rabbit.ssl_cert_file = {{(pid=96749) log_opt_values /opt/stack/data/venv/lib/python3.12/site-packages/oslo_config/cfg.py:3253}}
Jul 31 19:01:58.842243 np0000006260 nova-scheduler[96749]: DEBUG cotyledon.oslo_config_glue [-] oslo_messaging_rabbit.ssl_enforce_fips_mode = False {{(pid=96749) log_opt_values /opt/stack/data/venv/lib/python3.12/site-packages/oslo_config/cfg.py:3253}}
Jul 31 19:01:58.842243 np0000006260 nova-scheduler[96749]: DEBUG cotyledon.oslo_config_glue [-] oslo_messaging_rabbit.ssl_enforce_hostname_verification = True {{(pid=96749) log_opt_values /opt/stack/data/venv/lib/python3.12/site-packages/oslo_config/cfg.py:3253}}
Jul 31 19:01:58.842243 np0000006260 nova-scheduler[96749]: DEBUG cotyledon.oslo_config_glue [-] oslo_messaging_rabbit.ssl_key_file = {{(pid=96749) log_opt_values /opt/stack/data/venv/lib/python3.12/site-packages/oslo_config/cfg.py:3253}}
Jul 31 19:01:58.842243 np0000006260 nova-scheduler[96749]: DEBUG cotyledon.oslo_config_glue [-] oslo_messaging_rabbit.ssl_version = {{(pid=96749) log_opt_values /opt/stack/data/venv/lib/python3.12/site-packages/oslo_config/cfg.py:3253}}
Jul 31 19:01:58.842558 np0000006260 nova-scheduler[96749]: DEBUG cotyledon.oslo_config_glue [-] oslo_messaging_rabbit.use_queue_manager = False {{(pid=96749) log_opt_values /opt/stack/data/venv/lib/python3.12/site-packages/oslo_config/cfg.py:3253}}
Jul 31 19:01:58.842558 np0000006260 nova-scheduler[96749]: DEBUG cotyledon.oslo_config_glue [-] oslo_messaging_notifications.driver = ['messagingv2'] {{(pid=96749) log_opt_values /opt/stack/data/venv/lib/python3.12/site-packages/oslo_config/cfg.py:3253}}
Jul 31 19:01:58.842558 np0000006260 nova-scheduler[96749]: DEBUG cotyledon.oslo_config_glue [-] oslo_messaging_notifications.retry = -1 {{(pid=96749) log_opt_values /opt/stack/data/venv/lib/python3.12/site-packages/oslo_config/cfg.py:3253}}
Jul 31 19:01:58.842558 np0000006260 nova-scheduler[96749]: DEBUG cotyledon.oslo_config_glue [-] oslo_messaging_notifications.topics = ['notifications'] {{(pid=96749) log_opt_values /opt/stack/data/venv/lib/python3.12/site-packages/oslo_config/cfg.py:3253}}
Jul 31 19:01:58.842558 np0000006260 nova-scheduler[96749]: DEBUG cotyledon.oslo_config_glue [-] oslo_messaging_notifications.transport_url = **** {{(pid=96749) log_opt_values /opt/stack/data/venv/lib/python3.12/site-packages/oslo_config/cfg.py:3253}}
Jul 31 19:01:58.842558 np0000006260 nova-scheduler[96749]: DEBUG cotyledon.oslo_config_glue [-] oslo_limit.auth_section = None {{(pid=96749) log_opt_values /opt/stack/data/venv/lib/python3.12/site-packages/oslo_config/cfg.py:3253}}
Jul 31 19:01:58.842558 np0000006260 nova-scheduler[96749]: DEBUG cotyledon.oslo_config_glue [-] oslo_limit.auth_type = None {{(pid=96749) log_opt_values /opt/stack/data/venv/lib/python3.12/site-packages/oslo_config/cfg.py:3253}}
Jul 31 19:01:58.842558 np0000006260 nova-scheduler[96749]: DEBUG cotyledon.oslo_config_glue [-] oslo_limit.cafile = None {{(pid=96749) log_opt_values /opt/stack/data/venv/lib/python3.12/site-packages/oslo_config/cfg.py:3253}}
Jul 31 19:01:58.842558 np0000006260 nova-scheduler[96749]: DEBUG cotyledon.oslo_config_glue [-] oslo_limit.certfile = None {{(pid=96749) log_opt_values /opt/stack/data/venv/lib/python3.12/site-packages/oslo_config/cfg.py:3253}}
Jul 31 19:01:58.842861 np0000006260 nova-scheduler[96749]: DEBUG cotyledon.oslo_config_glue [-] oslo_limit.collect_timing = False {{(pid=96749) log_opt_values /opt/stack/data/venv/lib/python3.12/site-packages/oslo_config/cfg.py:3253}}
Jul 31 19:01:58.842861 np0000006260 nova-scheduler[96749]: DEBUG cotyledon.oslo_config_glue [-] oslo_limit.connect_retries = None {{(pid=96749) log_opt_values /opt/stack/data/venv/lib/python3.12/site-packages/oslo_config/cfg.py:3253}}
Jul 31 19:01:58.842861 np0000006260 nova-scheduler[96749]: DEBUG cotyledon.oslo_config_glue [-] oslo_limit.connect_retry_delay = None {{(pid=96749) log_opt_values /opt/stack/data/venv/lib/python3.12/site-packages/oslo_config/cfg.py:3253}}
Jul 31 19:01:58.842861 np0000006260 nova-scheduler[96749]: DEBUG cotyledon.oslo_config_glue [-] oslo_limit.endpoint_id = None {{(pid=96749) log_opt_values /opt/stack/data/venv/lib/python3.12/site-packages/oslo_config/cfg.py:3253}}
Jul 31 19:01:58.842861 np0000006260 nova-scheduler[96749]: DEBUG cotyledon.oslo_config_glue [-] oslo_limit.endpoint_interface = public {{(pid=96749) log_opt_values /opt/stack/data/venv/lib/python3.12/site-packages/oslo_config/cfg.py:3253}}
Jul 31 19:01:58.842861 np0000006260 nova-scheduler[96749]: DEBUG cotyledon.oslo_config_glue [-] oslo_limit.endpoint_override = None {{(pid=96749) log_opt_values /opt/stack/data/venv/lib/python3.12/site-packages/oslo_config/cfg.py:3253}}
Jul 31 19:01:58.842861 np0000006260 nova-scheduler[96749]: DEBUG cotyledon.oslo_config_glue [-] oslo_limit.endpoint_region_name = None {{(pid=96749) log_opt_values /opt/stack/data/venv/lib/python3.12/site-packages/oslo_config/cfg.py:3253}}
Jul 31 19:01:58.842861 np0000006260 nova-scheduler[96749]: DEBUG cotyledon.oslo_config_glue [-] oslo_limit.endpoint_service_name = None {{(pid=96749) log_opt_values /opt/stack/data/venv/lib/python3.12/site-packages/oslo_config/cfg.py:3253}}
Jul 31 19:01:58.842861 np0000006260 nova-scheduler[96749]: DEBUG cotyledon.oslo_config_glue [-] oslo_limit.endpoint_service_type = None {{(pid=96749) log_opt_values /opt/stack/data/venv/lib/python3.12/site-packages/oslo_config/cfg.py:3253}}
Jul 31 19:01:58.843164 np0000006260 nova-scheduler[96749]: DEBUG cotyledon.oslo_config_glue [-] oslo_limit.insecure = False {{(pid=96749) log_opt_values /opt/stack/data/venv/lib/python3.12/site-packages/oslo_config/cfg.py:3253}}
Jul 31 19:01:58.843164 np0000006260 nova-scheduler[96749]: DEBUG cotyledon.oslo_config_glue [-] oslo_limit.keyfile = None {{(pid=96749) log_opt_values /opt/stack/data/venv/lib/python3.12/site-packages/oslo_config/cfg.py:3253}}
Jul 31 19:01:58.843164 np0000006260 nova-scheduler[96749]: DEBUG cotyledon.oslo_config_glue [-] oslo_limit.max_version = None {{(pid=96749) log_opt_values /opt/stack/data/venv/lib/python3.12/site-packages/oslo_config/cfg.py:3253}}
Jul 31 19:01:58.843164 np0000006260 nova-scheduler[96749]: DEBUG cotyledon.oslo_config_glue [-] oslo_limit.min_version = None {{(pid=96749) log_opt_values /opt/stack/data/venv/lib/python3.12/site-packages/oslo_config/cfg.py:3253}}
Jul 31 19:01:58.843164 np0000006260 nova-scheduler[96749]: DEBUG cotyledon.oslo_config_glue [-] oslo_limit.region_name = None {{(pid=96749) log_opt_values /opt/stack/data/venv/lib/python3.12/site-packages/oslo_config/cfg.py:3253}}
Jul 31 19:01:58.843164 np0000006260 nova-scheduler[96749]: DEBUG cotyledon.oslo_config_glue [-] oslo_limit.retriable_status_codes = None {{(pid=96749) log_opt_values /opt/stack/data/venv/lib/python3.12/site-packages/oslo_config/cfg.py:3253}}
Jul 31 19:01:58.843164 np0000006260 nova-scheduler[96749]: DEBUG cotyledon.oslo_config_glue [-] oslo_limit.service_name = None {{(pid=96749) log_opt_values /opt/stack/data/venv/lib/python3.12/site-packages/oslo_config/cfg.py:3253}}
Jul 31 19:01:58.843164 np0000006260 nova-scheduler[96749]: DEBUG cotyledon.oslo_config_glue [-] oslo_limit.service_type = None {{(pid=96749) log_opt_values /opt/stack/data/venv/lib/python3.12/site-packages/oslo_config/cfg.py:3253}}
Jul 31 19:01:58.843164 np0000006260 nova-scheduler[96749]: DEBUG cotyledon.oslo_config_glue [-] oslo_limit.split_loggers = False {{(pid=96749) log_opt_values /opt/stack/data/venv/lib/python3.12/site-packages/oslo_config/cfg.py:3253}}
Jul 31 19:01:58.843471 np0000006260 nova-scheduler[96749]: DEBUG cotyledon.oslo_config_glue [-] oslo_limit.status_code_retries = None {{(pid=96749) log_opt_values /opt/stack/data/venv/lib/python3.12/site-packages/oslo_config/cfg.py:3253}}
Jul 31 19:01:58.843471 np0000006260 nova-scheduler[96749]: DEBUG cotyledon.oslo_config_glue [-] oslo_limit.status_code_retry_delay = None {{(pid=96749) log_opt_values /opt/stack/data/venv/lib/python3.12/site-packages/oslo_config/cfg.py:3253}}
Jul 31 19:01:58.843471 np0000006260 nova-scheduler[96749]: DEBUG cotyledon.oslo_config_glue [-] oslo_limit.timeout = None {{(pid=96749) log_opt_values /opt/stack/data/venv/lib/python3.12/site-packages/oslo_config/cfg.py:3253}}
Jul 31 19:01:58.843471 np0000006260 nova-scheduler[96749]: DEBUG cotyledon.oslo_config_glue [-] oslo_limit.valid_interfaces = None {{(pid=96749) log_opt_values /opt/stack/data/venv/lib/python3.12/site-packages/oslo_config/cfg.py:3253}}
Jul 31 19:01:58.843471 np0000006260 nova-scheduler[96749]: DEBUG cotyledon.oslo_config_glue [-] oslo_limit.version = None {{(pid=96749) log_opt_values /opt/stack/data/venv/lib/python3.12/site-packages/oslo_config/cfg.py:3253}}
Jul 31 19:01:58.843471 np0000006260 nova-scheduler[96749]: DEBUG cotyledon.oslo_config_glue [-] oslo_reports.file_event_handler = None {{(pid=96749) log_opt_values /opt/stack/data/venv/lib/python3.12/site-packages/oslo_config/cfg.py:3253}}
Jul 31 19:01:58.843471 np0000006260 nova-scheduler[96749]: DEBUG cotyledon.oslo_config_glue [-] oslo_reports.file_event_handler_interval = 1 {{(pid=96749) log_opt_values /opt/stack/data/venv/lib/python3.12/site-packages/oslo_config/cfg.py:3253}}
Jul 31 19:01:58.843471 np0000006260 nova-scheduler[96749]: DEBUG cotyledon.oslo_config_glue [-] oslo_reports.log_dir = None {{(pid=96749) log_opt_values /opt/stack/data/venv/lib/python3.12/site-packages/oslo_config/cfg.py:3253}}
Jul 31 19:01:58.843471 np0000006260 nova-scheduler[96749]: DEBUG cotyledon.oslo_config_glue [-] ******************************************************************************** {{(pid=96749) log_opt_values /opt/stack/data/venv/lib/python3.12/site-packages/oslo_config/cfg.py:3260}}
Jul 31 19:01:58.843750 np0000006260 nova-scheduler[96749]: DEBUG cotyledon._service_worker [-] Run service ServiceWrapper(3) [96749] {{(pid=96749) wait_forever /opt/stack/data/venv/lib/python3.12/site-packages/cotyledon/_service_worker.py:218}}
Jul 31 19:01:58.843750 np0000006260 nova-scheduler[96749]: INFO nova.service [-] Starting scheduler node (version 33.1.0)
Jul 31 19:01:58.843750 np0000006260 nova-scheduler[96749]: INFO dbcounter [None req-8082ee0b-2619-4f4f-92b9-45fbb44dc6e8 None None] Registered counter for database nova_cell0
Jul 31 19:01:58.843858 np0000006260 nova-scheduler[96701]: DEBUG nova.service [None req-8113e0bf-ab3e-42c2-ab2a-e6edd00426b1 None None] Creating RPC server for service: nova-scheduler on topic: scheduler {{(pid=96701) start /opt/stack/nova/nova/service.py:196}}
Jul 31 19:01:58.843898 np0000006260 nova-scheduler[96703]: DEBUG oslo_db.sqlalchemy.engines [None req-2323c360-3683-483d-ad3f-1258d73561f3 None None] MySQL server mode set to STRICT_TRANS_TABLES,STRICT_ALL_TABLES,NO_ZERO_IN_DATE,NO_ZERO_DATE,ERROR_FOR_DIVISION_BY_ZERO,TRADITIONAL,NO_ENGINE_SUBSTITUTION {{(pid=96703) _check_effective_sql_mode /opt/stack/data/venv/lib/python3.12/site-packages/oslo_db/sqlalchemy/engines.py:325}}
Jul 31 19:01:58.850841 np0000006260 nova-scheduler[96714]: DEBUG oslo_db.sqlalchemy.engines [None req-fe029ac9-160b-4fd1-b403-76656d296fbb None None] MySQL server mode set to STRICT_TRANS_TABLES,STRICT_ALL_TABLES,NO_ZERO_IN_DATE,NO_ZERO_DATE,ERROR_FOR_DIVISION_BY_ZERO,TRADITIONAL,NO_ENGINE_SUBSTITUTION {{(pid=96714) _check_effective_sql_mode /opt/stack/data/venv/lib/python3.12/site-packages/oslo_db/sqlalchemy/engines.py:325}}
Jul 31 19:01:58.852609 np0000006260 nova-scheduler[96703]: DEBUG dbcounter [-] [96703] Writer thread running {{(pid=96703) stat_writer /opt/stack/data/venv/lib/python3.12/site-packages/dbcounter.py:102}}
Jul 31 19:01:58.855862 np0000006260 nova-scheduler[96703]: DEBUG nova.service [None req-2323c360-3683-483d-ad3f-1258d73561f3 None None] Creating RPC server for service: nova-scheduler on topic: scheduler {{(pid=96703) start /opt/stack/nova/nova/service.py:196}}
Jul 31 19:01:58.856509 np0000006260 nova-scheduler[96701]: DEBUG nova.service [None req-8113e0bf-ab3e-42c2-ab2a-e6edd00426b1 None None] Join ServiceGroup membership for this service scheduler {{(pid=96701) start /opt/stack/nova/nova/service.py:222}}
Jul 31 19:01:58.856715 np0000006260 nova-scheduler[96701]: DEBUG nova.servicegroup.drivers.db [None req-8113e0bf-ab3e-42c2-ab2a-e6edd00426b1 None None] DB_Driver: join new ServiceGroup member np0000006260 to the scheduler group, service = {{(pid=96701) join /opt/stack/nova/nova/servicegroup/drivers/db.py:44}}
Jul 31 19:01:58.861144 np0000006260 nova-scheduler[96749]: DEBUG oslo_db.sqlalchemy.engines [None req-8082ee0b-2619-4f4f-92b9-45fbb44dc6e8 None None] MySQL server mode set to STRICT_TRANS_TABLES,STRICT_ALL_TABLES,NO_ZERO_IN_DATE,NO_ZERO_DATE,ERROR_FOR_DIVISION_BY_ZERO,TRADITIONAL,NO_ENGINE_SUBSTITUTION {{(pid=96749) _check_effective_sql_mode /opt/stack/data/venv/lib/python3.12/site-packages/oslo_db/sqlalchemy/engines.py:325}}
Jul 31 19:01:58.862626 np0000006260 nova-scheduler[96714]: DEBUG dbcounter [-] [96714] Writer thread running {{(pid=96714) stat_writer /opt/stack/data/venv/lib/python3.12/site-packages/dbcounter.py:102}}
Jul 31 19:01:58.866653 np0000006260 nova-scheduler[96714]: DEBUG nova.service [None req-fe029ac9-160b-4fd1-b403-76656d296fbb None None] Creating RPC server for service: nova-scheduler on topic: scheduler {{(pid=96714) start /opt/stack/nova/nova/service.py:196}}
Jul 31 19:01:58.871030 np0000006260 nova-scheduler[96749]: DEBUG dbcounter [-] [96749] Writer thread running {{(pid=96749) stat_writer /opt/stack/data/venv/lib/python3.12/site-packages/dbcounter.py:102}}
Jul 31 19:01:58.874037 np0000006260 nova-scheduler[96749]: DEBUG nova.service [None req-8082ee0b-2619-4f4f-92b9-45fbb44dc6e8 None None] Creating RPC server for service: nova-scheduler on topic: scheduler {{(pid=96749) start /opt/stack/nova/nova/service.py:196}}
Jul 31 19:01:58.880188 np0000006260 nova-scheduler[96703]: DEBUG nova.service [None req-2323c360-3683-483d-ad3f-1258d73561f3 None None] Join ServiceGroup membership for this service scheduler {{(pid=96703) start /opt/stack/nova/nova/service.py:222}}
Jul 31 19:01:58.880451 np0000006260 nova-scheduler[96703]: DEBUG nova.servicegroup.drivers.db [None req-2323c360-3683-483d-ad3f-1258d73561f3 None None] DB_Driver: join new ServiceGroup member np0000006260 to the scheduler group, service = {{(pid=96703) join /opt/stack/nova/nova/servicegroup/drivers/db.py:44}}
Jul 31 19:01:58.893503 np0000006260 nova-scheduler[96714]: DEBUG nova.service [None req-fe029ac9-160b-4fd1-b403-76656d296fbb None None] Join ServiceGroup membership for this service scheduler {{(pid=96714) start /opt/stack/nova/nova/service.py:222}}
Jul 31 19:01:58.893623 np0000006260 nova-scheduler[96749]: DEBUG nova.service [None req-8082ee0b-2619-4f4f-92b9-45fbb44dc6e8 None None] Join ServiceGroup membership for this service scheduler {{(pid=96749) start /opt/stack/nova/nova/service.py:222}}
Jul 31 19:01:58.893914 np0000006260 nova-scheduler[96749]: DEBUG nova.servicegroup.drivers.db [None req-8082ee0b-2619-4f4f-92b9-45fbb44dc6e8 None None] DB_Driver: join new ServiceGroup member np0000006260 to the scheduler group, service = {{(pid=96749) join /opt/stack/nova/nova/servicegroup/drivers/db.py:44}}
Jul 31 19:01:58.894327 np0000006260 nova-scheduler[96714]: DEBUG nova.servicegroup.drivers.db [None req-fe029ac9-160b-4fd1-b403-76656d296fbb None None] DB_Driver: join new ServiceGroup member np0000006260 to the scheduler group, service = {{(pid=96714) join /opt/stack/nova/nova/servicegroup/drivers/db.py:44}}
Jul 31 19:02:03.874169 np0000006260 nova-scheduler[96701]: DEBUG oslo.service.backend._threading.loopingcall [-] Fixed interval looping call 'nova.servicegroup.drivers.db.DbDriver._report_state' sleeping for 119.98 seconds {{(pid=96701) _run_loop /opt/stack/data/venv/lib/python3.12/site-packages/oslo_service/backend/_threading/loopingcall.py:125}}
Jul 31 19:02:03.892158 np0000006260 nova-scheduler[96703]: DEBUG oslo.service.backend._threading.loopingcall [-] Fixed interval looping call 'nova.servicegroup.drivers.db.DbDriver._report_state' sleeping for 119.99 seconds {{(pid=96703) _run_loop /opt/stack/data/venv/lib/python3.12/site-packages/oslo_service/backend/_threading/loopingcall.py:125}}
Jul 31 19:02:03.905746 np0000006260 nova-scheduler[96749]: DEBUG oslo.service.backend._threading.loopingcall [-] Fixed interval looping call 'nova.servicegroup.drivers.db.DbDriver._report_state' sleeping for 119.99 seconds {{(pid=96749) _run_loop /opt/stack/data/venv/lib/python3.12/site-packages/oslo_service/backend/_threading/loopingcall.py:125}}
Jul 31 19:02:03.906692 np0000006260 nova-scheduler[96714]: DEBUG oslo.service.backend._threading.loopingcall [-] Fixed interval looping call 'nova.servicegroup.drivers.db.DbDriver._report_state' sleeping for 119.99 seconds {{(pid=96714) _run_loop /opt/stack/data/venv/lib/python3.12/site-packages/oslo_service/backend/_threading/loopingcall.py:125}}
Jul 31 19:02:07.358126 np0000006260 nova-scheduler[95502]: DEBUG dbcounter [-] [95502] Writing DB stats nova_api:SELECT=3 {{(pid=95502) stat_writer /opt/stack/data/venv/lib/python3.12/site-packages/dbcounter.py:115}}
Jul 31 19:02:07.540229 np0000006260 nova-scheduler[95502]: DEBUG dbcounter [-] [95502] Writing DB stats nova_cell0:SELECT=1 {{(pid=95502) stat_writer /opt/stack/data/venv/lib/python3.12/site-packages/dbcounter.py:115}}
Jul 31 19:02:07.543433 np0000006260 nova-scheduler[95502]: DEBUG dbcounter [-] [95502] Writing DB stats nova_cell1:SELECT=1 {{(pid=95502) stat_writer /opt/stack/data/venv/lib/python3.12/site-packages/dbcounter.py:115}}
Jul 31 19:02:13.870331 np0000006260 nova-scheduler[96701]: DEBUG dbcounter [-] [96701] Writing DB stats nova_cell0:SELECT=4,nova_cell0:INSERT=1,nova_cell0:UPDATE=1 {{(pid=96701) stat_writer /opt/stack/data/venv/lib/python3.12/site-packages/dbcounter.py:115}}
Jul 31 19:02:13.883035 np0000006260 nova-scheduler[96703]: DEBUG oslo.service.backend._threading.loopingcall [None req-9395210e-d30d-4d55-9349-e51dc741d04d None None] Dynamic interval looping call 'nova.service.Service.periodic_tasks' sleeping for 60.00 seconds {{(pid=96703) _run_loop /opt/stack/data/venv/lib/python3.12/site-packages/oslo_service/backend/_threading/loopingcall.py:125}}
Jul 31 19:02:13.889454 np0000006260 nova-scheduler[96703]: DEBUG dbcounter [-] [96703] Writing DB stats nova_cell0:SELECT=3 {{(pid=96703) stat_writer /opt/stack/data/venv/lib/python3.12/site-packages/dbcounter.py:115}}
Jul 31 19:02:13.903257 np0000006260 nova-scheduler[96714]: DEBUG dbcounter [-] [96714] Writing DB stats nova_cell0:SELECT=3 {{(pid=96714) stat_writer /opt/stack/data/venv/lib/python3.12/site-packages/dbcounter.py:115}}
Jul 31 19:02:13.907714 np0000006260 nova-scheduler[96749]: DEBUG dbcounter [-] [96749] Writing DB stats nova_cell0:SELECT=3 {{(pid=96749) stat_writer /opt/stack/data/venv/lib/python3.12/site-packages/dbcounter.py:115}}
Jul 31 19:02:24.896240 np0000006260 nova-scheduler[96749]: DEBUG oslo.service.backend._threading.loopingcall [None req-9f73a040-9199-4f10-9929-cb96661ec1aa None None] Dynamic interval looping call 'nova.service.Service.periodic_tasks' sleeping for 60.00 seconds {{(pid=96749) _run_loop /opt/stack/data/venv/lib/python3.12/site-packages/oslo_service/backend/_threading/loopingcall.py:125}}
Jul 31 19:02:58.859044 np0000006260 nova-scheduler[96701]: DEBUG oslo.service.backend._threading.loopingcall [None req-b213de7e-743b-4556-87b4-a99968ee77e1 None None] Dynamic interval looping call 'nova.service.Service.periodic_tasks' sleeping for 60.00 seconds {{(pid=96701) _run_loop /opt/stack/data/venv/lib/python3.12/site-packages/oslo_service/backend/_threading/loopingcall.py:125}}
Jul 31 19:02:58.897231 np0000006260 nova-scheduler[96714]: DEBUG oslo.service.backend._threading.loopingcall [None req-f07498e4-bf0c-4ca3-9cc0-eaff1fe402ab None None] Dynamic interval looping call 'nova.service.Service.periodic_tasks' sleeping for 60.00 seconds {{(pid=96714) _run_loop /opt/stack/data/venv/lib/python3.12/site-packages/oslo_service/backend/_threading/loopingcall.py:125}}
Jul 31 19:03:13.883739 np0000006260 nova-scheduler[96703]: DEBUG oslo.service.backend._threading.loopingcall [None req-9395210e-d30d-4d55-9349-e51dc741d04d None None] Dynamic interval looping call 'nova.service.Service.periodic_tasks' sleeping for 60.00 seconds {{(pid=96703) _run_loop /opt/stack/data/venv/lib/python3.12/site-packages/oslo_service/backend/_threading/loopingcall.py:125}}
Jul 31 19:03:24.896941 np0000006260 nova-scheduler[96749]: DEBUG oslo.service.backend._threading.loopingcall [None req-9f73a040-9199-4f10-9929-cb96661ec1aa None None] Dynamic interval looping call 'nova.service.Service.periodic_tasks' sleeping for 60.00 seconds {{(pid=96749) _run_loop /opt/stack/data/venv/lib/python3.12/site-packages/oslo_service/backend/_threading/loopingcall.py:125}}
Jul 31 19:03:58.859517 np0000006260 nova-scheduler[96701]: DEBUG oslo.service.backend._threading.loopingcall [None req-b213de7e-743b-4556-87b4-a99968ee77e1 None None] Dynamic interval looping call 'nova.service.Service.periodic_tasks' sleeping for 60.00 seconds {{(pid=96701) _run_loop /opt/stack/data/venv/lib/python3.12/site-packages/oslo_service/backend/_threading/loopingcall.py:125}}
Jul 31 19:03:58.897837 np0000006260 nova-scheduler[96714]: DEBUG oslo.service.backend._threading.loopingcall [None req-f07498e4-bf0c-4ca3-9cc0-eaff1fe402ab None None] Dynamic interval looping call 'nova.service.Service.periodic_tasks' sleeping for 60.00 seconds {{(pid=96714) _run_loop /opt/stack/data/venv/lib/python3.12/site-packages/oslo_service/backend/_threading/loopingcall.py:125}}
Jul 31 19:04:03.863068 np0000006260 nova-scheduler[96701]: DEBUG oslo.service.backend._threading.loopingcall [-] Fixed interval looping call 'nova.servicegroup.drivers.db.DbDriver._report_state' sleeping for 119.99 seconds {{(pid=96701) _run_loop /opt/stack/data/venv/lib/python3.12/site-packages/oslo_service/backend/_threading/loopingcall.py:125}}
Jul 31 19:04:03.885944 np0000006260 nova-scheduler[96703]: DEBUG oslo.service.backend._threading.loopingcall [-] Fixed interval looping call 'nova.servicegroup.drivers.db.DbDriver._report_state' sleeping for 120.00 seconds {{(pid=96703) _run_loop /opt/stack/data/venv/lib/python3.12/site-packages/oslo_service/backend/_threading/loopingcall.py:125}}
Jul 31 19:04:03.899479 np0000006260 nova-scheduler[96749]: DEBUG oslo.service.backend._threading.loopingcall [-] Fixed interval looping call 'nova.servicegroup.drivers.db.DbDriver._report_state' sleeping for 120.00 seconds {{(pid=96749) _run_loop /opt/stack/data/venv/lib/python3.12/site-packages/oslo_service/backend/_threading/loopingcall.py:125}}
Jul 31 19:04:03.900586 np0000006260 nova-scheduler[96714]: DEBUG oslo.service.backend._threading.loopingcall [-] Fixed interval looping call 'nova.servicegroup.drivers.db.DbDriver._report_state' sleeping for 120.00 seconds {{(pid=96714) _run_loop /opt/stack/data/venv/lib/python3.12/site-packages/oslo_service/backend/_threading/loopingcall.py:125}}
Jul 31 19:04:13.859015 np0000006260 nova-scheduler[96701]: DEBUG dbcounter [-] [96701] Writing DB stats nova_cell0:SELECT=1,nova_cell0:UPDATE=1 {{(pid=96701) stat_writer /opt/stack/data/venv/lib/python3.12/site-packages/dbcounter.py:115}}
Jul 31 19:04:13.884257 np0000006260 nova-scheduler[96703]: DEBUG dbcounter [-] [96703] Writing DB stats nova_cell0:SELECT=1 {{(pid=96703) stat_writer /opt/stack/data/venv/lib/python3.12/site-packages/dbcounter.py:115}}
Jul 31 19:04:13.887915 np0000006260 nova-scheduler[96703]: DEBUG oslo.service.backend._threading.loopingcall [None req-9395210e-d30d-4d55-9349-e51dc741d04d None None] Dynamic interval looping call 'nova.service.Service.periodic_tasks' sleeping for 60.00 seconds {{(pid=96703) _run_loop /opt/stack/data/venv/lib/python3.12/site-packages/oslo_service/backend/_threading/loopingcall.py:125}}
Jul 31 19:04:13.897844 np0000006260 nova-scheduler[96749]: DEBUG dbcounter [-] [96749] Writing DB stats nova_cell0:SELECT=1 {{(pid=96749) stat_writer /opt/stack/data/venv/lib/python3.12/site-packages/dbcounter.py:115}}
Jul 31 19:04:13.898577 np0000006260 nova-scheduler[96714]: DEBUG dbcounter [-] [96714] Writing DB stats nova_cell0:SELECT=1 {{(pid=96714) stat_writer /opt/stack/data/venv/lib/python3.12/site-packages/dbcounter.py:115}}
Jul 31 19:04:24.897459 np0000006260 nova-scheduler[96749]: DEBUG oslo.service.backend._threading.loopingcall [None req-9f73a040-9199-4f10-9929-cb96661ec1aa None None] Dynamic interval looping call 'nova.service.Service.periodic_tasks' sleeping for 60.00 seconds {{(pid=96749) _run_loop /opt/stack/data/venv/lib/python3.12/site-packages/oslo_service/backend/_threading/loopingcall.py:125}}
Jul 31 19:04:40.188148 np0000006260 nova-scheduler[96701]: DEBUG nova.scheduler.manager [None req-9a72a54f-5f05-43ca-934b-5bab606ce43b tempest-AttachSCSIVolumeTestJSON-974239368 tempest-AttachSCSIVolumeTestJSON-974239368-project-member] Starting to schedule for instances: ['15c98f43-ebb9-4e03-8b6f-3401b07c3437'] {{(pid=96701) select_destinations /opt/stack/nova/nova/scheduler/manager.py:209}}
Jul 31 19:04:40.193486 np0000006260 nova-scheduler[96701]: DEBUG nova.scheduler.request_filter [None req-9a72a54f-5f05-43ca-934b-5bab606ce43b tempest-AttachSCSIVolumeTestJSON-974239368 tempest-AttachSCSIVolumeTestJSON-974239368-project-member] compute_status_filter request filter added forbidden trait COMPUTE_STATUS_DISABLED {{(pid=96701) compute_status_filter /opt/stack/nova/nova/scheduler/request_filter.py:253}}
Jul 31 19:04:40.193486 np0000006260 nova-scheduler[96701]: DEBUG nova.scheduler.request_filter [None req-9a72a54f-5f05-43ca-934b-5bab606ce43b tempest-AttachSCSIVolumeTestJSON-974239368 tempest-AttachSCSIVolumeTestJSON-974239368-project-member] Request filter 'compute_status_filter' took 0.0 seconds {{(pid=96701) wrapper /opt/stack/nova/nova/scheduler/request_filter.py:46}}
Jul 31 19:04:40.193910 np0000006260 nova-scheduler[96701]: DEBUG nova.scheduler.request_filter [None req-9a72a54f-5f05-43ca-934b-5bab606ce43b tempest-AttachSCSIVolumeTestJSON-974239368 tempest-AttachSCSIVolumeTestJSON-974239368-project-member] Request filter 'accelerators_filter' took 0.0 seconds {{(pid=96701) wrapper /opt/stack/nova/nova/scheduler/request_filter.py:46}}
Jul 31 19:04:40.194337 np0000006260 nova-scheduler[96701]: DEBUG nova.scheduler.request_filter [None req-9a72a54f-5f05-43ca-934b-5bab606ce43b tempest-AttachSCSIVolumeTestJSON-974239368 tempest-AttachSCSIVolumeTestJSON-974239368-project-member] Request filter 'packed_virtqueue_filter' took 0.0 seconds {{(pid=96701) wrapper /opt/stack/nova/nova/scheduler/request_filter.py:46}}
Jul 31 19:04:40.194612 np0000006260 nova-scheduler[96701]: DEBUG nova.scheduler.request_filter [None req-9a72a54f-5f05-43ca-934b-5bab606ce43b tempest-AttachSCSIVolumeTestJSON-974239368 tempest-AttachSCSIVolumeTestJSON-974239368-project-member] Request filter 'remote_managed_ports_filter' took 0.0 seconds {{(pid=96701) wrapper /opt/stack/nova/nova/scheduler/request_filter.py:46}}
Jul 31 19:04:40.194837 np0000006260 nova-scheduler[96701]: DEBUG nova.scheduler.request_filter [None req-9a72a54f-5f05-43ca-934b-5bab606ce43b tempest-AttachSCSIVolumeTestJSON-974239368 tempest-AttachSCSIVolumeTestJSON-974239368-project-member] ephemeral_encryption_filter skipped {{(pid=96701) ephemeral_encryption_filter /opt/stack/nova/nova/scheduler/request_filter.py:426}}
Jul 31 19:04:40.195029 np0000006260 nova-scheduler[96701]: DEBUG nova.scheduler.request_filter [None req-9a72a54f-5f05-43ca-934b-5bab606ce43b tempest-AttachSCSIVolumeTestJSON-974239368 tempest-AttachSCSIVolumeTestJSON-974239368-project-member] virtio_sound_filter skipped {{(pid=96701) virtio_sound_filter /opt/stack/nova/nova/scheduler/request_filter.py:460}}
Jul 31 19:04:40.195187 np0000006260 nova-scheduler[96701]: DEBUG nova.scheduler.request_filter [None req-9a72a54f-5f05-43ca-934b-5bab606ce43b tempest-AttachSCSIVolumeTestJSON-974239368 tempest-AttachSCSIVolumeTestJSON-974239368-project-member] tpm_secret_security_filter skipped {{(pid=96701) tpm_secret_security_filter /opt/stack/nova/nova/scheduler/request_filter.py:477}}
Jul 31 19:04:40.882766 np0000006260 nova-scheduler[96701]: INFO nova.utils [None req-9a72a54f-5f05-43ca-934b-5bab606ce43b tempest-AttachSCSIVolumeTestJSON-974239368 tempest-AttachSCSIVolumeTestJSON-974239368-project-member] The cell worker thread pool ForkProcess-1.cell_worker is initialized
Jul 31 19:04:40.883242 np0000006260 nova-scheduler[96701]: DEBUG oslo_concurrency.lockutils [None req-9a72a54f-5f05-43ca-934b-5bab606ce43b tempest-AttachSCSIVolumeTestJSON-974239368 tempest-AttachSCSIVolumeTestJSON-974239368-project-member] Acquiring lock "e22714c2-ba3d-4c1d-851a-dcb0f873ef39" by "nova.context.set_target_cell..get_or_set_cached_cell_and_set_connections" {{(pid=96701) inner /opt/stack/data/venv/lib/python3.12/site-packages/oslo_concurrency/lockutils.py:512}}
Jul 31 19:04:40.883557 np0000006260 nova-scheduler[96701]: DEBUG oslo_concurrency.lockutils [None req-9a72a54f-5f05-43ca-934b-5bab606ce43b tempest-AttachSCSIVolumeTestJSON-974239368 tempest-AttachSCSIVolumeTestJSON-974239368-project-member] Lock "e22714c2-ba3d-4c1d-851a-dcb0f873ef39" acquired by "nova.context.set_target_cell..get_or_set_cached_cell_and_set_connections" :: waited 0.000s {{(pid=96701) inner /opt/stack/data/venv/lib/python3.12/site-packages/oslo_concurrency/lockutils.py:525}}
Jul 31 19:04:40.884966 np0000006260 nova-scheduler[96701]: DEBUG oslo_concurrency.lockutils [None req-9a72a54f-5f05-43ca-934b-5bab606ce43b tempest-AttachSCSIVolumeTestJSON-974239368 tempest-AttachSCSIVolumeTestJSON-974239368-project-member] Lock "e22714c2-ba3d-4c1d-851a-dcb0f873ef39" "released" by "nova.context.set_target_cell..get_or_set_cached_cell_and_set_connections" :: held 0.001s {{(pid=96701) inner /opt/stack/data/venv/lib/python3.12/site-packages/oslo_concurrency/lockutils.py:544}}
Jul 31 19:04:40.887075 np0000006260 nova-scheduler[96701]: INFO dbcounter [None req-9a72a54f-5f05-43ca-934b-5bab606ce43b tempest-AttachSCSIVolumeTestJSON-974239368 tempest-AttachSCSIVolumeTestJSON-974239368-project-member] Registered counter for database nova_cell1
Jul 31 19:04:40.927839 np0000006260 nova-scheduler[96701]: DEBUG oslo_db.sqlalchemy.engines [None req-9a72a54f-5f05-43ca-934b-5bab606ce43b tempest-AttachSCSIVolumeTestJSON-974239368 tempest-AttachSCSIVolumeTestJSON-974239368-project-member] MySQL server mode set to STRICT_TRANS_TABLES,STRICT_ALL_TABLES,NO_ZERO_IN_DATE,NO_ZERO_DATE,ERROR_FOR_DIVISION_BY_ZERO,TRADITIONAL,NO_ENGINE_SUBSTITUTION {{(pid=96701) _check_effective_sql_mode /opt/stack/data/venv/lib/python3.12/site-packages/oslo_db/sqlalchemy/engines.py:325}}
Jul 31 19:04:40.940217 np0000006260 nova-scheduler[96701]: DEBUG dbcounter [-] [96701] Writer thread running {{(pid=96701) stat_writer /opt/stack/data/venv/lib/python3.12/site-packages/dbcounter.py:102}}
Jul 31 19:04:40.955533 np0000006260 nova-scheduler[96701]: DEBUG oslo_db.sqlalchemy.engines [None req-9a72a54f-5f05-43ca-934b-5bab606ce43b tempest-AttachSCSIVolumeTestJSON-974239368 tempest-AttachSCSIVolumeTestJSON-974239368-project-member] Parent process 95502 forked (96701) with an open database connection, which is being discarded and recreated. {{(pid=96701) checkout /opt/stack/data/venv/lib/python3.12/site-packages/oslo_db/sqlalchemy/engines.py:402}}
Jul 31 19:04:41.004485 np0000006260 nova-scheduler[96701]: DEBUG dbcounter [-] [96701] Writer thread running {{(pid=96701) stat_writer /opt/stack/data/venv/lib/python3.12/site-packages/dbcounter.py:102}}
