Jul 21 17:50:18.002134 np0000005588 nova-scheduler[93742]: DEBUG cotyledon.oslo_config_glue [-] oslo_messaging_rabbit.rabbit_quorum_max_memory_length = 0 {{(pid=93742) log_opt_values /opt/stack/data/venv/lib/python3.12/site-packages/oslo_config/cfg.py:3253}}
Jul 21 17:50:18.002134 np0000005588 nova-scheduler[93742]: DEBUG cotyledon.oslo_config_glue [-] oslo_messaging_rabbit.rabbit_quorum_queue = False {{(pid=93742) log_opt_values /opt/stack/data/venv/lib/python3.12/site-packages/oslo_config/cfg.py:3253}}
Jul 21 17:50:18.002347 np0000005588 nova-scheduler[93742]: DEBUG cotyledon.oslo_config_glue [-] oslo_messaging_rabbit.rabbit_retry_backoff = 2 {{(pid=93742) log_opt_values /opt/stack/data/venv/lib/python3.12/site-packages/oslo_config/cfg.py:3253}}
Jul 21 17:50:18.002347 np0000005588 nova-scheduler[93742]: DEBUG cotyledon.oslo_config_glue [-] oslo_messaging_rabbit.rabbit_retry_interval = 1 {{(pid=93742) log_opt_values /opt/stack/data/venv/lib/python3.12/site-packages/oslo_config/cfg.py:3253}}
Jul 21 17:50:18.002347 np0000005588 nova-scheduler[93742]: DEBUG cotyledon.oslo_config_glue [-] oslo_messaging_rabbit.rabbit_stream_fanout = False {{(pid=93742) log_opt_values /opt/stack/data/venv/lib/python3.12/site-packages/oslo_config/cfg.py:3253}}
Jul 21 17:50:18.002347 np0000005588 nova-scheduler[93742]: DEBUG cotyledon.oslo_config_glue [-] oslo_messaging_rabbit.rabbit_transient_queues_ttl = 1800 {{(pid=93742) log_opt_values /opt/stack/data/venv/lib/python3.12/site-packages/oslo_config/cfg.py:3253}}
Jul 21 17:50:18.002347 np0000005588 nova-scheduler[93742]: DEBUG cotyledon.oslo_config_glue [-] oslo_messaging_rabbit.rabbit_transient_quorum_queue = False {{(pid=93742) log_opt_values /opt/stack/data/venv/lib/python3.12/site-packages/oslo_config/cfg.py:3253}}
Jul 21 17:50:18.002347 np0000005588 nova-scheduler[93742]: DEBUG cotyledon.oslo_config_glue [-] oslo_messaging_rabbit.rpc_conn_pool_size = 30 {{(pid=93742) log_opt_values /opt/stack/data/venv/lib/python3.12/site-packages/oslo_config/cfg.py:3253}}
Jul 21 17:50:18.002347 np0000005588 nova-scheduler[93742]: DEBUG cotyledon.oslo_config_glue [-] oslo_messaging_rabbit.ssl = False {{(pid=93742) log_opt_values /opt/stack/data/venv/lib/python3.12/site-packages/oslo_config/cfg.py:3253}}
Jul 21 17:50:18.002347 np0000005588 nova-scheduler[93742]: DEBUG cotyledon.oslo_config_glue [-] oslo_messaging_rabbit.ssl_ca_file = {{(pid=93742) log_opt_values /opt/stack/data/venv/lib/python3.12/site-packages/oslo_config/cfg.py:3253}}
Jul 21 17:50:18.002347 np0000005588 nova-scheduler[93742]: DEBUG cotyledon.oslo_config_glue [-] oslo_messaging_rabbit.ssl_cert_file = {{(pid=93742) log_opt_values /opt/stack/data/venv/lib/python3.12/site-packages/oslo_config/cfg.py:3253}}
Jul 21 17:50:18.002540 np0000005588 nova-scheduler[93742]: DEBUG cotyledon.oslo_config_glue [-] oslo_messaging_rabbit.ssl_enforce_fips_mode = False {{(pid=93742) log_opt_values /opt/stack/data/venv/lib/python3.12/site-packages/oslo_config/cfg.py:3253}}
Jul 21 17:50:18.002540 np0000005588 nova-scheduler[93742]: DEBUG cotyledon.oslo_config_glue [-] oslo_messaging_rabbit.ssl_enforce_hostname_verification = True {{(pid=93742) log_opt_values /opt/stack/data/venv/lib/python3.12/site-packages/oslo_config/cfg.py:3253}}
Jul 21 17:50:18.002540 np0000005588 nova-scheduler[93742]: DEBUG cotyledon.oslo_config_glue [-] oslo_messaging_rabbit.ssl_key_file = {{(pid=93742) log_opt_values /opt/stack/data/venv/lib/python3.12/site-packages/oslo_config/cfg.py:3253}}
Jul 21 17:50:18.002540 np0000005588 nova-scheduler[93742]: DEBUG cotyledon.oslo_config_glue [-] oslo_messaging_rabbit.ssl_version = {{(pid=93742) log_opt_values /opt/stack/data/venv/lib/python3.12/site-packages/oslo_config/cfg.py:3253}}
Jul 21 17:50:18.002540 np0000005588 nova-scheduler[93742]: DEBUG cotyledon.oslo_config_glue [-] oslo_messaging_rabbit.use_queue_manager = False {{(pid=93742) log_opt_values /opt/stack/data/venv/lib/python3.12/site-packages/oslo_config/cfg.py:3253}}
Jul 21 17:50:18.002540 np0000005588 nova-scheduler[93742]: DEBUG cotyledon.oslo_config_glue [-] oslo_messaging_notifications.driver = ['messagingv2'] {{(pid=93742) log_opt_values /opt/stack/data/venv/lib/python3.12/site-packages/oslo_config/cfg.py:3253}}
Jul 21 17:50:18.002540 np0000005588 nova-scheduler[93742]: DEBUG cotyledon.oslo_config_glue [-] oslo_messaging_notifications.retry = -1 {{(pid=93742) log_opt_values /opt/stack/data/venv/lib/python3.12/site-packages/oslo_config/cfg.py:3253}}
Jul 21 17:50:18.002540 np0000005588 nova-scheduler[93742]: DEBUG cotyledon.oslo_config_glue [-] oslo_messaging_notifications.topics = ['notifications'] {{(pid=93742) log_opt_values /opt/stack/data/venv/lib/python3.12/site-packages/oslo_config/cfg.py:3253}}
Jul 21 17:50:18.002540 np0000005588 nova-scheduler[93742]: DEBUG cotyledon.oslo_config_glue [-] oslo_messaging_notifications.transport_url = **** {{(pid=93742) log_opt_values /opt/stack/data/venv/lib/python3.12/site-packages/oslo_config/cfg.py:3253}}
Jul 21 17:50:18.002728 np0000005588 nova-scheduler[93742]: DEBUG cotyledon.oslo_config_glue [-] oslo_limit.auth_section = None {{(pid=93742) log_opt_values /opt/stack/data/venv/lib/python3.12/site-packages/oslo_config/cfg.py:3253}}
Jul 21 17:50:18.002728 np0000005588 nova-scheduler[93742]: DEBUG cotyledon.oslo_config_glue [-] oslo_limit.auth_type = None {{(pid=93742) log_opt_values /opt/stack/data/venv/lib/python3.12/site-packages/oslo_config/cfg.py:3253}}
Jul 21 17:50:18.002728 np0000005588 nova-scheduler[93742]: DEBUG cotyledon.oslo_config_glue [-] oslo_limit.cafile = None {{(pid=93742) log_opt_values /opt/stack/data/venv/lib/python3.12/site-packages/oslo_config/cfg.py:3253}}
Jul 21 17:50:18.002728 np0000005588 nova-scheduler[93742]: DEBUG cotyledon.oslo_config_glue [-] oslo_limit.certfile = None {{(pid=93742) log_opt_values /opt/stack/data/venv/lib/python3.12/site-packages/oslo_config/cfg.py:3253}}
Jul 21 17:50:18.002728 np0000005588 nova-scheduler[93742]: DEBUG cotyledon.oslo_config_glue [-] oslo_limit.collect_timing = False {{(pid=93742) log_opt_values /opt/stack/data/venv/lib/python3.12/site-packages/oslo_config/cfg.py:3253}}
Jul 21 17:50:18.002728 np0000005588 nova-scheduler[93742]: DEBUG cotyledon.oslo_config_glue [-] oslo_limit.connect_retries = None {{(pid=93742) log_opt_values /opt/stack/data/venv/lib/python3.12/site-packages/oslo_config/cfg.py:3253}}
Jul 21 17:50:18.002728 np0000005588 nova-scheduler[93742]: DEBUG cotyledon.oslo_config_glue [-] oslo_limit.connect_retry_delay = None {{(pid=93742) log_opt_values /opt/stack/data/venv/lib/python3.12/site-packages/oslo_config/cfg.py:3253}}
Jul 21 17:50:18.002728 np0000005588 nova-scheduler[93742]: DEBUG cotyledon.oslo_config_glue [-] oslo_limit.endpoint_id = None {{(pid=93742) log_opt_values /opt/stack/data/venv/lib/python3.12/site-packages/oslo_config/cfg.py:3253}}
Jul 21 17:50:18.002728 np0000005588 nova-scheduler[93742]: DEBUG cotyledon.oslo_config_glue [-] oslo_limit.endpoint_interface = public {{(pid=93742) log_opt_values /opt/stack/data/venv/lib/python3.12/site-packages/oslo_config/cfg.py:3253}}
Jul 21 17:50:18.002895 np0000005588 nova-scheduler[93742]: DEBUG cotyledon.oslo_config_glue [-] oslo_limit.endpoint_override = None {{(pid=93742) log_opt_values /opt/stack/data/venv/lib/python3.12/site-packages/oslo_config/cfg.py:3253}}
Jul 21 17:50:18.002895 np0000005588 nova-scheduler[93742]: DEBUG cotyledon.oslo_config_glue [-] oslo_limit.endpoint_region_name = None {{(pid=93742) log_opt_values /opt/stack/data/venv/lib/python3.12/site-packages/oslo_config/cfg.py:3253}}
Jul 21 17:50:18.002895 np0000005588 nova-scheduler[93742]: DEBUG cotyledon.oslo_config_glue [-] oslo_limit.endpoint_service_name = None {{(pid=93742) log_opt_values /opt/stack/data/venv/lib/python3.12/site-packages/oslo_config/cfg.py:3253}}
Jul 21 17:50:18.002895 np0000005588 nova-scheduler[93742]: DEBUG cotyledon.oslo_config_glue [-] oslo_limit.endpoint_service_type = None {{(pid=93742) log_opt_values /opt/stack/data/venv/lib/python3.12/site-packages/oslo_config/cfg.py:3253}}
Jul 21 17:50:18.002895 np0000005588 nova-scheduler[93742]: DEBUG cotyledon.oslo_config_glue [-] oslo_limit.insecure = False {{(pid=93742) log_opt_values /opt/stack/data/venv/lib/python3.12/site-packages/oslo_config/cfg.py:3253}}
Jul 21 17:50:18.002895 np0000005588 nova-scheduler[93742]: DEBUG cotyledon.oslo_config_glue [-] oslo_limit.keyfile = None {{(pid=93742) log_opt_values /opt/stack/data/venv/lib/python3.12/site-packages/oslo_config/cfg.py:3253}}
Jul 21 17:50:18.002895 np0000005588 nova-scheduler[93742]: DEBUG cotyledon.oslo_config_glue [-] oslo_limit.max_version = None {{(pid=93742) log_opt_values /opt/stack/data/venv/lib/python3.12/site-packages/oslo_config/cfg.py:3253}}
Jul 21 17:50:18.002895 np0000005588 nova-scheduler[93742]: DEBUG cotyledon.oslo_config_glue [-] oslo_limit.min_version = None {{(pid=93742) log_opt_values /opt/stack/data/venv/lib/python3.12/site-packages/oslo_config/cfg.py:3253}}
Jul 21 17:50:18.002895 np0000005588 nova-scheduler[93742]: DEBUG cotyledon.oslo_config_glue [-] oslo_limit.region_name = None {{(pid=93742) log_opt_values /opt/stack/data/venv/lib/python3.12/site-packages/oslo_config/cfg.py:3253}}
Jul 21 17:50:18.003115 np0000005588 nova-scheduler[93742]: DEBUG cotyledon.oslo_config_glue [-] oslo_limit.retriable_status_codes = None {{(pid=93742) log_opt_values /opt/stack/data/venv/lib/python3.12/site-packages/oslo_config/cfg.py:3253}}
Jul 21 17:50:18.003115 np0000005588 nova-scheduler[93742]: DEBUG cotyledon.oslo_config_glue [-] oslo_limit.service_name = None {{(pid=93742) log_opt_values /opt/stack/data/venv/lib/python3.12/site-packages/oslo_config/cfg.py:3253}}
Jul 21 17:50:18.003115 np0000005588 nova-scheduler[93742]: DEBUG cotyledon.oslo_config_glue [-] oslo_limit.service_type = None {{(pid=93742) log_opt_values /opt/stack/data/venv/lib/python3.12/site-packages/oslo_config/cfg.py:3253}}
Jul 21 17:50:18.003115 np0000005588 nova-scheduler[93742]: DEBUG cotyledon.oslo_config_glue [-] oslo_limit.split_loggers = False {{(pid=93742) log_opt_values /opt/stack/data/venv/lib/python3.12/site-packages/oslo_config/cfg.py:3253}}
Jul 21 17:50:18.003115 np0000005588 nova-scheduler[93742]: DEBUG cotyledon.oslo_config_glue [-] oslo_limit.status_code_retries = None {{(pid=93742) log_opt_values /opt/stack/data/venv/lib/python3.12/site-packages/oslo_config/cfg.py:3253}}
Jul 21 17:50:18.003115 np0000005588 nova-scheduler[93742]: DEBUG cotyledon.oslo_config_glue [-] oslo_limit.status_code_retry_delay = None {{(pid=93742) log_opt_values /opt/stack/data/venv/lib/python3.12/site-packages/oslo_config/cfg.py:3253}}
Jul 21 17:50:18.003115 np0000005588 nova-scheduler[93742]: DEBUG cotyledon.oslo_config_glue [-] oslo_limit.timeout = None {{(pid=93742) log_opt_values /opt/stack/data/venv/lib/python3.12/site-packages/oslo_config/cfg.py:3253}}
Jul 21 17:50:18.003115 np0000005588 nova-scheduler[93742]: DEBUG cotyledon.oslo_config_glue [-] oslo_limit.valid_interfaces = None {{(pid=93742) log_opt_values /opt/stack/data/venv/lib/python3.12/site-packages/oslo_config/cfg.py:3253}}
Jul 21 17:50:18.003115 np0000005588 nova-scheduler[93742]: DEBUG cotyledon.oslo_config_glue [-] oslo_limit.version = None {{(pid=93742) log_opt_values /opt/stack/data/venv/lib/python3.12/site-packages/oslo_config/cfg.py:3253}}
Jul 21 17:50:18.003303 np0000005588 nova-scheduler[93742]: DEBUG cotyledon.oslo_config_glue [-] oslo_reports.file_event_handler = None {{(pid=93742) log_opt_values /opt/stack/data/venv/lib/python3.12/site-packages/oslo_config/cfg.py:3253}}
Jul 21 17:50:18.003303 np0000005588 nova-scheduler[93742]: DEBUG cotyledon.oslo_config_glue [-] oslo_reports.file_event_handler_interval = 1 {{(pid=93742) log_opt_values /opt/stack/data/venv/lib/python3.12/site-packages/oslo_config/cfg.py:3253}}
Jul 21 17:50:18.003303 np0000005588 nova-scheduler[93742]: DEBUG cotyledon.oslo_config_glue [-] oslo_reports.log_dir = None {{(pid=93742) log_opt_values /opt/stack/data/venv/lib/python3.12/site-packages/oslo_config/cfg.py:3253}}
Jul 21 17:50:18.003303 np0000005588 nova-scheduler[93742]: DEBUG cotyledon.oslo_config_glue [-] ******************************************************************************** {{(pid=93742) log_opt_values /opt/stack/data/venv/lib/python3.12/site-packages/oslo_config/cfg.py:3260}}
Jul 21 17:50:18.003303 np0000005588 nova-scheduler[93742]: DEBUG cotyledon._service_worker [-] Run service ServiceWrapper(1) [93742] {{(pid=93742) wait_forever /opt/stack/data/venv/lib/python3.12/site-packages/cotyledon/_service_worker.py:218}}
Jul 21 17:50:18.003303 np0000005588 nova-scheduler[93742]: INFO nova.service [-] Starting scheduler node (version 33.1.0)
Jul 21 17:50:18.008030 np0000005588 nova-scheduler[93742]: INFO dbcounter [None req-bce9fa3f-6e8f-4bf3-932c-fe10d417bad3 None None] Registered counter for database nova_cell0
Jul 21 17:50:18.016034 np0000005588 nova-scheduler[93739]: DEBUG oslo_db.sqlalchemy.engines [None req-fbef1a0d-b217-46df-ae37-4980ad50c933 None None] MySQL server mode set to STRICT_TRANS_TABLES,STRICT_ALL_TABLES,NO_ZERO_IN_DATE,NO_ZERO_DATE,ERROR_FOR_DIVISION_BY_ZERO,TRADITIONAL,NO_ENGINE_SUBSTITUTION {{(pid=93739) _check_effective_sql_mode /opt/stack/data/venv/lib/python3.12/site-packages/oslo_db/sqlalchemy/engines.py:325}}
Jul 21 17:50:18.025378 np0000005588 nova-scheduler[93739]: DEBUG dbcounter [-] [93739] Writer thread running {{(pid=93739) stat_writer /opt/stack/data/venv/lib/python3.12/site-packages/dbcounter.py:102}}
Jul 21 17:50:18.034021 np0000005588 nova-scheduler[93754]: DEBUG oslo_db.sqlalchemy.engines [None req-a491b44e-5dd3-4f09-a577-0a7f87bf6c38 None None] MySQL server mode set to STRICT_TRANS_TABLES,STRICT_ALL_TABLES,NO_ZERO_IN_DATE,NO_ZERO_DATE,ERROR_FOR_DIVISION_BY_ZERO,TRADITIONAL,NO_ENGINE_SUBSTITUTION {{(pid=93754) _check_effective_sql_mode /opt/stack/data/venv/lib/python3.12/site-packages/oslo_db/sqlalchemy/engines.py:325}}
Jul 21 17:50:18.038205 np0000005588 nova-scheduler[93739]: DEBUG nova.service [None req-fbef1a0d-b217-46df-ae37-4980ad50c933 None None] Creating RPC server for service: nova-scheduler on topic: scheduler {{(pid=93739) start /opt/stack/nova/nova/service.py:196}}
Jul 21 17:50:18.046055 np0000005588 nova-scheduler[93754]: DEBUG dbcounter [-] [93754] Writer thread running {{(pid=93754) stat_writer /opt/stack/data/venv/lib/python3.12/site-packages/dbcounter.py:102}}
Jul 21 17:50:18.051276 np0000005588 nova-scheduler[93754]: DEBUG nova.service [None req-a491b44e-5dd3-4f09-a577-0a7f87bf6c38 None None] Creating RPC server for service: nova-scheduler on topic: scheduler {{(pid=93754) start /opt/stack/nova/nova/service.py:196}}
Jul 21 17:50:18.054103 np0000005588 nova-scheduler[93742]: DEBUG oslo_db.sqlalchemy.engines [None req-bce9fa3f-6e8f-4bf3-932c-fe10d417bad3 None None] MySQL server mode set to STRICT_TRANS_TABLES,STRICT_ALL_TABLES,NO_ZERO_IN_DATE,NO_ZERO_DATE,ERROR_FOR_DIVISION_BY_ZERO,TRADITIONAL,NO_ENGINE_SUBSTITUTION {{(pid=93742) _check_effective_sql_mode /opt/stack/data/venv/lib/python3.12/site-packages/oslo_db/sqlalchemy/engines.py:325}}
Jul 21 17:50:18.062215 np0000005588 nova-scheduler[93739]: DEBUG nova.service [None req-fbef1a0d-b217-46df-ae37-4980ad50c933 None None] Join ServiceGroup membership for this service scheduler {{(pid=93739) start /opt/stack/nova/nova/service.py:222}}
Jul 21 17:50:18.062380 np0000005588 nova-scheduler[93739]: DEBUG nova.servicegroup.drivers.db [None req-fbef1a0d-b217-46df-ae37-4980ad50c933 None None] DB_Driver: join new ServiceGroup member np0000005588 to the scheduler group, service = {{(pid=93739) join /opt/stack/nova/nova/servicegroup/drivers/db.py:44}}
Jul 21 17:50:18.066299 np0000005588 nova-scheduler[93742]: DEBUG dbcounter [-] [93742] Writer thread running {{(pid=93742) stat_writer /opt/stack/data/venv/lib/python3.12/site-packages/dbcounter.py:102}}
Jul 21 17:50:18.069547 np0000005588 nova-scheduler[93742]: DEBUG nova.service [None req-bce9fa3f-6e8f-4bf3-932c-fe10d417bad3 None None] Creating RPC server for service: nova-scheduler on topic: scheduler {{(pid=93742) start /opt/stack/nova/nova/service.py:196}}
Jul 21 17:50:18.078632 np0000005588 nova-scheduler[93754]: DEBUG nova.service [None req-a491b44e-5dd3-4f09-a577-0a7f87bf6c38 None None] Join ServiceGroup membership for this service scheduler {{(pid=93754) start /opt/stack/nova/nova/service.py:222}}
Jul 21 17:50:18.078775 np0000005588 nova-scheduler[93754]: DEBUG nova.servicegroup.drivers.db [None req-a491b44e-5dd3-4f09-a577-0a7f87bf6c38 None None] DB_Driver: join new ServiceGroup member np0000005588 to the scheduler group, service = {{(pid=93754) join /opt/stack/nova/nova/servicegroup/drivers/db.py:44}}
Jul 21 17:50:18.081575 np0000005588 nova-scheduler[93754]: DEBUG oslo.service.backend._threading.loopingcall [None req-756bb0ad-27be-45e3-bcef-cc917f98bf1c None None] Dynamic interval looping call 'nova.service.Service.periodic_tasks' sleeping for 60.00 seconds {{(pid=93754) _run_loop /opt/stack/data/venv/lib/python3.12/site-packages/oslo_service/backend/_threading/loopingcall.py:125}}
Jul 21 17:50:18.087981 np0000005588 nova-scheduler[93742]: DEBUG nova.service [None req-bce9fa3f-6e8f-4bf3-932c-fe10d417bad3 None None] Join ServiceGroup membership for this service scheduler {{(pid=93742) start /opt/stack/nova/nova/service.py:222}}
Jul 21 17:50:18.088076 np0000005588 nova-scheduler[93742]: DEBUG nova.servicegroup.drivers.db [None req-bce9fa3f-6e8f-4bf3-932c-fe10d417bad3 None None] DB_Driver: join new ServiceGroup member np0000005588 to the scheduler group, service = {{(pid=93742) join /opt/stack/nova/nova/servicegroup/drivers/db.py:44}}
Jul 21 17:50:22.064475 np0000005588 nova-scheduler[93739]: DEBUG oslo.service.backend._threading.loopingcall [None req-9c26af87-448e-4e2e-8a22-fe1f888ecc1e None None] Dynamic interval looping call 'nova.service.Service.periodic_tasks' sleeping for 60.00 seconds {{(pid=93739) _run_loop /opt/stack/data/venv/lib/python3.12/site-packages/oslo_service/backend/_threading/loopingcall.py:125}}
Jul 21 17:50:23.075164 np0000005588 nova-scheduler[93739]: DEBUG oslo.service.backend._threading.loopingcall [-] Fixed interval looping call 'nova.servicegroup.drivers.db.DbDriver._report_state' sleeping for 119.99 seconds {{(pid=93739) _run_loop /opt/stack/data/venv/lib/python3.12/site-packages/oslo_service/backend/_threading/loopingcall.py:125}}
Jul 21 17:50:23.090925 np0000005588 nova-scheduler[93754]: DEBUG oslo.service.backend._threading.loopingcall [-] Fixed interval looping call 'nova.servicegroup.drivers.db.DbDriver._report_state' sleeping for 119.99 seconds {{(pid=93754) _run_loop /opt/stack/data/venv/lib/python3.12/site-packages/oslo_service/backend/_threading/loopingcall.py:125}}
Jul 21 17:50:23.105537 np0000005588 nova-scheduler[93742]: DEBUG oslo.service.backend._threading.loopingcall [-] Fixed interval looping call 'nova.servicegroup.drivers.db.DbDriver._report_state' sleeping for 119.99 seconds {{(pid=93742) _run_loop /opt/stack/data/venv/lib/python3.12/site-packages/oslo_service/backend/_threading/loopingcall.py:125}}
Jul 21 17:50:26.620900 np0000005588 nova-scheduler[92531]: DEBUG dbcounter [-] [92531] Writing DB stats nova_api:SELECT=3 {{(pid=92531) stat_writer /opt/stack/data/venv/lib/python3.12/site-packages/dbcounter.py:115}}
Jul 21 17:50:26.763470 np0000005588 nova-scheduler[92531]: DEBUG dbcounter [-] [92531] Writing DB stats nova_cell0:SELECT=1 {{(pid=92531) stat_writer /opt/stack/data/venv/lib/python3.12/site-packages/dbcounter.py:115}}
Jul 21 17:50:26.769451 np0000005588 nova-scheduler[92531]: DEBUG dbcounter [-] [92531] Writing DB stats nova_cell1:SELECT=1 {{(pid=92531) stat_writer /opt/stack/data/venv/lib/python3.12/site-packages/dbcounter.py:115}}
Jul 21 17:50:32.090580 np0000005588 nova-scheduler[93742]: DEBUG oslo.service.backend._threading.loopingcall [None req-3360ba4c-a7e8-482a-b10d-b523b465634a None None] Dynamic interval looping call 'nova.service.Service.periodic_tasks' sleeping for 60.00 seconds {{(pid=93742) _run_loop /opt/stack/data/venv/lib/python3.12/site-packages/oslo_service/backend/_threading/loopingcall.py:125}}
Jul 21 17:50:33.071736 np0000005588 nova-scheduler[93739]: DEBUG dbcounter [-] [93739] Writing DB stats nova_cell0:SELECT=4,nova_cell0:INSERT=1,nova_cell0:UPDATE=1 {{(pid=93739) stat_writer /opt/stack/data/venv/lib/python3.12/site-packages/dbcounter.py:115}}
Jul 21 17:50:33.087787 np0000005588 nova-scheduler[93754]: DEBUG dbcounter [-] [93754] Writing DB stats nova_cell0:SELECT=3 {{(pid=93754) stat_writer /opt/stack/data/venv/lib/python3.12/site-packages/dbcounter.py:115}}
Jul 21 17:50:33.101707 np0000005588 nova-scheduler[93742]: DEBUG dbcounter [-] [93742] Writing DB stats nova_cell0:SELECT=3 {{(pid=93742) stat_writer /opt/stack/data/venv/lib/python3.12/site-packages/dbcounter.py:115}}
Jul 21 17:51:18.082295 np0000005588 nova-scheduler[93754]: DEBUG oslo.service.backend._threading.loopingcall [None req-756bb0ad-27be-45e3-bcef-cc917f98bf1c None None] Dynamic interval looping call 'nova.service.Service.periodic_tasks' sleeping for 60.00 seconds {{(pid=93754) _run_loop /opt/stack/data/venv/lib/python3.12/site-packages/oslo_service/backend/_threading/loopingcall.py:125}}
Jul 21 17:51:22.064927 np0000005588 nova-scheduler[93739]: DEBUG oslo.service.backend._threading.loopingcall [None req-9c26af87-448e-4e2e-8a22-fe1f888ecc1e None None] Dynamic interval looping call 'nova.service.Service.periodic_tasks' sleeping for 60.00 seconds {{(pid=93739) _run_loop /opt/stack/data/venv/lib/python3.12/site-packages/oslo_service/backend/_threading/loopingcall.py:125}}
Jul 21 17:51:32.091140 np0000005588 nova-scheduler[93742]: DEBUG oslo.service.backend._threading.loopingcall [None req-3360ba4c-a7e8-482a-b10d-b523b465634a None None] Dynamic interval looping call 'nova.service.Service.periodic_tasks' sleeping for 60.00 seconds {{(pid=93742) _run_loop /opt/stack/data/venv/lib/python3.12/site-packages/oslo_service/backend/_threading/loopingcall.py:125}}
Jul 21 17:52:18.082495 np0000005588 nova-scheduler[93754]: DEBUG oslo.service.backend._threading.loopingcall [None req-756bb0ad-27be-45e3-bcef-cc917f98bf1c None None] Dynamic interval looping call 'nova.service.Service.periodic_tasks' sleeping for 60.00 seconds {{(pid=93754) _run_loop /opt/stack/data/venv/lib/python3.12/site-packages/oslo_service/backend/_threading/loopingcall.py:125}}
Jul 21 17:52:22.066036 np0000005588 nova-scheduler[93739]: DEBUG oslo.service.backend._threading.loopingcall [None req-9c26af87-448e-4e2e-8a22-fe1f888ecc1e None None] Dynamic interval looping call 'nova.service.Service.periodic_tasks' sleeping for 60.00 seconds {{(pid=93739) _run_loop /opt/stack/data/venv/lib/python3.12/site-packages/oslo_service/backend/_threading/loopingcall.py:125}}
Jul 21 17:52:23.073990 np0000005588 nova-scheduler[93739]: DEBUG oslo.service.backend._threading.loopingcall [-] Fixed interval looping call 'nova.servicegroup.drivers.db.DbDriver._report_state' sleeping for 119.99 seconds {{(pid=93739) _run_loop /opt/stack/data/venv/lib/python3.12/site-packages/oslo_service/backend/_threading/loopingcall.py:125}}
Jul 21 17:52:23.084409 np0000005588 nova-scheduler[93754]: DEBUG oslo.service.backend._threading.loopingcall [-] Fixed interval looping call 'nova.servicegroup.drivers.db.DbDriver._report_state' sleeping for 120.00 seconds {{(pid=93754) _run_loop /opt/stack/data/venv/lib/python3.12/site-packages/oslo_service/backend/_threading/loopingcall.py:125}}
Jul 21 17:52:23.099575 np0000005588 nova-scheduler[93742]: DEBUG oslo.service.backend._threading.loopingcall [-] Fixed interval looping call 'nova.servicegroup.drivers.db.DbDriver._report_state' sleeping for 120.00 seconds {{(pid=93742) _run_loop /opt/stack/data/venv/lib/python3.12/site-packages/oslo_service/backend/_threading/loopingcall.py:125}}
Jul 21 17:52:32.093001 np0000005588 nova-scheduler[93742]: DEBUG oslo.service.backend._threading.loopingcall [None req-3360ba4c-a7e8-482a-b10d-b523b465634a None None] Dynamic interval looping call 'nova.service.Service.periodic_tasks' sleeping for 60.00 seconds {{(pid=93742) _run_loop /opt/stack/data/venv/lib/python3.12/site-packages/oslo_service/backend/_threading/loopingcall.py:125}}
Jul 21 17:52:33.071467 np0000005588 nova-scheduler[93739]: DEBUG dbcounter [-] [93739] Writing DB stats nova_cell0:SELECT=1,nova_cell0:UPDATE=1 {{(pid=93739) stat_writer /opt/stack/data/venv/lib/python3.12/site-packages/dbcounter.py:115}}
Jul 21 17:52:33.083399 np0000005588 nova-scheduler[93754]: DEBUG dbcounter [-] [93754] Writing DB stats nova_cell0:SELECT=1 {{(pid=93754) stat_writer /opt/stack/data/venv/lib/python3.12/site-packages/dbcounter.py:115}}
Jul 21 17:52:33.097975 np0000005588 nova-scheduler[93742]: DEBUG dbcounter [-] [93742] Writing DB stats nova_cell0:SELECT=1 {{(pid=93742) stat_writer /opt/stack/data/venv/lib/python3.12/site-packages/dbcounter.py:115}}
Jul 21 17:52:51.380973 np0000005588 nova-scheduler[93739]: DEBUG nova.scheduler.manager [None req-32c54b8a-13f8-4da0-aee6-ec04e7ff01ca tempest-DeleteServersTestJSON-1889741947 tempest-DeleteServersTestJSON-1889741947-project-member] Starting to schedule for instances: ['56b4a3c9-3481-4a1b-b16d-73813d5c602b'] {{(pid=93739) select_destinations /opt/stack/nova/nova/scheduler/manager.py:209}}
Jul 21 17:52:51.381669 np0000005588 nova-scheduler[93739]: DEBUG nova.scheduler.request_filter [None req-32c54b8a-13f8-4da0-aee6-ec04e7ff01ca tempest-DeleteServersTestJSON-1889741947 tempest-DeleteServersTestJSON-1889741947-project-member] compute_status_filter request filter added forbidden trait COMPUTE_STATUS_DISABLED {{(pid=93739) compute_status_filter /opt/stack/nova/nova/scheduler/request_filter.py:253}}
Jul 21 17:52:51.381773 np0000005588 nova-scheduler[93739]: DEBUG nova.scheduler.request_filter [None req-32c54b8a-13f8-4da0-aee6-ec04e7ff01ca tempest-DeleteServersTestJSON-1889741947 tempest-DeleteServersTestJSON-1889741947-project-member] Request filter 'compute_status_filter' took 0.0 seconds {{(pid=93739) wrapper /opt/stack/nova/nova/scheduler/request_filter.py:46}}
Jul 21 17:52:51.382035 np0000005588 nova-scheduler[93739]: DEBUG nova.scheduler.request_filter [None req-32c54b8a-13f8-4da0-aee6-ec04e7ff01ca tempest-DeleteServersTestJSON-1889741947 tempest-DeleteServersTestJSON-1889741947-project-member] Request filter 'accelerators_filter' took 0.0 seconds {{(pid=93739) wrapper /opt/stack/nova/nova/scheduler/request_filter.py:46}}
Jul 21 17:52:51.382298 np0000005588 nova-scheduler[93739]: DEBUG nova.scheduler.request_filter [None req-32c54b8a-13f8-4da0-aee6-ec04e7ff01ca tempest-DeleteServersTestJSON-1889741947 tempest-DeleteServersTestJSON-1889741947-project-member] Request filter 'packed_virtqueue_filter' took 0.0 seconds {{(pid=93739) wrapper /opt/stack/nova/nova/scheduler/request_filter.py:46}}
Jul 21 17:52:51.382689 np0000005588 nova-scheduler[93739]: DEBUG nova.scheduler.request_filter [None req-32c54b8a-13f8-4da0-aee6-ec04e7ff01ca tempest-DeleteServersTestJSON-1889741947 tempest-DeleteServersTestJSON-1889741947-project-member] Request filter 'remote_managed_ports_filter' took 0.0 seconds {{(pid=93739) wrapper /opt/stack/nova/nova/scheduler/request_filter.py:46}}
Jul 21 17:52:51.382881 np0000005588 nova-scheduler[93739]: DEBUG nova.scheduler.request_filter [None req-32c54b8a-13f8-4da0-aee6-ec04e7ff01ca tempest-DeleteServersTestJSON-1889741947 tempest-DeleteServersTestJSON-1889741947-project-member] ephemeral_encryption_filter skipped {{(pid=93739) ephemeral_encryption_filter /opt/stack/nova/nova/scheduler/request_filter.py:426}}
Jul 21 17:52:51.383059 np0000005588 nova-scheduler[93739]: DEBUG nova.scheduler.request_filter [None req-32c54b8a-13f8-4da0-aee6-ec04e7ff01ca tempest-DeleteServersTestJSON-1889741947 tempest-DeleteServersTestJSON-1889741947-project-member] virtio_sound_filter skipped {{(pid=93739) virtio_sound_filter /opt/stack/nova/nova/scheduler/request_filter.py:460}}
Jul 21 17:52:51.383332 np0000005588 nova-scheduler[93739]: DEBUG nova.scheduler.request_filter [None req-32c54b8a-13f8-4da0-aee6-ec04e7ff01ca tempest-DeleteServersTestJSON-1889741947 tempest-DeleteServersTestJSON-1889741947-project-member] tpm_secret_security_filter skipped {{(pid=93739) tpm_secret_security_filter /opt/stack/nova/nova/scheduler/request_filter.py:477}}
Jul 21 17:52:52.122383 np0000005588 nova-scheduler[93754]: DEBUG nova.scheduler.manager [None req-9c59a9fa-ce47-43c5-bbcc-51d81791aad9 tempest-ServerStableDeviceRescueTest-1580527443 tempest-ServerStableDeviceRescueTest-1580527443-project-member] Starting to schedule for instances: ['99d23ee1-dedd-4669-aa80-ef2a4392ae04'] {{(pid=93754) select_destinations /opt/stack/nova/nova/scheduler/manager.py:209}}
Jul 21 17:52:52.124889 np0000005588 nova-scheduler[93754]: DEBUG nova.scheduler.request_filter [None req-9c59a9fa-ce47-43c5-bbcc-51d81791aad9 tempest-ServerStableDeviceRescueTest-1580527443 tempest-ServerStableDeviceRescueTest-1580527443-project-member] compute_status_filter request filter added forbidden trait COMPUTE_STATUS_DISABLED {{(pid=93754) compute_status_filter /opt/stack/nova/nova/scheduler/request_filter.py:253}}
Jul 21 17:52:52.125079 np0000005588 nova-scheduler[93754]: DEBUG nova.scheduler.request_filter [None req-9c59a9fa-ce47-43c5-bbcc-51d81791aad9 tempest-ServerStableDeviceRescueTest-1580527443 tempest-ServerStableDeviceRescueTest-1580527443-project-member] Request filter 'compute_status_filter' took 0.0 seconds {{(pid=93754) wrapper /opt/stack/nova/nova/scheduler/request_filter.py:46}}
Jul 21 17:52:52.125416 np0000005588 nova-scheduler[93754]: DEBUG nova.scheduler.request_filter [None req-9c59a9fa-ce47-43c5-bbcc-51d81791aad9 tempest-ServerStableDeviceRescueTest-1580527443 tempest-ServerStableDeviceRescueTest-1580527443-project-member] Request filter 'accelerators_filter' took 0.0 seconds {{(pid=93754) wrapper /opt/stack/nova/nova/scheduler/request_filter.py:46}}
Jul 21 17:52:52.125749 np0000005588 nova-scheduler[93754]: DEBUG nova.scheduler.request_filter [None req-9c59a9fa-ce47-43c5-bbcc-51d81791aad9 tempest-ServerStableDeviceRescueTest-1580527443 tempest-ServerStableDeviceRescueTest-1580527443-project-member] Request filter 'packed_virtqueue_filter' took 0.0 seconds {{(pid=93754) wrapper /opt/stack/nova/nova/scheduler/request_filter.py:46}}
Jul 21 17:52:52.126069 np0000005588 nova-scheduler[93754]: DEBUG nova.scheduler.request_filter [None req-9c59a9fa-ce47-43c5-bbcc-51d81791aad9 tempest-ServerStableDeviceRescueTest-1580527443 tempest-ServerStableDeviceRescueTest-1580527443-project-member] Request filter 'remote_managed_ports_filter' took 0.0 seconds {{(pid=93754) wrapper /opt/stack/nova/nova/scheduler/request_filter.py:46}}
Jul 21 17:52:52.126342 np0000005588 nova-scheduler[93754]: DEBUG nova.scheduler.request_filter [None req-9c59a9fa-ce47-43c5-bbcc-51d81791aad9 tempest-ServerStableDeviceRescueTest-1580527443 tempest-ServerStableDeviceRescueTest-1580527443-project-member] ephemeral_encryption_filter skipped {{(pid=93754) ephemeral_encryption_filter /opt/stack/nova/nova/scheduler/request_filter.py:426}}
Jul 21 17:52:52.126514 np0000005588 nova-scheduler[93754]: DEBUG nova.scheduler.request_filter [None req-9c59a9fa-ce47-43c5-bbcc-51d81791aad9 tempest-ServerStableDeviceRescueTest-1580527443 tempest-ServerStableDeviceRescueTest-1580527443-project-member] virtio_sound_filter skipped {{(pid=93754) virtio_sound_filter /opt/stack/nova/nova/scheduler/request_filter.py:460}}
Jul 21 17:52:52.126840 np0000005588 nova-scheduler[93754]: DEBUG nova.scheduler.request_filter [None req-9c59a9fa-ce47-43c5-bbcc-51d81791aad9 tempest-ServerStableDeviceRescueTest-1580527443 tempest-ServerStableDeviceRescueTest-1580527443-project-member] tpm_secret_security_filter skipped {{(pid=93754) tpm_secret_security_filter /opt/stack/nova/nova/scheduler/request_filter.py:477}}
Jul 21 17:52:52.285424 np0000005588 nova-scheduler[93739]: INFO nova.utils [None req-32c54b8a-13f8-4da0-aee6-ec04e7ff01ca tempest-DeleteServersTestJSON-1889741947 tempest-DeleteServersTestJSON-1889741947-project-member] The cell worker thread pool ForkProcess-1.cell_worker is initialized
Jul 21 17:52:52.286168 np0000005588 nova-scheduler[93739]: DEBUG oslo_concurrency.lockutils [None req-32c54b8a-13f8-4da0-aee6-ec04e7ff01ca tempest-DeleteServersTestJSON-1889741947 tempest-DeleteServersTestJSON-1889741947-project-member] Acquiring lock "541197aa-fa1a-4a05-82a2-8366403eabd1" by "nova.context.set_target_cell..get_or_set_cached_cell_and_set_connections" {{(pid=93739) inner /opt/stack/data/venv/lib/python3.12/site-packages/oslo_concurrency/lockutils.py:512}}
Jul 21 17:52:52.286168 np0000005588 nova-scheduler[93739]: DEBUG oslo_concurrency.lockutils [None req-32c54b8a-13f8-4da0-aee6-ec04e7ff01ca tempest-DeleteServersTestJSON-1889741947 tempest-DeleteServersTestJSON-1889741947-project-member] Lock "541197aa-fa1a-4a05-82a2-8366403eabd1" acquired by "nova.context.set_target_cell..get_or_set_cached_cell_and_set_connections" :: waited 0.000s {{(pid=93739) inner /opt/stack/data/venv/lib/python3.12/site-packages/oslo_concurrency/lockutils.py:525}}
Jul 21 17:52:52.287782 np0000005588 nova-scheduler[93739]: DEBUG oslo_concurrency.lockutils [None req-32c54b8a-13f8-4da0-aee6-ec04e7ff01ca tempest-DeleteServersTestJSON-1889741947 tempest-DeleteServersTestJSON-1889741947-project-member] Lock "541197aa-fa1a-4a05-82a2-8366403eabd1" "released" by "nova.context.set_target_cell..get_or_set_cached_cell_and_set_connections" :: held 0.002s {{(pid=93739) inner /opt/stack/data/venv/lib/python3.12/site-packages/oslo_concurrency/lockutils.py:544}}
Jul 21 17:52:52.290371 np0000005588 nova-scheduler[93739]: INFO dbcounter [None req-32c54b8a-13f8-4da0-aee6-ec04e7ff01ca tempest-DeleteServersTestJSON-1889741947 tempest-DeleteServersTestJSON-1889741947-project-member] Registered counter for database nova_cell1
Jul 21 17:52:52.331508 np0000005588 nova-scheduler[93739]: DEBUG oslo_db.sqlalchemy.engines [None req-32c54b8a-13f8-4da0-aee6-ec04e7ff01ca tempest-DeleteServersTestJSON-1889741947 tempest-DeleteServersTestJSON-1889741947-project-member] MySQL server mode set to STRICT_TRANS_TABLES,STRICT_ALL_TABLES,NO_ZERO_IN_DATE,NO_ZERO_DATE,ERROR_FOR_DIVISION_BY_ZERO,TRADITIONAL,NO_ENGINE_SUBSTITUTION {{(pid=93739) _check_effective_sql_mode /opt/stack/data/venv/lib/python3.12/site-packages/oslo_db/sqlalchemy/engines.py:325}}
Jul 21 17:52:52.337841 np0000005588 nova-scheduler[93739]: DEBUG dbcounter [-] [93739] Writer thread running {{(pid=93739) stat_writer /opt/stack/data/venv/lib/python3.12/site-packages/dbcounter.py:102}}
Jul 21 17:52:52.351525 np0000005588 nova-scheduler[93739]: DEBUG oslo_db.sqlalchemy.engines [None req-32c54b8a-13f8-4da0-aee6-ec04e7ff01ca tempest-DeleteServersTestJSON-1889741947 tempest-DeleteServersTestJSON-1889741947-project-member] Parent process 92531 forked (93739) with an open database connection, which is being discarded and recreated. {{(pid=93739) checkout /opt/stack/data/venv/lib/python3.12/site-packages/oslo_db/sqlalchemy/engines.py:402}}
Jul 21 17:52:52.404263 np0000005588 nova-scheduler[93739]: DEBUG dbcounter [-] [93739] Writer thread running {{(pid=93739) stat_writer /opt/stack/data/venv/lib/python3.12/site-packages/dbcounter.py:102}}
Jul 21 17:52:52.411876 np0000005588 nova-scheduler[93739]: DEBUG oslo_concurrency.lockutils [None req-32c54b8a-13f8-4da0-aee6-ec04e7ff01ca tempest-DeleteServersTestJSON-1889741947 tempest-DeleteServersTestJSON-1889741947-project-member] Acquiring lock "541197aa-fa1a-4a05-82a2-8366403eabd1" by "nova.context.set_target_cell..get_or_set_cached_cell_and_set_connections" {{(pid=93739) inner /opt/stack/data/venv/lib/python3.12/site-packages/oslo_concurrency/lockutils.py:512}}
Jul 21 17:52:52.412015 np0000005588 nova-scheduler[93739]: DEBUG oslo_concurrency.lockutils [None req-32c54b8a-13f8-4da0-aee6-ec04e7ff01ca tempest-DeleteServersTestJSON-1889741947 tempest-DeleteServersTestJSON-1889741947-project-member] Lock "541197aa-fa1a-4a05-82a2-8366403eabd1" acquired by "nova.context.set_target_cell..get_or_set_cached_cell_and_set_connections" :: waited 0.000s {{(pid=93739) inner /opt/stack/data/venv/lib/python3.12/site-packages/oslo_concurrency/lockutils.py:525}}
Jul 21 17:52:52.412113 np0000005588 nova-scheduler[93739]: DEBUG oslo_concurrency.lockutils [None req-32c54b8a-13f8-4da0-aee6-ec04e7ff01ca tempest-DeleteServersTestJSON-1889741947 tempest-DeleteServersTestJSON-1889741947-project-member] Lock "541197aa-fa1a-4a05-82a2-8366403eabd1" "released" by "nova.context.set_target_cell..get_or_set_cached_cell_and_set_connections" :: held 0.000s {{(pid=93739) inner /opt/stack/data/venv/lib/python3.12/site-packages/oslo_concurrency/lockutils.py:544}}
Jul 21 17:52:52.415249 np0000005588 nova-scheduler[93739]: DEBUG oslo_concurrency.lockutils [None req-32c54b8a-13f8-4da0-aee6-ec04e7ff01ca tempest-DeleteServersTestJSON-1889741947 tempest-DeleteServersTestJSON-1889741947-project-member] Acquiring lock "np0000005588-np0000005588" by "nova.scheduler.host_manager.HostState.update.._locked_update" {{(pid=93739) inner /opt/stack/data/venv/lib/python3.12/site-packages/oslo_concurrency/lockutils.py:512}}
Jul 21 17:52:52.415373 np0000005588 nova-scheduler[93739]: DEBUG oslo_concurrency.lockutils [None req-32c54b8a-13f8-4da0-aee6-ec04e7ff01ca tempest-DeleteServersTestJSON-1889741947 tempest-DeleteServersTestJSON-1889741947-project-member] Lock "np0000005588-np0000005588" acquired by "nova.scheduler.host_manager.HostState.update.._locked_update" :: waited 0.000s {{(pid=93739) inner /opt/stack/data/venv/lib/python3.12/site-packages/oslo_concurrency/lockutils.py:525}}
Jul 21 17:52:52.416401 np0000005588 nova-scheduler[93739]: DEBUG nova.scheduler.host_manager [None req-32c54b8a-13f8-4da0-aee6-ec04e7ff01ca tempest-DeleteServersTestJSON-1889741947 tempest-DeleteServersTestJSON-1889741947-project-member] Update host state from compute node: ComputeNode(cpu_allocation_ratio=4.0,cpu_info='{"arch": "x86_64", "model": "EPYC-Milan", "vendor": "AMD", "topology": {"cells": 1, "sockets": 16, "cores": 1, "threads": 1}, "maxphysaddr": {"mode": "emulate", "bits": 40}, "features": ["rdctl-no", "cr8legacy", "invpcid", "mca", "smap", "npt", "amd-psfd", "lbrv", "amd-stibp", "f16c", "xgetbv1", "clzero", "bmi1", "lm", "fsrm", "pse", "v-vmsave-vmload", "topoext", "fxsr_opt", "flushbyasid", "sse4.1", "arat", "spec-ctrl", "sse4.2", "xsave", "clflush", "syscall", "smep", "apic", "gds-no", "movbe", "osvw", "amd-ssbd", "sha-ni", "mds-no", "cmov", "lahf_lm", "avx", "virt-ssbd", "pku", "cx8", "vaes", "pause-filter", "pge", "vgif", "vmcb-clean", "xsaves", "mtrr", "perfctr_core", "ibpb", "tsc-scale", "sse4a", "tsc", "abm", "arch-capabilities", "ssbd", "lfence-always-serializing", "aes", "clflushopt", "skip-l1dfl-vmentry", "pfthreshold", "xsaveopt", "svm", "svme-addr-chk", "misalignsse", "fma", "clwb", "fpu", "nrip-save", "mmxext", "rdpid", "wbnoinvd", "rdtscp", "xsavec", "hypervisor", "pae", "mmx", "ibrs", "vpclmulqdq", "sse2", "fsgsbase", "umip", "vme", "stibp", "null-sel-clr-base", "adx", "3dnowprefetch", "pni", "tsc_adjust", "no-nested-data-bp", "fxsr", "sse", "mce", "pclmuldq", "rdseed", "xsaveerptr", "de", "pdpe1gb", "tsc-deadline", "cmp_legacy", "pcid", "rdrand", "cx16", "ssse3", "nx", "x2apic", "sep", "msr", "pat", "avx2", "erms", "stibp-always-on", "pschange-mc-no", "bmi2", "pse36", "popcnt"]}',created_at=2026-07-21T17:50:39Z,current_workload=0,deleted=False,deleted_at=None,disk_allocation_ratio=1.0,disk_available_least=73,free_disk_gb=95,free_ram_mb=62765,host='np0000005588',host_ip=10.4.3.113,hypervisor_hostname='np0000005588',hypervisor_type='QEMU',hypervisor_version=8002002,id=1,local_gb=95,local_gb_used=0,mapped=1,memory_mb=63277,memory_mb_used=512,metrics='[]',numa_topology='{"nova_object.name": "NUMATopology", "nova_object.namespace": "nova", "nova_object.version": "1.2", "nova_object.data": {"cells": [{"nova_object.name": "NUMACell", "nova_object.namespace": "nova", "nova_object.version": "1.5", "nova_object.data": {"id": 0, "cpuset": [0, 1, 2, 3, 4, 5, 6, 7, 8, 9, 10, 11, 12, 13, 14, 15], "pcpuset": [0, 1, 2, 3, 4, 5, 6, 7, 8, 9, 10, 11, 12, 13, 14, 15], "memory": 63277, "cpu_usage": 0, "memory_usage": 0, "pinned_cpus": [], "siblings": [[6], [12], [2], [15], [5], [11], [8], [14], [4], [1], [7], [10], [0], [13], [3], [9]], "mempages": [{"nova_object.name": "NUMAPagesTopology", "nova_object.namespace": "nova", "nova_object.version": "1.1", "nova_object.data": {"size_kb": 4, "total": 16177927, "used": 0, "reserved": 0}, "nova_object.changes": ["used", "reserved", "total", "size_kb"]}, {"nova_object.name": "NUMAPagesTopology", "nova_object.namespace": "nova", "nova_object.version": "1.1", "nova_object.data": {"size_kb": 2048, "total": 41, "used": 0, "reserved": 0}, "nova_object.changes": ["used", "reserved", "total", "size_kb"]}, {"nova_object.name": "NUMAPagesTopology", "nova_object.namespace": "nova", "nova_object.version": "1.1", "nova_object.data": {"size_kb": 1048576, "total": 0, "used": 0, "reserved": 0}, "nova_object.changes": ["used", "reserved", "total", "size_kb"]}], "network_metadata": {"nova_object.name": "NetworkMetadata", "nova_object.namespace": "nova", "nova_object.version": "1.0", "nova_object.data": {"physnets": [], "tunneled": false}, "nova_object.changes": ["physnets", "tunneled"]}, "socket": null}, "nova_object.changes": ["memory", "cpuset", "id", "pcpuset", "siblings", "socket", "mempages", "memory_usage", "pinned_cpus", "cpu_usage", "network_metadata"]}]}, "nova_object.changes": ["cells"]}',pci_device_pools=PciDevicePoolList,ram_allocation_ratio=1.0,running_vms=0,service_id=3,stats={failed_builds='0',uptime=' 17:52:25 up 14 min, 2 users, load average: 1.25, 1.28, 0.74
Jul 21 17:52:52.416401 np0000005588 nova-scheduler[93739]: '},supported_hv_specs=[HVSpec,HVSpec,HVSpec,HVSpec,HVSpec,HVSpec,HVSpec,HVSpec,HVSpec,HVSpec,HVSpec,HVSpec,HVSpec,HVSpec,HVSpec,HVSpec,HVSpec,HVSpec,HVSpec,HVSpec,HVSpec,HVSpec,HVSpec,HVSpec,HVSpec],updated_at=2026-07-21T17:52:26Z,uuid=10def9d7-d3e4-4c90-8fa5-86f9fd9bea67,vcpus=16,vcpus_used=0) {{(pid=93739) _locked_update /opt/stack/nova/nova/scheduler/host_manager.py:168}}
Jul 21 17:52:52.417292 np0000005588 nova-scheduler[93739]: DEBUG nova.scheduler.host_manager [None req-32c54b8a-13f8-4da0-aee6-ec04e7ff01ca tempest-DeleteServersTestJSON-1889741947 tempest-DeleteServersTestJSON-1889741947-project-member] Update host state with aggregates: [] {{(pid=93739) _locked_update /opt/stack/nova/nova/scheduler/host_manager.py:171}}
Jul 21 17:52:52.417406 np0000005588 nova-scheduler[93739]: DEBUG nova.scheduler.host_manager [None req-32c54b8a-13f8-4da0-aee6-ec04e7ff01ca tempest-DeleteServersTestJSON-1889741947 tempest-DeleteServersTestJSON-1889741947-project-member] Update host state with service dict: {'id': 3, 'uuid': 'b7cb9e41-a7e7-4e12-8620-b99e24aa56ea', 'host': 'np0000005588', 'binary': 'nova-compute', 'topic': 'compute', 'report_count': 2, 'disabled': False, 'disabled_reason': None, 'last_seen_up': datetime.datetime(2026, 7, 21, 17, 52, 45, tzinfo=datetime.timezone.utc), 'forced_down': False, 'version': 72, 'created_at': datetime.datetime(2026, 7, 21, 17, 50, 39, tzinfo=datetime.timezone.utc), 'updated_at': datetime.datetime(2026, 7, 21, 17, 52, 45, tzinfo=datetime.timezone.utc), 'deleted_at': None, 'deleted': False} {{(pid=93739) _locked_update /opt/stack/nova/nova/scheduler/host_manager.py:174}}
Jul 21 17:52:52.417502 np0000005588 nova-scheduler[93739]: DEBUG nova.scheduler.host_manager [None req-32c54b8a-13f8-4da0-aee6-ec04e7ff01ca tempest-DeleteServersTestJSON-1889741947 tempest-DeleteServersTestJSON-1889741947-project-member] Update host state with instances: [] {{(pid=93739) _locked_update /opt/stack/nova/nova/scheduler/host_manager.py:177}}
Jul 21 17:52:52.417613 np0000005588 nova-scheduler[93739]: DEBUG oslo_concurrency.lockutils [None req-32c54b8a-13f8-4da0-aee6-ec04e7ff01ca tempest-DeleteServersTestJSON-1889741947 tempest-DeleteServersTestJSON-1889741947-project-member] Lock "np0000005588-np0000005588" "released" by "nova.scheduler.host_manager.HostState.update.._locked_update" :: held 0.002s {{(pid=93739) inner /opt/stack/data/venv/lib/python3.12/site-packages/oslo_concurrency/lockutils.py:544}}
Jul 21 17:52:52.417960 np0000005588 nova-scheduler[93739]: DEBUG nova.filters [None req-32c54b8a-13f8-4da0-aee6-ec04e7ff01ca tempest-DeleteServersTestJSON-1889741947 tempest-DeleteServersTestJSON-1889741947-project-member] Starting with 1 host(s) {{(pid=93739) get_filtered_objects /opt/stack/nova/nova/filters.py:70}}
Jul 21 17:52:52.418156 np0000005588 nova-scheduler[93739]: DEBUG nova.filters [None req-32c54b8a-13f8-4da0-aee6-ec04e7ff01ca tempest-DeleteServersTestJSON-1889741947 tempest-DeleteServersTestJSON-1889741947-project-member] Filter ComputeFilter returned 1 host(s) {{(pid=93739) get_filtered_objects /opt/stack/nova/nova/filters.py:102}}
Jul 21 17:52:52.418283 np0000005588 nova-scheduler[93739]: DEBUG nova.filters [None req-32c54b8a-13f8-4da0-aee6-ec04e7ff01ca tempest-DeleteServersTestJSON-1889741947 tempest-DeleteServersTestJSON-1889741947-project-member] Filter ComputeCapabilitiesFilter returned 1 host(s) {{(pid=93739) get_filtered_objects /opt/stack/nova/nova/filters.py:102}}
Jul 21 17:52:52.418465 np0000005588 nova-scheduler[93739]: DEBUG nova.filters [None req-32c54b8a-13f8-4da0-aee6-ec04e7ff01ca tempest-DeleteServersTestJSON-1889741947 tempest-DeleteServersTestJSON-1889741947-project-member] Filter ImagePropertiesFilter returned 1 host(s) {{(pid=93739) get_filtered_objects /opt/stack/nova/nova/filters.py:102}}
Jul 21 17:52:52.418623 np0000005588 nova-scheduler[93739]: DEBUG nova.filters [None req-32c54b8a-13f8-4da0-aee6-ec04e7ff01ca tempest-DeleteServersTestJSON-1889741947 tempest-DeleteServersTestJSON-1889741947-project-member] Filter ServerGroupAntiAffinityFilter returned 1 host(s) {{(pid=93739) get_filtered_objects /opt/stack/nova/nova/filters.py:102}}
Jul 21 17:52:52.418727 np0000005588 nova-scheduler[93739]: DEBUG nova.filters [None req-32c54b8a-13f8-4da0-aee6-ec04e7ff01ca tempest-DeleteServersTestJSON-1889741947 tempest-DeleteServersTestJSON-1889741947-project-member] Filter ServerGroupAffinityFilter returned 1 host(s) {{(pid=93739) get_filtered_objects /opt/stack/nova/nova/filters.py:102}}
Jul 21 17:52:52.418844 np0000005588 nova-scheduler[93739]: DEBUG nova.filters [None req-32c54b8a-13f8-4da0-aee6-ec04e7ff01ca tempest-DeleteServersTestJSON-1889741947 tempest-DeleteServersTestJSON-1889741947-project-member] Filter SameHostFilter returned 1 host(s) {{(pid=93739) get_filtered_objects /opt/stack/nova/nova/filters.py:102}}
Jul 21 17:52:52.418945 np0000005588 nova-scheduler[93739]: DEBUG nova.filters [None req-32c54b8a-13f8-4da0-aee6-ec04e7ff01ca tempest-DeleteServersTestJSON-1889741947 tempest-DeleteServersTestJSON-1889741947-project-member] Filter DifferentHostFilter returned 1 host(s) {{(pid=93739) get_filtered_objects /opt/stack/nova/nova/filters.py:102}}
Jul 21 17:52:52.419064 np0000005588 nova-scheduler[93739]: DEBUG nova.scheduler.manager [None req-32c54b8a-13f8-4da0-aee6-ec04e7ff01ca tempest-DeleteServersTestJSON-1889741947 tempest-DeleteServersTestJSON-1889741947-project-member] Filtered [(np0000005588, np0000005588) ram: 62765MB disk: 74752MB io_ops: 0 instances: 0, allocation_candidates: 1] {{(pid=93739) _get_sorted_hosts /opt/stack/nova/nova/scheduler/manager.py:742}}
Jul 21 17:52:52.419248 np0000005588 nova-scheduler[93739]: DEBUG nova.scheduler.manager [None req-32c54b8a-13f8-4da0-aee6-ec04e7ff01ca tempest-DeleteServersTestJSON-1889741947 tempest-DeleteServersTestJSON-1889741947-project-member] Weighed [WeighedHost [host: (np0000005588, np0000005588) ram: 62765MB disk: 74752MB io_ops: 0 instances: 0, allocation_candidates: 1, weight: 0.0]] {{(pid=93739) _get_sorted_hosts /opt/stack/nova/nova/scheduler/manager.py:764}}
Jul 21 17:52:52.419391 np0000005588 nova-scheduler[93739]: DEBUG nova.scheduler.utils [None req-32c54b8a-13f8-4da0-aee6-ec04e7ff01ca tempest-DeleteServersTestJSON-1889741947 tempest-DeleteServersTestJSON-1889741947-project-member] Attempting to claim resources in the placement API for instance 56b4a3c9-3481-4a1b-b16d-73813d5c602b {{(pid=93739) claim_resources /opt/stack/nova/nova/scheduler/utils.py:1345}}
Jul 21 17:52:52.586507 np0000005588 nova-scheduler[93739]: DEBUG nova.scheduler.manager [None req-32c54b8a-13f8-4da0-aee6-ec04e7ff01ca tempest-DeleteServersTestJSON-1889741947 tempest-DeleteServersTestJSON-1889741947-project-member] [instance: 56b4a3c9-3481-4a1b-b16d-73813d5c602b] Selected host: (np0000005588, np0000005588) ram: 62765MB disk: 74752MB io_ops: 0 instances: 0, allocation_candidates: 1 {{(pid=93739) _consume_selected_host /opt/stack/nova/nova/scheduler/manager.py:624}}
Jul 21 17:52:52.586814 np0000005588 nova-scheduler[93739]: DEBUG oslo_concurrency.lockutils [None req-32c54b8a-13f8-4da0-aee6-ec04e7ff01ca tempest-DeleteServersTestJSON-1889741947 tempest-DeleteServersTestJSON-1889741947-project-member] Acquiring lock "np0000005588-np0000005588" by "nova.scheduler.host_manager.HostState.consume_from_request.._locked" {{(pid=93739) inner /opt/stack/data/venv/lib/python3.12/site-packages/oslo_concurrency/lockutils.py:512}}
Jul 21 17:52:52.587020 np0000005588 nova-scheduler[93739]: DEBUG oslo_concurrency.lockutils [None req-32c54b8a-13f8-4da0-aee6-ec04e7ff01ca tempest-DeleteServersTestJSON-1889741947 tempest-DeleteServersTestJSON-1889741947-project-member] Lock "np0000005588-np0000005588" acquired by "nova.scheduler.host_manager.HostState.consume_from_request.._locked" :: waited 0.000s {{(pid=93739) inner /opt/stack/data/venv/lib/python3.12/site-packages/oslo_concurrency/lockutils.py:525}}
