Jun 26 06:39:16.266000 np0000003707 devstack@n-api.service[87201]: DEBUG oslo_concurrency.lockutils [None req-2bbfdb66-b3cd-43d3-85cf-ac637b98842a tempest-TestMultiAttachVolumeSwap-205191285 tempest-TestMultiAttachVolumeSwap-205191285-project-member] Lock "5dc4e044-11b0-447d-a605-9853f450633e" "released" by "nova.context.set_target_cell..get_or_set_cached_cell_and_set_connections" :: held 0.000s {{(pid=87201) inner /opt/stack/data/venv/lib/python3.12/site-packages/oslo_concurrency/lockutils.py:543}}
Jun 26 06:39:16.267098 np0000003707 devstack@n-api.service[87201]: DEBUG oslo_concurrency.lockutils [None req-2bbfdb66-b3cd-43d3-85cf-ac637b98842a tempest-TestMultiAttachVolumeSwap-205191285 tempest-TestMultiAttachVolumeSwap-205191285-project-member] Acquiring lock "5dc4e044-11b0-447d-a605-9853f450633e" by "nova.context.set_target_cell..get_or_set_cached_cell_and_set_connections" {{(pid=87201) inner /opt/stack/data/venv/lib/python3.12/site-packages/oslo_concurrency/lockutils.py:511}}
Jun 26 06:39:16.267630 np0000003707 devstack@n-api.service[87201]: DEBUG oslo_concurrency.lockutils [None req-2bbfdb66-b3cd-43d3-85cf-ac637b98842a tempest-TestMultiAttachVolumeSwap-205191285 tempest-TestMultiAttachVolumeSwap-205191285-project-member] Lock "5dc4e044-11b0-447d-a605-9853f450633e" acquired by "nova.context.set_target_cell..get_or_set_cached_cell_and_set_connections" :: waited 0.001s {{(pid=87201) inner /opt/stack/data/venv/lib/python3.12/site-packages/oslo_concurrency/lockutils.py:524}}
Jun 26 06:39:16.268258 np0000003707 devstack@n-api.service[87201]: DEBUG oslo_concurrency.lockutils [None req-2bbfdb66-b3cd-43d3-85cf-ac637b98842a tempest-TestMultiAttachVolumeSwap-205191285 tempest-TestMultiAttachVolumeSwap-205191285-project-member] Lock "5dc4e044-11b0-447d-a605-9853f450633e" "released" by "nova.context.set_target_cell..get_or_set_cached_cell_and_set_connections" :: held 0.000s {{(pid=87201) inner /opt/stack/data/venv/lib/python3.12/site-packages/oslo_concurrency/lockutils.py:543}}
Jun 26 06:39:16.288327 np0000003707 devstack@n-api.service[87204]: DEBUG nova.api.openstack.wsgi [req-79d36c69-9d9b-41f8-bb75-07bd167283cb req-ee7e90cd-3fa2-4053-ac2e-ce4477c4132e service nova] Action: 'create', calling method: >, body: {"events": [{"name": "network-changed", "server_uuid": "b459ac45-40c5-4b0c-a7df-f22b3ee49656", "tag": "f22c1673-07d4-4379-9e9a-23a65b471372"}]} {{(pid=87204) _process_stack /opt/stack/nova/nova/api/openstack/wsgi.py:549}}
Jun 26 06:39:16.302855 np0000003707 devstack@n-api.service[87201]: WARNING neutronclient.v2_0.client [None req-2bbfdb66-b3cd-43d3-85cf-ac637b98842a tempest-TestMultiAttachVolumeSwap-205191285 tempest-TestMultiAttachVolumeSwap-205191285-project-member] The python binding code in neutronclient is deprecated in favor of OpenstackSDK, please use that as this will be removed in a future release.
Jun 26 06:39:16.303293 np0000003707 devstack@n-api.service[87204]: DEBUG oslo_concurrency.lockutils [req-79d36c69-9d9b-41f8-bb75-07bd167283cb req-ee7e90cd-3fa2-4053-ac2e-ce4477c4132e service nova] Acquiring lock "5dc4e044-11b0-447d-a605-9853f450633e" by "nova.context.set_target_cell..get_or_set_cached_cell_and_set_connections" {{(pid=87204) inner /opt/stack/data/venv/lib/python3.12/site-packages/oslo_concurrency/lockutils.py:511}}
Jun 26 06:39:16.303470 np0000003707 devstack@n-api.service[87204]: DEBUG oslo_concurrency.lockutils [req-79d36c69-9d9b-41f8-bb75-07bd167283cb req-ee7e90cd-3fa2-4053-ac2e-ce4477c4132e service nova] Lock "5dc4e044-11b0-447d-a605-9853f450633e" acquired by "nova.context.set_target_cell..get_or_set_cached_cell_and_set_connections" :: waited 0.000s {{(pid=87204) inner /opt/stack/data/venv/lib/python3.12/site-packages/oslo_concurrency/lockutils.py:524}}
Jun 26 06:39:16.303872 np0000003707 devstack@n-api.service[87204]: DEBUG oslo_concurrency.lockutils [req-79d36c69-9d9b-41f8-bb75-07bd167283cb req-ee7e90cd-3fa2-4053-ac2e-ce4477c4132e service nova] Lock "5dc4e044-11b0-447d-a605-9853f450633e" "released" by "nova.context.set_target_cell..get_or_set_cached_cell_and_set_connections" :: held 0.000s {{(pid=87204) inner /opt/stack/data/venv/lib/python3.12/site-packages/oslo_concurrency/lockutils.py:543}}
Jun 26 06:39:16.312306 np0000003707 devstack@n-api.service[87204]: INFO nova.api.openstack.compute.server_external_events [req-79d36c69-9d9b-41f8-bb75-07bd167283cb req-ee7e90cd-3fa2-4053-ac2e-ce4477c4132e service nova] Creating event network-changed:f22c1673-07d4-4379-9e9a-23a65b471372 for instance b459ac45-40c5-4b0c-a7df-f22b3ee49656 on np0000003707
Jun 26 06:39:16.312306 np0000003707 devstack@n-api.service[87204]: DEBUG nova.compute.rpcapi [req-79d36c69-9d9b-41f8-bb75-07bd167283cb req-ee7e90cd-3fa2-4053-ac2e-ce4477c4132e service nova] RPC: Sending the message to topic: compute-alt {{(pid=87204) prepare_for_alt_rpcserver /opt/stack/nova/nova/compute/rpcapi.py:595}}
Jun 26 06:39:16.316792 np0000003707 devstack@n-api.service[87204]: INFO nova.api.openstack.requestlog [req-79d36c69-9d9b-41f8-bb75-07bd167283cb req-ee7e90cd-3fa2-4053-ac2e-ce4477c4132e service nova] 10.4.3.118 "POST /compute/v2.1/os-server-external-events" status: 200 len: 179 microversion: 2.1 time: 0.031627
Jun 26 06:39:16.317844 np0000003707 devstack@n-api.service[87204]: [pid: 87204|app: 0|req: 30/124] 10.4.3.118 () {72 vars in 1432 bytes} [Fri Jun 26 06:39:16 2026] POST /compute/v2.1/os-server-external-events => generated 179 bytes in 32 msecs (HTTP/1.1 200) 9 headers in 357 bytes (1 switches on core 0)
Jun 26 06:39:16.446347 np0000003707 devstack@n-api.service[87202]: DEBUG nova.api.openstack.wsgi [None req-7e6019cb-766b-427e-90c0-fcfde8101a7f tempest-VolumesNegativeTest-1823571544 tempest-VolumesNegativeTest-1823571544-project-member] Action: 'create', calling method: >, body: {"volume": {"size": "#$%", "display_name": "tempest-VolumesNegativeTest-Volume-1550857957", "metadata": {"Type": "work"}}} {{(pid=87202) _process_stack /opt/stack/nova/nova/api/openstack/wsgi.py:549}}
Jun 26 06:39:16.447514 np0000003707 devstack@n-api.service[87203]: DEBUG nova.api.openstack.wsgi [None req-e6dab5e2-3741-4fcf-921d-55835ecb9c17 tempest-TaggedBootDevicesTest_v242-160875073 tempest-TaggedBootDevicesTest_v242-160875073-project-member] Calling method '>' {{(pid=87203) _process_stack /opt/stack/nova/nova/api/openstack/wsgi.py:551}}
Jun 26 06:39:16.449029 np0000003707 devstack@n-api.service[87203]: DEBUG nova.compute.api [None req-e6dab5e2-3741-4fcf-921d-55835ecb9c17 tempest-TaggedBootDevicesTest_v242-160875073 tempest-TaggedBootDevicesTest_v242-160875073-project-member] [instance: b459ac45-40c5-4b0c-a7df-f22b3ee49656] Fetching instance by UUID {{(pid=87203) get /opt/stack/nova/nova/compute/api.py:3069}}
Jun 26 06:39:16.449622 np0000003707 devstack@n-api.service[87202]: DEBUG nova.api.openstack.wsgi [None req-7e6019cb-766b-427e-90c0-fcfde8101a7f tempest-VolumesNegativeTest-1823571544 tempest-VolumesNegativeTest-1823571544-project-member] Returning 400 to user: Invalid input for field/attribute size. Value: #$%. '#$%' does not match '^[0-9]+$' {{(pid=87202) __call__ /opt/stack/nova/nova/api/openstack/wsgi.py:908}}
Jun 26 06:39:16.450862 np0000003707 devstack@n-api.service[87202]: INFO nova.api.openstack.requestlog [None req-7e6019cb-766b-427e-90c0-fcfde8101a7f tempest-VolumesNegativeTest-1823571544 tempest-VolumesNegativeTest-1823571544-project-member] 10.4.3.118 "POST /compute/v2.1/os-volumes" status: 400 len: 127 microversion: 2.1 time: 0.439770
Jun 26 06:39:16.451793 np0000003707 devstack@n-api.service[87202]: [pid: 87202|app: 0|req: 26/125] 10.4.3.118 () {68 vars in 1274 bytes} [Fri Jun 26 06:39:16 2026] POST /compute/v2.1/os-volumes => generated 127 bytes in 441 msecs (HTTP/1.1 400) 9 headers in 381 bytes (1 switches on core 0)
Jun 26 06:39:16.457057 np0000003707 devstack@n-api.service[87203]: DEBUG oslo_concurrency.lockutils [None req-e6dab5e2-3741-4fcf-921d-55835ecb9c17 tempest-TaggedBootDevicesTest_v242-160875073 tempest-TaggedBootDevicesTest_v242-160875073-project-member] Acquiring lock "5dc4e044-11b0-447d-a605-9853f450633e" by "nova.context.set_target_cell..get_or_set_cached_cell_and_set_connections" {{(pid=87203) inner /opt/stack/data/venv/lib/python3.12/site-packages/oslo_concurrency/lockutils.py:511}}
Jun 26 06:39:16.457951 np0000003707 devstack@n-api.service[87203]: DEBUG oslo_concurrency.lockutils [None req-e6dab5e2-3741-4fcf-921d-55835ecb9c17 tempest-TaggedBootDevicesTest_v242-160875073 tempest-TaggedBootDevicesTest_v242-160875073-project-member] Lock "5dc4e044-11b0-447d-a605-9853f450633e" acquired by "nova.context.set_target_cell..get_or_set_cached_cell_and_set_connections" :: waited 0.001s {{(pid=87203) inner /opt/stack/data/venv/lib/python3.12/site-packages/oslo_concurrency/lockutils.py:524}}
Jun 26 06:39:16.458117 np0000003707 devstack@n-api.service[87203]: DEBUG oslo_concurrency.lockutils [None req-e6dab5e2-3741-4fcf-921d-55835ecb9c17 tempest-TaggedBootDevicesTest_v242-160875073 tempest-TaggedBootDevicesTest_v242-160875073-project-member] Lock "5dc4e044-11b0-447d-a605-9853f450633e" "released" by "nova.context.set_target_cell..get_or_set_cached_cell_and_set_connections" :: held 0.001s {{(pid=87203) inner /opt/stack/data/venv/lib/python3.12/site-packages/oslo_concurrency/lockutils.py:543}}
Jun 26 06:39:16.458922 np0000003707 devstack@n-api.service[87203]: DEBUG oslo_concurrency.lockutils [None req-e6dab5e2-3741-4fcf-921d-55835ecb9c17 tempest-TaggedBootDevicesTest_v242-160875073 tempest-TaggedBootDevicesTest_v242-160875073-project-member] Acquiring lock "5dc4e044-11b0-447d-a605-9853f450633e" by "nova.context.set_target_cell..get_or_set_cached_cell_and_set_connections" {{(pid=87203) inner /opt/stack/data/venv/lib/python3.12/site-packages/oslo_concurrency/lockutils.py:511}}
Jun 26 06:39:16.460001 np0000003707 devstack@n-api.service[87203]: DEBUG oslo_concurrency.lockutils [None req-e6dab5e2-3741-4fcf-921d-55835ecb9c17 tempest-TaggedBootDevicesTest_v242-160875073 tempest-TaggedBootDevicesTest_v242-160875073-project-member] Lock "5dc4e044-11b0-447d-a605-9853f450633e" acquired by "nova.context.set_target_cell..get_or_set_cached_cell_and_set_connections" :: waited 0.001s {{(pid=87203) inner /opt/stack/data/venv/lib/python3.12/site-packages/oslo_concurrency/lockutils.py:524}}
Jun 26 06:39:16.460001 np0000003707 devstack@n-api.service[87203]: DEBUG oslo_concurrency.lockutils [None req-e6dab5e2-3741-4fcf-921d-55835ecb9c17 tempest-TaggedBootDevicesTest_v242-160875073 tempest-TaggedBootDevicesTest_v242-160875073-project-member] Lock "5dc4e044-11b0-447d-a605-9853f450633e" "released" by "nova.context.set_target_cell..get_or_set_cached_cell_and_set_connections" :: held 0.001s {{(pid=87203) inner /opt/stack/data/venv/lib/python3.12/site-packages/oslo_concurrency/lockutils.py:543}}
Jun 26 06:39:16.466907 np0000003707 devstack@n-api.service[87204]: DEBUG nova.api.openstack.wsgi [None req-20b40b8f-8334-4a9d-b776-c0a2702f84bf tempest-VolumesNegativeTest-1823571544 tempest-VolumesNegativeTest-1823571544-project-member] Action: 'create', calling method: >, body: {"volume": {"size": "0", "display_name": "tempest-VolumesNegativeTest-Volume-1510766841", "metadata": {"Type": "work"}}} {{(pid=87204) _process_stack /opt/stack/nova/nova/api/openstack/wsgi.py:549}}
Jun 26 06:39:16.468903 np0000003707 devstack@n-api.service[87204]: DEBUG nova.api.openstack.wsgi [None req-20b40b8f-8334-4a9d-b776-c0a2702f84bf tempest-VolumesNegativeTest-1823571544 tempest-VolumesNegativeTest-1823571544-project-member] Returning 400 to user: Invalid input for field/attribute size. Value: 0. 0 is less than the minimum of 1 {{(pid=87204) __call__ /opt/stack/nova/nova/api/openstack/wsgi.py:908}}
Jun 26 06:39:16.470008 np0000003707 devstack@n-api.service[87204]: INFO nova.api.openstack.requestlog [None req-20b40b8f-8334-4a9d-b776-c0a2702f84bf tempest-VolumesNegativeTest-1823571544 tempest-VolumesNegativeTest-1823571544-project-member] 10.4.3.118 "POST /compute/v2.1/os-volumes" status: 400 len: 125 microversion: 2.1 time: 0.006866
Jun 26 06:39:16.470549 np0000003707 devstack@n-api.service[87204]: [pid: 87204|app: 0|req: 31/126] 10.4.3.118 () {68 vars in 1274 bytes} [Fri Jun 26 06:39:16 2026] POST /compute/v2.1/os-volumes => generated 125 bytes in 8 msecs (HTTP/1.1 400) 9 headers in 381 bytes (1 switches on core 0)
Jun 26 06:39:16.486639 np0000003707 devstack@n-api.service[87202]: DEBUG nova.api.openstack.wsgi [None req-52d4936d-d5e3-4cce-b648-3d53ed0136a2 tempest-VolumesNegativeTest-1823571544 tempest-VolumesNegativeTest-1823571544-project-member] Action: 'create', calling method: >, body: {"volume": {"size": "", "display_name": "tempest-VolumesNegativeTest-Volume-2009580862", "metadata": {"Type": "work"}}} {{(pid=87202) _process_stack /opt/stack/nova/nova/api/openstack/wsgi.py:549}}
Jun 26 06:39:16.488198 np0000003707 devstack@n-api.service[87202]: DEBUG nova.api.openstack.wsgi [None req-52d4936d-d5e3-4cce-b648-3d53ed0136a2 tempest-VolumesNegativeTest-1823571544 tempest-VolumesNegativeTest-1823571544-project-member] Returning 400 to user: Invalid input for field/attribute size. Value: . '' does not match '^[0-9]+$' {{(pid=87202) __call__ /opt/stack/nova/nova/api/openstack/wsgi.py:908}}
Jun 26 06:39:16.488810 np0000003707 devstack@n-api.service[87202]: INFO nova.api.openstack.requestlog [None req-52d4936d-d5e3-4cce-b648-3d53ed0136a2 tempest-VolumesNegativeTest-1823571544 tempest-VolumesNegativeTest-1823571544-project-member] 10.4.3.118 "POST /compute/v2.1/os-volumes" status: 400 len: 121 microversion: 2.1 time: 0.004833
Jun 26 06:39:16.488991 np0000003707 devstack@n-api.service[87202]: [pid: 87202|app: 0|req: 27/127] 10.4.3.118 () {68 vars in 1274 bytes} [Fri Jun 26 06:39:16 2026] POST /compute/v2.1/os-volumes => generated 121 bytes in 5 msecs (HTTP/1.1 400) 9 headers in 381 bytes (1 switches on core 0)
Jun 26 06:39:16.489598 np0000003707 devstack@n-api.service[87203]: WARNING neutronclient.v2_0.client [None req-e6dab5e2-3741-4fcf-921d-55835ecb9c17 tempest-TaggedBootDevicesTest_v242-160875073 tempest-TaggedBootDevicesTest_v242-160875073-project-member] The python binding code in neutronclient is deprecated in favor of OpenstackSDK, please use that as this will be removed in a future release.
Jun 26 06:39:16.501972 np0000003707 devstack@n-api.service[87204]: DEBUG nova.api.openstack.wsgi [None req-6409298c-7063-4711-8151-050a1fbfc164 tempest-VolumesNegativeTest-1823571544 tempest-VolumesNegativeTest-1823571544-project-member] Calling method '>' {{(pid=87204) _process_stack /opt/stack/nova/nova/api/openstack/wsgi.py:551}}
Jun 26 06:39:16.520611 np0000003707 devstack@n-api.service[87202]: DEBUG nova.api.openstack.wsgi [None req-85887ae4-eb1f-4003-af76-4ebe0231420e tempest-TaggedBootDevicesTest-780546725 tempest-TaggedBootDevicesTest-780546725-project-member] Calling method '>' {{(pid=87202) _process_stack /opt/stack/nova/nova/api/openstack/wsgi.py:551}}
Jun 26 06:39:16.522912 np0000003707 devstack@n-api.service[87202]: DEBUG nova.compute.api [None req-85887ae4-eb1f-4003-af76-4ebe0231420e tempest-TaggedBootDevicesTest-780546725 tempest-TaggedBootDevicesTest-780546725-project-member] [instance: 0c4d66ae-8bb1-46a3-b573-196ff6bb6e36] Fetching instance by UUID {{(pid=87202) get /opt/stack/nova/nova/compute/api.py:3069}}
Jun 26 06:39:16.530051 np0000003707 devstack@n-api.service[87202]: DEBUG oslo_concurrency.lockutils [None req-85887ae4-eb1f-4003-af76-4ebe0231420e tempest-TaggedBootDevicesTest-780546725 tempest-TaggedBootDevicesTest-780546725-project-member] Acquiring lock "5dc4e044-11b0-447d-a605-9853f450633e" by "nova.context.set_target_cell..get_or_set_cached_cell_and_set_connections" {{(pid=87202) inner /opt/stack/data/venv/lib/python3.12/site-packages/oslo_concurrency/lockutils.py:511}}
Jun 26 06:39:16.530273 np0000003707 devstack@n-api.service[87202]: DEBUG oslo_concurrency.lockutils [None req-85887ae4-eb1f-4003-af76-4ebe0231420e tempest-TaggedBootDevicesTest-780546725 tempest-TaggedBootDevicesTest-780546725-project-member] Lock "5dc4e044-11b0-447d-a605-9853f450633e" acquired by "nova.context.set_target_cell..get_or_set_cached_cell_and_set_connections" :: waited 0.000s {{(pid=87202) inner /opt/stack/data/venv/lib/python3.12/site-packages/oslo_concurrency/lockutils.py:524}}
Jun 26 06:39:16.530596 np0000003707 devstack@n-api.service[87202]: DEBUG oslo_concurrency.lockutils [None req-85887ae4-eb1f-4003-af76-4ebe0231420e tempest-TaggedBootDevicesTest-780546725 tempest-TaggedBootDevicesTest-780546725-project-member] Lock "5dc4e044-11b0-447d-a605-9853f450633e" "released" by "nova.context.set_target_cell..get_or_set_cached_cell_and_set_connections" :: held 0.001s {{(pid=87202) inner /opt/stack/data/venv/lib/python3.12/site-packages/oslo_concurrency/lockutils.py:543}}
Jun 26 06:39:16.531161 np0000003707 devstack@n-api.service[87202]: DEBUG oslo_concurrency.lockutils [None req-85887ae4-eb1f-4003-af76-4ebe0231420e tempest-TaggedBootDevicesTest-780546725 tempest-TaggedBootDevicesTest-780546725-project-member] Acquiring lock "5dc4e044-11b0-447d-a605-9853f450633e" by "nova.context.set_target_cell..get_or_set_cached_cell_and_set_connections" {{(pid=87202) inner /opt/stack/data/venv/lib/python3.12/site-packages/oslo_concurrency/lockutils.py:511}}
Jun 26 06:39:16.532077 np0000003707 devstack@n-api.service[87202]: DEBUG oslo_concurrency.lockutils [None req-85887ae4-eb1f-4003-af76-4ebe0231420e tempest-TaggedBootDevicesTest-780546725 tempest-TaggedBootDevicesTest-780546725-project-member] Lock "5dc4e044-11b0-447d-a605-9853f450633e" acquired by "nova.context.set_target_cell..get_or_set_cached_cell_and_set_connections" :: waited 0.000s {{(pid=87202) inner /opt/stack/data/venv/lib/python3.12/site-packages/oslo_concurrency/lockutils.py:524}}
Jun 26 06:39:16.532518 np0000003707 devstack@n-api.service[87202]: DEBUG oslo_concurrency.lockutils [None req-85887ae4-eb1f-4003-af76-4ebe0231420e tempest-TaggedBootDevicesTest-780546725 tempest-TaggedBootDevicesTest-780546725-project-member] Lock "5dc4e044-11b0-447d-a605-9853f450633e" "released" by "nova.context.set_target_cell..get_or_set_cached_cell_and_set_connections" :: held 0.001s {{(pid=87202) inner /opt/stack/data/venv/lib/python3.12/site-packages/oslo_concurrency/lockutils.py:543}}
Jun 26 06:39:16.537037 np0000003707 devstack@n-api.service[87204]: INFO nova.api.openstack.wsgi [None req-6409298c-7063-4711-8151-050a1fbfc164 tempest-VolumesNegativeTest-1823571544 tempest-VolumesNegativeTest-1823571544-project-member] HTTP exception thrown: Volume tempest-invalid-1404382622 could not be found.
Jun 26 06:39:16.537493 np0000003707 devstack@n-api.service[87204]: DEBUG nova.api.openstack.wsgi [None req-6409298c-7063-4711-8151-050a1fbfc164 tempest-VolumesNegativeTest-1823571544 tempest-VolumesNegativeTest-1823571544-project-member] Returning 404 to user: Volume tempest-invalid-1404382622 could not be found. {{(pid=87204) __call__ /opt/stack/nova/nova/api/openstack/wsgi.py:908}}
Jun 26 06:39:16.539474 np0000003707 devstack@n-api.service[87204]: INFO nova.api.openstack.requestlog [None req-6409298c-7063-4711-8151-050a1fbfc164 tempest-VolumesNegativeTest-1823571544 tempest-VolumesNegativeTest-1823571544-project-member] 10.4.3.118 "DELETE /compute/v2.1/os-volumes/tempest-invalid-1404382622" status: 404 len: 99 microversion: 2.1 time: 0.040866
Jun 26 06:39:16.539846 np0000003707 devstack@n-api.service[87204]: [pid: 87204|app: 0|req: 32/128] 10.4.3.118 () {66 vars in 1336 bytes} [Fri Jun 26 06:39:16 2026] DELETE /compute/v2.1/os-volumes/tempest-invalid-1404382622 => generated 99 bytes in 41 msecs (HTTP/1.1 404) 9 headers in 378 bytes (1 switches on core 0)
Jun 26 06:39:16.555793 np0000003707 devstack@n-api.service[87204]: INFO nova.api.openstack.requestlog [None req-cd2884de-9185-4d32-83c7-f5af238eccc7 tempest-VolumesNegativeTest-1823571544 tempest-VolumesNegativeTest-1823571544-project-member] 10.4.3.118 "DELETE /compute/v2.1/os-volumes/" status: 404 len: 112 microversion: - time: 0.002669
Jun 26 06:39:16.556074 np0000003707 devstack@n-api.service[87204]: [pid: 87204|app: 0|req: 33/129] 10.4.3.118 () {66 vars in 1258 bytes} [Fri Jun 26 06:39:16 2026] DELETE /compute/v2.1/os-volumes/ => generated 112 bytes in 3 msecs (HTTP/1.1 404) 5 headers in 228 bytes (1 switches on core 0)
Jun 26 06:39:16.562807 np0000003707 devstack@n-api.service[87202]: WARNING neutronclient.v2_0.client [None req-85887ae4-eb1f-4003-af76-4ebe0231420e tempest-TaggedBootDevicesTest-780546725 tempest-TaggedBootDevicesTest-780546725-project-member] The python binding code in neutronclient is deprecated in favor of OpenstackSDK, please use that as this will be removed in a future release.
Jun 26 06:39:16.565078 np0000003707 devstack@n-api.service[87201]: DEBUG nova.policy [None req-2bbfdb66-b3cd-43d3-85cf-ac637b98842a tempest-TestMultiAttachVolumeSwap-205191285 tempest-TestMultiAttachVolumeSwap-205191285-project-member] Policy check for os_compute_api:os-extended-server-attributes failed with credentials {'is_admin': False, 'user_id': 'e4e411d39e3c4082b7e18af52e844794', 'user_domain_id': 'default', 'system_scope': None, 'domain_id': None, 'project_id': '23b2bca528aa4562940e80c1f6c0d8d9', 'project_domain_id': 'default', 'roles': ['reader', 'member'], 'is_admin_project': True, 'service_user_id': None, 'service_user_domain_id': None, 'service_project_id': None, 'service_project_domain_id': None, 'service_roles': []} {{(pid=87201) authorize /opt/stack/nova/nova/policy.py:192}}
Jun 26 06:39:16.571115 np0000003707 devstack@n-api.service[87201]: DEBUG nova.policy [None req-2bbfdb66-b3cd-43d3-85cf-ac637b98842a tempest-TestMultiAttachVolumeSwap-205191285 tempest-TestMultiAttachVolumeSwap-205191285-project-member] Policy check for os_compute_api:servers:show:host_status failed with credentials {'is_admin': False, 'user_id': 'e4e411d39e3c4082b7e18af52e844794', 'user_domain_id': 'default', 'system_scope': None, 'domain_id': None, 'project_id': '23b2bca528aa4562940e80c1f6c0d8d9', 'project_domain_id': 'default', 'roles': ['reader', 'member'], 'is_admin_project': True, 'service_user_id': None, 'service_user_domain_id': None, 'service_project_id': None, 'service_project_domain_id': None, 'service_roles': []} {{(pid=87201) authorize /opt/stack/nova/nova/policy.py:192}}
Jun 26 06:39:16.571750 np0000003707 devstack@n-api.service[87201]: DEBUG nova.policy [None req-2bbfdb66-b3cd-43d3-85cf-ac637b98842a tempest-TestMultiAttachVolumeSwap-205191285 tempest-TestMultiAttachVolumeSwap-205191285-project-member] Policy check for os_compute_api:servers:show:host_status:unknown-only failed with credentials {'is_admin': False, 'user_id': 'e4e411d39e3c4082b7e18af52e844794', 'user_domain_id': 'default', 'system_scope': None, 'domain_id': None, 'project_id': '23b2bca528aa4562940e80c1f6c0d8d9', 'project_domain_id': 'default', 'roles': ['reader', 'member'], 'is_admin_project': True, 'service_user_id': None, 'service_user_domain_id': None, 'service_project_id': None, 'service_project_domain_id': None, 'service_roles': []} {{(pid=87201) authorize /opt/stack/nova/nova/policy.py:192}}
Jun 26 06:39:16.579714 np0000003707 devstack@n-api.service[87201]: INFO nova.api.openstack.requestlog [None req-2bbfdb66-b3cd-43d3-85cf-ac637b98842a tempest-TestMultiAttachVolumeSwap-205191285 tempest-TestMultiAttachVolumeSwap-205191285-project-member] 10.4.3.118 "GET /compute/v2.1/servers/7173d92b-5f09-48c6-8474-411701fee488" status: 200 len: 1456 microversion: 2.60 time: 0.328935
Jun 26 06:39:16.580137 np0000003707 devstack@n-api.service[87201]: [pid: 87201|app: 0|req: 36/130] 10.4.3.118 () {68 vars in 1395 bytes} [Fri Jun 26 06:39:16 2026] GET /compute/v2.1/servers/7173d92b-5f09-48c6-8474-411701fee488 => generated 1456 bytes in 330 msecs (HTTP/1.1 200) 9 headers in 360 bytes (1 switches on core 0)
Jun 26 06:39:16.636817 np0000003707 devstack@n-api.service[87203]: DEBUG dbcounter [-] [87203] Writing DB stats nova_cell0:SELECT=10 {{(pid=87203) stat_writer /opt/stack/data/venv/lib/python3.12/site-packages/dbcounter.py:115}}
Jun 26 06:39:16.652242 np0000003707 devstack@n-api.service[87202]: DEBUG nova.policy [None req-85887ae4-eb1f-4003-af76-4ebe0231420e tempest-TaggedBootDevicesTest-780546725 tempest-TaggedBootDevicesTest-780546725-project-member] Policy check for os_compute_api:os-extended-server-attributes failed with credentials {'is_admin': False, 'user_id': '0b6a71e4557c48cdb54e15aa6163cf85', 'user_domain_id': 'default', 'system_scope': None, 'domain_id': None, 'project_id': '35830fcbf7e74c1ba43b48ae3f8412f5', 'project_domain_id': 'default', 'roles': ['reader', 'member'], 'is_admin_project': True, 'service_user_id': None, 'service_user_domain_id': None, 'service_project_id': None, 'service_project_domain_id': None, 'service_roles': []} {{(pid=87202) authorize /opt/stack/nova/nova/policy.py:192}}
Jun 26 06:39:16.663438 np0000003707 devstack@n-api.service[87202]: DEBUG nova.policy [None req-85887ae4-eb1f-4003-af76-4ebe0231420e tempest-TaggedBootDevicesTest-780546725 tempest-TaggedBootDevicesTest-780546725-project-member] Policy check for os_compute_api:servers:show:host_status failed with credentials {'is_admin': False, 'user_id': '0b6a71e4557c48cdb54e15aa6163cf85', 'user_domain_id': 'default', 'system_scope': None, 'domain_id': None, 'project_id': '35830fcbf7e74c1ba43b48ae3f8412f5', 'project_domain_id': 'default', 'roles': ['reader', 'member'], 'is_admin_project': True, 'service_user_id': None, 'service_user_domain_id': None, 'service_project_id': None, 'service_project_domain_id': None, 'service_roles': []} {{(pid=87202) authorize /opt/stack/nova/nova/policy.py:192}}
Jun 26 06:39:16.664998 np0000003707 devstack@n-api.service[87202]: DEBUG nova.policy [None req-85887ae4-eb1f-4003-af76-4ebe0231420e tempest-TaggedBootDevicesTest-780546725 tempest-TaggedBootDevicesTest-780546725-project-member] Policy check for os_compute_api:servers:show:host_status:unknown-only failed with credentials {'is_admin': False, 'user_id': '0b6a71e4557c48cdb54e15aa6163cf85', 'user_domain_id': 'default', 'system_scope': None, 'domain_id': None, 'project_id': '35830fcbf7e74c1ba43b48ae3f8412f5', 'project_domain_id': 'default', 'roles': ['reader', 'member'], 'is_admin_project': True, 'service_user_id': None, 'service_user_domain_id': None, 'service_project_id': None, 'service_project_domain_id': None, 'service_roles': []} {{(pid=87202) authorize /opt/stack/nova/nova/policy.py:192}}
Jun 26 06:39:16.671216 np0000003707 devstack@n-api.service[87202]: INFO nova.api.openstack.requestlog [None req-85887ae4-eb1f-4003-af76-4ebe0231420e tempest-TaggedBootDevicesTest-780546725 tempest-TaggedBootDevicesTest-780546725-project-member] 10.4.3.118 "GET /compute/v2.1/servers/0c4d66ae-8bb1-46a3-b573-196ff6bb6e36" status: 200 len: 1572 microversion: 2.32 time: 0.153396
Jun 26 06:39:16.671797 np0000003707 devstack@n-api.service[87202]: [pid: 87202|app: 0|req: 28/131] 10.4.3.118 () {68 vars in 1395 bytes} [Fri Jun 26 06:39:16 2026] GET /compute/v2.1/servers/0c4d66ae-8bb1-46a3-b573-196ff6bb6e36 => generated 1572 bytes in 154 msecs (HTTP/1.1 200) 9 headers in 360 bytes (1 switches on core 0)
Jun 26 06:39:16.815682 np0000003707 devstack@n-api.service[87203]: DEBUG nova.policy [None req-e6dab5e2-3741-4fcf-921d-55835ecb9c17 tempest-TaggedBootDevicesTest_v242-160875073 tempest-TaggedBootDevicesTest_v242-160875073-project-member] Policy check for os_compute_api:os-extended-server-attributes failed with credentials {'is_admin': False, 'user_id': '0cd5bfa6da10476abdffb5e2f94e913e', 'user_domain_id': 'default', 'system_scope': None, 'domain_id': None, 'project_id': '183abb46c4c34570b50a8a64c5fe127c', 'project_domain_id': 'default', 'roles': ['reader', 'member'], 'is_admin_project': True, 'service_user_id': None, 'service_user_domain_id': None, 'service_project_id': None, 'service_project_domain_id': None, 'service_roles': []} {{(pid=87203) authorize /opt/stack/nova/nova/policy.py:192}}
Jun 26 06:39:16.827575 np0000003707 devstack@n-api.service[87203]: DEBUG nova.policy [None req-e6dab5e2-3741-4fcf-921d-55835ecb9c17 tempest-TaggedBootDevicesTest_v242-160875073 tempest-TaggedBootDevicesTest_v242-160875073-project-member] Policy check for os_compute_api:servers:show:host_status failed with credentials {'is_admin': False, 'user_id': '0cd5bfa6da10476abdffb5e2f94e913e', 'user_domain_id': 'default', 'system_scope': None, 'domain_id': None, 'project_id': '183abb46c4c34570b50a8a64c5fe127c', 'project_domain_id': 'default', 'roles': ['reader', 'member'], 'is_admin_project': True, 'service_user_id': None, 'service_user_domain_id': None, 'service_project_id': None, 'service_project_domain_id': None, 'service_roles': []} {{(pid=87203) authorize /opt/stack/nova/nova/policy.py:192}}
Jun 26 06:39:16.827753 np0000003707 devstack@n-api.service[87203]: DEBUG nova.policy [None req-e6dab5e2-3741-4fcf-921d-55835ecb9c17 tempest-TaggedBootDevicesTest_v242-160875073 tempest-TaggedBootDevicesTest_v242-160875073-project-member] Policy check for os_compute_api:servers:show:host_status:unknown-only failed with credentials {'is_admin': False, 'user_id': '0cd5bfa6da10476abdffb5e2f94e913e', 'user_domain_id': 'default', 'system_scope': None, 'domain_id': None, 'project_id': '183abb46c4c34570b50a8a64c5fe127c', 'project_domain_id': 'default', 'roles': ['reader', 'member'], 'is_admin_project': True, 'service_user_id': None, 'service_user_domain_id': None, 'service_project_id': None, 'service_project_domain_id': None, 'service_roles': []} {{(pid=87203) authorize /opt/stack/nova/nova/policy.py:192}}
Jun 26 06:39:16.840031 np0000003707 devstack@n-api.service[87203]: INFO nova.api.openstack.requestlog [None req-e6dab5e2-3741-4fcf-921d-55835ecb9c17 tempest-TaggedBootDevicesTest_v242-160875073 tempest-TaggedBootDevicesTest_v242-160875073-project-member] 10.4.3.118 "GET /compute/v2.1/servers/b459ac45-40c5-4b0c-a7df-f22b3ee49656" status: 200 len: 1842 microversion: 2.42 time: 0.393083
Jun 26 06:39:16.840031 np0000003707 devstack@n-api.service[87203]: [pid: 87203|app: 0|req: 35/132] 10.4.3.118 () {68 vars in 1395 bytes} [Fri Jun 26 06:39:16 2026] GET /compute/v2.1/servers/b459ac45-40c5-4b0c-a7df-f22b3ee49656 => generated 1842 bytes in 394 msecs (HTTP/1.1 200) 9 headers in 360 bytes (1 switches on core 0)
Jun 26 06:39:16.981404 np0000003707 devstack@n-api.service[87201]: DEBUG nova.api.openstack.wsgi [None req-0490ba31-1cf5-464d-a351-04c605117346 tempest-TaggedAttachmentsTest-1650757888 tempest-TaggedAttachmentsTest-1650757888-project-member] Calling method '>' {{(pid=87201) _process_stack /opt/stack/nova/nova/api/openstack/wsgi.py:551}}
Jun 26 06:39:16.983603 np0000003707 devstack@n-api.service[87201]: DEBUG nova.compute.api [None req-0490ba31-1cf5-464d-a351-04c605117346 tempest-TaggedAttachmentsTest-1650757888 tempest-TaggedAttachmentsTest-1650757888-project-member] [instance: 10e7471f-849f-402a-9b0b-122ce2879f73] Fetching instance by UUID {{(pid=87201) get /opt/stack/nova/nova/compute/api.py:3069}}
Jun 26 06:39:16.987798 np0000003707 devstack@n-api.service[87201]: DEBUG oslo_concurrency.lockutils [None req-0490ba31-1cf5-464d-a351-04c605117346 tempest-TaggedAttachmentsTest-1650757888 tempest-TaggedAttachmentsTest-1650757888-project-member] Acquiring lock "5dc4e044-11b0-447d-a605-9853f450633e" by "nova.context.set_target_cell..get_or_set_cached_cell_and_set_connections" {{(pid=87201) inner /opt/stack/data/venv/lib/python3.12/site-packages/oslo_concurrency/lockutils.py:511}}
Jun 26 06:39:16.987916 np0000003707 devstack@n-api.service[87201]: DEBUG oslo_concurrency.lockutils [None req-0490ba31-1cf5-464d-a351-04c605117346 tempest-TaggedAttachmentsTest-1650757888 tempest-TaggedAttachmentsTest-1650757888-project-member] Lock "5dc4e044-11b0-447d-a605-9853f450633e" acquired by "nova.context.set_target_cell..get_or_set_cached_cell_and_set_connections" :: waited 0.000s {{(pid=87201) inner /opt/stack/data/venv/lib/python3.12/site-packages/oslo_concurrency/lockutils.py:524}}
Jun 26 06:39:16.988098 np0000003707 devstack@n-api.service[87201]: DEBUG oslo_concurrency.lockutils [None req-0490ba31-1cf5-464d-a351-04c605117346 tempest-TaggedAttachmentsTest-1650757888 tempest-TaggedAttachmentsTest-1650757888-project-member] Lock "5dc4e044-11b0-447d-a605-9853f450633e" "released" by "nova.context.set_target_cell..get_or_set_cached_cell_and_set_connections" :: held 0.000s {{(pid=87201) inner /opt/stack/data/venv/lib/python3.12/site-packages/oslo_concurrency/lockutils.py:543}}
Jun 26 06:39:16.988530 np0000003707 devstack@n-api.service[87201]: DEBUG oslo_concurrency.lockutils [None req-0490ba31-1cf5-464d-a351-04c605117346 tempest-TaggedAttachmentsTest-1650757888 tempest-TaggedAttachmentsTest-1650757888-project-member] Acquiring lock "5dc4e044-11b0-447d-a605-9853f450633e" by "nova.context.set_target_cell..get_or_set_cached_cell_and_set_connections" {{(pid=87201) inner /opt/stack/data/venv/lib/python3.12/site-packages/oslo_concurrency/lockutils.py:511}}
Jun 26 06:39:16.988858 np0000003707 devstack@n-api.service[87201]: DEBUG oslo_concurrency.lockutils [None req-0490ba31-1cf5-464d-a351-04c605117346 tempest-TaggedAttachmentsTest-1650757888 tempest-TaggedAttachmentsTest-1650757888-project-member] Lock "5dc4e044-11b0-447d-a605-9853f450633e" acquired by "nova.context.set_target_cell..get_or_set_cached_cell_and_set_connections" :: waited 0.000s {{(pid=87201) inner /opt/stack/data/venv/lib/python3.12/site-packages/oslo_concurrency/lockutils.py:524}}
Jun 26 06:39:16.989181 np0000003707 devstack@n-api.service[87201]: DEBUG oslo_concurrency.lockutils [None req-0490ba31-1cf5-464d-a351-04c605117346 tempest-TaggedAttachmentsTest-1650757888 tempest-TaggedAttachmentsTest-1650757888-project-member] Lock "5dc4e044-11b0-447d-a605-9853f450633e" "released" by "nova.context.set_target_cell..get_or_set_cached_cell_and_set_connections" :: held 0.000s {{(pid=87201) inner /opt/stack/data/venv/lib/python3.12/site-packages/oslo_concurrency/lockutils.py:543}}
Jun 26 06:39:17.005157 np0000003707 devstack@n-api.service[87204]: INFO nova.api.openstack.requestlog [None req-0963fb9e-1002-4811-8a79-545bbb19c125 tempest-VolumesNegativeTest-1823571544 tempest-VolumesNegativeTest-1823571544-project-reader] 10.4.3.118 "GET /compute/v2.1/os-volumes/" status: 404 len: 112 microversion: - time: 0.439306
Jun 26 06:39:17.005613 np0000003707 devstack@n-api.service[87204]: [pid: 87204|app: 0|req: 34/133] 10.4.3.118 () {66 vars in 1255 bytes} [Fri Jun 26 06:39:16 2026] GET /compute/v2.1/os-volumes/ => generated 112 bytes in 440 msecs (HTTP/1.1 404) 5 headers in 228 bytes (1 switches on core 0)
Jun 26 06:39:17.019508 np0000003707 devstack@n-api.service[87202]: DEBUG nova.api.openstack.wsgi [None req-362c203d-8db1-4c7e-9156-bd4ff8e501fc tempest-VolumesNegativeTest-1823571544 tempest-VolumesNegativeTest-1823571544-project-member] Calling method '>' {{(pid=87202) _process_stack /opt/stack/nova/nova/api/openstack/wsgi.py:551}}
Jun 26 06:39:17.019850 np0000003707 devstack@n-api.service[87201]: WARNING neutronclient.v2_0.client [None req-0490ba31-1cf5-464d-a351-04c605117346 tempest-TaggedAttachmentsTest-1650757888 tempest-TaggedAttachmentsTest-1650757888-project-member] The python binding code in neutronclient is deprecated in favor of OpenstackSDK, please use that as this will be removed in a future release.
Jun 26 06:39:17.041648 np0000003707 devstack@n-api.service[87202]: INFO nova.api.openstack.wsgi [None req-362c203d-8db1-4c7e-9156-bd4ff8e501fc tempest-VolumesNegativeTest-1823571544 tempest-VolumesNegativeTest-1823571544-project-member] HTTP exception thrown: Volume 42e6b33f-6005-4b41-9a95-c4120030c663 could not be found.
Jun 26 06:39:17.041938 np0000003707 devstack@n-api.service[87202]: DEBUG nova.api.openstack.wsgi [None req-362c203d-8db1-4c7e-9156-bd4ff8e501fc tempest-VolumesNegativeTest-1823571544 tempest-VolumesNegativeTest-1823571544-project-member] Returning 404 to user: Volume 42e6b33f-6005-4b41-9a95-c4120030c663 could not be found. {{(pid=87202) __call__ /opt/stack/nova/nova/api/openstack/wsgi.py:908}}
Jun 26 06:39:17.042834 np0000003707 devstack@n-api.service[87202]: INFO nova.api.openstack.requestlog [None req-362c203d-8db1-4c7e-9156-bd4ff8e501fc tempest-VolumesNegativeTest-1823571544 tempest-VolumesNegativeTest-1823571544-project-member] 10.4.3.118 "DELETE /compute/v2.1/os-volumes/42e6b33f-6005-4b41-9a95-c4120030c663" status: 404 len: 109 microversion: 2.1 time: 0.024465
Jun 26 06:39:17.042834 np0000003707 devstack@n-api.service[87202]: [pid: 87202|app: 0|req: 29/134] 10.4.3.118 () {66 vars in 1366 bytes} [Fri Jun 26 06:39:17 2026] DELETE /compute/v2.1/os-volumes/42e6b33f-6005-4b41-9a95-c4120030c663 => generated 109 bytes in 25 msecs (HTTP/1.1 404) 9 headers in 379 bytes (1 switches on core 0)
Jun 26 06:39:17.053369 np0000003707 devstack@n-api.service[87203]: DEBUG nova.api.openstack.wsgi [None req-4554601f-27e6-4efb-a4b1-bd0e35d60b7d tempest-VolumesNegativeTest-1823571544 tempest-VolumesNegativeTest-1823571544-project-reader] Calling method '>' {{(pid=87203) _process_stack /opt/stack/nova/nova/api/openstack/wsgi.py:551}}
Jun 26 06:39:17.095053 np0000003707 devstack@n-api.service[87203]: INFO nova.api.openstack.wsgi [None req-4554601f-27e6-4efb-a4b1-bd0e35d60b7d tempest-VolumesNegativeTest-1823571544 tempest-VolumesNegativeTest-1823571544-project-reader] HTTP exception thrown: Volume 25738da9-9413-4312-b492-b95b981cc61d could not be found.
Jun 26 06:39:17.095571 np0000003707 devstack@n-api.service[87203]: DEBUG nova.api.openstack.wsgi [None req-4554601f-27e6-4efb-a4b1-bd0e35d60b7d tempest-VolumesNegativeTest-1823571544 tempest-VolumesNegativeTest-1823571544-project-reader] Returning 404 to user: Volume 25738da9-9413-4312-b492-b95b981cc61d could not be found. {{(pid=87203) __call__ /opt/stack/nova/nova/api/openstack/wsgi.py:908}}
Jun 26 06:39:17.095849 np0000003707 devstack@n-api.service[87203]: INFO nova.api.openstack.requestlog [None req-4554601f-27e6-4efb-a4b1-bd0e35d60b7d tempest-VolumesNegativeTest-1823571544 tempest-VolumesNegativeTest-1823571544-project-reader] 10.4.3.118 "GET /compute/v2.1/os-volumes/25738da9-9413-4312-b492-b95b981cc61d" status: 404 len: 109 microversion: 2.1 time: 0.044248
Jun 26 06:39:17.096240 np0000003707 devstack@n-api.service[87203]: [pid: 87203|app: 0|req: 36/135] 10.4.3.118 () {66 vars in 1363 bytes} [Fri Jun 26 06:39:17 2026] GET /compute/v2.1/os-volumes/25738da9-9413-4312-b492-b95b981cc61d => generated 109 bytes in 45 msecs (HTTP/1.1 404) 9 headers in 379 bytes (1 switches on core 0)
Jun 26 06:39:17.114816 np0000003707 devstack@n-api.service[87204]: DEBUG nova.api.openstack.wsgi [req-026df009-af1e-4fa0-a374-19de290578a1 req-5d55011b-35b9-4487-b7c4-ca5f72de995f service nova] Action: 'create', calling method: >, body: {"events": [{"server_uuid": "7173d92b-5f09-48c6-8474-411701fee488", "name": "network-vif-unplugged", "status": "completed", "tag": "eb60da7c-aa7a-4def-afd5-2fb280765802"}, {"server_uuid": "b7f85feb-8464-4921-b192-bc98b14366db", "name": "network-vif-plugged", "status": "completed", "tag": "00151bd8-e2a9-4732-8209-f0214a8a7513"}, {"server_uuid": "b7f85feb-8464-4921-b192-bc98b14366db", "name": "network-vif-plugged", "status": "completed", "tag": "00151bd8-e2a9-4732-8209-f0214a8a7513"}]} {{(pid=87204) _process_stack /opt/stack/nova/nova/api/openstack/wsgi.py:549}}
Jun 26 06:39:17.121955 np0000003707 devstack@n-api.service[87204]: DEBUG oslo_concurrency.lockutils [req-026df009-af1e-4fa0-a374-19de290578a1 req-5d55011b-35b9-4487-b7c4-ca5f72de995f service nova] Acquiring lock "5dc4e044-11b0-447d-a605-9853f450633e" by "nova.context.set_target_cell..get_or_set_cached_cell_and_set_connections" {{(pid=87204) inner /opt/stack/data/venv/lib/python3.12/site-packages/oslo_concurrency/lockutils.py:511}}
Jun 26 06:39:17.122103 np0000003707 devstack@n-api.service[87204]: DEBUG oslo_concurrency.lockutils [req-026df009-af1e-4fa0-a374-19de290578a1 req-5d55011b-35b9-4487-b7c4-ca5f72de995f service nova] Lock "5dc4e044-11b0-447d-a605-9853f450633e" acquired by "nova.context.set_target_cell..get_or_set_cached_cell_and_set_connections" :: waited 0.000s {{(pid=87204) inner /opt/stack/data/venv/lib/python3.12/site-packages/oslo_concurrency/lockutils.py:524}}
Jun 26 06:39:17.122155 np0000003707 devstack@n-api.service[87204]: DEBUG oslo_concurrency.lockutils [req-026df009-af1e-4fa0-a374-19de290578a1 req-5d55011b-35b9-4487-b7c4-ca5f72de995f service nova] Lock "5dc4e044-11b0-447d-a605-9853f450633e" "released" by "nova.context.set_target_cell..get_or_set_cached_cell_and_set_connections" :: held 0.000s {{(pid=87204) inner /opt/stack/data/venv/lib/python3.12/site-packages/oslo_concurrency/lockutils.py:543}}
Jun 26 06:39:17.128981 np0000003707 devstack@n-api.service[87204]: INFO nova.api.openstack.compute.server_external_events [req-026df009-af1e-4fa0-a374-19de290578a1 req-5d55011b-35b9-4487-b7c4-ca5f72de995f service nova] Creating event network-vif-unplugged:eb60da7c-aa7a-4def-afd5-2fb280765802 for instance 7173d92b-5f09-48c6-8474-411701fee488 on np0000003707
Jun 26 06:39:17.129223 np0000003707 devstack@n-api.service[87204]: INFO nova.api.openstack.compute.server_external_events [req-026df009-af1e-4fa0-a374-19de290578a1 req-5d55011b-35b9-4487-b7c4-ca5f72de995f service nova] Creating event network-vif-plugged:00151bd8-e2a9-4732-8209-f0214a8a7513 for instance b7f85feb-8464-4921-b192-bc98b14366db on np0000003707
Jun 26 06:39:17.129528 np0000003707 devstack@n-api.service[87204]: INFO nova.api.openstack.compute.server_external_events [req-026df009-af1e-4fa0-a374-19de290578a1 req-5d55011b-35b9-4487-b7c4-ca5f72de995f service nova] Creating event network-vif-plugged:00151bd8-e2a9-4732-8209-f0214a8a7513 for instance b7f85feb-8464-4921-b192-bc98b14366db on np0000003707
Jun 26 06:39:17.130026 np0000003707 devstack@n-api.service[87204]: DEBUG nova.compute.rpcapi [req-026df009-af1e-4fa0-a374-19de290578a1 req-5d55011b-35b9-4487-b7c4-ca5f72de995f service nova] RPC: Sending the message to topic: compute-alt {{(pid=87204) prepare_for_alt_rpcserver /opt/stack/nova/nova/compute/rpcapi.py:595}}
Jun 26 06:39:17.136974 np0000003707 devstack@n-api.service[87204]: INFO nova.api.openstack.requestlog [req-026df009-af1e-4fa0-a374-19de290578a1 req-5d55011b-35b9-4487-b7c4-ca5f72de995f service nova] 10.4.3.118 "POST /compute/v2.1/os-server-external-events" status: 200 len: 527 microversion: 2.1 time: 0.023842
Jun 26 06:39:17.141342 np0000003707 devstack@n-api.service[87204]: [pid: 87204|app: 0|req: 35/136] 10.4.3.118 () {72 vars in 1432 bytes} [Fri Jun 26 06:39:17 2026] POST /compute/v2.1/os-server-external-events => generated 527 bytes in 28 msecs (HTTP/1.1 200) 9 headers in 357 bytes (1 switches on core 0)
Jun 26 06:39:17.242875 np0000003707 devstack@n-api.service[87201]: DEBUG nova.policy [None req-0490ba31-1cf5-464d-a351-04c605117346 tempest-TaggedAttachmentsTest-1650757888 tempest-TaggedAttachmentsTest-1650757888-project-member] Policy check for os_compute_api:os-extended-server-attributes failed with credentials {'is_admin': False, 'user_id': '971c5da0262d4e54823d986af222690e', 'user_domain_id': 'default', 'system_scope': None, 'domain_id': None, 'project_id': '04d584d7d5004318b0e5f287619a3d6c', 'project_domain_id': 'default', 'roles': ['reader', 'member'], 'is_admin_project': True, 'service_user_id': None, 'service_user_domain_id': None, 'service_project_id': None, 'service_project_domain_id': None, 'service_roles': []} {{(pid=87201) authorize /opt/stack/nova/nova/policy.py:192}}
Jun 26 06:39:17.252389 np0000003707 devstack@n-api.service[87201]: DEBUG nova.policy [None req-0490ba31-1cf5-464d-a351-04c605117346 tempest-TaggedAttachmentsTest-1650757888 tempest-TaggedAttachmentsTest-1650757888-project-member] Policy check for os_compute_api:servers:show:host_status failed with credentials {'is_admin': False, 'user_id': '971c5da0262d4e54823d986af222690e', 'user_domain_id': 'default', 'system_scope': None, 'domain_id': None, 'project_id': '04d584d7d5004318b0e5f287619a3d6c', 'project_domain_id': 'default', 'roles': ['reader', 'member'], 'is_admin_project': True, 'service_user_id': None, 'service_user_domain_id': None, 'service_project_id': None, 'service_project_domain_id': None, 'service_roles': []} {{(pid=87201) authorize /opt/stack/nova/nova/policy.py:192}}
Jun 26 06:39:17.253079 np0000003707 devstack@n-api.service[87201]: DEBUG nova.policy [None req-0490ba31-1cf5-464d-a351-04c605117346 tempest-TaggedAttachmentsTest-1650757888 tempest-TaggedAttachmentsTest-1650757888-project-member] Policy check for os_compute_api:servers:show:host_status:unknown-only failed with credentials {'is_admin': False, 'user_id': '971c5da0262d4e54823d986af222690e', 'user_domain_id': 'default', 'system_scope': None, 'domain_id': None, 'project_id': '04d584d7d5004318b0e5f287619a3d6c', 'project_domain_id': 'default', 'roles': ['reader', 'member'], 'is_admin_project': True, 'service_user_id': None, 'service_user_domain_id': None, 'service_project_id': None, 'service_project_domain_id': None, 'service_roles': []} {{(pid=87201) authorize /opt/stack/nova/nova/policy.py:192}}
Jun 26 06:39:17.259250 np0000003707 devstack@n-api.service[87201]: INFO nova.api.openstack.requestlog [None req-0490ba31-1cf5-464d-a351-04c605117346 tempest-TaggedAttachmentsTest-1650757888 tempest-TaggedAttachmentsTest-1650757888-project-member] 10.4.3.118 "GET /compute/v2.1/servers/10e7471f-849f-402a-9b0b-122ce2879f73" status: 200 len: 1450 microversion: 2.49 time: 0.278457
Jun 26 06:39:17.259250 np0000003707 devstack@n-api.service[87201]: [pid: 87201|app: 0|req: 37/137] 10.4.3.118 () {68 vars in 1395 bytes} [Fri Jun 26 06:39:16 2026] GET /compute/v2.1/servers/10e7471f-849f-402a-9b0b-122ce2879f73 => generated 1450 bytes in 280 msecs (HTTP/1.1 200) 9 headers in 360 bytes (1 switches on core 0)
Jun 26 06:39:17.605199 np0000003707 devstack@n-api.service[87202]: DEBUG nova.api.openstack.wsgi [None req-539da755-5d0f-48e9-b936-c0b56b2da90b tempest-TestMultiAttachVolumeSwap-205191285 tempest-TestMultiAttachVolumeSwap-205191285-project-member] Calling method '>' {{(pid=87202) _process_stack /opt/stack/nova/nova/api/openstack/wsgi.py:551}}
Jun 26 06:39:17.605199 np0000003707 devstack@n-api.service[87202]: DEBUG nova.compute.api [None req-539da755-5d0f-48e9-b936-c0b56b2da90b tempest-TestMultiAttachVolumeSwap-205191285 tempest-TestMultiAttachVolumeSwap-205191285-project-member] [instance: 7173d92b-5f09-48c6-8474-411701fee488] Fetching instance by UUID {{(pid=87202) get /opt/stack/nova/nova/compute/api.py:3069}}
Jun 26 06:39:17.612751 np0000003707 devstack@n-api.service[87202]: DEBUG oslo_concurrency.lockutils [None req-539da755-5d0f-48e9-b936-c0b56b2da90b tempest-TestMultiAttachVolumeSwap-205191285 tempest-TestMultiAttachVolumeSwap-205191285-project-member] Acquiring lock "5dc4e044-11b0-447d-a605-9853f450633e" by "nova.context.set_target_cell..get_or_set_cached_cell_and_set_connections" {{(pid=87202) inner /opt/stack/data/venv/lib/python3.12/site-packages/oslo_concurrency/lockutils.py:511}}
Jun 26 06:39:17.612751 np0000003707 devstack@n-api.service[87202]: DEBUG oslo_concurrency.lockutils [None req-539da755-5d0f-48e9-b936-c0b56b2da90b tempest-TestMultiAttachVolumeSwap-205191285 tempest-TestMultiAttachVolumeSwap-205191285-project-member] Lock "5dc4e044-11b0-447d-a605-9853f450633e" acquired by "nova.context.set_target_cell..get_or_set_cached_cell_and_set_connections" :: waited 0.000s {{(pid=87202) inner /opt/stack/data/venv/lib/python3.12/site-packages/oslo_concurrency/lockutils.py:524}}
Jun 26 06:39:17.612751 np0000003707 devstack@n-api.service[87202]: DEBUG oslo_concurrency.lockutils [None req-539da755-5d0f-48e9-b936-c0b56b2da90b tempest-TestMultiAttachVolumeSwap-205191285 tempest-TestMultiAttachVolumeSwap-205191285-project-member] Lock "5dc4e044-11b0-447d-a605-9853f450633e" "released" by "nova.context.set_target_cell..get_or_set_cached_cell_and_set_connections" :: held 0.000s {{(pid=87202) inner /opt/stack/data/venv/lib/python3.12/site-packages/oslo_concurrency/lockutils.py:543}}
Jun 26 06:39:17.612751 np0000003707 devstack@n-api.service[87202]: DEBUG oslo_concurrency.lockutils [None req-539da755-5d0f-48e9-b936-c0b56b2da90b tempest-TestMultiAttachVolumeSwap-205191285 tempest-TestMultiAttachVolumeSwap-205191285-project-member] Acquiring lock "5dc4e044-11b0-447d-a605-9853f450633e" by "nova.context.set_target_cell..get_or_set_cached_cell_and_set_connections" {{(pid=87202) inner /opt/stack/data/venv/lib/python3.12/site-packages/oslo_concurrency/lockutils.py:511}}
Jun 26 06:39:17.613047 np0000003707 devstack@n-api.service[87202]: DEBUG oslo_concurrency.lockutils [None req-539da755-5d0f-48e9-b936-c0b56b2da90b tempest-TestMultiAttachVolumeSwap-205191285 tempest-TestMultiAttachVolumeSwap-205191285-project-member] Lock "5dc4e044-11b0-447d-a605-9853f450633e" acquired by "nova.context.set_target_cell..get_or_set_cached_cell_and_set_connections" :: waited 0.000s {{(pid=87202) inner /opt/stack/data/venv/lib/python3.12/site-packages/oslo_concurrency/lockutils.py:524}}
Jun 26 06:39:17.613047 np0000003707 devstack@n-api.service[87202]: DEBUG oslo_concurrency.lockutils [None req-539da755-5d0f-48e9-b936-c0b56b2da90b tempest-TestMultiAttachVolumeSwap-205191285 tempest-TestMultiAttachVolumeSwap-205191285-project-member] Lock "5dc4e044-11b0-447d-a605-9853f450633e" "released" by "nova.context.set_target_cell..get_or_set_cached_cell_and_set_connections" :: held 0.000s {{(pid=87202) inner /opt/stack/data/venv/lib/python3.12/site-packages/oslo_concurrency/lockutils.py:543}}
Jun 26 06:39:17.646595 np0000003707 devstack@n-api.service[87202]: WARNING neutronclient.v2_0.client [None req-539da755-5d0f-48e9-b936-c0b56b2da90b tempest-TestMultiAttachVolumeSwap-205191285 tempest-TestMultiAttachVolumeSwap-205191285-project-member] The python binding code in neutronclient is deprecated in favor of OpenstackSDK, please use that as this will be removed in a future release.
