Jun 03 15:40:46.918959 np0000002072 devstack@g-api.service[101958]: DEBUG glance_store.capabilities [-] Store glance_store._drivers.swift.store.SingleTenantStore doesn't support updating dynamic storage capabilities. Please overwrite 'update_capabilities' method of the store to implement updating logics if needed. {{(pid=101958) update_capabilities /opt/stack/data/venv/lib/python3.12/site-packages/glance_store/capabilities.py:91}}
Jun 03 15:40:46.919011 np0000002072 devstack@g-api.service[101958]: DEBUG glance_store.backend [-] Registering store swift with schemes ('swift+https', 'swift', 'swift+http', 'swift+config') {{(pid=101958) create_stores /opt/stack/data/venv/lib/python3.12/site-packages/glance_store/backend.py:261}}
Jun 03 15:40:46.919080 np0000002072 devstack@g-api.service[101958]: DEBUG glance_store.driver [-] Late loading location class glance_store._drivers.swift.store.StoreLocation {{(pid=101958) get_store_location_class /opt/stack/data/venv/lib/python3.12/site-packages/glance_store/driver.py:134}}
Jun 03 15:40:46.919163 np0000002072 devstack@g-api.service[101958]: DEBUG glance_store.location [-] Registering scheme swift+https with {'store': , 'location_class': , 'store_entry': 'swift'} {{(pid=101958) register_scheme_map /opt/stack/data/venv/lib/python3.12/site-packages/glance_store/location.py:146}}
Jun 03 15:40:46.919205 np0000002072 devstack@g-api.service[101958]: DEBUG glance_store.location [-] Registering scheme swift with {'store': , 'location_class': , 'store_entry': 'swift'} {{(pid=101958) register_scheme_map /opt/stack/data/venv/lib/python3.12/site-packages/glance_store/location.py:146}}
Jun 03 15:40:46.919260 np0000002072 devstack@g-api.service[101958]: DEBUG glance_store.location [-] Registering scheme swift+http with {'store': , 'location_class': , 'store_entry': 'swift'} {{(pid=101958) register_scheme_map /opt/stack/data/venv/lib/python3.12/site-packages/glance_store/location.py:146}}
Jun 03 15:40:46.919435 np0000002072 devstack@g-api.service[101958]: DEBUG glance_store.location [-] Registering scheme swift+config with {'store': , 'location_class': , 'store_entry': 'swift'} {{(pid=101958) register_scheme_map /opt/stack/data/venv/lib/python3.12/site-packages/glance_store/location.py:146}}
Jun 03 15:40:46.919470 np0000002072 devstack@g-api.service[101958]: DEBUG glance_store.backend [-] Attempting to import store http {{(pid=101958) _load_store /opt/stack/data/venv/lib/python3.12/site-packages/glance_store/backend.py:215}}
Jun 03 15:40:46.919653 np0000002072 devstack@g-api.service[101958]: DEBUG glance_store.capabilities [-] Store glance_store._drivers.http.Store doesn't support updating dynamic storage capabilities. Please overwrite 'update_capabilities' method of the store to implement updating logics if needed. {{(pid=101958) update_capabilities /opt/stack/data/venv/lib/python3.12/site-packages/glance_store/capabilities.py:91}}
Jun 03 15:40:46.919699 np0000002072 devstack@g-api.service[101958]: DEBUG glance_store.backend [-] Registering store http with schemes ('http', 'https') {{(pid=101958) create_stores /opt/stack/data/venv/lib/python3.12/site-packages/glance_store/backend.py:261}}
Jun 03 15:40:46.919753 np0000002072 devstack@g-api.service[101958]: DEBUG glance_store.driver [-] Late loading location class glance_store._drivers.http.StoreLocation {{(pid=101958) get_store_location_class /opt/stack/data/venv/lib/python3.12/site-packages/glance_store/driver.py:134}}
Jun 03 15:40:46.919811 np0000002072 devstack@g-api.service[101958]: DEBUG glance_store.location [-] Registering scheme http with {'store': , 'location_class': , 'store_entry': 'http'} {{(pid=101958) register_scheme_map /opt/stack/data/venv/lib/python3.12/site-packages/glance_store/location.py:146}}
Jun 03 15:40:46.919864 np0000002072 devstack@g-api.service[101958]: DEBUG glance_store.location [-] Registering scheme https with {'store': , 'location_class': , 'store_entry': 'http'} {{(pid=101958) register_scheme_map /opt/stack/data/venv/lib/python3.12/site-packages/glance_store/location.py:146}}
Jun 03 15:40:46.919968 np0000002072 devstack@g-api.service[101958]: DEBUG glance_store.backend [-] Attempting to import store swift {{(pid=101958) _load_store /opt/stack/data/venv/lib/python3.12/site-packages/glance_store/backend.py:215}}
Jun 03 15:40:46.921056 np0000002072 devstack@g-api.service[101958]: DEBUG glance_store.capabilities [-] Store glance_store._drivers.swift.store.SingleTenantStore doesn't support updating dynamic storage capabilities. Please overwrite 'update_capabilities' method of the store to implement updating logics if needed. {{(pid=101958) update_capabilities /opt/stack/data/venv/lib/python3.12/site-packages/glance_store/capabilities.py:91}}
Jun 03 15:40:46.921124 np0000002072 devstack@g-api.service[101958]: DEBUG glance_store.driver [-] Late loading location class glance_store._drivers.swift.store.StoreLocation {{(pid=101958) get_store_location_class /opt/stack/data/venv/lib/python3.12/site-packages/glance_store/driver.py:134}}
Jun 03 15:40:46.921194 np0000002072 devstack@g-api.service[101958]: DEBUG glance_store.location [-] Registering scheme swift+https with {'store': , 'location_class': , 'store_entry': 'swift'} {{(pid=101958) register_scheme_map /opt/stack/data/venv/lib/python3.12/site-packages/glance_store/location.py:146}}
Jun 03 15:40:46.921253 np0000002072 devstack@g-api.service[101958]: DEBUG glance_store.location [-] Registering scheme swift+https with {'store': , 'location_class': , 'store_entry': 'swift'} {{(pid=101958) register_scheme_map /opt/stack/data/venv/lib/python3.12/site-packages/glance_store/location.py:146}}
Jun 03 15:40:46.921307 np0000002072 devstack@g-api.service[101958]: DEBUG glance_store.location [-] Registering scheme swift with {'store': , 'location_class': , 'store_entry': 'swift'} {{(pid=101958) register_scheme_map /opt/stack/data/venv/lib/python3.12/site-packages/glance_store/location.py:146}}
Jun 03 15:40:46.921369 np0000002072 devstack@g-api.service[101958]: DEBUG glance_store.location [-] Registering scheme swift+https with {'store': , 'location_class': , 'store_entry': 'swift'} {{(pid=101958) register_scheme_map /opt/stack/data/venv/lib/python3.12/site-packages/glance_store/location.py:146}}
Jun 03 15:40:46.921411 np0000002072 devstack@g-api.service[101958]: DEBUG glance_store.location [-] Registering scheme swift with {'store': , 'location_class': , 'store_entry': 'swift'} {{(pid=101958) register_scheme_map /opt/stack/data/venv/lib/python3.12/site-packages/glance_store/location.py:146}}
Jun 03 15:40:46.921465 np0000002072 devstack@g-api.service[101958]: DEBUG glance_store.location [-] Registering scheme swift+http with {'store': , 'location_class': , 'store_entry': 'swift'} {{(pid=101958) register_scheme_map /opt/stack/data/venv/lib/python3.12/site-packages/glance_store/location.py:146}}
Jun 03 15:40:46.921510 np0000002072 devstack@g-api.service[101958]: DEBUG glance_store.location [-] Registering scheme swift+https with {'store': , 'location_class': , 'store_entry': 'swift'} {{(pid=101958) register_scheme_map /opt/stack/data/venv/lib/python3.12/site-packages/glance_store/location.py:146}}
Jun 03 15:40:46.921567 np0000002072 devstack@g-api.service[101958]: DEBUG glance_store.location [-] Registering scheme swift with {'store': , 'location_class': , 'store_entry': 'swift'} {{(pid=101958) register_scheme_map /opt/stack/data/venv/lib/python3.12/site-packages/glance_store/location.py:146}}
Jun 03 15:40:46.921611 np0000002072 devstack@g-api.service[101958]: DEBUG glance_store.location [-] Registering scheme swift+http with {'store': , 'location_class': , 'store_entry': 'swift'} {{(pid=101958) register_scheme_map /opt/stack/data/venv/lib/python3.12/site-packages/glance_store/location.py:146}}
Jun 03 15:40:46.921661 np0000002072 devstack@g-api.service[101958]: DEBUG glance_store.location [-] Registering scheme swift+config with {'store': , 'location_class': , 'store_entry': 'swift'} {{(pid=101958) register_scheme_map /opt/stack/data/venv/lib/python3.12/site-packages/glance_store/location.py:146}}
Jun 03 15:40:46.921901 np0000002072 devstack@g-api.service[101958]: DEBUG glance.sqlite_migration [-] SQLite caching database not located, skipping migration {{(pid=101958) get_db_path /opt/stack/glance/glance/sqlite_migration.py:68}}
Jun 03 15:40:46.922077 np0000002072 devstack@g-api.service[101958]: WARNING glance.common.wsgi_app [-] Import methods are enabled but staging directory /tmp/staging/ does not exist; Imports will fail!
Jun 03 15:40:47.142159 np0000002072 devstack@g-api.service[101957]: DEBUG glance.common.config [None req-a783aa94-3e0a-4116-943b-da5455885d54 None None] Loading glance-api-keystone+cachemanagement from /etc/glance/glance-api-paste.ini {{(pid=101957) load_paste_app /opt/stack/glance/glance/common/config.py:758}}
Jun 03 15:40:47.148792 np0000002072 devstack@g-api.service[101959]: DEBUG glance.common.config [None req-da55764e-f844-4b6e-b8e4-4fe7b8a4ba9a None None] Loading glance-api-keystone+cachemanagement from /etc/glance/glance-api-paste.ini {{(pid=101959) load_paste_app /opt/stack/glance/glance/common/config.py:758}}
Jun 03 15:40:47.172479 np0000002072 devstack@g-api.service[101958]: DEBUG glance.common.config [None req-1ea61b8a-c67b-4c66-a18a-5fff17f8839b None None] Loading glance-api-keystone+cachemanagement from /etc/glance/glance-api-paste.ini {{(pid=101958) load_paste_app /opt/stack/glance/glance/common/config.py:758}}
Jun 03 15:40:47.812815 np0000002072 devstack@g-api.service[101958]: INFO glance.image_cache [None req-1ea61b8a-c67b-4c66-a18a-5fff17f8839b None None] Image cache loaded driver 'centralized_db'.
Jun 03 15:40:47.813379 np0000002072 devstack@g-api.service[101957]: INFO glance.image_cache [None req-a783aa94-3e0a-4116-943b-da5455885d54 None None] Image cache loaded driver 'centralized_db'.
Jun 03 15:40:47.823717 np0000002072 devstack@g-api.service[101959]: INFO glance.image_cache [None req-da55764e-f844-4b6e-b8e4-4fe7b8a4ba9a None None] Image cache loaded driver 'centralized_db'.
Jun 03 15:40:47.855152 np0000002072 devstack@g-api.service[101958]: INFO dbcounter [None req-1ea61b8a-c67b-4c66-a18a-5fff17f8839b None None] Registered counter for database glance
Jun 03 15:40:47.856663 np0000002072 devstack@g-api.service[101957]: INFO dbcounter [None req-a783aa94-3e0a-4116-943b-da5455885d54 None None] Registered counter for database glance
Jun 03 15:40:47.866153 np0000002072 devstack@g-api.service[101959]: INFO dbcounter [None req-da55764e-f844-4b6e-b8e4-4fe7b8a4ba9a None None] Registered counter for database glance
Jun 03 15:40:47.896247 np0000002072 devstack@g-api.service[101958]: DEBUG oslo_db.sqlalchemy.engines [None req-1ea61b8a-c67b-4c66-a18a-5fff17f8839b None None] MySQL server mode set to STRICT_TRANS_TABLES,STRICT_ALL_TABLES,NO_ZERO_IN_DATE,NO_ZERO_DATE,ERROR_FOR_DIVISION_BY_ZERO,TRADITIONAL,NO_ENGINE_SUBSTITUTION {{(pid=101958) _check_effective_sql_mode /opt/stack/data/venv/lib/python3.12/site-packages/oslo_db/sqlalchemy/engines.py:325}}
Jun 03 15:40:47.899831 np0000002072 devstack@g-api.service[101957]: DEBUG oslo_db.sqlalchemy.engines [None req-a783aa94-3e0a-4116-943b-da5455885d54 None None] MySQL server mode set to STRICT_TRANS_TABLES,STRICT_ALL_TABLES,NO_ZERO_IN_DATE,NO_ZERO_DATE,ERROR_FOR_DIVISION_BY_ZERO,TRADITIONAL,NO_ENGINE_SUBSTITUTION {{(pid=101957) _check_effective_sql_mode /opt/stack/data/venv/lib/python3.12/site-packages/oslo_db/sqlalchemy/engines.py:325}}
Jun 03 15:40:47.909271 np0000002072 devstack@g-api.service[101959]: DEBUG oslo_db.sqlalchemy.engines [None req-da55764e-f844-4b6e-b8e4-4fe7b8a4ba9a None None] MySQL server mode set to STRICT_TRANS_TABLES,STRICT_ALL_TABLES,NO_ZERO_IN_DATE,NO_ZERO_DATE,ERROR_FOR_DIVISION_BY_ZERO,TRADITIONAL,NO_ENGINE_SUBSTITUTION {{(pid=101959) _check_effective_sql_mode /opt/stack/data/venv/lib/python3.12/site-packages/oslo_db/sqlalchemy/engines.py:325}}
Jun 03 15:40:47.918104 np0000002072 devstack@g-api.service[101958]: DEBUG dbcounter [-] [101958] Writer thread running {{(pid=101958) stat_writer /opt/stack/data/venv/lib/python3.12/site-packages/dbcounter.py:102}}
Jun 03 15:40:47.921524 np0000002072 devstack@g-api.service[101957]: DEBUG dbcounter [-] [101957] Writer thread running {{(pid=101957) stat_writer /opt/stack/data/venv/lib/python3.12/site-packages/dbcounter.py:102}}
Jun 03 15:40:47.932650 np0000002072 devstack@g-api.service[101959]: DEBUG dbcounter [-] [101959] Writer thread running {{(pid=101959) stat_writer /opt/stack/data/venv/lib/python3.12/site-packages/dbcounter.py:102}}
Jun 03 15:40:47.938582 np0000002072 devstack@g-api.service[101957]: DEBUG glance.image_cache.drivers.centralized_db [None req-a783aa94-3e0a-4116-943b-da5455885d54 None None] Node reference is already recorded, ignoring it {{(pid=101957) configure /opt/stack/glance/glance/image_cache/drivers/centralized_db.py:71}}
Jun 03 15:40:47.938678 np0000002072 devstack@g-api.service[101959]: DEBUG glance.image_cache.drivers.centralized_db [None req-da55764e-f844-4b6e-b8e4-4fe7b8a4ba9a None None] Node reference is already recorded, ignoring it {{(pid=101959) configure /opt/stack/glance/glance/image_cache/drivers/centralized_db.py:71}}
Jun 03 15:40:47.940103 np0000002072 devstack@g-api.service[101958]: INFO glance.image_cache [None req-1ea61b8a-c67b-4c66-a18a-5fff17f8839b None None] Image cache loaded driver 'centralized_db'.
Jun 03 15:40:47.943717 np0000002072 devstack@g-api.service[101957]: INFO glance.image_cache [None req-a783aa94-3e0a-4116-943b-da5455885d54 None None] Image cache loaded driver 'centralized_db'.
Jun 03 15:40:47.945953 np0000002072 devstack@g-api.service[101959]: INFO glance.image_cache [None req-da55764e-f844-4b6e-b8e4-4fe7b8a4ba9a None None] Image cache loaded driver 'centralized_db'.
Jun 03 15:40:47.954758 np0000002072 devstack@g-api.service[101958]: DEBUG glance.image_cache.drivers.centralized_db [None req-1ea61b8a-c67b-4c66-a18a-5fff17f8839b None None] Node reference is already recorded, ignoring it {{(pid=101958) configure /opt/stack/glance/glance/image_cache/drivers/centralized_db.py:71}}
Jun 03 15:40:47.959498 np0000002072 devstack@g-api.service[101958]: DEBUG glance.api.v2.cached_images [None req-1ea61b8a-c67b-4c66-a18a-5fff17f8839b None None] Started cache worker thread {{(pid=101958) __init__ /opt/stack/glance/glance/api/v2/cached_images.py:69}}
Jun 03 15:40:47.960156 np0000002072 devstack@g-api.service[101958]: INFO glance.image_cache [None req-1ea61b8a-c67b-4c66-a18a-5fff17f8839b None None] Image cache loaded driver 'centralized_db'.
Jun 03 15:40:47.964571 np0000002072 devstack@g-api.service[101957]: DEBUG glance.image_cache.drivers.centralized_db [None req-a783aa94-3e0a-4116-943b-da5455885d54 None None] Node reference is already recorded, ignoring it {{(pid=101957) configure /opt/stack/glance/glance/image_cache/drivers/centralized_db.py:71}}
Jun 03 15:40:47.964723 np0000002072 devstack@g-api.service[101959]: DEBUG glance.image_cache.drivers.centralized_db [None req-da55764e-f844-4b6e-b8e4-4fe7b8a4ba9a None None] Node reference is already recorded, ignoring it {{(pid=101959) configure /opt/stack/glance/glance/image_cache/drivers/centralized_db.py:71}}
Jun 03 15:40:47.968981 np0000002072 devstack@g-api.service[101957]: DEBUG glance.api.v2.cached_images [None req-a783aa94-3e0a-4116-943b-da5455885d54 None None] Started cache worker thread {{(pid=101957) __init__ /opt/stack/glance/glance/api/v2/cached_images.py:69}}
Jun 03 15:40:47.969554 np0000002072 devstack@g-api.service[101957]: INFO glance.image_cache [None req-a783aa94-3e0a-4116-943b-da5455885d54 None None] Image cache loaded driver 'centralized_db'.
Jun 03 15:40:47.969600 np0000002072 devstack@g-api.service[101959]: DEBUG glance.api.v2.cached_images [None req-da55764e-f844-4b6e-b8e4-4fe7b8a4ba9a None None] Started cache worker thread {{(pid=101959) __init__ /opt/stack/glance/glance/api/v2/cached_images.py:69}}
Jun 03 15:40:47.970248 np0000002072 devstack@g-api.service[101959]: INFO glance.image_cache [None req-da55764e-f844-4b6e-b8e4-4fe7b8a4ba9a None None] Image cache loaded driver 'centralized_db'.
Jun 03 15:40:47.971026 np0000002072 devstack@g-api.service[101958]: DEBUG glance.image_cache.drivers.centralized_db [None req-1ea61b8a-c67b-4c66-a18a-5fff17f8839b None None] Node reference is already recorded, ignoring it {{(pid=101958) configure /opt/stack/glance/glance/image_cache/drivers/centralized_db.py:71}}
Jun 03 15:40:47.975408 np0000002072 devstack@g-api.service[101958]: INFO glance.api.middleware.cache_manage [None req-1ea61b8a-c67b-4c66-a18a-5fff17f8839b None None] Initialized image cache management middleware
Jun 03 15:40:47.975552 np0000002072 devstack@g-api.service[101958]: INFO glance.image_cache [None req-1ea61b8a-c67b-4c66-a18a-5fff17f8839b None None] Image cache loaded driver 'centralized_db'.
Jun 03 15:40:47.998200 np0000002072 devstack@g-api.service[101958]: DEBUG glance.image_cache.drivers.centralized_db [None req-1ea61b8a-c67b-4c66-a18a-5fff17f8839b None None] Node reference is already recorded, ignoring it {{(pid=101958) configure /opt/stack/glance/glance/image_cache/drivers/centralized_db.py:71}}
Jun 03 15:40:47.998510 np0000002072 devstack@g-api.service[101959]: DEBUG glance.image_cache.drivers.centralized_db [None req-da55764e-f844-4b6e-b8e4-4fe7b8a4ba9a None None] Node reference is already recorded, ignoring it {{(pid=101959) configure /opt/stack/glance/glance/image_cache/drivers/centralized_db.py:71}}
Jun 03 15:40:47.998652 np0000002072 devstack@g-api.service[101957]: DEBUG glance.image_cache.drivers.centralized_db [None req-a783aa94-3e0a-4116-943b-da5455885d54 None None] Node reference is already recorded, ignoring it {{(pid=101957) configure /opt/stack/glance/glance/image_cache/drivers/centralized_db.py:71}}
Jun 03 15:40:48.003359 np0000002072 devstack@g-api.service[101957]: INFO glance.api.middleware.cache_manage [None req-a783aa94-3e0a-4116-943b-da5455885d54 None None] Initialized image cache management middleware
Jun 03 15:40:48.003536 np0000002072 devstack@g-api.service[101957]: INFO glance.image_cache [None req-a783aa94-3e0a-4116-943b-da5455885d54 None None] Image cache loaded driver 'centralized_db'.
Jun 03 15:40:48.004221 np0000002072 devstack@g-api.service[101959]: INFO glance.api.middleware.cache_manage [None req-da55764e-f844-4b6e-b8e4-4fe7b8a4ba9a None None] Initialized image cache management middleware
Jun 03 15:40:48.004407 np0000002072 devstack@g-api.service[101959]: INFO glance.image_cache [None req-da55764e-f844-4b6e-b8e4-4fe7b8a4ba9a None None] Image cache loaded driver 'centralized_db'.
Jun 03 15:40:48.022074 np0000002072 devstack@g-api.service[101959]: DEBUG glance.image_cache.drivers.centralized_db [None req-da55764e-f844-4b6e-b8e4-4fe7b8a4ba9a None None] Node reference is already recorded, ignoring it {{(pid=101959) configure /opt/stack/glance/glance/image_cache/drivers/centralized_db.py:71}}
Jun 03 15:40:48.022266 np0000002072 devstack@g-api.service[101957]: DEBUG glance.image_cache.drivers.centralized_db [None req-a783aa94-3e0a-4116-943b-da5455885d54 None None] Node reference is already recorded, ignoring it {{(pid=101957) configure /opt/stack/glance/glance/image_cache/drivers/centralized_db.py:71}}
Jun 03 15:40:48.025991 np0000002072 devstack@g-api.service[101957]: INFO glance.api.middleware.cache [None req-a783aa94-3e0a-4116-943b-da5455885d54 None None] Initialized image cache middleware
Jun 03 15:40:48.026487 np0000002072 devstack@g-api.service[101959]: INFO glance.api.middleware.cache [None req-da55764e-f844-4b6e-b8e4-4fe7b8a4ba9a None None] Initialized image cache middleware
Jun 03 15:40:48.040314 np0000002072 devstack@g-api.service[101959]: DEBUG glance.common.config [None req-da55764e-f844-4b6e-b8e4-4fe7b8a4ba9a None None] ******************************************************************************** {{(pid=101959) log_opt_values /opt/stack/data/venv/lib/python3.12/site-packages/oslo_config/cfg.py:3229}}
Jun 03 15:40:48.040416 np0000002072 devstack@g-api.service[101959]: DEBUG glance.common.config [None req-da55764e-f844-4b6e-b8e4-4fe7b8a4ba9a None None] Configuration options gathered from: {{(pid=101959) log_opt_values /opt/stack/data/venv/lib/python3.12/site-packages/oslo_config/cfg.py:3230}}
Jun 03 15:40:48.040733 np0000002072 devstack@g-api.service[101959]: DEBUG glance.common.config [None req-da55764e-f844-4b6e-b8e4-4fe7b8a4ba9a None None] command line args: [] {{(pid=101959) log_opt_values /opt/stack/data/venv/lib/python3.12/site-packages/oslo_config/cfg.py:3231}}
Jun 03 15:40:48.040876 np0000002072 devstack@g-api.service[101959]: DEBUG glance.common.config [None req-da55764e-f844-4b6e-b8e4-4fe7b8a4ba9a None None] config files: ['/etc/glance/glance-image-import.conf', '/etc/glance/glance-api.conf'] {{(pid=101959) log_opt_values /opt/stack/data/venv/lib/python3.12/site-packages/oslo_config/cfg.py:3232}}
Jun 03 15:40:48.040949 np0000002072 devstack@g-api.service[101959]: DEBUG glance.common.config [None req-da55764e-f844-4b6e-b8e4-4fe7b8a4ba9a None None] ================================================================================ {{(pid=101959) log_opt_values /opt/stack/data/venv/lib/python3.12/site-packages/oslo_config/cfg.py:3237}}
Jun 03 15:40:48.041103 np0000002072 devstack@g-api.service[101959]: DEBUG glance.common.config [None req-da55764e-f844-4b6e-b8e4-4fe7b8a4ba9a None None] allow_anonymous_access = False {{(pid=101959) log_opt_values /opt/stack/data/venv/lib/python3.12/site-packages/oslo_config/cfg.py:3245}}
Jun 03 15:40:48.041234 np0000002072 devstack@g-api.service[101959]: DEBUG glance.common.config [None req-da55764e-f844-4b6e-b8e4-4fe7b8a4ba9a None None] api_limit_max = 1000 {{(pid=101959) log_opt_values /opt/stack/data/venv/lib/python3.12/site-packages/oslo_config/cfg.py:3245}}
Jun 03 15:40:48.041360 np0000002072 devstack@g-api.service[101959]: DEBUG glance.common.config [None req-da55764e-f844-4b6e-b8e4-4fe7b8a4ba9a None None] backlog = 4096 {{(pid=101959) log_opt_values /opt/stack/data/venv/lib/python3.12/site-packages/oslo_config/cfg.py:3245}}
Jun 03 15:40:48.041492 np0000002072 devstack@g-api.service[101959]: DEBUG glance.common.config [None req-da55764e-f844-4b6e-b8e4-4fe7b8a4ba9a None None] bind_host = 0.0.0.0 {{(pid=101959) log_opt_values /opt/stack/data/venv/lib/python3.12/site-packages/oslo_config/cfg.py:3245}}
Jun 03 15:40:48.041614 np0000002072 devstack@g-api.service[101959]: DEBUG glance.common.config [None req-da55764e-f844-4b6e-b8e4-4fe7b8a4ba9a None None] bind_port = 19292 {{(pid=101959) log_opt_values /opt/stack/data/venv/lib/python3.12/site-packages/oslo_config/cfg.py:3245}}
Jun 03 15:40:48.041721 np0000002072 devstack@g-api.service[101959]: DEBUG glance.common.config [None req-da55764e-f844-4b6e-b8e4-4fe7b8a4ba9a None None] client_socket_timeout = 900 {{(pid=101959) log_opt_values /opt/stack/data/venv/lib/python3.12/site-packages/oslo_config/cfg.py:3245}}
Jun 03 15:40:48.041832 np0000002072 devstack@g-api.service[101959]: DEBUG glance.common.config [None req-da55764e-f844-4b6e-b8e4-4fe7b8a4ba9a None None] config_dir = [] {{(pid=101959) log_opt_values /opt/stack/data/venv/lib/python3.12/site-packages/oslo_config/cfg.py:3245}}
Jun 03 15:40:48.041916 np0000002072 devstack@g-api.service[101959]: DEBUG glance.common.config [None req-da55764e-f844-4b6e-b8e4-4fe7b8a4ba9a None None] config_file = ['/etc/glance/glance-image-import.conf', '/etc/glance/glance-api.conf'] {{(pid=101959) log_opt_values /opt/stack/data/venv/lib/python3.12/site-packages/oslo_config/cfg.py:3245}}
Jun 03 15:40:48.042023 np0000002072 devstack@g-api.service[101959]: DEBUG glance.common.config [None req-da55764e-f844-4b6e-b8e4-4fe7b8a4ba9a None None] config_source = [] {{(pid=101959) log_opt_values /opt/stack/data/venv/lib/python3.12/site-packages/oslo_config/cfg.py:3245}}
Jun 03 15:40:48.042167 np0000002072 devstack@g-api.service[101959]: DEBUG glance.common.config [None req-da55764e-f844-4b6e-b8e4-4fe7b8a4ba9a None None] control_exchange = glance {{(pid=101959) log_opt_values /opt/stack/data/venv/lib/python3.12/site-packages/oslo_config/cfg.py:3245}}
Jun 03 15:40:48.042244 np0000002072 devstack@g-api.service[101959]: DEBUG glance.common.config [None req-da55764e-f844-4b6e-b8e4-4fe7b8a4ba9a None None] debug = True {{(pid=101959) log_opt_values /opt/stack/data/venv/lib/python3.12/site-packages/oslo_config/cfg.py:3245}}
Jun 03 15:40:48.042446 np0000002072 devstack@g-api.service[101959]: DEBUG glance.common.config [None req-da55764e-f844-4b6e-b8e4-4fe7b8a4ba9a None None] default_log_levels = ['amqp=WARN', 'boto=WARN', 'sqlalchemy=WARN', 'suds=INFO', 'oslo.messaging=INFO', 'oslo_messaging=INFO', 'iso8601=WARN', 'requests.packages.urllib3.connectionpool=WARN', 'urllib3.connectionpool=WARN', 'websocket=WARN', 'requests.packages.urllib3.util.retry=WARN', 'urllib3.util.retry=WARN', 'keystonemiddleware=WARN', 'routes.middleware=WARN', 'stevedore=WARN', 'taskflow=WARN', 'keystoneauth=WARN', 'oslo.cache=INFO', 'oslo_policy=INFO', 'dogpile.core.dogpile=INFO'] {{(pid=101959) log_opt_values /opt/stack/data/venv/lib/python3.12/site-packages/oslo_config/cfg.py:3245}}
Jun 03 15:40:48.042560 np0000002072 devstack@g-api.service[101959]: DEBUG glance.common.config [None req-da55764e-f844-4b6e-b8e4-4fe7b8a4ba9a None None] default_publisher_id = image.localhost {{(pid=101959) log_opt_values /opt/stack/data/venv/lib/python3.12/site-packages/oslo_config/cfg.py:3245}}
Jun 03 15:40:48.042665 np0000002072 devstack@g-api.service[101959]: DEBUG glance.common.config [None req-da55764e-f844-4b6e-b8e4-4fe7b8a4ba9a None None] delayed_delete = False {{(pid=101959) log_opt_values /opt/stack/data/venv/lib/python3.12/site-packages/oslo_config/cfg.py:3245}}
Jun 03 15:40:48.042823 np0000002072 devstack@g-api.service[101959]: DEBUG glance.common.config [None req-da55764e-f844-4b6e-b8e4-4fe7b8a4ba9a None None] digest_algorithm = sha256 {{(pid=101959) log_opt_values /opt/stack/data/venv/lib/python3.12/site-packages/oslo_config/cfg.py:3245}}
Jun 03 15:40:48.042933 np0000002072 devstack@g-api.service[101959]: DEBUG glance.common.config [None req-da55764e-f844-4b6e-b8e4-4fe7b8a4ba9a None None] disabled_notifications = [] {{(pid=101959) log_opt_values /opt/stack/data/venv/lib/python3.12/site-packages/oslo_config/cfg.py:3245}}
Jun 03 15:40:48.043036 np0000002072 devstack@g-api.service[101959]: DEBUG glance.common.config [None req-da55764e-f844-4b6e-b8e4-4fe7b8a4ba9a None None] do_secure_hash = True {{(pid=101959) log_opt_values /opt/stack/data/venv/lib/python3.12/site-packages/oslo_config/cfg.py:3245}}
Jun 03 15:40:48.043160 np0000002072 devstack@g-api.service[101959]: DEBUG glance.common.config [None req-da55764e-f844-4b6e-b8e4-4fe7b8a4ba9a None None] enabled_backends = None {{(pid=101959) log_opt_values /opt/stack/data/venv/lib/python3.12/site-packages/oslo_config/cfg.py:3245}}
Jun 03 15:40:48.043295 np0000002072 devstack@g-api.service[101959]: DEBUG glance.common.config [None req-da55764e-f844-4b6e-b8e4-4fe7b8a4ba9a None None] enabled_import_methods = ['glance-direct', 'web-download', 'copy-image'] {{(pid=101959) log_opt_values /opt/stack/data/venv/lib/python3.12/site-packages/oslo_config/cfg.py:3245}}
Jun 03 15:40:48.043405 np0000002072 devstack@g-api.service[101959]: DEBUG glance.common.config [None req-da55764e-f844-4b6e-b8e4-4fe7b8a4ba9a None None] fatal_deprecations = False {{(pid=101959) log_opt_values /opt/stack/data/venv/lib/python3.12/site-packages/oslo_config/cfg.py:3245}}
Jun 03 15:40:48.043515 np0000002072 devstack@g-api.service[101959]: DEBUG glance.common.config [None req-da55764e-f844-4b6e-b8e4-4fe7b8a4ba9a None None] hashing_algorithm = sha512 {{(pid=101959) log_opt_values /opt/stack/data/venv/lib/python3.12/site-packages/oslo_config/cfg.py:3245}}
Jun 03 15:40:48.043619 np0000002072 devstack@g-api.service[101959]: DEBUG glance.common.config [None req-da55764e-f844-4b6e-b8e4-4fe7b8a4ba9a None None] http_keepalive = True {{(pid=101959) log_opt_values /opt/stack/data/venv/lib/python3.12/site-packages/oslo_config/cfg.py:3245}}
Jun 03 15:40:48.043724 np0000002072 devstack@g-api.service[101959]: DEBUG glance.common.config [None req-da55764e-f844-4b6e-b8e4-4fe7b8a4ba9a None None] http_retries = 3 {{(pid=101959) log_opt_values /opt/stack/data/venv/lib/python3.12/site-packages/oslo_config/cfg.py:3245}}
Jun 03 15:40:48.043838 np0000002072 devstack@g-api.service[101959]: DEBUG glance.common.config [None req-da55764e-f844-4b6e-b8e4-4fe7b8a4ba9a None None] image_cache_dir = /opt/stack/data/glance/cache/ {{(pid=101959) log_opt_values /opt/stack/data/venv/lib/python3.12/site-packages/oslo_config/cfg.py:3245}}
Jun 03 15:40:48.043945 np0000002072 devstack@g-api.service[101959]: DEBUG glance.common.config [None req-da55764e-f844-4b6e-b8e4-4fe7b8a4ba9a None None] image_cache_driver = centralized_db {{(pid=101959) log_opt_values /opt/stack/data/venv/lib/python3.12/site-packages/oslo_config/cfg.py:3245}}
Jun 03 15:40:48.044051 np0000002072 devstack@g-api.service[101959]: DEBUG glance.common.config [None req-da55764e-f844-4b6e-b8e4-4fe7b8a4ba9a None None] image_cache_max_size = 10737418240 {{(pid=101959) log_opt_values /opt/stack/data/venv/lib/python3.12/site-packages/oslo_config/cfg.py:3245}}
Jun 03 15:40:48.044181 np0000002072 devstack@g-api.service[101959]: DEBUG glance.common.config [None req-da55764e-f844-4b6e-b8e4-4fe7b8a4ba9a None None] image_cache_sqlite_db = cache.db {{(pid=101959) log_opt_values /opt/stack/data/venv/lib/python3.12/site-packages/oslo_config/cfg.py:3245}}
Jun 03 15:40:48.044302 np0000002072 devstack@g-api.service[101959]: DEBUG glance.common.config [None req-da55764e-f844-4b6e-b8e4-4fe7b8a4ba9a None None] image_cache_stall_time = 86400 {{(pid=101959) log_opt_values /opt/stack/data/venv/lib/python3.12/site-packages/oslo_config/cfg.py:3245}}
Jun 03 15:40:48.044410 np0000002072 devstack@g-api.service[101959]: DEBUG glance.common.config [None req-da55764e-f844-4b6e-b8e4-4fe7b8a4ba9a None None] image_location_quota = 10 {{(pid=101959) log_opt_values /opt/stack/data/venv/lib/python3.12/site-packages/oslo_config/cfg.py:3245}}
Jun 03 15:40:48.044516 np0000002072 devstack@g-api.service[101959]: DEBUG glance.common.config [None req-da55764e-f844-4b6e-b8e4-4fe7b8a4ba9a None None] image_member_quota = 128 {{(pid=101959) log_opt_values /opt/stack/data/venv/lib/python3.12/site-packages/oslo_config/cfg.py:3245}}
Jun 03 15:40:48.044621 np0000002072 devstack@g-api.service[101959]: DEBUG glance.common.config [None req-da55764e-f844-4b6e-b8e4-4fe7b8a4ba9a None None] image_property_quota = 128 {{(pid=101959) log_opt_values /opt/stack/data/venv/lib/python3.12/site-packages/oslo_config/cfg.py:3245}}
Jun 03 15:40:48.044725 np0000002072 devstack@g-api.service[101959]: DEBUG glance.common.config [None req-da55764e-f844-4b6e-b8e4-4fe7b8a4ba9a None None] image_size_cap = 1099511627776 {{(pid=101959) log_opt_values /opt/stack/data/venv/lib/python3.12/site-packages/oslo_config/cfg.py:3245}}
Jun 03 15:40:48.044833 np0000002072 devstack@g-api.service[101959]: DEBUG glance.common.config [None req-da55764e-f844-4b6e-b8e4-4fe7b8a4ba9a None None] image_tag_quota = 128 {{(pid=101959) log_opt_values /opt/stack/data/venv/lib/python3.12/site-packages/oslo_config/cfg.py:3245}}
Jun 03 15:40:48.044941 np0000002072 devstack@g-api.service[101959]: DEBUG glance.common.config [None req-da55764e-f844-4b6e-b8e4-4fe7b8a4ba9a None None] instance_format = [instance: %(uuid)s] {{(pid=101959) log_opt_values /opt/stack/data/venv/lib/python3.12/site-packages/oslo_config/cfg.py:3245}}
Jun 03 15:40:48.045050 np0000002072 devstack@g-api.service[101959]: DEBUG glance.common.config [None req-da55764e-f844-4b6e-b8e4-4fe7b8a4ba9a None None] instance_uuid_format = [instance: %(uuid)s] {{(pid=101959) log_opt_values /opt/stack/data/venv/lib/python3.12/site-packages/oslo_config/cfg.py:3245}}
Jun 03 15:40:48.045171 np0000002072 devstack@g-api.service[101959]: DEBUG glance.common.config [None req-da55764e-f844-4b6e-b8e4-4fe7b8a4ba9a None None] limit_param_default = 25 {{(pid=101959) log_opt_values /opt/stack/data/venv/lib/python3.12/site-packages/oslo_config/cfg.py:3245}}
Jun 03 15:40:48.045294 np0000002072 devstack@g-api.service[101959]: DEBUG glance.common.config [None req-da55764e-f844-4b6e-b8e4-4fe7b8a4ba9a None None] log_color = False {{(pid=101959) log_opt_values /opt/stack/data/venv/lib/python3.12/site-packages/oslo_config/cfg.py:3245}}
Jun 03 15:40:48.045404 np0000002072 devstack@g-api.service[101959]: DEBUG glance.common.config [None req-da55764e-f844-4b6e-b8e4-4fe7b8a4ba9a None None] log_config_append = None {{(pid=101959) log_opt_values /opt/stack/data/venv/lib/python3.12/site-packages/oslo_config/cfg.py:3245}}
Jun 03 15:40:48.045515 np0000002072 devstack@g-api.service[101959]: DEBUG glance.common.config [None req-da55764e-f844-4b6e-b8e4-4fe7b8a4ba9a None None] log_date_format = %Y-%m-%d %H:%M:%S {{(pid=101959) log_opt_values /opt/stack/data/venv/lib/python3.12/site-packages/oslo_config/cfg.py:3245}}
Jun 03 15:40:48.045622 np0000002072 devstack@g-api.service[101959]: DEBUG glance.common.config [None req-da55764e-f844-4b6e-b8e4-4fe7b8a4ba9a None None] log_dir = None {{(pid=101959) log_opt_values /opt/stack/data/venv/lib/python3.12/site-packages/oslo_config/cfg.py:3245}}
Jun 03 15:40:48.045725 np0000002072 devstack@g-api.service[101959]: DEBUG glance.common.config [None req-da55764e-f844-4b6e-b8e4-4fe7b8a4ba9a None None] log_file = None {{(pid=101959) log_opt_values /opt/stack/data/venv/lib/python3.12/site-packages/oslo_config/cfg.py:3245}}
Jun 03 15:40:48.045830 np0000002072 devstack@g-api.service[101959]: DEBUG glance.common.config [None req-da55764e-f844-4b6e-b8e4-4fe7b8a4ba9a None None] log_rotate_interval = 1 {{(pid=101959) log_opt_values /opt/stack/data/venv/lib/python3.12/site-packages/oslo_config/cfg.py:3245}}
Jun 03 15:40:48.045940 np0000002072 devstack@g-api.service[101959]: DEBUG glance.common.config [None req-da55764e-f844-4b6e-b8e4-4fe7b8a4ba9a None None] log_rotate_interval_type = days {{(pid=101959) log_opt_values /opt/stack/data/venv/lib/python3.12/site-packages/oslo_config/cfg.py:3245}}
Jun 03 15:40:48.046051 np0000002072 devstack@g-api.service[101959]: DEBUG glance.common.config [None req-da55764e-f844-4b6e-b8e4-4fe7b8a4ba9a None None] log_rotation_type = none {{(pid=101959) log_opt_values /opt/stack/data/venv/lib/python3.12/site-packages/oslo_config/cfg.py:3245}}
Jun 03 15:40:48.046149 np0000002072 devstack@g-api.service[101959]: DEBUG glance.common.config [None req-da55764e-f844-4b6e-b8e4-4fe7b8a4ba9a None None] logging_context_format_string = %(color)s%(levelname)s %(name)s [%(global_request_id)s %(request_id)s %(project_name)s %(user_name)s%(color)s] %(instance)s%(color)s%(message)s {{(pid=101959) log_opt_values /opt/stack/data/venv/lib/python3.12/site-packages/oslo_config/cfg.py:3245}}
Jun 03 15:40:48.046230 np0000002072 devstack@g-api.service[101959]: DEBUG glance.common.config [None req-da55764e-f844-4b6e-b8e4-4fe7b8a4ba9a None None] logging_debug_format_suffix = {{(pid=%(process)d) %(funcName)s %(pathname)s:%(lineno)d}} {{(pid=101959) log_opt_values /opt/stack/data/venv/lib/python3.12/site-packages/oslo_config/cfg.py:3245}}
Jun 03 15:40:48.046351 np0000002072 devstack@g-api.service[101959]: DEBUG glance.common.config [None req-da55764e-f844-4b6e-b8e4-4fe7b8a4ba9a None None] logging_default_format_string = %(color)s%(levelname)s %(name)s [-%(color)s] %(instance)s%(color)s%(message)s {{(pid=101959) log_opt_values /opt/stack/data/venv/lib/python3.12/site-packages/oslo_config/cfg.py:3245}}
Jun 03 15:40:48.046461 np0000002072 devstack@g-api.service[101959]: DEBUG glance.common.config [None req-da55764e-f844-4b6e-b8e4-4fe7b8a4ba9a None None] logging_exception_prefix = ERROR %(name)s %(instance)s {{(pid=101959) log_opt_values /opt/stack/data/venv/lib/python3.12/site-packages/oslo_config/cfg.py:3245}}
Jun 03 15:40:48.046540 np0000002072 devstack@g-api.service[101959]: DEBUG glance.common.config [None req-da55764e-f844-4b6e-b8e4-4fe7b8a4ba9a None None] logging_user_identity_format = %(user)s %(project)s %(domain)s %(system_scope)s %(user_domain)s %(project_domain)s {{(pid=101959) log_opt_values /opt/stack/data/venv/lib/python3.12/site-packages/oslo_config/cfg.py:3245}}
Jun 03 15:40:48.046645 np0000002072 devstack@g-api.service[101959]: DEBUG glance.common.config [None req-da55764e-f844-4b6e-b8e4-4fe7b8a4ba9a None None] max_header_line = 16384 {{(pid=101959) log_opt_values /opt/stack/data/venv/lib/python3.12/site-packages/oslo_config/cfg.py:3245}}
Jun 03 15:40:48.046747 np0000002072 devstack@g-api.service[101959]: DEBUG glance.common.config [None req-da55764e-f844-4b6e-b8e4-4fe7b8a4ba9a None None] max_logfile_count = 30 {{(pid=101959) log_opt_values /opt/stack/data/venv/lib/python3.12/site-packages/oslo_config/cfg.py:3245}}
Jun 03 15:40:48.046849 np0000002072 devstack@g-api.service[101959]: DEBUG glance.common.config [None req-da55764e-f844-4b6e-b8e4-4fe7b8a4ba9a None None] max_logfile_size_mb = 200 {{(pid=101959) log_opt_values /opt/stack/data/venv/lib/python3.12/site-packages/oslo_config/cfg.py:3245}}
Jun 03 15:40:48.046952 np0000002072 devstack@g-api.service[101959]: DEBUG glance.common.config [None req-da55764e-f844-4b6e-b8e4-4fe7b8a4ba9a None None] max_request_id_length = 64 {{(pid=101959) log_opt_values /opt/stack/data/venv/lib/python3.12/site-packages/oslo_config/cfg.py:3245}}
Jun 03 15:40:48.047058 np0000002072 devstack@g-api.service[101959]: DEBUG glance.common.config [None req-da55764e-f844-4b6e-b8e4-4fe7b8a4ba9a None None] metadata_encryption_key = **** {{(pid=101959) log_opt_values /opt/stack/data/venv/lib/python3.12/site-packages/oslo_config/cfg.py:3245}}
Jun 03 15:40:48.047173 np0000002072 devstack@g-api.service[101959]: DEBUG glance.common.config [None req-da55764e-f844-4b6e-b8e4-4fe7b8a4ba9a None None] node_staging_uri = file:///tmp/staging/ {{(pid=101959) log_opt_values /opt/stack/data/venv/lib/python3.12/site-packages/oslo_config/cfg.py:3245}}
Jun 03 15:40:48.047289 np0000002072 devstack@g-api.service[101959]: DEBUG glance.common.config [None req-da55764e-f844-4b6e-b8e4-4fe7b8a4ba9a None None] property_protection_file = None {{(pid=101959) log_opt_values /opt/stack/data/venv/lib/python3.12/site-packages/oslo_config/cfg.py:3245}}
Jun 03 15:40:48.047412 np0000002072 devstack@g-api.service[101959]: DEBUG glance.common.config [None req-da55764e-f844-4b6e-b8e4-4fe7b8a4ba9a None None] property_protection_rule_format = roles {{(pid=101959) log_opt_values /opt/stack/data/venv/lib/python3.12/site-packages/oslo_config/cfg.py:3245}}
Jun 03 15:40:48.047517 np0000002072 devstack@g-api.service[101959]: DEBUG glance.common.config [None req-da55764e-f844-4b6e-b8e4-4fe7b8a4ba9a None None] public_endpoint = https://10.4.3.19/image {{(pid=101959) log_opt_values /opt/stack/data/venv/lib/python3.12/site-packages/oslo_config/cfg.py:3245}}
Jun 03 15:40:48.047620 np0000002072 devstack@g-api.service[101959]: DEBUG glance.common.config [None req-da55764e-f844-4b6e-b8e4-4fe7b8a4ba9a None None] publish_errors = False {{(pid=101959) log_opt_values /opt/stack/data/venv/lib/python3.12/site-packages/oslo_config/cfg.py:3245}}
Jun 03 15:40:48.047723 np0000002072 devstack@g-api.service[101959]: DEBUG glance.common.config [None req-da55764e-f844-4b6e-b8e4-4fe7b8a4ba9a None None] pydev_worker_debug_host = None {{(pid=101959) log_opt_values /opt/stack/data/venv/lib/python3.12/site-packages/oslo_config/cfg.py:3245}}
Jun 03 15:40:48.047828 np0000002072 devstack@g-api.service[101959]: DEBUG glance.common.config [None req-da55764e-f844-4b6e-b8e4-4fe7b8a4ba9a None None] pydev_worker_debug_port = 5678 {{(pid=101959) log_opt_values /opt/stack/data/venv/lib/python3.12/site-packages/oslo_config/cfg.py:3245}}
Jun 03 15:40:48.047930 np0000002072 devstack@g-api.service[101959]: DEBUG glance.common.config [None req-da55764e-f844-4b6e-b8e4-4fe7b8a4ba9a None None] rate_limit_burst = 0 {{(pid=101959) log_opt_values /opt/stack/data/venv/lib/python3.12/site-packages/oslo_config/cfg.py:3245}}
Jun 03 15:40:48.048038 np0000002072 devstack@g-api.service[101959]: DEBUG glance.common.config [None req-da55764e-f844-4b6e-b8e4-4fe7b8a4ba9a None None] rate_limit_except_level = CRITICAL {{(pid=101959) log_opt_values /opt/stack/data/venv/lib/python3.12/site-packages/oslo_config/cfg.py:3245}}
Jun 03 15:40:48.048166 np0000002072 devstack@g-api.service[101959]: DEBUG glance.common.config [None req-da55764e-f844-4b6e-b8e4-4fe7b8a4ba9a None None] rate_limit_interval = 0 {{(pid=101959) log_opt_values /opt/stack/data/venv/lib/python3.12/site-packages/oslo_config/cfg.py:3245}}
Jun 03 15:40:48.048281 np0000002072 devstack@g-api.service[101959]: DEBUG glance.common.config [None req-da55764e-f844-4b6e-b8e4-4fe7b8a4ba9a None None] scrub_pool_size = 1 {{(pid=101959) log_opt_values /opt/stack/data/venv/lib/python3.12/site-packages/oslo_config/cfg.py:3245}}
Jun 03 15:40:48.048388 np0000002072 devstack@g-api.service[101959]: DEBUG glance.common.config [None req-da55764e-f844-4b6e-b8e4-4fe7b8a4ba9a None None] scrub_time = 0 {{(pid=101959) log_opt_values /opt/stack/data/venv/lib/python3.12/site-packages/oslo_config/cfg.py:3245}}
Jun 03 15:40:48.048486 np0000002072 devstack@g-api.service[101959]: DEBUG glance.common.config [None req-da55764e-f844-4b6e-b8e4-4fe7b8a4ba9a None None] shell_completion = None {{(pid=101959) log_opt_values /opt/stack/data/venv/lib/python3.12/site-packages/oslo_config/cfg.py:3245}}
Jun 03 15:40:48.048598 np0000002072 devstack@g-api.service[101959]: DEBUG glance.common.config [None req-da55764e-f844-4b6e-b8e4-4fe7b8a4ba9a None None] show_image_direct_url = False {{(pid=101959) log_opt_values /opt/stack/data/venv/lib/python3.12/site-packages/oslo_config/cfg.py:3245}}
Jun 03 15:40:48.048832 np0000002072 devstack@g-api.service[101959]: WARNING oslo_config.cfg [None req-da55764e-f844-4b6e-b8e4-4fe7b8a4ba9a None None] Deprecated: Option "show_multiple_locations" from group "DEFAULT" is deprecated for removal (Use of this option, deprecated since Newton, is a security risk and will be removed once we figure out a way to satisfy those use cases that currently require it. An earlier announcement that the same functionality can be achieved with greater granularity by using policies is incorrect. You cannot work around this option via policy configuration at the present time, though that is the direction we believe the fix will take. Please keep an eye on the Glance release notes to stay up to date on progress in addressing this issue.). Its value may be silently ignored in the future.
Jun 03 15:40:48.048951 np0000002072 devstack@g-api.service[101959]: DEBUG glance.common.config [None req-da55764e-f844-4b6e-b8e4-4fe7b8a4ba9a None None] show_multiple_locations = False {{(pid=101959) log_opt_values /opt/stack/data/venv/lib/python3.12/site-packages/oslo_config/cfg.py:3245}}
Jun 03 15:40:48.049065 np0000002072 devstack@g-api.service[101959]: DEBUG glance.common.config [None req-da55764e-f844-4b6e-b8e4-4fe7b8a4ba9a None None] syslog_log_facility = LOG_USER {{(pid=101959) log_opt_values /opt/stack/data/venv/lib/python3.12/site-packages/oslo_config/cfg.py:3245}}
Jun 03 15:40:48.049187 np0000002072 devstack@g-api.service[101959]: DEBUG glance.common.config [None req-da55764e-f844-4b6e-b8e4-4fe7b8a4ba9a None None] tcp_keepidle = 600 {{(pid=101959) log_opt_values /opt/stack/data/venv/lib/python3.12/site-packages/oslo_config/cfg.py:3245}}
Jun 03 15:40:48.049310 np0000002072 devstack@g-api.service[101959]: DEBUG glance.common.config [None req-da55764e-f844-4b6e-b8e4-4fe7b8a4ba9a None None] transport_url = **** {{(pid=101959) log_opt_values /opt/stack/data/venv/lib/python3.12/site-packages/oslo_config/cfg.py:3245}}
Jun 03 15:40:48.049416 np0000002072 devstack@g-api.service[101959]: DEBUG glance.common.config [None req-da55764e-f844-4b6e-b8e4-4fe7b8a4ba9a None None] use_journal = False {{(pid=101959) log_opt_values /opt/stack/data/venv/lib/python3.12/site-packages/oslo_config/cfg.py:3245}}
Jun 03 15:40:48.049535 np0000002072 devstack@g-api.service[101959]: DEBUG glance.common.config [None req-da55764e-f844-4b6e-b8e4-4fe7b8a4ba9a None None] use_json = False {{(pid=101959) log_opt_values /opt/stack/data/venv/lib/python3.12/site-packages/oslo_config/cfg.py:3245}}
Jun 03 15:40:48.049631 np0000002072 devstack@g-api.service[101959]: DEBUG glance.common.config [None req-da55764e-f844-4b6e-b8e4-4fe7b8a4ba9a None None] use_keystone_limits = True {{(pid=101959) log_opt_values /opt/stack/data/venv/lib/python3.12/site-packages/oslo_config/cfg.py:3245}}
Jun 03 15:40:48.049734 np0000002072 devstack@g-api.service[101959]: DEBUG glance.common.config [None req-da55764e-f844-4b6e-b8e4-4fe7b8a4ba9a None None] use_stderr = False {{(pid=101959) log_opt_values /opt/stack/data/venv/lib/python3.12/site-packages/oslo_config/cfg.py:3245}}
Jun 03 15:40:48.049841 np0000002072 devstack@g-api.service[101959]: DEBUG glance.common.config [None req-da55764e-f844-4b6e-b8e4-4fe7b8a4ba9a None None] use_syslog = False {{(pid=101959) log_opt_values /opt/stack/data/venv/lib/python3.12/site-packages/oslo_config/cfg.py:3245}}
Jun 03 15:40:48.049949 np0000002072 devstack@g-api.service[101959]: DEBUG glance.common.config [None req-da55764e-f844-4b6e-b8e4-4fe7b8a4ba9a None None] user_storage_quota = 0 {{(pid=101959) log_opt_values /opt/stack/data/venv/lib/python3.12/site-packages/oslo_config/cfg.py:3245}}
Jun 03 15:40:48.050055 np0000002072 devstack@g-api.service[101959]: DEBUG glance.common.config [None req-da55764e-f844-4b6e-b8e4-4fe7b8a4ba9a None None] worker_self_reference_url = http://127.0.0.1:60999 {{(pid=101959) log_opt_values /opt/stack/data/venv/lib/python3.12/site-packages/oslo_config/cfg.py:3245}}
Jun 03 15:40:48.050178 np0000002072 devstack@g-api.service[101959]: DEBUG glance.common.config [None req-da55764e-f844-4b6e-b8e4-4fe7b8a4ba9a None None] workers = None {{(pid=101959) log_opt_values /opt/stack/data/venv/lib/python3.12/site-packages/oslo_config/cfg.py:3245}}
Jun 03 15:40:48.050310 np0000002072 devstack@g-api.service[101959]: DEBUG glance.common.config [None req-da55764e-f844-4b6e-b8e4-4fe7b8a4ba9a None None] oslo_concurrency.disable_process_locking = False {{(pid=101959) log_opt_values /opt/stack/data/venv/lib/python3.12/site-packages/oslo_config/cfg.py:3256}}
Jun 03 15:40:48.050427 np0000002072 devstack@g-api.service[101959]: DEBUG glance.common.config [None req-da55764e-f844-4b6e-b8e4-4fe7b8a4ba9a None None] oslo_concurrency.lock_path = /opt/stack/data/glance/locks {{(pid=101959) log_opt_values /opt/stack/data/venv/lib/python3.12/site-packages/oslo_config/cfg.py:3256}}
Jun 03 15:40:48.050539 np0000002072 devstack@g-api.service[101959]: DEBUG glance.common.config [None req-da55764e-f844-4b6e-b8e4-4fe7b8a4ba9a None None] oslo_middleware.enable_proxy_headers_parsing = False {{(pid=101959) log_opt_values /opt/stack/data/venv/lib/python3.12/site-packages/oslo_config/cfg.py:3256}}
Jun 03 15:40:48.050649 np0000002072 devstack@g-api.service[101959]: DEBUG glance.common.config [None req-da55764e-f844-4b6e-b8e4-4fe7b8a4ba9a None None] oslo_middleware.http_basic_auth_user_file = /etc/htpasswd {{(pid=101959) log_opt_values /opt/stack/data/venv/lib/python3.12/site-packages/oslo_config/cfg.py:3256}}
Jun 03 15:40:48.050757 np0000002072 devstack@g-api.service[101959]: DEBUG glance.common.config [None req-da55764e-f844-4b6e-b8e4-4fe7b8a4ba9a None None] paste_deploy.config_file = None {{(pid=101959) log_opt_values /opt/stack/data/venv/lib/python3.12/site-packages/oslo_config/cfg.py:3256}}
Jun 03 15:40:48.050868 np0000002072 devstack@g-api.service[101959]: DEBUG glance.common.config [None req-da55764e-f844-4b6e-b8e4-4fe7b8a4ba9a None None] paste_deploy.flavor = keystone+cachemanagement {{(pid=101959) log_opt_values /opt/stack/data/venv/lib/python3.12/site-packages/oslo_config/cfg.py:3256}}
Jun 03 15:40:48.051020 np0000002072 devstack@g-api.service[101959]: DEBUG glance.common.config [None req-da55764e-f844-4b6e-b8e4-4fe7b8a4ba9a None None] image_format.container_formats = ['ami', 'ari', 'aki', 'bare', 'ovf', 'ova', 'docker', 'compressed'] {{(pid=101959) log_opt_values /opt/stack/data/venv/lib/python3.12/site-packages/oslo_config/cfg.py:3256}}
Jun 03 15:40:48.051197 np0000002072 devstack@g-api.service[101959]: DEBUG glance.common.config [None req-da55764e-f844-4b6e-b8e4-4fe7b8a4ba9a None None] image_format.disk_formats = ['ami', 'ari', 'aki', 'vhd', 'vhdx', 'vmdk', 'raw', 'qcow2', 'vdi', 'iso', 'ploop'] {{(pid=101959) log_opt_values /opt/stack/data/venv/lib/python3.12/site-packages/oslo_config/cfg.py:3256}}
Jun 03 15:40:48.051372 np0000002072 devstack@g-api.service[101959]: DEBUG glance.common.config [None req-da55764e-f844-4b6e-b8e4-4fe7b8a4ba9a None None] image_format.gpt_safety_checks_nonfatal = [] {{(pid=101959) log_opt_values /opt/stack/data/venv/lib/python3.12/site-packages/oslo_config/cfg.py:3256}}
Jun 03 15:40:48.051509 np0000002072 devstack@g-api.service[101959]: DEBUG glance.common.config [None req-da55764e-f844-4b6e-b8e4-4fe7b8a4ba9a None None] image_format.require_image_format_match = True {{(pid=101959) log_opt_values /opt/stack/data/venv/lib/python3.12/site-packages/oslo_config/cfg.py:3256}}
Jun 03 15:40:48.051637 np0000002072 devstack@g-api.service[101959]: DEBUG glance.common.config [None req-da55764e-f844-4b6e-b8e4-4fe7b8a4ba9a None None] image_format.vmdk_allowed_types = ['streamOptimized', 'monolithicSparse'] {{(pid=101959) log_opt_values /opt/stack/data/venv/lib/python3.12/site-packages/oslo_config/cfg.py:3256}}
Jun 03 15:40:48.051772 np0000002072 devstack@g-api.service[101959]: DEBUG glance.common.config [None req-da55764e-f844-4b6e-b8e4-4fe7b8a4ba9a None None] task.task_executor = taskflow {{(pid=101959) log_opt_values /opt/stack/data/venv/lib/python3.12/site-packages/oslo_config/cfg.py:3256}}
Jun 03 15:40:48.051876 np0000002072 devstack@g-api.service[101959]: DEBUG glance.common.config [None req-da55764e-f844-4b6e-b8e4-4fe7b8a4ba9a None None] task.task_time_to_live = 48 {{(pid=101959) log_opt_values /opt/stack/data/venv/lib/python3.12/site-packages/oslo_config/cfg.py:3256}}
