Jun 03 15:40:25.232519 np0000002072 nova-scheduler[95606]: DEBUG cotyledon.oslo_config_glue [-] oslo_limit.collect_timing = False {{(pid=95606) log_opt_values /opt/stack/data/venv/lib/python3.12/site-packages/oslo_config/cfg.py:3256}}
Jun 03 15:40:25.232519 np0000002072 nova-scheduler[95606]: DEBUG cotyledon.oslo_config_glue [-] oslo_limit.connect_retries = None {{(pid=95606) log_opt_values /opt/stack/data/venv/lib/python3.12/site-packages/oslo_config/cfg.py:3256}}
Jun 03 15:40:25.232519 np0000002072 nova-scheduler[95606]: DEBUG cotyledon.oslo_config_glue [-] oslo_limit.connect_retry_delay = None {{(pid=95606) log_opt_values /opt/stack/data/venv/lib/python3.12/site-packages/oslo_config/cfg.py:3256}}
Jun 03 15:40:25.232707 np0000002072 nova-scheduler[95606]: DEBUG cotyledon.oslo_config_glue [-] oslo_limit.endpoint_id = None {{(pid=95606) log_opt_values /opt/stack/data/venv/lib/python3.12/site-packages/oslo_config/cfg.py:3256}}
Jun 03 15:40:25.232707 np0000002072 nova-scheduler[95606]: DEBUG cotyledon.oslo_config_glue [-] oslo_limit.endpoint_interface = public {{(pid=95606) log_opt_values /opt/stack/data/venv/lib/python3.12/site-packages/oslo_config/cfg.py:3256}}
Jun 03 15:40:25.232707 np0000002072 nova-scheduler[95606]: DEBUG cotyledon.oslo_config_glue [-] oslo_limit.endpoint_override = None {{(pid=95606) log_opt_values /opt/stack/data/venv/lib/python3.12/site-packages/oslo_config/cfg.py:3256}}
Jun 03 15:40:25.232707 np0000002072 nova-scheduler[95606]: DEBUG cotyledon.oslo_config_glue [-] oslo_limit.endpoint_region_name = None {{(pid=95606) log_opt_values /opt/stack/data/venv/lib/python3.12/site-packages/oslo_config/cfg.py:3256}}
Jun 03 15:40:25.232707 np0000002072 nova-scheduler[95606]: DEBUG cotyledon.oslo_config_glue [-] oslo_limit.endpoint_service_name = None {{(pid=95606) log_opt_values /opt/stack/data/venv/lib/python3.12/site-packages/oslo_config/cfg.py:3256}}
Jun 03 15:40:25.232707 np0000002072 nova-scheduler[95606]: DEBUG cotyledon.oslo_config_glue [-] oslo_limit.endpoint_service_type = None {{(pid=95606) log_opt_values /opt/stack/data/venv/lib/python3.12/site-packages/oslo_config/cfg.py:3256}}
Jun 03 15:40:25.232707 np0000002072 nova-scheduler[95606]: DEBUG cotyledon.oslo_config_glue [-] oslo_limit.insecure = False {{(pid=95606) log_opt_values /opt/stack/data/venv/lib/python3.12/site-packages/oslo_config/cfg.py:3256}}
Jun 03 15:40:25.232707 np0000002072 nova-scheduler[95606]: DEBUG cotyledon.oslo_config_glue [-] oslo_limit.keyfile = None {{(pid=95606) log_opt_values /opt/stack/data/venv/lib/python3.12/site-packages/oslo_config/cfg.py:3256}}
Jun 03 15:40:25.232707 np0000002072 nova-scheduler[95606]: DEBUG cotyledon.oslo_config_glue [-] oslo_limit.max_version = None {{(pid=95606) log_opt_values /opt/stack/data/venv/lib/python3.12/site-packages/oslo_config/cfg.py:3256}}
Jun 03 15:40:25.232893 np0000002072 nova-scheduler[95606]: DEBUG cotyledon.oslo_config_glue [-] oslo_limit.min_version = None {{(pid=95606) log_opt_values /opt/stack/data/venv/lib/python3.12/site-packages/oslo_config/cfg.py:3256}}
Jun 03 15:40:25.232893 np0000002072 nova-scheduler[95606]: DEBUG cotyledon.oslo_config_glue [-] oslo_limit.region_name = None {{(pid=95606) log_opt_values /opt/stack/data/venv/lib/python3.12/site-packages/oslo_config/cfg.py:3256}}
Jun 03 15:40:25.232893 np0000002072 nova-scheduler[95606]: DEBUG cotyledon.oslo_config_glue [-] oslo_limit.retriable_status_codes = None {{(pid=95606) log_opt_values /opt/stack/data/venv/lib/python3.12/site-packages/oslo_config/cfg.py:3256}}
Jun 03 15:40:25.232893 np0000002072 nova-scheduler[95606]: DEBUG cotyledon.oslo_config_glue [-] oslo_limit.service_name = None {{(pid=95606) log_opt_values /opt/stack/data/venv/lib/python3.12/site-packages/oslo_config/cfg.py:3256}}
Jun 03 15:40:25.232893 np0000002072 nova-scheduler[95606]: DEBUG cotyledon.oslo_config_glue [-] oslo_limit.service_type = None {{(pid=95606) log_opt_values /opt/stack/data/venv/lib/python3.12/site-packages/oslo_config/cfg.py:3256}}
Jun 03 15:40:25.232893 np0000002072 nova-scheduler[95606]: DEBUG cotyledon.oslo_config_glue [-] oslo_limit.split_loggers = False {{(pid=95606) log_opt_values /opt/stack/data/venv/lib/python3.12/site-packages/oslo_config/cfg.py:3256}}
Jun 03 15:40:25.232893 np0000002072 nova-scheduler[95606]: DEBUG cotyledon.oslo_config_glue [-] oslo_limit.status_code_retries = None {{(pid=95606) log_opt_values /opt/stack/data/venv/lib/python3.12/site-packages/oslo_config/cfg.py:3256}}
Jun 03 15:40:25.232893 np0000002072 nova-scheduler[95606]: DEBUG cotyledon.oslo_config_glue [-] oslo_limit.status_code_retry_delay = None {{(pid=95606) log_opt_values /opt/stack/data/venv/lib/python3.12/site-packages/oslo_config/cfg.py:3256}}
Jun 03 15:40:25.232893 np0000002072 nova-scheduler[95606]: DEBUG cotyledon.oslo_config_glue [-] oslo_limit.timeout = None {{(pid=95606) log_opt_values /opt/stack/data/venv/lib/python3.12/site-packages/oslo_config/cfg.py:3256}}
Jun 03 15:40:25.233067 np0000002072 nova-scheduler[95606]: DEBUG cotyledon.oslo_config_glue [-] oslo_limit.valid_interfaces = None {{(pid=95606) log_opt_values /opt/stack/data/venv/lib/python3.12/site-packages/oslo_config/cfg.py:3256}}
Jun 03 15:40:25.233067 np0000002072 nova-scheduler[95606]: DEBUG cotyledon.oslo_config_glue [-] oslo_limit.version = None {{(pid=95606) log_opt_values /opt/stack/data/venv/lib/python3.12/site-packages/oslo_config/cfg.py:3256}}
Jun 03 15:40:25.233067 np0000002072 nova-scheduler[95606]: DEBUG cotyledon.oslo_config_glue [-] oslo_reports.file_event_handler = None {{(pid=95606) log_opt_values /opt/stack/data/venv/lib/python3.12/site-packages/oslo_config/cfg.py:3256}}
Jun 03 15:40:25.233067 np0000002072 nova-scheduler[95606]: DEBUG cotyledon.oslo_config_glue [-] oslo_reports.file_event_handler_interval = 1 {{(pid=95606) log_opt_values /opt/stack/data/venv/lib/python3.12/site-packages/oslo_config/cfg.py:3256}}
Jun 03 15:40:25.233067 np0000002072 nova-scheduler[95606]: DEBUG cotyledon.oslo_config_glue [-] oslo_reports.log_dir = None {{(pid=95606) log_opt_values /opt/stack/data/venv/lib/python3.12/site-packages/oslo_config/cfg.py:3256}}
Jun 03 15:40:25.233067 np0000002072 nova-scheduler[95606]: DEBUG cotyledon.oslo_config_glue [-] ******************************************************************************** {{(pid=95606) log_opt_values /opt/stack/data/venv/lib/python3.12/site-packages/oslo_config/cfg.py:3263}}
Jun 03 15:40:25.233067 np0000002072 nova-scheduler[95606]: DEBUG cotyledon._service_worker [-] Run service ServiceWrapper(2) [95606] {{(pid=95606) wait_forever /opt/stack/data/venv/lib/python3.12/site-packages/cotyledon/_service_worker.py:218}}
Jun 03 15:40:25.233067 np0000002072 nova-scheduler[95606]: INFO nova.service [-] Starting scheduler node (version 33.1.0)
Jun 03 15:40:25.233268 np0000002072 nova-scheduler[95606]: INFO dbcounter [None req-648286f8-39a2-44fb-85bf-d43e28032a82 None None] Registered counter for database nova_cell0
Jun 03 15:40:25.234295 np0000002072 nova-scheduler[95602]: DEBUG dbcounter [-] [95602] Writer thread running {{(pid=95602) stat_writer /opt/stack/data/venv/lib/python3.12/site-packages/dbcounter.py:102}}
Jun 03 15:40:25.254703 np0000002072 nova-scheduler[95602]: DEBUG nova.service [None req-b3c8eec8-7ec2-45cf-b09b-7f61ca1ae9e9 None None] Creating RPC server for service: nova-scheduler on topic: scheduler {{(pid=95602) start /opt/stack/nova/nova/service.py:195}}
Jun 03 15:40:25.258602 np0000002072 nova-scheduler[95604]: DEBUG oslo_db.sqlalchemy.engines [None req-126bdc41-e757-4fa7-b2f3-ad3587ebc115 None None] MySQL server mode set to STRICT_TRANS_TABLES,STRICT_ALL_TABLES,NO_ZERO_IN_DATE,NO_ZERO_DATE,ERROR_FOR_DIVISION_BY_ZERO,TRADITIONAL,NO_ENGINE_SUBSTITUTION {{(pid=95604) _check_effective_sql_mode /opt/stack/data/venv/lib/python3.12/site-packages/oslo_db/sqlalchemy/engines.py:325}}
Jun 03 15:40:25.268130 np0000002072 nova-scheduler[95604]: DEBUG dbcounter [-] [95604] Writer thread running {{(pid=95604) stat_writer /opt/stack/data/venv/lib/python3.12/site-packages/dbcounter.py:102}}
Jun 03 15:40:25.270830 np0000002072 nova-scheduler[95604]: DEBUG nova.service [None req-126bdc41-e757-4fa7-b2f3-ad3587ebc115 None None] Creating RPC server for service: nova-scheduler on topic: scheduler {{(pid=95604) start /opt/stack/nova/nova/service.py:195}}
Jun 03 15:40:25.277630 np0000002072 nova-scheduler[95606]: DEBUG oslo_db.sqlalchemy.engines [None req-648286f8-39a2-44fb-85bf-d43e28032a82 None None] MySQL server mode set to STRICT_TRANS_TABLES,STRICT_ALL_TABLES,NO_ZERO_IN_DATE,NO_ZERO_DATE,ERROR_FOR_DIVISION_BY_ZERO,TRADITIONAL,NO_ENGINE_SUBSTITUTION {{(pid=95606) _check_effective_sql_mode /opt/stack/data/venv/lib/python3.12/site-packages/oslo_db/sqlalchemy/engines.py:325}}
Jun 03 15:40:25.285939 np0000002072 nova-scheduler[95606]: DEBUG dbcounter [-] [95606] Writer thread running {{(pid=95606) stat_writer /opt/stack/data/venv/lib/python3.12/site-packages/dbcounter.py:102}}
Jun 03 15:40:25.286130 np0000002072 nova-scheduler[95602]: DEBUG nova.service [None req-b3c8eec8-7ec2-45cf-b09b-7f61ca1ae9e9 None None] Join ServiceGroup membership for this service scheduler {{(pid=95602) start /opt/stack/nova/nova/service.py:221}}
Jun 03 15:40:25.286288 np0000002072 nova-scheduler[95602]: DEBUG nova.servicegroup.drivers.db [None req-b3c8eec8-7ec2-45cf-b09b-7f61ca1ae9e9 None None] DB_Driver: join new ServiceGroup member np0000002072 to the scheduler group, service = {{(pid=95602) join /opt/stack/nova/nova/servicegroup/drivers/db.py:44}}
Jun 03 15:40:25.291110 np0000002072 nova-scheduler[95606]: DEBUG nova.service [None req-648286f8-39a2-44fb-85bf-d43e28032a82 None None] Creating RPC server for service: nova-scheduler on topic: scheduler {{(pid=95606) start /opt/stack/nova/nova/service.py:195}}
Jun 03 15:40:25.291184 np0000002072 nova-scheduler[95604]: DEBUG nova.service [None req-126bdc41-e757-4fa7-b2f3-ad3587ebc115 None None] Join ServiceGroup membership for this service scheduler {{(pid=95604) start /opt/stack/nova/nova/service.py:221}}
Jun 03 15:40:25.291184 np0000002072 nova-scheduler[95604]: DEBUG nova.servicegroup.drivers.db [None req-126bdc41-e757-4fa7-b2f3-ad3587ebc115 None None] DB_Driver: join new ServiceGroup member np0000002072 to the scheduler group, service = {{(pid=95604) join /opt/stack/nova/nova/servicegroup/drivers/db.py:44}}
Jun 03 15:40:25.305593 np0000002072 nova-scheduler[95606]: DEBUG nova.service [None req-648286f8-39a2-44fb-85bf-d43e28032a82 None None] Join ServiceGroup membership for this service scheduler {{(pid=95606) start /opt/stack/nova/nova/service.py:221}}
Jun 03 15:40:25.305918 np0000002072 nova-scheduler[95606]: DEBUG nova.servicegroup.drivers.db [None req-648286f8-39a2-44fb-85bf-d43e28032a82 None None] DB_Driver: join new ServiceGroup member np0000002072 to the scheduler group, service = {{(pid=95606) join /opt/stack/nova/nova/servicegroup/drivers/db.py:44}}
Jun 03 15:40:30.301862 np0000002072 nova-scheduler[95602]: DEBUG oslo.service.backend._threading.loopingcall [-] Fixed interval looping call 'nova.servicegroup.drivers.db.DbDriver._report_state' sleeping for 119.99 seconds {{(pid=95602) _run_loop /opt/stack/data/venv/lib/python3.12/site-packages/oslo_service/backend/_threading/loopingcall.py:125}}
Jun 03 15:40:30.302895 np0000002072 nova-scheduler[95604]: DEBUG oslo.service.backend._threading.loopingcall [-] Fixed interval looping call 'nova.servicegroup.drivers.db.DbDriver._report_state' sleeping for 119.99 seconds {{(pid=95604) _run_loop /opt/stack/data/venv/lib/python3.12/site-packages/oslo_service/backend/_threading/loopingcall.py:125}}
Jun 03 15:40:30.317226 np0000002072 nova-scheduler[95606]: DEBUG oslo.service.backend._threading.loopingcall [-] Fixed interval looping call 'nova.servicegroup.drivers.db.DbDriver._report_state' sleeping for 119.99 seconds {{(pid=95606) _run_loop /opt/stack/data/venv/lib/python3.12/site-packages/oslo_service/backend/_threading/loopingcall.py:125}}
Jun 03 15:40:31.307629 np0000002072 nova-scheduler[95606]: DEBUG oslo.service.backend._threading.loopingcall [None req-db274a45-cc19-4a1c-9ba7-d0303e97c900 None None] Dynamic interval looping call 'nova.service.Service.periodic_tasks' sleeping for 60.00 seconds {{(pid=95606) _run_loop /opt/stack/data/venv/lib/python3.12/site-packages/oslo_service/backend/_threading/loopingcall.py:125}}
Jun 03 15:40:33.889398 np0000002072 nova-scheduler[94411]: DEBUG dbcounter [-] [94411] Writing DB stats nova_api:SELECT=3 {{(pid=94411) stat_writer /opt/stack/data/venv/lib/python3.12/site-packages/dbcounter.py:115}}
Jun 03 15:40:34.011608 np0000002072 nova-scheduler[94411]: DEBUG dbcounter [-] [94411] Writing DB stats nova_cell0:SELECT=1 {{(pid=94411) stat_writer /opt/stack/data/venv/lib/python3.12/site-packages/dbcounter.py:115}}
Jun 03 15:40:34.023797 np0000002072 nova-scheduler[94411]: DEBUG dbcounter [-] [94411] Writing DB stats nova_cell1:SELECT=1 {{(pid=94411) stat_writer /opt/stack/data/venv/lib/python3.12/site-packages/dbcounter.py:115}}
Jun 03 15:40:40.295946 np0000002072 nova-scheduler[95602]: DEBUG dbcounter [-] [95602] Writing DB stats nova_cell0:SELECT=4,nova_cell0:INSERT=1,nova_cell0:UPDATE=1 {{(pid=95602) stat_writer /opt/stack/data/venv/lib/python3.12/site-packages/dbcounter.py:115}}
Jun 03 15:40:40.301693 np0000002072 nova-scheduler[95604]: DEBUG dbcounter [-] [95604] Writing DB stats nova_cell0:SELECT=3,nova_cell0:UPDATE=1 {{(pid=95604) stat_writer /opt/stack/data/venv/lib/python3.12/site-packages/dbcounter.py:115}}
Jun 03 15:40:40.314172 np0000002072 nova-scheduler[95606]: DEBUG dbcounter [-] [95606] Writing DB stats nova_cell0:SELECT=3 {{(pid=95606) stat_writer /opt/stack/data/venv/lib/python3.12/site-packages/dbcounter.py:115}}
Jun 03 15:41:03.288675 np0000002072 nova-scheduler[95602]: DEBUG oslo.service.backend._threading.loopingcall [None req-2d370654-3c56-4795-9fca-e1b8a3ed49cb None None] Dynamic interval looping call 'nova.service.Service.periodic_tasks' sleeping for 60.00 seconds {{(pid=95602) _run_loop /opt/stack/data/venv/lib/python3.12/site-packages/oslo_service/backend/_threading/loopingcall.py:125}}
Jun 03 15:41:25.293113 np0000002072 nova-scheduler[95604]: DEBUG oslo.service.backend._threading.loopingcall [None req-1a9f5deb-60d8-4db6-8bc2-71c9ca863215 None None] Dynamic interval looping call 'nova.service.Service.periodic_tasks' sleeping for 60.00 seconds {{(pid=95604) _run_loop /opt/stack/data/venv/lib/python3.12/site-packages/oslo_service/backend/_threading/loopingcall.py:125}}
Jun 03 15:41:31.308023 np0000002072 nova-scheduler[95606]: DEBUG oslo.service.backend._threading.loopingcall [None req-db274a45-cc19-4a1c-9ba7-d0303e97c900 None None] Dynamic interval looping call 'nova.service.Service.periodic_tasks' sleeping for 60.00 seconds {{(pid=95606) _run_loop /opt/stack/data/venv/lib/python3.12/site-packages/oslo_service/backend/_threading/loopingcall.py:125}}
Jun 03 15:42:03.289266 np0000002072 nova-scheduler[95602]: DEBUG oslo.service.backend._threading.loopingcall [None req-2d370654-3c56-4795-9fca-e1b8a3ed49cb None None] Dynamic interval looping call 'nova.service.Service.periodic_tasks' sleeping for 60.00 seconds {{(pid=95602) _run_loop /opt/stack/data/venv/lib/python3.12/site-packages/oslo_service/backend/_threading/loopingcall.py:125}}
Jun 03 15:42:25.293647 np0000002072 nova-scheduler[95604]: DEBUG oslo.service.backend._threading.loopingcall [None req-1a9f5deb-60d8-4db6-8bc2-71c9ca863215 None None] Dynamic interval looping call 'nova.service.Service.periodic_tasks' sleeping for 60.00 seconds {{(pid=95604) _run_loop /opt/stack/data/venv/lib/python3.12/site-packages/oslo_service/backend/_threading/loopingcall.py:125}}
Jun 03 15:42:30.298927 np0000002072 nova-scheduler[95602]: DEBUG oslo.service.backend._threading.loopingcall [-] Fixed interval looping call 'nova.servicegroup.drivers.db.DbDriver._report_state' sleeping for 119.99 seconds {{(pid=95602) _run_loop /opt/stack/data/venv/lib/python3.12/site-packages/oslo_service/backend/_threading/loopingcall.py:125}}
Jun 03 15:42:30.299332 np0000002072 nova-scheduler[95604]: DEBUG oslo.service.backend._threading.loopingcall [-] Fixed interval looping call 'nova.servicegroup.drivers.db.DbDriver._report_state' sleeping for 119.99 seconds {{(pid=95604) _run_loop /opt/stack/data/venv/lib/python3.12/site-packages/oslo_service/backend/_threading/loopingcall.py:125}}
Jun 03 15:42:30.310944 np0000002072 nova-scheduler[95606]: DEBUG oslo.service.backend._threading.loopingcall [-] Fixed interval looping call 'nova.servicegroup.drivers.db.DbDriver._report_state' sleeping for 120.00 seconds {{(pid=95606) _run_loop /opt/stack/data/venv/lib/python3.12/site-packages/oslo_service/backend/_threading/loopingcall.py:125}}
Jun 03 15:42:31.308533 np0000002072 nova-scheduler[95606]: DEBUG oslo.service.backend._threading.loopingcall [None req-db274a45-cc19-4a1c-9ba7-d0303e97c900 None None] Dynamic interval looping call 'nova.service.Service.periodic_tasks' sleeping for 60.00 seconds {{(pid=95606) _run_loop /opt/stack/data/venv/lib/python3.12/site-packages/oslo_service/backend/_threading/loopingcall.py:125}}
Jun 03 15:42:40.297049 np0000002072 nova-scheduler[95604]: DEBUG dbcounter [-] [95604] Writing DB stats nova_cell0:SELECT=1,nova_cell0:UPDATE=1 {{(pid=95604) stat_writer /opt/stack/data/venv/lib/python3.12/site-packages/dbcounter.py:115}}
Jun 03 15:42:40.297501 np0000002072 nova-scheduler[95602]: DEBUG dbcounter [-] [95602] Writing DB stats nova_cell0:SELECT=1,nova_cell0:UPDATE=1 {{(pid=95602) stat_writer /opt/stack/data/venv/lib/python3.12/site-packages/dbcounter.py:115}}
Jun 03 15:42:40.309060 np0000002072 nova-scheduler[95606]: DEBUG dbcounter [-] [95606] Writing DB stats nova_cell0:SELECT=1 {{(pid=95606) stat_writer /opt/stack/data/venv/lib/python3.12/site-packages/dbcounter.py:115}}
Jun 03 15:43:03.289748 np0000002072 nova-scheduler[95602]: DEBUG oslo.service.backend._threading.loopingcall [None req-2d370654-3c56-4795-9fca-e1b8a3ed49cb None None] Dynamic interval looping call 'nova.service.Service.periodic_tasks' sleeping for 60.00 seconds {{(pid=95602) _run_loop /opt/stack/data/venv/lib/python3.12/site-packages/oslo_service/backend/_threading/loopingcall.py:125}}
Jun 03 15:43:13.218211 np0000002072 nova-scheduler[95602]: DEBUG nova.scheduler.manager [None req-ab180eea-f125-473b-8e90-28428bb1c974 tempest-DeleteServersTestJSON-48117334 tempest-DeleteServersTestJSON-48117334-project-member] Starting to schedule for instances: ['8802aeaa-b19b-4408-b14d-f8709496eb04'] {{(pid=95602) select_destinations /opt/stack/nova/nova/scheduler/manager.py:210}}
Jun 03 15:43:13.218211 np0000002072 nova-scheduler[95602]: DEBUG nova.scheduler.request_filter [None req-ab180eea-f125-473b-8e90-28428bb1c974 tempest-DeleteServersTestJSON-48117334 tempest-DeleteServersTestJSON-48117334-project-member] compute_status_filter request filter added forbidden trait COMPUTE_STATUS_DISABLED {{(pid=95602) compute_status_filter /opt/stack/nova/nova/scheduler/request_filter.py:253}}
Jun 03 15:43:13.218211 np0000002072 nova-scheduler[95602]: DEBUG nova.scheduler.request_filter [None req-ab180eea-f125-473b-8e90-28428bb1c974 tempest-DeleteServersTestJSON-48117334 tempest-DeleteServersTestJSON-48117334-project-member] Request filter 'compute_status_filter' took 0.0 seconds {{(pid=95602) wrapper /opt/stack/nova/nova/scheduler/request_filter.py:46}}
Jun 03 15:43:13.218211 np0000002072 nova-scheduler[95602]: DEBUG nova.scheduler.request_filter [None req-ab180eea-f125-473b-8e90-28428bb1c974 tempest-DeleteServersTestJSON-48117334 tempest-DeleteServersTestJSON-48117334-project-member] Request filter 'accelerators_filter' took 0.0 seconds {{(pid=95602) wrapper /opt/stack/nova/nova/scheduler/request_filter.py:46}}
Jun 03 15:43:13.218765 np0000002072 nova-scheduler[95602]: DEBUG nova.scheduler.request_filter [None req-ab180eea-f125-473b-8e90-28428bb1c974 tempest-DeleteServersTestJSON-48117334 tempest-DeleteServersTestJSON-48117334-project-member] Request filter 'packed_virtqueue_filter' took 0.0 seconds {{(pid=95602) wrapper /opt/stack/nova/nova/scheduler/request_filter.py:46}}
Jun 03 15:43:13.219364 np0000002072 nova-scheduler[95602]: DEBUG nova.scheduler.request_filter [None req-ab180eea-f125-473b-8e90-28428bb1c974 tempest-DeleteServersTestJSON-48117334 tempest-DeleteServersTestJSON-48117334-project-member] Request filter 'remote_managed_ports_filter' took 0.0 seconds {{(pid=95602) wrapper /opt/stack/nova/nova/scheduler/request_filter.py:46}}
Jun 03 15:43:13.219606 np0000002072 nova-scheduler[95602]: DEBUG nova.scheduler.request_filter [None req-ab180eea-f125-473b-8e90-28428bb1c974 tempest-DeleteServersTestJSON-48117334 tempest-DeleteServersTestJSON-48117334-project-member] ephemeral_encryption_filter skipped {{(pid=95602) ephemeral_encryption_filter /opt/stack/nova/nova/scheduler/request_filter.py:426}}
Jun 03 15:43:13.219842 np0000002072 nova-scheduler[95602]: DEBUG nova.scheduler.request_filter [None req-ab180eea-f125-473b-8e90-28428bb1c974 tempest-DeleteServersTestJSON-48117334 tempest-DeleteServersTestJSON-48117334-project-member] virtio_sound_filter skipped {{(pid=95602) virtio_sound_filter /opt/stack/nova/nova/scheduler/request_filter.py:460}}
Jun 03 15:43:13.220138 np0000002072 nova-scheduler[95602]: DEBUG nova.scheduler.request_filter [None req-ab180eea-f125-473b-8e90-28428bb1c974 tempest-DeleteServersTestJSON-48117334 tempest-DeleteServersTestJSON-48117334-project-member] tpm_secret_security_filter skipped {{(pid=95602) tpm_secret_security_filter /opt/stack/nova/nova/scheduler/request_filter.py:477}}
Jun 03 15:43:14.138690 np0000002072 nova-scheduler[95602]: INFO nova.utils [None req-ab180eea-f125-473b-8e90-28428bb1c974 tempest-DeleteServersTestJSON-48117334 tempest-DeleteServersTestJSON-48117334-project-member] The cell worker thread pool ForkProcess-1.cell_worker is initialized
Jun 03 15:43:14.139158 np0000002072 nova-scheduler[95602]: DEBUG oslo_concurrency.lockutils [None req-ab180eea-f125-473b-8e90-28428bb1c974 tempest-DeleteServersTestJSON-48117334 tempest-DeleteServersTestJSON-48117334-project-member] Acquiring lock "6e029e71-6364-4427-8622-01973c0f4e3f" by "nova.context.set_target_cell..get_or_set_cached_cell_and_set_connections" {{(pid=95602) inner /opt/stack/data/venv/lib/python3.12/site-packages/oslo_concurrency/lockutils.py:511}}
Jun 03 15:43:14.139478 np0000002072 nova-scheduler[95602]: DEBUG oslo_concurrency.lockutils [None req-ab180eea-f125-473b-8e90-28428bb1c974 tempest-DeleteServersTestJSON-48117334 tempest-DeleteServersTestJSON-48117334-project-member] Lock "6e029e71-6364-4427-8622-01973c0f4e3f" acquired by "nova.context.set_target_cell..get_or_set_cached_cell_and_set_connections" :: waited 0.000s {{(pid=95602) inner /opt/stack/data/venv/lib/python3.12/site-packages/oslo_concurrency/lockutils.py:524}}
Jun 03 15:43:14.141165 np0000002072 nova-scheduler[95602]: DEBUG oslo_concurrency.lockutils [None req-ab180eea-f125-473b-8e90-28428bb1c974 tempest-DeleteServersTestJSON-48117334 tempest-DeleteServersTestJSON-48117334-project-member] Lock "6e029e71-6364-4427-8622-01973c0f4e3f" "released" by "nova.context.set_target_cell..get_or_set_cached_cell_and_set_connections" :: held 0.002s {{(pid=95602) inner /opt/stack/data/venv/lib/python3.12/site-packages/oslo_concurrency/lockutils.py:543}}
Jun 03 15:43:14.144244 np0000002072 nova-scheduler[95602]: INFO dbcounter [None req-ab180eea-f125-473b-8e90-28428bb1c974 tempest-DeleteServersTestJSON-48117334 tempest-DeleteServersTestJSON-48117334-project-member] Registered counter for database nova_cell1
Jun 03 15:43:14.199633 np0000002072 nova-scheduler[95602]: DEBUG oslo_db.sqlalchemy.engines [None req-ab180eea-f125-473b-8e90-28428bb1c974 tempest-DeleteServersTestJSON-48117334 tempest-DeleteServersTestJSON-48117334-project-member] MySQL server mode set to STRICT_TRANS_TABLES,STRICT_ALL_TABLES,NO_ZERO_IN_DATE,NO_ZERO_DATE,ERROR_FOR_DIVISION_BY_ZERO,TRADITIONAL,NO_ENGINE_SUBSTITUTION {{(pid=95602) _check_effective_sql_mode /opt/stack/data/venv/lib/python3.12/site-packages/oslo_db/sqlalchemy/engines.py:325}}
Jun 03 15:43:14.208737 np0000002072 nova-scheduler[95602]: DEBUG dbcounter [-] [95602] Writer thread running {{(pid=95602) stat_writer /opt/stack/data/venv/lib/python3.12/site-packages/dbcounter.py:102}}
Jun 03 15:43:14.224277 np0000002072 nova-scheduler[95602]: DEBUG oslo_db.sqlalchemy.engines [None req-ab180eea-f125-473b-8e90-28428bb1c974 tempest-DeleteServersTestJSON-48117334 tempest-DeleteServersTestJSON-48117334-project-member] Parent process 94411 forked (95602) with an open database connection, which is being discarded and recreated. {{(pid=95602) checkout /opt/stack/data/venv/lib/python3.12/site-packages/oslo_db/sqlalchemy/engines.py:402}}
Jun 03 15:43:14.291524 np0000002072 nova-scheduler[95602]: DEBUG dbcounter [-] [95602] Writer thread running {{(pid=95602) stat_writer /opt/stack/data/venv/lib/python3.12/site-packages/dbcounter.py:102}}
Jun 03 15:43:14.296770 np0000002072 nova-scheduler[95602]: DEBUG oslo_concurrency.lockutils [None req-ab180eea-f125-473b-8e90-28428bb1c974 tempest-DeleteServersTestJSON-48117334 tempest-DeleteServersTestJSON-48117334-project-member] Acquiring lock "6e029e71-6364-4427-8622-01973c0f4e3f" by "nova.context.set_target_cell..get_or_set_cached_cell_and_set_connections" {{(pid=95602) inner /opt/stack/data/venv/lib/python3.12/site-packages/oslo_concurrency/lockutils.py:511}}
Jun 03 15:43:14.296997 np0000002072 nova-scheduler[95602]: DEBUG oslo_concurrency.lockutils [None req-ab180eea-f125-473b-8e90-28428bb1c974 tempest-DeleteServersTestJSON-48117334 tempest-DeleteServersTestJSON-48117334-project-member] Lock "6e029e71-6364-4427-8622-01973c0f4e3f" acquired by "nova.context.set_target_cell..get_or_set_cached_cell_and_set_connections" :: waited 0.000s {{(pid=95602) inner /opt/stack/data/venv/lib/python3.12/site-packages/oslo_concurrency/lockutils.py:524}}
Jun 03 15:43:14.297174 np0000002072 nova-scheduler[95602]: DEBUG oslo_concurrency.lockutils [None req-ab180eea-f125-473b-8e90-28428bb1c974 tempest-DeleteServersTestJSON-48117334 tempest-DeleteServersTestJSON-48117334-project-member] Lock "6e029e71-6364-4427-8622-01973c0f4e3f" "released" by "nova.context.set_target_cell..get_or_set_cached_cell_and_set_connections" :: held 0.000s {{(pid=95602) inner /opt/stack/data/venv/lib/python3.12/site-packages/oslo_concurrency/lockutils.py:543}}
Jun 03 15:43:14.302027 np0000002072 nova-scheduler[95602]: DEBUG oslo_concurrency.lockutils [None req-ab180eea-f125-473b-8e90-28428bb1c974 tempest-DeleteServersTestJSON-48117334 tempest-DeleteServersTestJSON-48117334-project-member] Acquiring lock "('np0000002072', 'np0000002072')" by "nova.scheduler.host_manager.HostState.update.._locked_update" {{(pid=95602) inner /opt/stack/data/venv/lib/python3.12/site-packages/oslo_concurrency/lockutils.py:511}}
Jun 03 15:43:14.302027 np0000002072 nova-scheduler[95602]: DEBUG oslo_concurrency.lockutils [None req-ab180eea-f125-473b-8e90-28428bb1c974 tempest-DeleteServersTestJSON-48117334 tempest-DeleteServersTestJSON-48117334-project-member] Lock "('np0000002072', 'np0000002072')" acquired by "nova.scheduler.host_manager.HostState.update.._locked_update" :: waited 0.000s {{(pid=95602) inner /opt/stack/data/venv/lib/python3.12/site-packages/oslo_concurrency/lockutils.py:524}}
Jun 03 15:43:14.303075 np0000002072 nova-scheduler[95602]: DEBUG nova.scheduler.host_manager [None req-ab180eea-f125-473b-8e90-28428bb1c974 tempest-DeleteServersTestJSON-48117334 tempest-DeleteServersTestJSON-48117334-project-member] Update host state from compute node: ComputeNode(cpu_allocation_ratio=4.0,cpu_info='{"arch": "x86_64", "model": "EPYC-Milan", "vendor": "AMD", "topology": {"cells": 1, "sockets": 12, "cores": 1, "threads": 1}, "maxphysaddr": {"mode": "emulate", "bits": 40}, "features": ["stibp", "lbrv", "cmp_legacy", "svm", "mds-no", "wbnoinvd", "arch-capabilities", "rdrand", "mca", "xsavec", "pcid", "sse2", "stibp-always-on", "tsc-scale", "amd-ssbd", "pge", "misalignsse", "nx", "sep", "rdseed", "tsc_adjust", "de", "vgif", "rdpid", "syscall", "sse4.2", "osvw", "ssse3", "npt", "xsaveerptr", "pclmuldq", "fsgsbase", "mtrr", "movbe", "adx", "xsaveopt", "virt-ssbd", "skip-l1dfl-vmentry", "mce", "vmcb-clean", "pat", "tsc-deadline", "no-nested-data-bp", "mmx", "sha-ni", "3dnowprefetch", "ibrs", "pfthreshold", "topoext", "fma", "vaes", "xgetbv1", "cmov", "fsrm", "flushbyasid", "cr8legacy", "cx16", "x2apic", "lahf_lm", "umip", "fxsr", "xsaves", "mmxext", "tsc", "bmi1", "hypervisor", "perfctr_core", "vpclmulqdq", "nrip-save", "smap", "pdpe1gb", "apic", "avx2", "clflush", "v-vmsave-vmload", "lfence-always-serializing", "bmi2", "pschange-mc-no", "ssbd", "amd-stibp", "fpu", "invpcid", "pause-filter", "rdctl-no", "pae", "popcnt", "clflushopt", "arat", "erms", "pni", "clzero", "sse", "pse36", "msr", "ibpb", "clwb", "fxsr_opt", "lm", "amd-psfd", "xsave", "smep", "f16c", "pse", "gds-no", "rdtscp", "vme", "pku", "null-sel-clr-base", "svme-addr-chk", "spec-ctrl", "abm", "sse4a", "avx", "sse4.1", "cx8", "aes"]}',created_at=2026-06-03T15:40:50Z,current_workload=0,deleted=False,deleted_at=None,disk_allocation_ratio=1.0,disk_available_least=74,free_disk_gb=95,free_ram_mb=23518,host='np0000002072',host_ip=10.4.3.19,hypervisor_hostname='np0000002072',hypervisor_type='QEMU',hypervisor_version=8002002,id=1,local_gb=95,local_gb_used=0,mapped=1,memory_mb=24030,memory_mb_used=512,metrics='[]',numa_topology='{"nova_object.name": "NUMATopology", "nova_object.namespace": "nova", "nova_object.version": "1.2", "nova_object.data": {"cells": [{"nova_object.name": "NUMACell", "nova_object.namespace": "nova", "nova_object.version": "1.5", "nova_object.data": {"id": 0, "cpuset": [0, 1, 2, 3, 4, 5, 6, 7, 8, 9, 10, 11], "pcpuset": [0, 1, 2, 3, 4, 5, 6, 7, 8, 9, 10, 11], "memory": 24030, "cpu_usage": 0, "memory_usage": 0, "pinned_cpus": [], "siblings": [[6], [2], [5], [11], [8], [4], [1], [7], [10], [0], [3], [9]], "mempages": [{"nova_object.name": "NUMAPagesTopology", "nova_object.namespace": "nova", "nova_object.version": "1.1", "nova_object.data": {"size_kb": 4, "total": 6151799, "used": 0, "reserved": 0}, "nova_object.changes": ["size_kb", "total", "reserved", "used"]}, {"nova_object.name": "NUMAPagesTopology", "nova_object.namespace": "nova", "nova_object.version": "1.1", "nova_object.data": {"size_kb": 2048, "total": 0, "used": 0, "reserved": 0}, "nova_object.changes": ["size_kb", "total", "reserved", "used"]}, {"nova_object.name": "NUMAPagesTopology", "nova_object.namespace": "nova", "nova_object.version": "1.1", "nova_object.data": {"size_kb": 1048576, "total": 0, "used": 0, "reserved": 0}, "nova_object.changes": ["size_kb", "total", "reserved", "used"]}], "network_metadata": {"nova_object.name": "NetworkMetadata", "nova_object.namespace": "nova", "nova_object.version": "1.0", "nova_object.data": {"physnets": [], "tunneled": false}, "nova_object.changes": ["tunneled", "physnets"]}, "socket": null}, "nova_object.changes": ["id", "socket", "cpuset", "memory_usage", "pinned_cpus", "mempages", "memory", "pcpuset", "network_metadata", "siblings", "cpu_usage"]}]}, "nova_object.changes": ["cells"]}',pci_device_pools=PciDevicePoolList,ram_allocation_ratio=1.0,running_vms=0,service_id=3,stats={failed_builds='0',uptime=' 15:42:36 up 27 min, 2 users, load average: 1.25, 1.42, 0.84
Jun 03 15:43:14.303075 np0000002072 nova-scheduler[95602]: '},supported_hv_specs=[HVSpec,HVSpec,HVSpec,HVSpec,HVSpec,HVSpec,HVSpec,HVSpec,HVSpec,HVSpec,HVSpec,HVSpec,HVSpec,HVSpec,HVSpec,HVSpec,HVSpec,HVSpec,HVSpec,HVSpec,HVSpec,HVSpec,HVSpec,HVSpec,HVSpec],updated_at=2026-06-03T15:42:38Z,uuid=520cff63-59fd-4bc0-bf45-b7c8726d17a1,vcpus=12,vcpus_used=0) {{(pid=95602) _locked_update /opt/stack/nova/nova/scheduler/host_manager.py:168}}
Jun 03 15:43:14.303926 np0000002072 nova-scheduler[95602]: DEBUG nova.scheduler.host_manager [None req-ab180eea-f125-473b-8e90-28428bb1c974 tempest-DeleteServersTestJSON-48117334 tempest-DeleteServersTestJSON-48117334-project-member] Update host state with aggregates: [] {{(pid=95602) _locked_update /opt/stack/nova/nova/scheduler/host_manager.py:171}}
Jun 03 15:43:14.304202 np0000002072 nova-scheduler[95602]: DEBUG nova.scheduler.host_manager [None req-ab180eea-f125-473b-8e90-28428bb1c974 tempest-DeleteServersTestJSON-48117334 tempest-DeleteServersTestJSON-48117334-project-member] Update host state with service dict: {'id': 3, 'uuid': '760700b7-edcb-4887-9847-3cb7d84137d1', 'host': 'np0000002072', 'binary': 'nova-compute', 'topic': 'compute', 'report_count': 2, 'disabled': False, 'disabled_reason': None, 'last_seen_up': datetime.datetime(2026, 6, 3, 15, 42, 59, tzinfo=datetime.timezone.utc), 'forced_down': False, 'version': 72, 'created_at': datetime.datetime(2026, 6, 3, 15, 40, 49, tzinfo=datetime.timezone.utc), 'updated_at': datetime.datetime(2026, 6, 3, 15, 42, 59, tzinfo=datetime.timezone.utc), 'deleted_at': None, 'deleted': False} {{(pid=95602) _locked_update /opt/stack/nova/nova/scheduler/host_manager.py:174}}
Jun 03 15:43:14.304202 np0000002072 nova-scheduler[95602]: DEBUG nova.scheduler.host_manager [None req-ab180eea-f125-473b-8e90-28428bb1c974 tempest-DeleteServersTestJSON-48117334 tempest-DeleteServersTestJSON-48117334-project-member] Update host state with instances: [] {{(pid=95602) _locked_update /opt/stack/nova/nova/scheduler/host_manager.py:177}}
Jun 03 15:43:14.305166 np0000002072 nova-scheduler[95602]: DEBUG oslo_concurrency.lockutils [None req-ab180eea-f125-473b-8e90-28428bb1c974 tempest-DeleteServersTestJSON-48117334 tempest-DeleteServersTestJSON-48117334-project-member] Lock "('np0000002072', 'np0000002072')" "released" by "nova.scheduler.host_manager.HostState.update.._locked_update" :: held 0.002s {{(pid=95602) inner /opt/stack/data/venv/lib/python3.12/site-packages/oslo_concurrency/lockutils.py:543}}
Jun 03 15:43:14.305166 np0000002072 nova-scheduler[95602]: DEBUG nova.filters [None req-ab180eea-f125-473b-8e90-28428bb1c974 tempest-DeleteServersTestJSON-48117334 tempest-DeleteServersTestJSON-48117334-project-member] Starting with 1 host(s) {{(pid=95602) get_filtered_objects /opt/stack/nova/nova/filters.py:70}}
Jun 03 15:43:14.305166 np0000002072 nova-scheduler[95602]: DEBUG nova.filters [None req-ab180eea-f125-473b-8e90-28428bb1c974 tempest-DeleteServersTestJSON-48117334 tempest-DeleteServersTestJSON-48117334-project-member] Filter ComputeFilter returned 1 host(s) {{(pid=95602) get_filtered_objects /opt/stack/nova/nova/filters.py:102}}
Jun 03 15:43:14.305380 np0000002072 nova-scheduler[95602]: DEBUG nova.filters [None req-ab180eea-f125-473b-8e90-28428bb1c974 tempest-DeleteServersTestJSON-48117334 tempest-DeleteServersTestJSON-48117334-project-member] Filter ComputeCapabilitiesFilter returned 1 host(s) {{(pid=95602) get_filtered_objects /opt/stack/nova/nova/filters.py:102}}
Jun 03 15:43:14.305380 np0000002072 nova-scheduler[95602]: DEBUG nova.filters [None req-ab180eea-f125-473b-8e90-28428bb1c974 tempest-DeleteServersTestJSON-48117334 tempest-DeleteServersTestJSON-48117334-project-member] Filter ImagePropertiesFilter returned 1 host(s) {{(pid=95602) get_filtered_objects /opt/stack/nova/nova/filters.py:102}}
Jun 03 15:43:14.305607 np0000002072 nova-scheduler[95602]: DEBUG nova.filters [None req-ab180eea-f125-473b-8e90-28428bb1c974 tempest-DeleteServersTestJSON-48117334 tempest-DeleteServersTestJSON-48117334-project-member] Filter ServerGroupAntiAffinityFilter returned 1 host(s) {{(pid=95602) get_filtered_objects /opt/stack/nova/nova/filters.py:102}}
Jun 03 15:43:14.305763 np0000002072 nova-scheduler[95602]: DEBUG nova.filters [None req-ab180eea-f125-473b-8e90-28428bb1c974 tempest-DeleteServersTestJSON-48117334 tempest-DeleteServersTestJSON-48117334-project-member] Filter ServerGroupAffinityFilter returned 1 host(s) {{(pid=95602) get_filtered_objects /opt/stack/nova/nova/filters.py:102}}
Jun 03 15:43:14.305817 np0000002072 nova-scheduler[95602]: DEBUG nova.filters [None req-ab180eea-f125-473b-8e90-28428bb1c974 tempest-DeleteServersTestJSON-48117334 tempest-DeleteServersTestJSON-48117334-project-member] Filter SameHostFilter returned 1 host(s) {{(pid=95602) get_filtered_objects /opt/stack/nova/nova/filters.py:102}}
Jun 03 15:43:14.305892 np0000002072 nova-scheduler[95602]: DEBUG nova.filters [None req-ab180eea-f125-473b-8e90-28428bb1c974 tempest-DeleteServersTestJSON-48117334 tempest-DeleteServersTestJSON-48117334-project-member] Filter DifferentHostFilter returned 1 host(s) {{(pid=95602) get_filtered_objects /opt/stack/nova/nova/filters.py:102}}
Jun 03 15:43:14.306010 np0000002072 nova-scheduler[95602]: DEBUG nova.scheduler.manager [None req-ab180eea-f125-473b-8e90-28428bb1c974 tempest-DeleteServersTestJSON-48117334 tempest-DeleteServersTestJSON-48117334-project-member] Filtered [(np0000002072, np0000002072) ram: 23518MB disk: 75776MB io_ops: 0 instances: 0, allocation_candidates: 1] {{(pid=95602) _get_sorted_hosts /opt/stack/nova/nova/scheduler/manager.py:743}}
Jun 03 15:43:14.306577 np0000002072 nova-scheduler[95602]: DEBUG nova.scheduler.manager [None req-ab180eea-f125-473b-8e90-28428bb1c974 tempest-DeleteServersTestJSON-48117334 tempest-DeleteServersTestJSON-48117334-project-member] Weighed [WeighedHost [host: (np0000002072, np0000002072) ram: 23518MB disk: 75776MB io_ops: 0 instances: 0, allocation_candidates: 1, weight: 0.0]] {{(pid=95602) _get_sorted_hosts /opt/stack/nova/nova/scheduler/manager.py:765}}
Jun 03 15:43:14.306577 np0000002072 nova-scheduler[95602]: DEBUG nova.scheduler.utils [None req-ab180eea-f125-473b-8e90-28428bb1c974 tempest-DeleteServersTestJSON-48117334 tempest-DeleteServersTestJSON-48117334-project-member] Attempting to claim resources in the placement API for instance 8802aeaa-b19b-4408-b14d-f8709496eb04 {{(pid=95602) claim_resources /opt/stack/nova/nova/scheduler/utils.py:1345}}
Jun 03 15:43:14.530480 np0000002072 nova-scheduler[95602]: DEBUG nova.scheduler.manager [None req-ab180eea-f125-473b-8e90-28428bb1c974 tempest-DeleteServersTestJSON-48117334 tempest-DeleteServersTestJSON-48117334-project-member] [instance: 8802aeaa-b19b-4408-b14d-f8709496eb04] Selected host: (np0000002072, np0000002072) ram: 23518MB disk: 75776MB io_ops: 0 instances: 0, allocation_candidates: 1 {{(pid=95602) _consume_selected_host /opt/stack/nova/nova/scheduler/manager.py:625}}
Jun 03 15:43:14.530896 np0000002072 nova-scheduler[95602]: DEBUG oslo_concurrency.lockutils [None req-ab180eea-f125-473b-8e90-28428bb1c974 tempest-DeleteServersTestJSON-48117334 tempest-DeleteServersTestJSON-48117334-project-member] Acquiring lock "('np0000002072', 'np0000002072')" by "nova.scheduler.host_manager.HostState.consume_from_request.._locked" {{(pid=95602) inner /opt/stack/data/venv/lib/python3.12/site-packages/oslo_concurrency/lockutils.py:511}}
Jun 03 15:43:14.531120 np0000002072 nova-scheduler[95602]: DEBUG oslo_concurrency.lockutils [None req-ab180eea-f125-473b-8e90-28428bb1c974 tempest-DeleteServersTestJSON-48117334 tempest-DeleteServersTestJSON-48117334-project-member] Lock "('np0000002072', 'np0000002072')" acquired by "nova.scheduler.host_manager.HostState.consume_from_request.._locked" :: waited 0.000s {{(pid=95602) inner /opt/stack/data/venv/lib/python3.12/site-packages/oslo_concurrency/lockutils.py:524}}
Jun 03 15:43:14.531311 np0000002072 nova-scheduler[95602]: DEBUG oslo_concurrency.lockutils [None req-ab180eea-f125-473b-8e90-28428bb1c974 tempest-DeleteServersTestJSON-48117334 tempest-DeleteServersTestJSON-48117334-project-member] Lock "('np0000002072', 'np0000002072')" "released" by "nova.scheduler.host_manager.HostState.consume_from_request.._locked" :: held 0.000s {{(pid=95602) inner /opt/stack/data/venv/lib/python3.12/site-packages/oslo_concurrency/lockutils.py:543}}
Jun 03 15:43:24.300212 np0000002072 nova-scheduler[95602]: DEBUG dbcounter [-] [95602] Writing DB stats nova_cell1:SELECT=3 {{(pid=95602) stat_writer /opt/stack/data/venv/lib/python3.12/site-packages/dbcounter.py:115}}
Jun 03 15:43:25.294818 np0000002072 nova-scheduler[95604]: DEBUG oslo.service.backend._threading.loopingcall [None req-1a9f5deb-60d8-4db6-8bc2-71c9ca863215 None None] Dynamic interval looping call 'nova.service.Service.periodic_tasks' sleeping for 60.00 seconds {{(pid=95604) _run_loop /opt/stack/data/venv/lib/python3.12/site-packages/oslo_service/backend/_threading/loopingcall.py:125}}
Jun 03 15:43:28.422841 np0000002072 nova-scheduler[95604]: DEBUG nova.scheduler.manager [None req-e6a7425e-e55d-49fe-a62d-b4be4e9dc928 tempest-VolumesAdminNegativeTest-1099817998 tempest-VolumesAdminNegativeTest-1099817998-project-member] Starting to schedule for instances: ['64b3608d-bff0-4566-9c5b-210942bbb4f3'] {{(pid=95604) select_destinations /opt/stack/nova/nova/scheduler/manager.py:210}}
Jun 03 15:43:28.423506 np0000002072 nova-scheduler[95604]: DEBUG nova.scheduler.request_filter [None req-e6a7425e-e55d-49fe-a62d-b4be4e9dc928 tempest-VolumesAdminNegativeTest-1099817998 tempest-VolumesAdminNegativeTest-1099817998-project-member] compute_status_filter request filter added forbidden trait COMPUTE_STATUS_DISABLED {{(pid=95604) compute_status_filter /opt/stack/nova/nova/scheduler/request_filter.py:253}}
Jun 03 15:43:28.423671 np0000002072 nova-scheduler[95604]: DEBUG nova.scheduler.request_filter [None req-e6a7425e-e55d-49fe-a62d-b4be4e9dc928 tempest-VolumesAdminNegativeTest-1099817998 tempest-VolumesAdminNegativeTest-1099817998-project-member] Request filter 'compute_status_filter' took 0.0 seconds {{(pid=95604) wrapper /opt/stack/nova/nova/scheduler/request_filter.py:46}}
Jun 03 15:43:28.423973 np0000002072 nova-scheduler[95604]: DEBUG nova.scheduler.request_filter [None req-e6a7425e-e55d-49fe-a62d-b4be4e9dc928 tempest-VolumesAdminNegativeTest-1099817998 tempest-VolumesAdminNegativeTest-1099817998-project-member] Request filter 'accelerators_filter' took 0.0 seconds {{(pid=95604) wrapper /opt/stack/nova/nova/scheduler/request_filter.py:46}}
Jun 03 15:43:28.424134 np0000002072 nova-scheduler[95604]: DEBUG nova.scheduler.request_filter [None req-e6a7425e-e55d-49fe-a62d-b4be4e9dc928 tempest-VolumesAdminNegativeTest-1099817998 tempest-VolumesAdminNegativeTest-1099817998-project-member] Request filter 'packed_virtqueue_filter' took 0.0 seconds {{(pid=95604) wrapper /opt/stack/nova/nova/scheduler/request_filter.py:46}}
Jun 03 15:43:28.424460 np0000002072 nova-scheduler[95604]: DEBUG nova.scheduler.request_filter [None req-e6a7425e-e55d-49fe-a62d-b4be4e9dc928 tempest-VolumesAdminNegativeTest-1099817998 tempest-VolumesAdminNegativeTest-1099817998-project-member] Request filter 'remote_managed_ports_filter' took 0.0 seconds {{(pid=95604) wrapper /opt/stack/nova/nova/scheduler/request_filter.py:46}}
Jun 03 15:43:28.424626 np0000002072 nova-scheduler[95604]: DEBUG nova.scheduler.request_filter [None req-e6a7425e-e55d-49fe-a62d-b4be4e9dc928 tempest-VolumesAdminNegativeTest-1099817998 tempest-VolumesAdminNegativeTest-1099817998-project-member] ephemeral_encryption_filter skipped {{(pid=95604) ephemeral_encryption_filter /opt/stack/nova/nova/scheduler/request_filter.py:426}}
Jun 03 15:43:28.424789 np0000002072 nova-scheduler[95604]: DEBUG nova.scheduler.request_filter [None req-e6a7425e-e55d-49fe-a62d-b4be4e9dc928 tempest-VolumesAdminNegativeTest-1099817998 tempest-VolumesAdminNegativeTest-1099817998-project-member] virtio_sound_filter skipped {{(pid=95604) virtio_sound_filter /opt/stack/nova/nova/scheduler/request_filter.py:460}}
Jun 03 15:43:28.424954 np0000002072 nova-scheduler[95604]: DEBUG nova.scheduler.request_filter [None req-e6a7425e-e55d-49fe-a62d-b4be4e9dc928 tempest-VolumesAdminNegativeTest-1099817998 tempest-VolumesAdminNegativeTest-1099817998-project-member] tpm_secret_security_filter skipped {{(pid=95604) tpm_secret_security_filter /opt/stack/nova/nova/scheduler/request_filter.py:477}}
Jun 03 15:43:28.536035 np0000002072 nova-scheduler[95604]: INFO nova.utils [None req-e6a7425e-e55d-49fe-a62d-b4be4e9dc928 tempest-VolumesAdminNegativeTest-1099817998 tempest-VolumesAdminNegativeTest-1099817998-project-member] The cell worker thread pool ForkProcess-2.cell_worker is initialized
Jun 03 15:43:28.536529 np0000002072 nova-scheduler[95604]: DEBUG oslo_concurrency.lockutils [None req-e6a7425e-e55d-49fe-a62d-b4be4e9dc928 tempest-VolumesAdminNegativeTest-1099817998 tempest-VolumesAdminNegativeTest-1099817998-project-member] Acquiring lock "6e029e71-6364-4427-8622-01973c0f4e3f" by "nova.context.set_target_cell..get_or_set_cached_cell_and_set_connections" {{(pid=95604) inner /opt/stack/data/venv/lib/python3.12/site-packages/oslo_concurrency/lockutils.py:511}}
Jun 03 15:43:28.537793 np0000002072 nova-scheduler[95604]: DEBUG oslo_concurrency.lockutils [None req-e6a7425e-e55d-49fe-a62d-b4be4e9dc928 tempest-VolumesAdminNegativeTest-1099817998 tempest-VolumesAdminNegativeTest-1099817998-project-member] Lock "6e029e71-6364-4427-8622-01973c0f4e3f" acquired by "nova.context.set_target_cell..get_or_set_cached_cell_and_set_connections" :: waited 0.000s {{(pid=95604) inner /opt/stack/data/venv/lib/python3.12/site-packages/oslo_concurrency/lockutils.py:524}}
Jun 03 15:43:28.539207 np0000002072 nova-scheduler[95604]: DEBUG oslo_concurrency.lockutils [None req-e6a7425e-e55d-49fe-a62d-b4be4e9dc928 tempest-VolumesAdminNegativeTest-1099817998 tempest-VolumesAdminNegativeTest-1099817998-project-member] Lock "6e029e71-6364-4427-8622-01973c0f4e3f" "released" by "nova.context.set_target_cell..get_or_set_cached_cell_and_set_connections" :: held 0.002s {{(pid=95604) inner /opt/stack/data/venv/lib/python3.12/site-packages/oslo_concurrency/lockutils.py:543}}
Jun 03 15:43:28.541529 np0000002072 nova-scheduler[95604]: INFO dbcounter [None req-e6a7425e-e55d-49fe-a62d-b4be4e9dc928 tempest-VolumesAdminNegativeTest-1099817998 tempest-VolumesAdminNegativeTest-1099817998-project-member] Registered counter for database nova_cell1
Jun 03 15:43:28.586707 np0000002072 nova-scheduler[95604]: DEBUG oslo_db.sqlalchemy.engines [None req-e6a7425e-e55d-49fe-a62d-b4be4e9dc928 tempest-VolumesAdminNegativeTest-1099817998 tempest-VolumesAdminNegativeTest-1099817998-project-member] MySQL server mode set to STRICT_TRANS_TABLES,STRICT_ALL_TABLES,NO_ZERO_IN_DATE,NO_ZERO_DATE,ERROR_FOR_DIVISION_BY_ZERO,TRADITIONAL,NO_ENGINE_SUBSTITUTION {{(pid=95604) _check_effective_sql_mode /opt/stack/data/venv/lib/python3.12/site-packages/oslo_db/sqlalchemy/engines.py:325}}
Jun 03 15:43:28.591564 np0000002072 nova-scheduler[95604]: DEBUG dbcounter [-] [95604] Writer thread running {{(pid=95604) stat_writer /opt/stack/data/venv/lib/python3.12/site-packages/dbcounter.py:102}}
Jun 03 15:43:28.644585 np0000002072 nova-scheduler[95604]: DEBUG dbcounter [-] [95604] Writer thread running {{(pid=95604) stat_writer /opt/stack/data/venv/lib/python3.12/site-packages/dbcounter.py:102}}
Jun 03 15:43:28.647376 np0000002072 nova-scheduler[95604]: DEBUG oslo_concurrency.lockutils [None req-e6a7425e-e55d-49fe-a62d-b4be4e9dc928 tempest-VolumesAdminNegativeTest-1099817998 tempest-VolumesAdminNegativeTest-1099817998-project-member] Acquiring lock "6e029e71-6364-4427-8622-01973c0f4e3f" by "nova.context.set_target_cell..get_or_set_cached_cell_and_set_connections" {{(pid=95604) inner /opt/stack/data/venv/lib/python3.12/site-packages/oslo_concurrency/lockutils.py:511}}
Jun 03 15:43:28.647578 np0000002072 nova-scheduler[95604]: DEBUG oslo_concurrency.lockutils [None req-e6a7425e-e55d-49fe-a62d-b4be4e9dc928 tempest-VolumesAdminNegativeTest-1099817998 tempest-VolumesAdminNegativeTest-1099817998-project-member] Lock "6e029e71-6364-4427-8622-01973c0f4e3f" acquired by "nova.context.set_target_cell..get_or_set_cached_cell_and_set_connections" :: waited 0.000s {{(pid=95604) inner /opt/stack/data/venv/lib/python3.12/site-packages/oslo_concurrency/lockutils.py:524}}
Jun 03 15:43:28.647737 np0000002072 nova-scheduler[95604]: DEBUG oslo_concurrency.lockutils [None req-e6a7425e-e55d-49fe-a62d-b4be4e9dc928 tempest-VolumesAdminNegativeTest-1099817998 tempest-VolumesAdminNegativeTest-1099817998-project-member] Lock "6e029e71-6364-4427-8622-01973c0f4e3f" "released" by "nova.context.set_target_cell..get_or_set_cached_cell_and_set_connections" :: held 0.000s {{(pid=95604) inner /opt/stack/data/venv/lib/python3.12/site-packages/oslo_concurrency/lockutils.py:543}}
Jun 03 15:43:28.654497 np0000002072 nova-scheduler[95604]: DEBUG oslo_concurrency.lockutils [None req-e6a7425e-e55d-49fe-a62d-b4be4e9dc928 tempest-VolumesAdminNegativeTest-1099817998 tempest-VolumesAdminNegativeTest-1099817998-project-member] Acquiring lock "('np0000002072', 'np0000002072')" by "nova.scheduler.host_manager.HostState.update.._locked_update" {{(pid=95604) inner /opt/stack/data/venv/lib/python3.12/site-packages/oslo_concurrency/lockutils.py:511}}
Jun 03 15:43:28.654647 np0000002072 nova-scheduler[95604]: DEBUG oslo_concurrency.lockutils [None req-e6a7425e-e55d-49fe-a62d-b4be4e9dc928 tempest-VolumesAdminNegativeTest-1099817998 tempest-VolumesAdminNegativeTest-1099817998-project-member] Lock "('np0000002072', 'np0000002072')" acquired by "nova.scheduler.host_manager.HostState.update.._locked_update" :: waited 0.000s {{(pid=95604) inner /opt/stack/data/venv/lib/python3.12/site-packages/oslo_concurrency/lockutils.py:524}}
